74.7.241.28 - - [24/Apr/2026:00:49:53 -0300] "GET /login/post-info.php?p=Ahome2Ameumer25ApainelnocharmeImeumercadoIappAvendorAmercadopagoAdx-phpAIphpdocAcacheAdescriptorsAIAIAIAIAIAIAIAIATAIAIAIAIAIAIAIAAAAAAAIAIAIAAAAAIAAAIAAAIAAAAAIAIAIAAAIAIAAAIAIAAAIAAAIAIAAAAAAAAAIAAAAAIAIAAAIAIAAAAAIAAAIAIAIAIAAAAAIAIAAAAAIAAAH HTTP/2.0" 409 83 "https://www.painelnocharme.meumercado.app/login/post-info.php?p=Ahome2Ameumer25ApainelnocharmeImeumercadoIappAvendorAmercadopagoAdx-phpAIphpdocAcacheAdescriptorsAIAIAIAIAIAIAIAIATAIAIAIAIAIAIAIAAAAAAAIAIAIAAAAAIAAAIAAAIAAAAAIAIAIAAAIAIAAAIAIAAAIAAAIAIAAAAAAAAAIAAAAAIAIAAAIAIAAAAAIAAAIAIAIAIAAAAAIAIAAAAAIAA" "Mozilla/5.0 AppleWebKit/537.36 (KHTML, like Gecko; compatible; GPTBot/1.3; +https://openai.com/gptbot)" www.painelnocharme.meumercado.app 10.53.184.85
74.7.227.148 - - [24/Apr/2026:00:50:42 -0300] "GET /shop/herborize/297787d1e8ab8f5cdec7a95b77a2f2d2eeeb5a?p=Ahome2Ameumer25ApainelnocharmeImeumercadoIappAvendorAsymfony HTTP/2.0" 404 836 "https://painelnocharme.meumercado.app/shop/herborize/297787d1e8ab8f5cdec7a95b77a2f2d2eeeb5a?p=Ahome2Ameumer25ApainelnocharmeImeumercadoIappAvendor" "Mozilla/5.0 AppleWebKit/537.36 (KHTML, like Gecko; compatible; GPTBot/1.3; +https://openai.com/gptbot)" painelnocharme.meumercado.app 10.53.184.85
74.7.241.28 - - [24/Apr/2026:00:50:56 -0300] "GET /login/post-info.php?p=Ahome2Ameumer25ApainelnocharmeImeumercadoIappAvendorAmercadopagoAdx-phpAIphpdocAcacheAdescriptorsAIAIAIAIAIAIAIAIATAIAIAIAIAIAIAIAAAAAAAIAIAIAAAAAIAAAIAAAIAAAAAIAIAIAAAIAIAAAIAIAAAAAAAIAAAIAAAIAIAIAIAIAAAIAIAIAIAAAIAAAAAAAIAIAAAIAIAIAAAIAAAIAIAW HTTP/2.0" 409 83 "https://www.painelnocharme.meumercado.app/login/post-info.php?p=Ahome2Ameumer25ApainelnocharmeImeumercadoIappAvendorAmercadopagoAdx-phpAIphpdocAcacheAdescriptorsAIAIAIAIAIAIAIAIATAIAIAIAIAIAIAIAAAAAAAIAIAIAAAAAIAAAIAAAIAAAAAIAIAIAAAIAIAAAIAIAAAAAAAIAAAIAAAIAIAIAIAIAAAIAIAIAIAAAIAAAAAAAIAIAAAIAIAIAAAIAAAIAI" "Mozilla/5.0 AppleWebKit/537.36 (KHTML, like Gecko; compatible; GPTBot/1.3; +https://openai.com/gptbot)" www.painelnocharme.meumercado.app 10.53.184.85
74.7.227.148 - - [24/Apr/2026:00:51:47 -0300] "GET /shop/herborize/297787d1e8ab8f5cdec7a95b77a2f2d2eeeb5a?p=Ahome2Ameumer25ApainelnocharmeImeumercadoIappAvendorAlaravelpkg HTTP/2.0" 404 836 "https://painelnocharme.meumercado.app/shop/herborize/297787d1e8ab8f5cdec7a95b77a2f2d2eeeb5a?p=Ahome2Ameumer25ApainelnocharmeImeumercadoIappAvendor" "Mozilla/5.0 AppleWebKit/537.36 (KHTML, like Gecko; compatible; GPTBot/1.3; +https://openai.com/gptbot)" painelnocharme.meumercado.app 10.53.184.85
74.7.241.28 - - [24/Apr/2026:00:51:59 -0300] "GET /login/post-info.php?p=Ahome2Ameumer25ApainelnocharmeImeumercadoIappAvendorAmercadopagoAdx-phpAIphpdocAcacheAdescriptorsAIAIAIAIAIAIAIAIATAIAIAIAIAIAIAIAAAAAAAIAIAIAAAAAIAAAIAAAIAAAAAIAIAIAAAIAIAAAIAIAAAAAIAIAIAIAIAAAIAIAIAAAAAIAIAAAAAAAIAAAAAAAAAAAAAAAIAAAIAIAIAAAAAI HTTP/2.0" 409 83 "https://www.painelnocharme.meumercado.app/login/post-info.php?p=Ahome2Ameumer25ApainelnocharmeImeumercadoIappAvendorAmercadopagoAdx-phpAIphpdocAcacheAdescriptorsAIAIAIAIAIAIAIAIATAIAIAIAIAIAIAIAAAAAAAIAIAIAAAAAIAAAIAAAIAAAAAIAIAIAAAIAIAAAIAIAAAAAIAIAIAIAIAAAIAIAIAAAAAIAIAAAAAAAIAAAAAAAAAAAAAAAIAAAIAIAIAAAA" "Mozilla/5.0 AppleWebKit/537.36 (KHTML, like Gecko; compatible; GPTBot/1.3; +https://openai.com/gptbot)" www.painelnocharme.meumercado.app 10.53.184.85
74.7.227.148 - - [24/Apr/2026:00:52:49 -0300] "GET /shop/herborize/297787d1e8ab8f5cdec7a95b77a2f2d2eeeb5a?p=Ahome2Ameumer25ApainelnocharmeImeumercadoIappAappACentralLogics HTTP/2.0" 404 836 "https://painelnocharme.meumercado.app/shop/herborize/297787d1e8ab8f5cdec7a95b77a2f2d2eeeb5a?p=Ahome2Ameumer25ApainelnocharmeImeumercadoIappAapp" "Mozilla/5.0 AppleWebKit/537.36 (KHTML, like Gecko; compatible; GPTBot/1.3; +https://openai.com/gptbot)" painelnocharme.meumercado.app 10.53.184.85
74.7.241.28 - - [24/Apr/2026:00:53:01 -0300] "GET /login/post-info.php?p=Ahome2Ameumer25ApainelnocharmeImeumercadoIappAvendorAmercadopagoAdx-phpAIphpdocAcacheAdescriptorsAIAIAIAIAIAIAIAIATAIAIAIAIAIAIAIAAAAAAAIAIAIAAAAAIAAAIAAAIAAAAAIAIAIAAAIAIAAAIAIAAAIAAAAAIAAAIAIAAAIAAAIAAAAAAAAAAAAAAAIAIAAAAAAAAAIAAAAAAAAAIAIAIAI HTTP/2.0" 409 83 "https://www.painelnocharme.meumercado.app/login/post-info.php?p=Ahome2Ameumer25ApainelnocharmeImeumercadoIappAvendorAmercadopagoAdx-phpAIphpdocAcacheAdescriptorsAIAIAIAIAIAIAIAIATAIAIAIAIAIAIAIAAAAAAAIAIAIAAAAAIAAAIAAAIAAAAAIAIAIAAAIAIAAAIAIAAAIAAAAAIAAAIAIAAAIAAAIAAAAAAAAAAAAAAAIAIAAAAAAAAAIAAAAAAAAAIAIAI" "Mozilla/5.0 AppleWebKit/537.36 (KHTML, like Gecko; compatible; GPTBot/1.3; +https://openai.com/gptbot)" www.painelnocharme.meumercado.app 10.53.184.85
74.7.227.148 - - [24/Apr/2026:00:53:50 -0300] "GET /shop/autocephalous/bccc5f5afa2051d0c0dc96dc0f58af98a4d63f?p=Ahome2Ameumer25ApainelnocharmeImeumercadoIappAconfig HTTP/2.0" 404 836 "https://painelnocharme.meumercado.app/shop/autocephalous/bccc5f5afa2051d0c0dc96dc0f58af98a4d63f" "Mozilla/5.0 AppleWebKit/537.36 (KHTML, like Gecko; compatible; GPTBot/1.3; +https://openai.com/gptbot)" painelnocharme.meumercado.app 10.53.184.85
74.7.241.28 - - [24/Apr/2026:00:54:07 -0300] "GET /login/post-info.php?p=Ahome2Ameumer25ApainelnocharmeImeumercadoIappAvendorAmercadopagoAdx-phpAIphpdocAcacheAdescriptorsAIAIAIAIAIAIAIAIATAIAIAIAIAIAIAIAAAAAAAIAIAIAAAAAIAAAIAAAIAAAAAIAIAIAAAIAIAAAIAIAAAIAAAAAIAIAAAAAAAIAIAAAAAAAAAAAIAIAAAIAAAIAAAIAIAAAAAAAAAIAAAAAAAI HTTP/2.0" 409 83 "https://www.painelnocharme.meumercado.app/login/post-info.php?p=Ahome2Ameumer25ApainelnocharmeImeumercadoIappAvendorAmercadopagoAdx-phpAIphpdocAcacheAdescriptorsAIAIAIAIAIAIAIAIATAIAIAIAIAIAIAIAAAAAAAIAIAIAAAAAIAAAIAAAIAAAAAIAIAIAAAIAIAAAIAIAAAIAAAAAIAIAAAAAAAIAIAAAAAAAAAAAIAIAAAIAAAIAAAIAIAAAAAAAAAIAAAAAA" "Mozilla/5.0 AppleWebKit/537.36 (KHTML, like Gecko; compatible; GPTBot/1.3; +https://openai.com/gptbot)" www.painelnocharme.meumercado.app 10.53.184.85
74.7.227.148 - - [24/Apr/2026:00:54:51 -0300] "GET /shop/herborize/297787d1e8ab8f5cdec7a95b77a2f2d2eeeb5a?p=Ahome2Ameumer25ApainelnocharmeImeumercadoIappAvendorAphp-http HTTP/2.0" 404 836 "https://painelnocharme.meumercado.app/shop/herborize/297787d1e8ab8f5cdec7a95b77a2f2d2eeeb5a?p=Ahome2Ameumer25ApainelnocharmeImeumercadoIappAvendor" "Mozilla/5.0 AppleWebKit/537.36 (KHTML, like Gecko; compatible; GPTBot/1.3; +https://openai.com/gptbot)" painelnocharme.meumercado.app 10.53.184.85
74.7.241.28 - - [24/Apr/2026:00:55:12 -0300] "GET /login/post-info.php?p=Ahome2Ameumer25ApainelnocharmeImeumercadoIappAvendorAmercadopagoAdx-phpAIphpdocAcacheAdescriptorsAIAIAIAIAIAIAIAIATAIAIAIAIAIAIAIAAAAAAAIAIAIAAAAAIAAAIAAAIAAAAAIAIAIAAAIAIAAAIAIAAAAAAAAAAAIAAAAAIAAAIAAAAAAAIAIAIAIAAAAAIAIAAAIAAAIAIAAAIAIAIAAAAAG HTTP/2.0" 409 83 "https://www.painelnocharme.meumercado.app/login/post-info.php?p=Ahome2Ameumer25ApainelnocharmeImeumercadoIappAvendorAmercadopagoAdx-phpAIphpdocAcacheAdescriptorsAIAIAIAIAIAIAIAIATAIAIAIAIAIAIAIAAAAAAAIAIAIAAAAAIAAAIAAAIAAAAAIAIAIAAAIAIAAAIAIAAAAAAAAAAAIAAAAAIAAAIAAAAAAAIAIAIAIAAAAAIAIAAAIAAAIAIAAAIAIAIAAAA" "Mozilla/5.0 AppleWebKit/537.36 (KHTML, like Gecko; compatible; GPTBot/1.3; +https://openai.com/gptbot)" www.painelnocharme.meumercado.app 10.53.184.85
74.7.227.148 - - [24/Apr/2026:00:55:52 -0300] "GET /shop/trothplighted/1e93cfcddd404e52eef0fa3e9c69fd2cfaf951?p=Ahome2Ameumer25ApainelpetscentercampinasImeumercadoIapp HTTP/2.0" 404 836 "https://painelnocharme.meumercado.app/shop/trothplighted/1e93cfcddd404e52eef0fa3e9c69fd2cfaf951?p=Ahome2Ameumer25" "Mozilla/5.0 AppleWebKit/537.36 (KHTML, like Gecko; compatible; GPTBot/1.3; +https://openai.com/gptbot)" painelnocharme.meumercado.app 10.53.184.85
74.7.241.28 - - [24/Apr/2026:00:56:13 -0300] "GET /login/post-info.php?p=Ahome2Ameumer25ApainelnocharmeImeumercadoIappAvendorAmercadopagoAdx-phpAIphpdocAcacheAdescriptorsAIAIAIAIAIAIAIAIATAIAIAIAIAIAIAIAAAAAAAIAIAIAAAAAIAAAIAAAIAAAAAIAIAIAAAIAIAAAIAIAAAIAAAAAAAIAAAIAAAIAIAAAAAAAAAAAAAAAIAAAIAIAIAIAAAAAIAAAAAIAAAIAIAG HTTP/2.0" 409 83 "https://www.painelnocharme.meumercado.app/login/post-info.php?p=Ahome2Ameumer25ApainelnocharmeImeumercadoIappAvendorAmercadopagoAdx-phpAIphpdocAcacheAdescriptorsAIAIAIAIAIAIAIAIATAIAIAIAIAIAIAIAAAAAAAIAIAIAAAAAIAAAIAAAIAAAAAIAIAIAAAIAIAAAIAIAAAIAAAAAAAIAAAIAAAIAIAAAAAAAAAAAAAAAIAAAIAIAIAIAAAAAIAAAAAIAAAIAI" "Mozilla/5.0 AppleWebKit/537.36 (KHTML, like Gecko; compatible; GPTBot/1.3; +https://openai.com/gptbot)" www.painelnocharme.meumercado.app 10.53.184.85
74.7.227.148 - - [24/Apr/2026:00:56:53 -0300] "GET /shop/scurrilousness/00321d6ed60c6f3e1bbbbff72c8defbd1283d7?p=Ahome2Ameumer25ApainelnocharmeImeumercadoIappAconfig HTTP/2.0" 404 836 "https://painelnocharme.meumercado.app/shop/scurrilousness/00321d6ed60c6f3e1bbbbff72c8defbd1283d7" "Mozilla/5.0 AppleWebKit/537.36 (KHTML, like Gecko; compatible; GPTBot/1.3; +https://openai.com/gptbot)" painelnocharme.meumercado.app 10.53.184.85
74.7.241.28 - - [24/Apr/2026:00:57:18 -0300] "GET /login/post-info.php?p=Ahome2Ameumer25ApainelnocharmeImeumercadoIappAvendorAmercadopagoAdx-phpAIphpdocAcacheAdescriptorsAIAIAIAIAIAIAIAIATAIAIAIAIAIAIAIAAAAAAAIAIAIAAAAAIAAAIAAAIAAAAAIAIAIAAAIAIAAAIAIAAAIAAAAAAAAAIAIAAAAAAAIAAAIAAAIAIAAAAAIAAAAAIAAAAAAAAAAAIAIAIAIAIAG HTTP/2.0" 409 83 "https://www.painelnocharme.meumercado.app/login/post-info.php?p=Ahome2Ameumer25ApainelnocharmeImeumercadoIappAvendorAmercadopagoAdx-phpAIphpdocAcacheAdescriptorsAIAIAIAIAIAIAIAIATAIAIAIAIAIAIAIAAAAAAAIAIAIAAAAAIAAAIAAAIAAAAAIAIAIAAAIAIAAAIAIAAAIAAAAAAAAAIAIAAAAAAAIAAAIAAAIAIAAAAAIAAAAAIAAAAAAAAAAAIAIAIAIAI" "Mozilla/5.0 AppleWebKit/537.36 (KHTML, like Gecko; compatible; GPTBot/1.3; +https://openai.com/gptbot)" www.painelnocharme.meumercado.app 10.53.184.85
74.7.227.148 - - [24/Apr/2026:00:57:54 -0300] "GET /shop/herborize/297787d1e8ab8f5cdec7a95b77a2f2d2eeeb5a?p=Ahome2Ameumer25ApainelnocharmeImeumercadoIappAvendorAkingflamez HTTP/2.0" 404 836 "https://painelnocharme.meumercado.app/shop/herborize/297787d1e8ab8f5cdec7a95b77a2f2d2eeeb5a?p=Ahome2Ameumer25ApainelnocharmeImeumercadoIappAvendor" "Mozilla/5.0 AppleWebKit/537.36 (KHTML, like Gecko; compatible; GPTBot/1.3; +https://openai.com/gptbot)" painelnocharme.meumercado.app 10.53.184.85
74.7.241.28 - - [24/Apr/2026:00:58:21 -0300] "GET /login/post-info.php?p=Ahome2Ameumer25ApainelnocharmeImeumercadoIappAvendorAmercadopagoAdx-phpAIphpdocAcacheAdescriptorsAIAIAIAIAIAIAIAIATAIAIAIAIAIAIAIAAAAAAAIAIAIAAAAAIAAAIAAAIAAAAAIAIAIAAAIAIAAAIAIAAAAAAAIAAAAAAAIAAAIAAAAAIAAAAAIAAAAAAAIAIAAAAAAAAAIAAAAAIAAAIAIAIAW HTTP/2.0" 409 83 "https://www.painelnocharme.meumercado.app/login/post-info.php?p=Ahome2Ameumer25ApainelnocharmeImeumercadoIappAvendorAmercadopagoAdx-phpAIphpdocAcacheAdescriptorsAIAIAIAIAIAIAIAIATAIAIAIAIAIAIAIAAAAAAAIAIAIAAAAAIAAAIAAAIAAAAAIAIAIAAAIAIAAAIAIAAAAAAAIAAAAAAAIAAAIAAAAAIAAAAAIAAAAAAAIAIAAAAAAAAAIAAAAAIAAAIAIAI" "Mozilla/5.0 AppleWebKit/537.36 (KHTML, like Gecko; compatible; GPTBot/1.3; +https://openai.com/gptbot)" www.painelnocharme.meumercado.app 10.53.184.85
74.7.227.148 - - [24/Apr/2026:00:58:55 -0300] "GET /shop/herborize/297787d1e8ab8f5cdec7a95b77a2f2d2eeeb5a?p=Ahome2Ameumer25ApainelnocharmeImeumercadoIappAvendorAfzaninotto HTTP/2.0" 404 836 "https://painelnocharme.meumercado.app/shop/herborize/297787d1e8ab8f5cdec7a95b77a2f2d2eeeb5a?p=Ahome2Ameumer25ApainelnocharmeImeumercadoIappAvendor" "Mozilla/5.0 AppleWebKit/537.36 (KHTML, like Gecko; compatible; GPTBot/1.3; +https://openai.com/gptbot)" painelnocharme.meumercado.app 10.53.184.85
74.7.241.28 - - [24/Apr/2026:00:59:25 -0300] "GET /login/post-info.php?p=Ahome2Ameumer25ApainelnocharmeImeumercadoIappAvendorAmercadopagoAdx-phpAIphpdocAcacheAdescriptorsAIAIAIAIAIAIAIAIATAIAIAIAIAIAIAIAAAAAAAIAIAIAAAAAIAAAIAAAIAAAAAIAIAIAAAIAIAAAIAIAAAAAIAAAAAIAAAIAIAAAAAAAAAAAAAIAIAIAIAAAAAAAAAIAAAIAAAAAIAAAIAAAAAA HTTP/2.0" 409 83 "https://www.painelnocharme.meumercado.app/login/post-info.php?p=Ahome2Ameumer25ApainelnocharmeImeumercadoIappAvendorAmercadopagoAdx-phpAIphpdocAcacheAdescriptorsAIAIAIAIAIAIAIAIATAIAIAIAIAIAIAIAAAAAAAIAIAIAAAAAIAAAIAAAIAAAAAIAIAIAAAIAIAAAIAIAAAAAIAAAAAIAAAIAIAAAAAAAAAAAAAIAIAIAIAAAAAAAAAIAAAIAAAAAIAAAIAAAA" "Mozilla/5.0 AppleWebKit/537.36 (KHTML, like Gecko; compatible; GPTBot/1.3; +https://openai.com/gptbot)" www.painelnocharme.meumercado.app 10.53.184.85
74.7.227.148 - - [24/Apr/2026:01:00:00 -0300] "GET /shop/coalblack/47db7c115aae3f34daaad399df707f35ca9c9f?p=Ahome2Ameumer25ApainelpetscentercampinasImeumercadoIapp HTTP/2.0" 404 836 "https://painelnocharme.meumercado.app/shop/coalblack/47db7c115aae3f34daaad399df707f35ca9c9f?p=Ahome2Ameumer25" "Mozilla/5.0 AppleWebKit/537.36 (KHTML, like Gecko; compatible; GPTBot/1.3; +https://openai.com/gptbot)" painelnocharme.meumercado.app 10.53.184.85
74.7.241.28 - - [24/Apr/2026:01:00:31 -0300] "GET /login/post-info.php?p=Ahome2Ameumer25ApainelnocharmeImeumercadoIappAvendorAmercadopagoAdx-phpAIphpdocAcacheAdescriptorsAIAIAIAIAIAIAIAIATAIAIAIAIAIAIAIAAAAAAAIAIAIAAAAAIAAAIAAAIAAAAAIAIAIAAAIAIAAAIAIAAAAAIAAAAAIAAAIAIAAAIAIAIAAAIAAAIAIAAAAAAAIAAAIAAAAAAAAAAAAAIAAAAAW HTTP/2.0" 409 83 "https://www.painelnocharme.meumercado.app/login/post-info.php?p=Ahome2Ameumer25ApainelnocharmeImeumercadoIappAvendorAmercadopagoAdx-phpAIphpdocAcacheAdescriptorsAIAIAIAIAIAIAIAIATAIAIAIAIAIAIAIAAAAAAAIAIAIAAAAAIAAAIAAAIAAAAAIAIAIAAAIAIAAAIAIAAAAAIAAAAAIAAAIAIAAAIAIAIAAAIAAAIAIAAAAAAAIAAAIAAAAAAAAAAAAAIAAAA" "Mozilla/5.0 AppleWebKit/537.36 (KHTML, like Gecko; compatible; GPTBot/1.3; +https://openai.com/gptbot)" www.painelnocharme.meumercado.app 10.53.184.85
74.7.227.148 - - [24/Apr/2026:01:01:04 -0300] "GET /shop/trothplighted/954c0dae26bd5dece38a7edd7bc0b00012bf2b?p=Ahome2Ameumer25ApainelnocharmeImeumercadoIappAconfig HTTP/2.0" 404 836 "https://painelnocharme.meumercado.app/shop/trothplighted/954c0dae26bd5dece38a7edd7bc0b00012bf2b" "Mozilla/5.0 AppleWebKit/537.36 (KHTML, like Gecko; compatible; GPTBot/1.3; +https://openai.com/gptbot)" painelnocharme.meumercado.app 10.53.184.85
74.7.241.28 - - [24/Apr/2026:01:01:32 -0300] "GET /login/post-info.php?p=Ahome2Ameumer25ApainelnocharmeImeumercadoIappAvendorAmercadopagoAdx-phpAIphpdocAcacheAdescriptorsAIAIAIAIAIAIAIAIATAIAIAIAIAIAIAIAAAAAAAIAIAIAAAAAIAAAIAAAIAAAAAIAIAIAAAIAIAAAIAIAAAAAIAAAIAIAAAIAAAIAIAIAAAIAIAIAIAAAAAIAIAAAIAAAAAAAIAIAAAAAAAIAAAI HTTP/2.0" 409 83 "https://www.painelnocharme.meumercado.app/login/post-info.php?p=Ahome2Ameumer25ApainelnocharmeImeumercadoIappAvendorAmercadopagoAdx-phpAIphpdocAcacheAdescriptorsAIAIAIAIAIAIAIAIATAIAIAIAIAIAIAIAAAAAAAIAIAIAAAAAIAAAIAAAIAAAAAIAIAIAAAIAIAAAIAIAAAAAIAAAIAIAAAIAAAIAIAIAAAIAIAIAIAAAAAIAIAAAIAAAAAAAIAIAAAAAAAIAA" "Mozilla/5.0 AppleWebKit/537.36 (KHTML, like Gecko; compatible; GPTBot/1.3; +https://openai.com/gptbot)" www.painelnocharme.meumercado.app 10.53.184.85
74.7.227.148 - - [24/Apr/2026:01:02:09 -0300] "GET /shop/trothplighted/1e93cfcddd404e52eef0fa3e9c69fd2cfaf951?p=Ahome2Ameumer25ApainelnocharmeImeumercadoIappAconfig HTTP/2.0" 404 836 "https://painelnocharme.meumercado.app/shop/trothplighted/1e93cfcddd404e52eef0fa3e9c69fd2cfaf951" "Mozilla/5.0 AppleWebKit/537.36 (KHTML, like Gecko; compatible; GPTBot/1.3; +https://openai.com/gptbot)" painelnocharme.meumercado.app 10.53.184.85
74.7.241.28 - - [24/Apr/2026:01:02:37 -0300] "GET /login/post-info.php?p=Ahome2Ameumer25ApainelnocharmeImeumercadoIappAvendorAmercadopagoAdx-phpAIphpdocAcacheAdescriptorsAIAIAIAIAIAIAIAIATAIAIAIAIAIAIAIAAAAAAAIAIAIAAAAAIAAAIAAAIAAAAAIAIAIAAAIAIAAAIAIAAAIAAAAAAAAAIAIAAAAAAAIAAAIAAAIAIAAAAAAAAAAAAAIAIAIAAAIAAAAAIAIAAAW HTTP/2.0" 409 83 "https://www.painelnocharme.meumercado.app/login/post-info.php?p=Ahome2Ameumer25ApainelnocharmeImeumercadoIappAvendorAmercadopagoAdx-phpAIphpdocAcacheAdescriptorsAIAIAIAIAIAIAIAIATAIAIAIAIAIAIAIAAAAAAAIAIAIAAAAAIAAAIAAAIAAAAAIAIAIAAAIAIAAAIAIAAAIAAAAAAAAAIAIAAAAAAAIAAAIAAAIAIAAAAAAAAAAAAAIAIAIAAAIAAAAAIAIAA" "Mozilla/5.0 AppleWebKit/537.36 (KHTML, like Gecko; compatible; GPTBot/1.3; +https://openai.com/gptbot)" www.painelnocharme.meumercado.app 10.53.184.85
74.7.227.148 - - [24/Apr/2026:01:03:12 -0300] "GET /shop/herborize/297787d1e8ab8f5cdec7a95b77a2f2d2eeeb5a?p=Ahome2Ameumer25ApainelnocharmeImeumercadoIappAvendorAguzzlehttp HTTP/2.0" 404 836 "https://painelnocharme.meumercado.app/shop/herborize/297787d1e8ab8f5cdec7a95b77a2f2d2eeeb5a?p=Ahome2Ameumer25ApainelnocharmeImeumercadoIappAvendor" "Mozilla/5.0 AppleWebKit/537.36 (KHTML, like Gecko; compatible; GPTBot/1.3; +https://openai.com/gptbot)" painelnocharme.meumercado.app 10.53.184.85
74.7.241.28 - - [24/Apr/2026:01:03:41 -0300] "GET /login/post-info.php?p=Ahome2Ameumer25ApainelnocharmeImeumercadoIappAvendorAmercadopagoAdx-phpAIphpdocAcacheAdescriptorsAIAIAIAIAIAIAIAIATAIAIAIAIAIAIAIAAAAAAAIAIAIAAAAAIAAAIAAAIAAAAAIAIAIAAAIAIAAAIAIAAAIAAAIAAAIAIAIAIAIAAAAAIAIAAAIAAAAAAAAAAAAAIAAAIAIAIAIAAAIAAAAAIAG HTTP/2.0" 409 83 "https://www.painelnocharme.meumercado.app/login/post-info.php?p=Ahome2Ameumer25ApainelnocharmeImeumercadoIappAvendorAmercadopagoAdx-phpAIphpdocAcacheAdescriptorsAIAIAIAIAIAIAIAIATAIAIAIAIAIAIAIAAAAAAAIAIAIAAAAAIAAAIAAAIAAAAAIAIAIAAAIAIAAAIAIAAAIAAAIAAAIAIAIAIAIAAAAAIAIAAAIAAAAAAAAAAAAAIAAAIAIAIAIAAAIAAAAAI" "Mozilla/5.0 AppleWebKit/537.36 (KHTML, like Gecko; compatible; GPTBot/1.3; +https://openai.com/gptbot)" www.painelnocharme.meumercado.app 10.53.184.85
74.7.227.148 - - [24/Apr/2026:01:04:18 -0300] "GET /shop/scolecophagus/16bf2ccc3a35c07413cfafe551d6a9c22dcafd?p=Ahome2Ameumer25ApainelnocharmeImeumercadoIappAconfig HTTP/2.0" 404 836 "https://painelnocharme.meumercado.app/shop/scolecophagus/16bf2ccc3a35c07413cfafe551d6a9c22dcafd" "Mozilla/5.0 AppleWebKit/537.36 (KHTML, like Gecko; compatible; GPTBot/1.3; +https://openai.com/gptbot)" painelnocharme.meumercado.app 10.53.184.85
74.7.241.28 - - [24/Apr/2026:01:04:41 -0300] "GET /login/post-info.php?p=Ahome2Ameumer25ApainelnocharmeImeumercadoIappAvendorAmercadopagoAdx-phpAIphpdocAcacheAdescriptorsAIAIAIAIAIAIAIAIATAIAIAIAIAIAIAIAAAAAAAIAIAIAAAAAIAAAIAAAIAAAAAIAIAIAAAIAIAAAIAIAAAIAAAIAIAAAAAAAAAIAAAAAIAIAAAIAIAAAAAIAAAIAIAIAIAAAIAAAIAIAIAIAIAI HTTP/2.0" 409 83 "https://www.painelnocharme.meumercado.app/login/post-info.php?p=Ahome2Ameumer25ApainelnocharmeImeumercadoIappAvendorAmercadopagoAdx-phpAIphpdocAcacheAdescriptorsAIAIAIAIAIAIAIAIATAIAIAIAIAIAIAIAAAAAAAIAIAIAAAAAIAAAIAAAIAAAAAIAIAIAAAIAIAAAIAIAAAIAAAIAIAAAAAAAAAIAAAAAIAIAAAIAIAAAAAIAAAIAIAIAIAAAIAAAIAIAIAIAI" "Mozilla/5.0 AppleWebKit/537.36 (KHTML, like Gecko; compatible; GPTBot/1.3; +https://openai.com/gptbot)" www.painelnocharme.meumercado.app 10.53.184.85
74.7.227.148 - - [24/Apr/2026:01:05:18 -0300] "GET /shop/scolecophagus/16bf2ccc3a35c07413cfafe551d6a9c22dcafd?p=Ahome2Ameumer25ApainelcafediretodopeImeumercadoIapp HTTP/2.0" 404 836 "https://painelnocharme.meumercado.app/shop/scolecophagus/16bf2ccc3a35c07413cfafe551d6a9c22dcafd?p=Ahome2Ameumer25" "Mozilla/5.0 AppleWebKit/537.36 (KHTML, like Gecko; compatible; GPTBot/1.3; +https://openai.com/gptbot)" painelnocharme.meumercado.app 10.53.184.85
74.7.241.28 - - [24/Apr/2026:01:05:44 -0300] "GET /login/post-info.php?p=Ahome2Ameumer25ApainelnocharmeImeumercadoIappAvendorAmercadopagoAdx-phpAIphpdocAcacheAdescriptorsAIAIAIAIAIAIAIAIATAIAIAIAIAIAIAIAAAAAAAIAIAIAAAAAIAAAIAAAIAAAAAIAIAIAAAIAIAAAIAIAAAAAAAIAAAAAAAAAIAIAIAIAAAIAIAIAIAAAAAIAIAAAIAAAIAAAAAAAIAAAIAIAAAW HTTP/2.0" 409 83 "https://www.painelnocharme.meumercado.app/login/post-info.php?p=Ahome2Ameumer25ApainelnocharmeImeumercadoIappAvendorAmercadopagoAdx-phpAIphpdocAcacheAdescriptorsAIAIAIAIAIAIAIAIATAIAIAIAIAIAIAIAAAAAAAIAIAIAAAAAIAAAIAAAIAAAAAIAIAIAAAIAIAAAIAIAAAAAAAIAAAAAAAAAIAIAIAIAAAIAIAIAIAAAAAIAIAAAIAAAIAAAAAAAIAAAIAIAA" "Mozilla/5.0 AppleWebKit/537.36 (KHTML, like Gecko; compatible; GPTBot/1.3; +https://openai.com/gptbot)" www.painelnocharme.meumercado.app 10.53.184.85
74.7.227.148 - - [24/Apr/2026:01:06:21 -0300] "GET /shop/trothplighted/1e93cfcddd404e52eef0fa3e9c69fd2cfaf951?p=Ahome2Ameumer25ApainelbrasileirissimoImeumercadoIapp HTTP/2.0" 404 836 "https://painelnocharme.meumercado.app/shop/trothplighted/1e93cfcddd404e52eef0fa3e9c69fd2cfaf951?p=Ahome2Ameumer25" "Mozilla/5.0 AppleWebKit/537.36 (KHTML, like Gecko; compatible; GPTBot/1.3; +https://openai.com/gptbot)" painelnocharme.meumercado.app 10.53.184.85
74.7.241.28 - - [24/Apr/2026:01:06:46 -0300] "GET /login/post-info.php?p=Ahome2Ameumer25ApainelnocharmeImeumercadoIappAvendorAmercadopagoAdx-phpAIphpdocAcacheAdescriptorsAIAIAIAIAIAIAIAIATAIAIAIAIAIAIAIAAAAAAAIAIAIAAAAAIAAAIAAAIAAAAAIAIAIAAAIAIAAAIAIAAAAAIAIAIAIAIAAAIAIAIAAAAAIAIAAAAAAAAAAAIAAAIAIAIAAAIAAAAAAAIAIAAAG HTTP/2.0" 409 83 "https://www.painelnocharme.meumercado.app/login/post-info.php?p=Ahome2Ameumer25ApainelnocharmeImeumercadoIappAvendorAmercadopagoAdx-phpAIphpdocAcacheAdescriptorsAIAIAIAIAIAIAIAIATAIAIAIAIAIAIAIAAAAAAAIAIAIAAAAAIAAAIAAAIAAAAAIAIAIAAAIAIAAAIAIAAAAAIAIAIAIAIAAAIAIAIAAAAAIAIAAAAAAAAAAAIAAAIAIAIAAAIAAAAAAAIAIAA" "Mozilla/5.0 AppleWebKit/537.36 (KHTML, like Gecko; compatible; GPTBot/1.3; +https://openai.com/gptbot)" www.painelnocharme.meumercado.app 10.53.184.85
74.7.227.148 - - [24/Apr/2026:01:07:23 -0300] "GET /shop/piperitum/f35aadc0e6d53444eae4cd6119cf09b2e8bbcd?p=Ahome2Ameumer25ApainelpetscentercampinasImeumercadoIapp HTTP/2.0" 404 836 "https://painelnocharme.meumercado.app/shop/piperitum/f35aadc0e6d53444eae4cd6119cf09b2e8bbcd?p=Ahome2Ameumer25" "Mozilla/5.0 AppleWebKit/537.36 (KHTML, like Gecko; compatible; GPTBot/1.3; +https://openai.com/gptbot)" painelnocharme.meumercado.app 10.53.184.85
74.7.241.28 - - [24/Apr/2026:01:07:48 -0300] "GET /login/post-info.php?p=Ahome2Ameumer25ApainelnocharmeImeumercadoIappAvendorAmercadopagoAdx-phpAIphpdocAcacheAdescriptorsAIAIAIAIAIAIAIAIATAIAIAIAIAIAIAIAAAAAAAIAIAIAAAAAIAAAIAAAIAAAAAIAIAIAAAIAIAAAIAIAAAAAAAAAAAIAAAAAIAAAIAAAAAAAIAIAIAIAAAAAAAAAAAAAIAAAIAIAIAIAIAIAAAG HTTP/2.0" 409 83 "https://www.painelnocharme.meumercado.app/login/post-info.php?p=Ahome2Ameumer25ApainelnocharmeImeumercadoIappAvendorAmercadopagoAdx-phpAIphpdocAcacheAdescriptorsAIAIAIAIAIAIAIAIATAIAIAIAIAIAIAIAAAAAAAIAIAIAAAAAIAAAIAAAIAAAAAIAIAIAAAIAIAAAIAIAAAAAAAAAAAIAAAAAIAAAIAAAAAAAIAIAIAIAAAAAAAAAAAAAIAAAIAIAIAIAIAIAA" "Mozilla/5.0 AppleWebKit/537.36 (KHTML, like Gecko; compatible; GPTBot/1.3; +https://openai.com/gptbot)" www.painelnocharme.meumercado.app 10.53.184.85
74.7.227.148 - - [24/Apr/2026:01:08:24 -0300] "GET /shop/scurrilousness/ebe0d49dc999fd923d9f87eec163cbdf1cccf0?p=Ahome2Ameumer25ApainelnocharmeImeumercadoIappAconfig HTTP/2.0" 404 836 "https://painelnocharme.meumercado.app/shop/scurrilousness/ebe0d49dc999fd923d9f87eec163cbdf1cccf0" "Mozilla/5.0 AppleWebKit/537.36 (KHTML, like Gecko; compatible; GPTBot/1.3; +https://openai.com/gptbot)" painelnocharme.meumercado.app 10.53.184.85
74.7.241.28 - - [24/Apr/2026:01:08:50 -0300] "GET /login/post-info.php?p=Ahome2Ameumer25ApainelnocharmeImeumercadoIappAvendorAmercadopagoAdx-phpAIphpdocAcacheAdescriptorsAIAIAIAIAIAIAIAIATAIAIAIAIAIAIAIAAAAAAAIAIAIAAAAAIAAAIAAAIAAAAAIAIAIAAAIAIAAAIAIAAAAAIAIAIAIAIAAAIAIAIAAAAAIAIAAAAAAAAAIAAAIAIAIAAAIAAAAAIAAAIAIAIAH HTTP/2.0" 409 83 "https://www.painelnocharme.meumercado.app/login/post-info.php?p=Ahome2Ameumer25ApainelnocharmeImeumercadoIappAvendorAmercadopagoAdx-phpAIphpdocAcacheAdescriptorsAIAIAIAIAIAIAIAIATAIAIAIAIAIAIAIAAAAAAAIAIAIAAAAAIAAAIAAAIAAAAAIAIAIAAAIAIAAAIAIAAAAAIAIAIAIAIAAAIAIAIAAAAAIAIAAAAAAAAAIAAAIAIAIAAAIAAAAAIAAAIAIAI" "Mozilla/5.0 AppleWebKit/537.36 (KHTML, like Gecko; compatible; GPTBot/1.3; +https://openai.com/gptbot)" www.painelnocharme.meumercado.app 10.53.184.85
74.7.227.148 - - [24/Apr/2026:01:09:27 -0300] "GET /shop/autocephalous/a74e1c3ccc15bda1445a9cdbf6ca292c9a4bc4?p=Ahome2Ameumer25ApainelnocharmeImeumercadoIappAconfig HTTP/2.0" 404 836 "https://painelnocharme.meumercado.app/shop/autocephalous/a74e1c3ccc15bda1445a9cdbf6ca292c9a4bc4" "Mozilla/5.0 AppleWebKit/537.36 (KHTML, like Gecko; compatible; GPTBot/1.3; +https://openai.com/gptbot)" painelnocharme.meumercado.app 10.53.184.85
74.7.241.28 - - [24/Apr/2026:01:09:55 -0300] "GET /login/post-info.php?p=Ahome2Ameumer25ApainelnocharmeImeumercadoIappAvendorAmercadopagoAdx-phpAIphpdocAcacheAdescriptorsAIAIAIAIAIAIAIAIATAIAIAIAIAIAIAIAAAAAAAIAIAIAAAAAIAAAIAAAIAAAAAIAIAIAAAIAIAAAIAIAAAAAAAAAAAIAAAAAIAAAIAAAAAAAIAAAAAAAIAIAAAIAAAIAIAAAAAIAIAAAIAIAAAA HTTP/2.0" 409 83 "https://www.painelnocharme.meumercado.app/login/post-info.php?p=Ahome2Ameumer25ApainelnocharmeImeumercadoIappAvendorAmercadopagoAdx-phpAIphpdocAcacheAdescriptorsAIAIAIAIAIAIAIAIATAIAIAIAIAIAIAIAAAAAAAIAIAIAAAAAIAAAIAAAIAAAAAIAIAIAAAIAIAAAIAIAAAAAAAAAAAIAAAAAIAAAIAAAAAAAIAAAAAAAIAIAAAIAAAIAIAAAAAIAIAAAIAIAA" "Mozilla/5.0 AppleWebKit/537.36 (KHTML, like Gecko; compatible; GPTBot/1.3; +https://openai.com/gptbot)" www.painelnocharme.meumercado.app 10.53.184.85
74.7.227.148 - - [24/Apr/2026:01:10:28 -0300] "GET /shop/scolecophagus/a74e1c3ccc15bda1445a9cdbf6ca292c9a4bc4?p=Ahome2Ameumer25ApainelnocharmeImeumercadoIappAconfig HTTP/2.0" 404 836 "https://painelnocharme.meumercado.app/shop/scolecophagus/a74e1c3ccc15bda1445a9cdbf6ca292c9a4bc4" "Mozilla/5.0 AppleWebKit/537.36 (KHTML, like Gecko; compatible; GPTBot/1.3; +https://openai.com/gptbot)" painelnocharme.meumercado.app 10.53.184.85
74.7.241.28 - - [24/Apr/2026:01:10:59 -0300] "GET /login/post-info.php?p=Ahome2Ameumer25ApainelnocharmeImeumercadoIappAvendorAmercadopagoAdx-phpAIphpdocAcacheAdescriptorsAIAIAIAIAIAIAIAIATAIAIAIAIAIAIAIAAAAAAAIAIAIAAAAAIAAAIAAAIAAAAAIAIAIAAAIAIAAAIAIAAAAAAAAAAAIAAAAAIAAAIAAAAAAAIAIAIAIAAAIAIAIAIAAAIAAAIAIAAAAAIAAAIAG HTTP/2.0" 409 83 "https://www.painelnocharme.meumercado.app/login/post-info.php?p=Ahome2Ameumer25ApainelnocharmeImeumercadoIappAvendorAmercadopagoAdx-phpAIphpdocAcacheAdescriptorsAIAIAIAIAIAIAIAIATAIAIAIAIAIAIAIAAAAAAAIAIAIAAAAAIAAAIAAAIAAAAAIAIAIAAAIAIAAAIAIAAAAAAAAAAAIAAAAAIAAAIAAAAAAAIAIAIAIAAAIAIAIAIAAAIAAAIAIAAAAAIAAAI" "Mozilla/5.0 AppleWebKit/537.36 (KHTML, like Gecko; compatible; GPTBot/1.3; +https://openai.com/gptbot)" www.painelnocharme.meumercado.app 10.53.184.85
74.7.227.148 - - [24/Apr/2026:01:11:33 -0300] "GET /shop/scolecophagus/16bf2ccc3a35c07413cfafe551d6a9c22dcafd?p=Ahome2Ameumer25ApainelpetscentercampinasImeumercadoIapp HTTP/2.0" 404 836 "https://painelnocharme.meumercado.app/shop/scolecophagus/16bf2ccc3a35c07413cfafe551d6a9c22dcafd?p=Ahome2Ameumer25" "Mozilla/5.0 AppleWebKit/537.36 (KHTML, like Gecko; compatible; GPTBot/1.3; +https://openai.com/gptbot)" painelnocharme.meumercado.app 10.53.184.85
74.7.241.28 - - [24/Apr/2026:01:11:59 -0300] "GET /login/post-info.php?p=Ahome2Ameumer25ApainelnocharmeImeumercadoIappAvendorAmercadopagoAdx-phpAIphpdocAcacheAdescriptorsAIAIAIAIAIAIAIAIATAIAIAIAIAIAIAIAAAAAAAIAIAIAAAAAIAAAIAAAIAAAAAIAIAIAAAIAIAAAIAIAAAAAIAIAAAAAAAAAIAAAAAAAIAAAIAIAIAIAIAAAIAAAAAAAAAAAAAIAAAAAIAIAAAG HTTP/2.0" 409 83 "https://www.painelnocharme.meumercado.app/login/post-info.php?p=Ahome2Ameumer25ApainelnocharmeImeumercadoIappAvendorAmercadopagoAdx-phpAIphpdocAcacheAdescriptorsAIAIAIAIAIAIAIAIATAIAIAIAIAIAIAIAAAAAAAIAIAIAAAAAIAAAIAAAIAAAAAIAIAIAAAIAIAAAIAIAAAAAIAIAAAAAAAAAIAAAAAAAIAAAIAIAIAIAIAAAIAAAAAAAAAAAAAIAAAAAIAIAA" "Mozilla/5.0 AppleWebKit/537.36 (KHTML, like Gecko; compatible; GPTBot/1.3; +https://openai.com/gptbot)" www.painelnocharme.meumercado.app 10.53.184.85
74.7.227.148 - - [24/Apr/2026:01:12:37 -0300] "GET /shop/photosculpture/ebe0d49dc999fd923d9f87eec163cbdf1cccf0?p=Ahome2Ameumer25ApainelnocharmeImeumercadoIappAconfig HTTP/2.0" 404 836 "https://painelnocharme.meumercado.app/shop/photosculpture/ebe0d49dc999fd923d9f87eec163cbdf1cccf0" "Mozilla/5.0 AppleWebKit/537.36 (KHTML, like Gecko; compatible; GPTBot/1.3; +https://openai.com/gptbot)" painelnocharme.meumercado.app 10.53.184.85
74.7.241.28 - - [24/Apr/2026:01:13:02 -0300] "GET /login/post-info.php?p=Ahome2Ameumer25ApainelnocharmeImeumercadoIappAvendorAmercadopagoAdx-phpAIphpdocAcacheAdescriptorsAIAIAIAIAIAIAIAIATAIAIAIAIAIAIAIAAAAAAAIAIAIAAAAAIAAAIAAAIAAAAAIAIAIAAAIAIAAAIAIAAAAAIAIAAAIAAAIAIAIAIAAAIAAAAAIAAAIAIAAAIAAAAAAAAAIAAAAAAAAAAAAAAAA HTTP/2.0" 409 83 "https://www.painelnocharme.meumercado.app/login/post-info.php?p=Ahome2Ameumer25ApainelnocharmeImeumercadoIappAvendorAmercadopagoAdx-phpAIphpdocAcacheAdescriptorsAIAIAIAIAIAIAIAIATAIAIAIAIAIAIAIAAAAAAAIAIAIAAAAAIAAAIAAAIAAAAAIAIAIAAAIAIAAAIAIAAAAAIAIAAAIAAAIAIAIAIAAAIAAAAAIAAAIAIAAAIAAAAAAAAAIAAAAAAAAAAAAAA" "Mozilla/5.0 AppleWebKit/537.36 (KHTML, like Gecko; compatible; GPTBot/1.3; +https://openai.com/gptbot)" www.painelnocharme.meumercado.app 10.53.184.85
74.7.227.148 - - [24/Apr/2026:01:13:41 -0300] "GET /shop/coalblack/297787d1e8ab8f5cdec7a95b77a2f2d2eeeb5a?p=Ahome2Ameumer25ApainelnocharmeImeumercadoIappAappACentralLogics HTTP/2.0" 404 836 "https://painelnocharme.meumercado.app/shop/coalblack/297787d1e8ab8f5cdec7a95b77a2f2d2eeeb5a?p=Ahome2Ameumer25ApainelnocharmeImeumercadoIappAapp" "Mozilla/5.0 AppleWebKit/537.36 (KHTML, like Gecko; compatible; GPTBot/1.3; +https://openai.com/gptbot)" painelnocharme.meumercado.app 10.53.184.85
74.7.241.28 - - [24/Apr/2026:01:14:04 -0300] "GET /login/post-info.php?p=Ahome2Ameumer25ApainelnocharmeImeumercadoIappAvendorAmercadopagoAdx-phpAIphpdocAcacheAdescriptorsAIAIAIAIAIAIAIAIATAIAIAIAIAIAIAIAAAAAAAIAIAIAAAAAIAAAIAAAIAAAAAIAIAIAAAIAIAAAIAIAAAAAAAAAAAAAIAIAIAIAAAAAIAIAIAIAAAIAIAAAAAIAIAAAIAAAAAAAIAIAAAAAIAH HTTP/2.0" 409 83 "https://www.painelnocharme.meumercado.app/login/post-info.php?p=Ahome2Ameumer25ApainelnocharmeImeumercadoIappAvendorAmercadopagoAdx-phpAIphpdocAcacheAdescriptorsAIAIAIAIAIAIAIAIATAIAIAIAIAIAIAIAAAAAAAIAIAIAAAAAIAAAIAAAIAAAAAIAIAIAAAIAIAAAIAIAAAAAAAAAAAAAIAIAIAIAAAAAIAIAIAIAAAIAIAAAAAIAIAAAIAAAAAAAIAIAAAAAI" "Mozilla/5.0 AppleWebKit/537.36 (KHTML, like Gecko; compatible; GPTBot/1.3; +https://openai.com/gptbot)" www.painelnocharme.meumercado.app 10.53.184.85
74.7.227.148 - - [24/Apr/2026:01:14:44 -0300] "GET /shop/coalblack/297787d1e8ab8f5cdec7a95b77a2f2d2eeeb5a?p=Ahome2Ameumer25ApainelnocharmeImeumercadoIappAappAExceptions HTTP/2.0" 404 836 "https://painelnocharme.meumercado.app/shop/coalblack/297787d1e8ab8f5cdec7a95b77a2f2d2eeeb5a?p=Ahome2Ameumer25ApainelnocharmeImeumercadoIappAapp" "Mozilla/5.0 AppleWebKit/537.36 (KHTML, like Gecko; compatible; GPTBot/1.3; +https://openai.com/gptbot)" painelnocharme.meumercado.app 10.53.184.85
74.7.241.28 - - [24/Apr/2026:01:15:06 -0300] "GET /login/post-info.php?p=Ahome2Ameumer25ApainelnocharmeImeumercadoIappAvendorAmercadopagoAdx-phpAIphpdocAcacheAdescriptorsAIAIAIAIAIAIAIAIATAIAIAIAIAIAIAIAAAAAAAIAIAIAAAAAIAAAIAAAIAAAAAIAIAIAAAIAIAAAIAIAAAAAIAIAAAAAIAAAAAAAIAAAIAIAAAAAAAAAAAAAAAIAAAAAIAIAIAIAIAAAAAIAAAG HTTP/2.0" 409 83 "https://www.painelnocharme.meumercado.app/login/post-info.php?p=Ahome2Ameumer25ApainelnocharmeImeumercadoIappAvendorAmercadopagoAdx-phpAIphpdocAcacheAdescriptorsAIAIAIAIAIAIAIAIATAIAIAIAIAIAIAIAAAAAAAIAIAIAAAAAIAAAIAAAIAAAAAIAIAIAAAIAIAAAIAIAAAAAIAIAAAAAIAAAAAAAIAAAIAIAAAAAAAAAAAAAAAIAAAAAIAIAIAIAIAAAAAIAA" "Mozilla/5.0 AppleWebKit/537.36 (KHTML, like Gecko; compatible; GPTBot/1.3; +https://openai.com/gptbot)" www.painelnocharme.meumercado.app 10.53.184.85
74.7.227.148 - - [24/Apr/2026:01:15:44 -0300] "GET /shop/scolecophagus/16bf2ccc3a35c07413cfafe551d6a9c22dcafd?p=Ahome2Ameumer25ApainelbrasileirissimoImeumercadoIapp HTTP/2.0" 404 836 "https://painelnocharme.meumercado.app/shop/scolecophagus/16bf2ccc3a35c07413cfafe551d6a9c22dcafd?p=Ahome2Ameumer25" "Mozilla/5.0 AppleWebKit/537.36 (KHTML, like Gecko; compatible; GPTBot/1.3; +https://openai.com/gptbot)" painelnocharme.meumercado.app 10.53.184.85
74.7.241.28 - - [24/Apr/2026:01:16:12 -0300] "GET /login/post-info.php?p=Ahome2Ameumer25ApainelnocharmeImeumercadoIappAvendorAmercadopagoAdx-phpAIphpdocAcacheAdescriptorsAIAIAIAIAIAIAIAIATAIAIAIAIAIAIAIAAAAAAAIAIAIAAAAAIAAAIAAAIAAAAAIAIAIAAAIAIAAAIAIAAAAAIAIAAAAAAAAAIAAAAAAAIAAAIAIAAAIAIAIAIAAAAAAAAAAAAAAAAAIAIAIAAAG HTTP/2.0" 409 83 "https://www.painelnocharme.meumercado.app/login/post-info.php?p=Ahome2Ameumer25ApainelnocharmeImeumercadoIappAvendorAmercadopagoAdx-phpAIphpdocAcacheAdescriptorsAIAIAIAIAIAIAIAIATAIAIAIAIAIAIAIAAAAAAAIAIAIAAAAAIAAAIAAAIAAAAAIAIAIAAAIAIAAAIAIAAAAAIAIAAAAAAAAAIAAAAAAAIAAAIAIAAAIAIAIAIAAAAAAAAAAAAAAAAAIAIAIAA" "Mozilla/5.0 AppleWebKit/537.36 (KHTML, like Gecko; compatible; GPTBot/1.3; +https://openai.com/gptbot)" www.painelnocharme.meumercado.app 10.53.184.85
74.7.227.148 - - [24/Apr/2026:01:16:49 -0300] "GET /shop/incommodating/954c0dae26bd5dece38a7edd7bc0b00012bf2b?p=Ahome2Ameumer25ApainelnocharmeImeumercadoIappAconfig HTTP/2.0" 404 836 "https://painelnocharme.meumercado.app/shop/incommodating/954c0dae26bd5dece38a7edd7bc0b00012bf2b" "Mozilla/5.0 AppleWebKit/537.36 (KHTML, like Gecko; compatible; GPTBot/1.3; +https://openai.com/gptbot)" painelnocharme.meumercado.app 10.53.184.85
74.7.241.28 - - [24/Apr/2026:01:17:15 -0300] "GET /login/post-info.php?p=Ahome2Ameumer25ApainelnocharmeImeumercadoIappAvendorAmercadopagoAdx-phpAIphpdocAcacheAdescriptorsAIAIAIAIAIAIAIAIATAIAIAIAIAIAIAIAAAAAAAIAIAIAAAAAIAAAIAAAIAAAAAIAIAIAAAIAIAAAIAIAAAAAAAAAAAIAIAIAIAIAAAIAAAIAIAAAIAAAAAIAIAAAIAAAAAAAAAIAAAAAIAAAAAI HTTP/2.0" 409 83 "https://www.painelnocharme.meumercado.app/login/post-info.php?p=Ahome2Ameumer25ApainelnocharmeImeumercadoIappAvendorAmercadopagoAdx-phpAIphpdocAcacheAdescriptorsAIAIAIAIAIAIAIAIATAIAIAIAIAIAIAIAAAAAAAIAIAIAAAAAIAAAIAAAIAAAAAIAIAIAAAIAIAAAIAIAAAAAAAAAAAIAIAIAIAIAAAIAAAIAIAAAIAAAAAIAIAAAIAAAAAAAAAIAAAAAIAAAA" "Mozilla/5.0 AppleWebKit/537.36 (KHTML, like Gecko; compatible; GPTBot/1.3; +https://openai.com/gptbot)" www.painelnocharme.meumercado.app 10.53.184.85
74.7.227.148 - - [24/Apr/2026:01:17:52 -0300] "GET /shop/affreight/bbfaac7498eadfb9f48aaa37f1404ee146d142?p=Ahome2Ameumer25ApainelpetscentercampinasImeumercadoIapp HTTP/2.0" 404 836 "https://painelnocharme.meumercado.app/shop/affreight/bbfaac7498eadfb9f48aaa37f1404ee146d142?p=Ahome2Ameumer25" "Mozilla/5.0 AppleWebKit/537.36 (KHTML, like Gecko; compatible; GPTBot/1.3; +https://openai.com/gptbot)" painelnocharme.meumercado.app 10.53.184.85
74.7.241.28 - - [24/Apr/2026:01:18:15 -0300] "GET /login/post-info.php?p=Ahome2Ameumer25ApainelnocharmeImeumercadoIappAvendorAmercadopagoAdx-phpAIphpdocAcacheAdescriptorsAIAIAIAIAIAIAIAIATAIAIAIAIAIAIAIAAAAAAAIAIAIAAAAAIAAAIAAAIAAAAAIAIAIAAAIAIAAAIAIAAAAAIAAAAAAAIAAAIAIAAAIAAAIAIAIAAAIAAAAAIAAAAAIAAAIAIAIAIAAAIAAAIAI HTTP/2.0" 409 83 "https://www.painelnocharme.meumercado.app/login/post-info.php?p=Ahome2Ameumer25ApainelnocharmeImeumercadoIappAvendorAmercadopagoAdx-phpAIphpdocAcacheAdescriptorsAIAIAIAIAIAIAIAIATAIAIAIAIAIAIAIAAAAAAAIAIAIAAAAAIAAAIAAAIAAAAAIAIAIAAAIAIAAAIAIAAAAAIAAAAAAAIAAAIAIAAAIAAAIAIAIAAAIAAAAAIAAAAAIAAAIAIAIAIAAAIAAAI" "Mozilla/5.0 AppleWebKit/537.36 (KHTML, like Gecko; compatible; GPTBot/1.3; +https://openai.com/gptbot)" www.painelnocharme.meumercado.app 10.53.184.85
74.7.227.148 - - [24/Apr/2026:01:18:54 -0300] "GET /shop/scolecophagus/16bf2ccc3a35c07413cfafe551d6a9c22dcafd?p=Ahome2Ameumer25ApainelshopsuaboaformaImeumercadoIapp HTTP/2.0" 404 836 "https://painelnocharme.meumercado.app/shop/scolecophagus/16bf2ccc3a35c07413cfafe551d6a9c22dcafd?p=Ahome2Ameumer25" "Mozilla/5.0 AppleWebKit/537.36 (KHTML, like Gecko; compatible; GPTBot/1.3; +https://openai.com/gptbot)" painelnocharme.meumercado.app 10.53.184.85
74.7.241.28 - - [24/Apr/2026:01:19:16 -0300] "GET /login/post-info.php?p=Ahome2Ameumer25ApainelnocharmeImeumercadoIappAvendorAmercadopagoAdx-phpAIphpdocAcacheAdescriptorsAIAIAIAIAIAIAIAIATAIAIAIAIAIAIAIAAAAAAAIAIAIAAAAAIAAAIAAAIAAAAAIAIAIAAAIAIAAAIAIAAAIAAAAAIAAAAAAAAAIAAAIAIAIAAAIAAAIAAAIAIAAAIAAAIAIAIAIAAAIAAAIAIAI HTTP/2.0" 409 83 "https://www.painelnocharme.meumercado.app/login/post-info.php?p=Ahome2Ameumer25ApainelnocharmeImeumercadoIappAvendorAmercadopagoAdx-phpAIphpdocAcacheAdescriptorsAIAIAIAIAIAIAIAIATAIAIAIAIAIAIAIAAAAAAAIAIAIAAAAAIAAAIAAAIAAAAAIAIAIAAAIAIAAAIAIAAAIAAAAAIAAAAAAAAAIAAAIAIAIAAAIAAAIAAAIAIAAAIAAAIAIAIAIAAAIAAAIAI" "Mozilla/5.0 AppleWebKit/537.36 (KHTML, like Gecko; compatible; GPTBot/1.3; +https://openai.com/gptbot)" www.painelnocharme.meumercado.app 10.53.184.85
74.7.227.148 - - [24/Apr/2026:01:19:59 -0300] "GET /shop/herborize/297787d1e8ab8f5cdec7a95b77a2f2d2eeeb5a?p=Ahome2Ameumer25ApainelnocharmeImeumercadoIappAappAExceptions HTTP/2.0" 404 836 "https://painelnocharme.meumercado.app/shop/herborize/297787d1e8ab8f5cdec7a95b77a2f2d2eeeb5a?p=Ahome2Ameumer25ApainelnocharmeImeumercadoIappAapp" "Mozilla/5.0 AppleWebKit/537.36 (KHTML, like Gecko; compatible; GPTBot/1.3; +https://openai.com/gptbot)" painelnocharme.meumercado.app 10.53.184.85
74.7.241.28 - - [24/Apr/2026:01:20:19 -0300] "GET /login/post-info.php?p=Ahome2Ameumer25ApainelnocharmeImeumercadoIappAvendorAmercadopagoAdx-phpAIphpdocAcacheAdescriptorsAIAIAIAIAIAIAIAIATAIAIAIAIAIAIAIAAAAAAAIAIAIAAAAAIAAAIAAAIAAAAAIAIAIAAAIAIAAAIAIAAAAAAAAAAAAAIAIAIAIAAAAAIAIAIAIAAAIAIAAAAAIAIAAAAAAAIAAAIAIAAAAAAAI HTTP/2.0" 409 83 "https://www.painelnocharme.meumercado.app/login/post-info.php?p=Ahome2Ameumer25ApainelnocharmeImeumercadoIappAvendorAmercadopagoAdx-phpAIphpdocAcacheAdescriptorsAIAIAIAIAIAIAIAIATAIAIAIAIAIAIAIAAAAAAAIAIAIAAAAAIAAAIAAAIAAAAAIAIAIAAAIAIAAAIAIAAAAAAAAAAAAAIAIAIAIAAAAAIAIAIAIAAAIAIAAAAAIAIAAAAAAAIAAAIAIAAAAAA" "Mozilla/5.0 AppleWebKit/537.36 (KHTML, like Gecko; compatible; GPTBot/1.3; +https://openai.com/gptbot)" www.painelnocharme.meumercado.app 10.53.184.85
74.7.227.148 - - [24/Apr/2026:01:21:00 -0300] "GET /shop/herborize/297787d1e8ab8f5cdec7a95b77a2f2d2eeeb5a?p=Ahome2Ameumer25ApainelnocharmeImeumercadoIappAinstallation HTTP/2.0" 404 836 "https://painelnocharme.meumercado.app/shop/herborize/297787d1e8ab8f5cdec7a95b77a2f2d2eeeb5a?p=Ahome2Ameumer25ApainelnocharmeImeumercadoIapp" "Mozilla/5.0 AppleWebKit/537.36 (KHTML, like Gecko; compatible; GPTBot/1.3; +https://openai.com/gptbot)" painelnocharme.meumercado.app 10.53.184.85
74.7.241.28 - - [24/Apr/2026:01:21:25 -0300] "GET /login/post-info.php?p=Ahome2Ameumer25ApainelnocharmeImeumercadoIappAvendorAmercadopagoAdx-phpAIphpdocAcacheAdescriptorsAIAIAIAIAIAIAIAIATAIAIAIAIAIAIAIAAAAAAAIAIAIAAAAAIAAAIAAAIAAAAAIAIAIAAAIAIAAAIAIAAAAAIAIAAAIAIAIAIAAAAAAAAAIAAAIAAAAAIAAAAAAAIAAAIAIAIAAAIAAAIAAAAAA HTTP/2.0" 409 83 "https://www.painelnocharme.meumercado.app/login/post-info.php?p=Ahome2Ameumer25ApainelnocharmeImeumercadoIappAvendorAmercadopagoAdx-phpAIphpdocAcacheAdescriptorsAIAIAIAIAIAIAIAIATAIAIAIAIAIAIAIAAAAAAAIAIAIAAAAAIAAAIAAAIAAAAAIAIAIAAAIAIAAAIAIAAAAAIAIAAAIAIAIAIAAAAAAAAAIAAAIAAAAAIAAAAAAAIAAAIAIAIAAAIAAAIAAAA" "Mozilla/5.0 AppleWebKit/537.36 (KHTML, like Gecko; compatible; GPTBot/1.3; +https://openai.com/gptbot)" www.painelnocharme.meumercado.app 10.53.184.85
74.7.227.148 - - [24/Apr/2026:01:22:01 -0300] "GET /shop/photosculpture/297787d1e8ab8f5cdec7a95b77a2f2d2eeeb5a?p=Ahome2Ameumer25ApainelnocharmeImeumercadoIappAconfig HTTP/2.0" 404 836 "https://painelnocharme.meumercado.app/shop/photosculpture/297787d1e8ab8f5cdec7a95b77a2f2d2eeeb5a" "Mozilla/5.0 AppleWebKit/537.36 (KHTML, like Gecko; compatible; GPTBot/1.3; +https://openai.com/gptbot)" painelnocharme.meumercado.app 10.53.184.85
74.7.241.28 - - [24/Apr/2026:01:22:29 -0300] "GET /login/post-info.php?p=Ahome2Ameumer25ApainelnocharmeImeumercadoIappAvendorAmercadopagoAdx-phpAIphpdocAcacheAdescriptorsAIAIAIAIAIAIAIAIATAIAIAIAIAIAIAIAAAAAAAIAIAIAAAAAIAAAIAAAIAAAAAIAIAIAAAIAIAAAIAIAAAAAAAAAIAAAIAIAIAAAIAAAIAIAIAAAAAIAIAIAIAAAAAAAAAIAIAIAAAIAAAAAIAI HTTP/2.0" 409 83 "https://www.painelnocharme.meumercado.app/login/post-info.php?p=Ahome2Ameumer25ApainelnocharmeImeumercadoIappAvendorAmercadopagoAdx-phpAIphpdocAcacheAdescriptorsAIAIAIAIAIAIAIAIATAIAIAIAIAIAIAIAAAAAAAIAIAIAAAAAIAAAIAAAIAAAAAIAIAIAAAIAIAAAIAIAAAAAAAAAIAAAIAIAIAAAIAAAIAIAIAAAAAIAIAIAIAAAAAAAAAIAIAIAAAIAAAAAI" "Mozilla/5.0 AppleWebKit/537.36 (KHTML, like Gecko; compatible; GPTBot/1.3; +https://openai.com/gptbot)" www.painelnocharme.meumercado.app 10.53.184.85
74.7.227.148 - - [24/Apr/2026:01:23:03 -0300] "GET /shop/incommodating/a74e1c3ccc15bda1445a9cdbf6ca292c9a4bc4?p=Ahome2Ameumer25ApainelnocharmeImeumercadoIappAconfig HTTP/2.0" 404 836 "https://painelnocharme.meumercado.app/shop/incommodating/a74e1c3ccc15bda1445a9cdbf6ca292c9a4bc4" "Mozilla/5.0 AppleWebKit/537.36 (KHTML, like Gecko; compatible; GPTBot/1.3; +https://openai.com/gptbot)" painelnocharme.meumercado.app 10.53.184.85
74.7.241.28 - - [24/Apr/2026:01:23:34 -0300] "GET /login/post-info.php?p=Ahome2Ameumer25ApainelnocharmeImeumercadoIappAvendorAmercadopagoAdx-phpAIphpdocAcacheAdescriptorsAIAIAIAIAIAIAIAIATAIAIAIAIAIAIAIAAAAAAAIAIAIAAAAAIAAAIAAAIAAAAAIAIAIAAAIAIAAAIAIAAAIAAAAAAAIAIAAAIAAAAAIAAAAAAAAAIAIAAAIAIAIAAAIAAAIAIAIAAAAAAAIAAAG HTTP/2.0" 409 83 "https://www.painelnocharme.meumercado.app/login/post-info.php?p=Ahome2Ameumer25ApainelnocharmeImeumercadoIappAvendorAmercadopagoAdx-phpAIphpdocAcacheAdescriptorsAIAIAIAIAIAIAIAIATAIAIAIAIAIAIAIAAAAAAAIAIAIAAAAAIAAAIAAAIAAAAAIAIAIAAAIAIAAAIAIAAAIAAAAAAAIAIAAAIAAAAAIAAAAAAAAAIAIAAAIAIAIAAAIAAAIAIAIAAAAAAAIAA" "Mozilla/5.0 AppleWebKit/537.36 (KHTML, like Gecko; compatible; GPTBot/1.3; +https://openai.com/gptbot)" www.painelnocharme.meumercado.app 10.53.184.85
74.7.227.148 - - [24/Apr/2026:01:24:07 -0300] "GET /shop/herborize/297787d1e8ab8f5cdec7a95b77a2f2d2eeeb5a?p=Ahome2Ameumer25ApainelnocharmeImeumercadoIappAvendorAtwilio HTTP/2.0" 404 836 "https://painelnocharme.meumercado.app/shop/herborize/297787d1e8ab8f5cdec7a95b77a2f2d2eeeb5a?p=Ahome2Ameumer25ApainelnocharmeImeumercadoIappAvendor" "Mozilla/5.0 AppleWebKit/537.36 (KHTML, like Gecko; compatible; GPTBot/1.3; +https://openai.com/gptbot)" painelnocharme.meumercado.app 10.53.184.85
74.7.241.28 - - [24/Apr/2026:01:24:37 -0300] "GET /login/post-info.php?p=Ahome2Ameumer25ApainelnocharmeImeumercadoIappAvendorAmercadopagoAdx-phpAIphpdocAcacheAdescriptorsAIAIAIAIAIAIAIAIATAIAIAIAIAIAIAIAAAAAAAIAIAIAAAAAIAAAIAAAIAAAAAIAIAIAAAIAIAAAIAIAAAIAAAAAAAIAAAIAAAIAIAAAAAAAAAAAAAAAIAAAIAAAAAIAAAIAIAAAIAAAIAAAAAH HTTP/2.0" 409 83 "https://www.painelnocharme.meumercado.app/login/post-info.php?p=Ahome2Ameumer25ApainelnocharmeImeumercadoIappAvendorAmercadopagoAdx-phpAIphpdocAcacheAdescriptorsAIAIAIAIAIAIAIAIATAIAIAIAIAIAIAIAAAAAAAIAIAIAAAAAIAAAIAAAIAAAAAIAIAIAAAIAIAAAIAIAAAIAAAAAAAIAAAIAAAIAIAAAAAAAAAAAAAAAIAAAIAAAAAIAAAIAIAAAIAAAIAAAA" "Mozilla/5.0 AppleWebKit/537.36 (KHTML, like Gecko; compatible; GPTBot/1.3; +https://openai.com/gptbot)" www.painelnocharme.meumercado.app 10.53.184.85
74.7.227.148 - - [24/Apr/2026:01:25:10 -0300] "GET /shop/herborize/297787d1e8ab8f5cdec7a95b77a2f2d2eeeb5a?p=Ahome2Ameumer25ApainelnocharmeImeumercadoIappAvendorAmtdowling HTTP/2.0" 404 836 "https://painelnocharme.meumercado.app/shop/herborize/297787d1e8ab8f5cdec7a95b77a2f2d2eeeb5a?p=Ahome2Ameumer25ApainelnocharmeImeumercadoIappAvendor" "Mozilla/5.0 AppleWebKit/537.36 (KHTML, like Gecko; compatible; GPTBot/1.3; +https://openai.com/gptbot)" painelnocharme.meumercado.app 10.53.184.85
74.7.241.28 - - [24/Apr/2026:01:25:42 -0300] "GET /login/post-info.php?p=Ahome2Ameumer25ApainelnocharmeImeumercadoIappAvendorAmercadopagoAdx-phpAIphpdocAcacheAdescriptorsAIAIAIAIAIAIAIAIATAIAIAIAIAIAIAIAAAAAAAIAIAIAAAAAIAAAIAAAIAAAAAIAIAIAAAIAIAAAIAIAAAAAAAIAAAAAIAIAAAAAAAAAAAAAIAAAIAIAAAIAIAIAIAAAAAIAIAAAIAAAIAIAIAW HTTP/2.0" 409 83 "https://www.painelnocharme.meumercado.app/login/post-info.php?p=Ahome2Ameumer25ApainelnocharmeImeumercadoIappAvendorAmercadopagoAdx-phpAIphpdocAcacheAdescriptorsAIAIAIAIAIAIAIAIATAIAIAIAIAIAIAIAAAAAAAIAIAIAAAAAIAAAIAAAIAAAAAIAIAIAAAIAIAAAIAIAAAAAAAIAAAAAIAIAAAAAAAAAAAAAIAAAIAIAAAIAIAIAIAAAAAIAIAAAIAAAIAIAI" "Mozilla/5.0 AppleWebKit/537.36 (KHTML, like Gecko; compatible; GPTBot/1.3; +https://openai.com/gptbot)" www.painelnocharme.meumercado.app 10.53.184.85
74.7.227.148 - - [24/Apr/2026:01:26:10 -0300] "GET /shop/herborize/297787d1e8ab8f5cdec7a95b77a2f2d2eeeb5a?p=Ahome2Ameumer25ApainelnocharmeImeumercadoIappAvendorAswiftmailer HTTP/2.0" 404 836 "https://painelnocharme.meumercado.app/shop/herborize/297787d1e8ab8f5cdec7a95b77a2f2d2eeeb5a?p=Ahome2Ameumer25ApainelnocharmeImeumercadoIappAvendor" "Mozilla/5.0 AppleWebKit/537.36 (KHTML, like Gecko; compatible; GPTBot/1.3; +https://openai.com/gptbot)" painelnocharme.meumercado.app 10.53.184.85
74.7.241.28 - - [24/Apr/2026:01:26:46 -0300] "GET /login/post-info.php?p=Ahome2Ameumer25ApainelnocharmeImeumercadoIappAvendorAmercadopagoAdx-phpAIphpdocAcacheAdescriptorsAIAIAIAIAIAIAIAIATAIAIAIAIAIAIAIAAAAAAAIAIAIAAAAAIAAAIAAAIAAAAAIAIAIAAAIAIAAAIAIAAAIAAAAAIAAAAAAAIAAAIAIAIAIAAAIAAAAAAAIAIAAAIAAAIAAAAAAAAAIAAAIAAAW HTTP/2.0" 409 83 "https://www.painelnocharme.meumercado.app/login/post-info.php?p=Ahome2Ameumer25ApainelnocharmeImeumercadoIappAvendorAmercadopagoAdx-phpAIphpdocAcacheAdescriptorsAIAIAIAIAIAIAIAIATAIAIAIAIAIAIAIAAAAAAAIAIAIAAAAAIAAAIAAAIAAAAAIAIAIAAAIAIAAAIAIAAAIAAAAAIAAAAAAAIAAAIAIAIAIAAAIAAAAAAAIAIAAAIAAAIAAAAAAAAAIAAAIAA" "Mozilla/5.0 AppleWebKit/537.36 (KHTML, like Gecko; compatible; GPTBot/1.3; +https://openai.com/gptbot)" www.painelnocharme.meumercado.app 10.53.184.85
74.7.227.148 - - [24/Apr/2026:01:27:15 -0300] "GET /shop/herborize/297787d1e8ab8f5cdec7a95b77a2f2d2eeeb5a?p=Ahome2Ameumer25ApainelnocharmeImeumercadoIappAvendorAtijsverkoyen HTTP/2.0" 404 836 "https://painelnocharme.meumercado.app/shop/herborize/297787d1e8ab8f5cdec7a95b77a2f2d2eeeb5a?p=Ahome2Ameumer25ApainelnocharmeImeumercadoIappAvendor" "Mozilla/5.0 AppleWebKit/537.36 (KHTML, like Gecko; compatible; GPTBot/1.3; +https://openai.com/gptbot)" painelnocharme.meumercado.app 10.53.184.85
74.7.241.28 - - [24/Apr/2026:01:27:46 -0300] "GET /login/post-info.php?p=Ahome2Ameumer25ApainelnocharmeImeumercadoIappAvendorAmercadopagoAdx-phpAIphpdocAcacheAdescriptorsAIAIAIAIAIAIAIAIATAIAIAIAIAIAIAIAAAAAAAIAIAIAAAAAIAAAIAAAIAAAAAIAIAIAAAIAIAAAIAIAAAAAIAIAAAAAAAAAIAAAAAAAIAAAIAIAAAIAIAIAIAIAIAAAIAAAIAIAIAIAAAIAAAA HTTP/2.0" 409 83 "https://www.painelnocharme.meumercado.app/login/post-info.php?p=Ahome2Ameumer25ApainelnocharmeImeumercadoIappAvendorAmercadopagoAdx-phpAIphpdocAcacheAdescriptorsAIAIAIAIAIAIAIAIATAIAIAIAIAIAIAIAAAAAAAIAIAIAAAAAIAAAIAAAIAAAAAIAIAIAAAIAIAAAIAIAAAAAIAIAAAAAAAAAIAAAAAAAIAAAIAIAAAIAIAIAIAIAIAAAIAAAIAIAIAIAAAIAA" "Mozilla/5.0 AppleWebKit/537.36 (KHTML, like Gecko; compatible; GPTBot/1.3; +https://openai.com/gptbot)" www.painelnocharme.meumercado.app 10.53.184.85
74.7.227.148 - - [24/Apr/2026:01:28:21 -0300] "GET /shop/regma/feed.php HTTP/2.0" 409 83 "https://painelnocharme.meumercado.app/shop/regma/Converter.php?p=Ahome2Ameumer25AwwwAwp-includes" "Mozilla/5.0 AppleWebKit/537.36 (KHTML, like Gecko; compatible; GPTBot/1.3; +https://openai.com/gptbot)" painelnocharme.meumercado.app 10.53.184.85
74.7.241.28 - - [24/Apr/2026:01:28:50 -0300] "GET /login/post-info.php?p=Ahome2Ameumer25ApainelnocharmeImeumercadoIappAvendorAmercadopagoAdx-phpAIphpdocAcacheAdescriptorsAIAIAIAIAIAIAIAIATAIAIAIAIAIAIAIAAAAAAAIAIAIAAAAAIAAAIAAAIAAAAAIAIAIAAAIAIAAAIAIAAAAAAAAAAAIAAAAAIAAAIAAAAAAAIAIAIAIAAAIAIAIAIAIAIAAAIAIAAAAAIAIAIAW HTTP/2.0" 409 83 "https://www.painelnocharme.meumercado.app/login/post-info.php?p=Ahome2Ameumer25ApainelnocharmeImeumercadoIappAvendorAmercadopagoAdx-phpAIphpdocAcacheAdescriptorsAIAIAIAIAIAIAIAIATAIAIAIAIAIAIAIAAAAAAAIAIAIAAAAAIAAAIAAAIAAAAAIAIAIAAAIAIAAAIAIAAAAAAAAAAAIAAAAAIAAAIAAAAAAAIAIAIAIAAAIAIAIAIAIAIAAAIAIAAAAAIAIAI" "Mozilla/5.0 AppleWebKit/537.36 (KHTML, like Gecko; compatible; GPTBot/1.3; +https://openai.com/gptbot)" www.painelnocharme.meumercado.app 10.53.184.85
74.7.227.148 - - [24/Apr/2026:01:29:22 -0300] "GET /shop/coalblack/ms-load.php?edit=jindex.html&p=Ahome2Ameumer25AmmImeumercadoIapp HTTP/2.0" 409 83 "https://painelnocharme.meumercado.app/shop/coalblack/ms-load.php?p=Ahome2Ameumer25AmmImeumercadoIapp" "Mozilla/5.0 AppleWebKit/537.36 (KHTML, like Gecko; compatible; GPTBot/1.3; +https://openai.com/gptbot)" painelnocharme.meumercado.app 10.53.184.85
74.7.241.28 - - [24/Apr/2026:01:29:52 -0300] "GET /login/post-info.php?p=Ahome2Ameumer25ApainelnocharmeImeumercadoIappAvendorAmercadopagoAdx-phpAIphpdocAcacheAdescriptorsAIAIAIAIAIAIAIAIATAIAIAIAIAIAIAIAAAAAAAIAIAIAAAAAIAAAIAAAIAAAAAIAIAIAAAIAIAAAIAIAAAAAAAAAAAIAAAAAIAAAIAAAAAAAIAIAIAIAAAAAIAIAAAIAAAIAIAIAAAIAAAAAAAA HTTP/2.0" 409 83 "https://www.painelnocharme.meumercado.app/login/post-info.php?p=Ahome2Ameumer25ApainelnocharmeImeumercadoIappAvendorAmercadopagoAdx-phpAIphpdocAcacheAdescriptorsAIAIAIAIAIAIAIAIATAIAIAIAIAIAIAIAAAAAAAIAIAIAAAAAIAAAIAAAIAAAAAIAIAIAAAIAIAAAIAIAAAAAAAAAAAIAAAAAIAAAIAAAAAAAIAIAIAIAAAAAIAIAAAIAAAIAIAIAAAIAAAAAA" "Mozilla/5.0 AppleWebKit/537.36 (KHTML, like Gecko; compatible; GPTBot/1.3; +https://openai.com/gptbot)" www.painelnocharme.meumercado.app 10.53.184.85
74.7.227.148 - - [24/Apr/2026:01:30:25 -0300] "GET /shop/officious/ManifestDocumentMapper.php?edit=site-health-info.php&p=Ahome2Ameumer25Apublic_htmlAwp-admin HTTP/2.0" 409 83 "https://painelnocharme.meumercado.app/shop/officious/ManifestDocumentMapper.php?p=Ahome2Ameumer25Apublic_htmlAwp-admin" "Mozilla/5.0 AppleWebKit/537.36 (KHTML, like Gecko; compatible; GPTBot/1.3; +https://openai.com/gptbot)" painelnocharme.meumercado.app 10.53.184.85
74.7.241.28 - - [24/Apr/2026:01:30:56 -0300] "GET /login/post-info.php?p=Ahome2Ameumer25ApainelnocharmeImeumercadoIappAvendorAmercadopagoAdx-phpAIphpdocAcacheAdescriptorsAIAIAIAIAIAIAIAIATAIAIAIAIAIAIAIAAAAAAAIAIAIAAAAAIAAAIAAAIAAAAAIAIAIAAAIAIAAAIAIAAAAAIAIAAAAAAAAAIAAAAAAAIAAAIAAAIAIAAAIAAAAAAAAAIAIAAAIAAAIAAAIAAAI HTTP/2.0" 409 83 "https://www.painelnocharme.meumercado.app/login/post-info.php?p=Ahome2Ameumer25ApainelnocharmeImeumercadoIappAvendorAmercadopagoAdx-phpAIphpdocAcacheAdescriptorsAIAIAIAIAIAIAIAIATAIAIAIAIAIAIAIAAAAAAAIAIAIAAAAAIAAAIAAAIAAAAAIAIAIAAAIAIAAAIAIAAAAAIAIAAAAAAAAAIAAAAAAAIAAAIAAAIAIAAAIAAAAAAAAAIAIAAAIAAAIAAAIAA" "Mozilla/5.0 AppleWebKit/537.36 (KHTML, like Gecko; compatible; GPTBot/1.3; +https://openai.com/gptbot)" www.painelnocharme.meumercado.app 10.53.184.85
74.7.227.148 - - [24/Apr/2026:01:31:31 -0300] "GET /shop/compendiarious/awstats052024.painelcafediretodope.meumercado.app.txt HTTP/2.0" 404 836 "https://painelnocharme.meumercado.app/shop/compendiarious/pre-merge-commit.sample?p=Ahome2Ameumer25AtmpAawstats" "Mozilla/5.0 AppleWebKit/537.36 (KHTML, like Gecko; compatible; GPTBot/1.3; +https://openai.com/gptbot)" painelnocharme.meumercado.app 10.53.184.85
