74.7.227.150 - - [23/Apr/2026:10:23:08 -0300] "GET /login/post-info.php?p=Ahome2Ameumer25ApainelnocharmeImeumercadoIappAvendorAmercadopagoAdx-phpAIphpdocAcacheAdescriptorsAIAIAIAIAIAIAIAIATAIAIAIAIAIAIAIAAAAAAAIAIAIAAAAAIAAAIAAAIAAAAAIAIAIAAAIAIAAAIAIAAAIAAAIAIAAAAAAAAAIAIAAAIAAAIAAAIAIAIAIAIAAAIAAAAAAAAAAAAAAAAAIAAAA HTTP/2.0" 409 83 "https://www.painelnocharme.meumercado.app/login/post-info.php?p=Ahome2Ameumer25ApainelnocharmeImeumercadoIappAvendorAmercadopagoAdx-phpAIphpdocAcacheAdescriptorsAIAIAIAIAIAIAIAIATAIAIAIAIAIAIAIAAAAAAAIAIAIAAAAAIAAAIAAAIAAAAAIAIAIAAAIAIAAAIAIAAAIAAAIAIAAAAAAAAAIAIAAAIAAAIAAAIAIAIAIAIAAAIAAAAAAAAAAAAAAAAAIAA" "Mozilla/5.0 AppleWebKit/537.36 (KHTML, like Gecko; compatible; GPTBot/1.3; +https://openai.com/gptbot)" www.painelnocharme.meumercado.app 10.53.184.85
74.7.242.13 - - [23/Apr/2026:10:23:45 -0300] "GET /shop/officious/7eab8647406bae35f50dd666e63a3e74063fa5?edit=.htaccess&p=Ahome2Ameumer25ApainelkaickaviellaImeumercadoIappAtestsAFeatureAFeature HTTP/2.0" 404 836 "https://painelnocharme.meumercado.app/shop/officious/7eab8647406bae35f50dd666e63a3e74063fa5?p=Ahome2Ameumer25ApainelkaickaviellaImeumercadoIappAtestsAFeatureAFeature" "Mozilla/5.0 AppleWebKit/537.36 (KHTML, like Gecko; compatible; GPTBot/1.3; +https://openai.com/gptbot)" painelnocharme.meumercado.app 10.53.184.85
74.7.227.150 - - [23/Apr/2026:10:24:12 -0300] "GET /login/post-info.php?p=Ahome2Ameumer25ApainelnocharmeImeumercadoIappAvendorAmercadopagoAdx-phpAIphpdocAcacheAdescriptorsAIAIAIAIAIAIAIAIATAIAIAIAIAIAIAIAAAAAAAIAIAIAAAAAIAAAIAAAIAAAAAIAIAIAAAIAIAAAIAIAAAIAAAIAAAIAIAIAIAIAAAAAIAIAAAAAIAAAIAIAAAIAAAAAIAAAAAIAAAAAAAAAAAI HTTP/2.0" 409 83 "https://www.painelnocharme.meumercado.app/login/post-info.php?p=Ahome2Ameumer25ApainelnocharmeImeumercadoIappAvendorAmercadopagoAdx-phpAIphpdocAcacheAdescriptorsAIAIAIAIAIAIAIAIATAIAIAIAIAIAIAIAAAAAAAIAIAIAAAAAIAAAIAAAIAAAAAIAIAIAAAIAIAAAIAIAAAIAAAIAAAIAIAIAIAIAAAAAIAIAAAAAIAAAIAIAAAIAAAAAIAAAAAIAAAAAAAAAA" "Mozilla/5.0 AppleWebKit/537.36 (KHTML, like Gecko; compatible; GPTBot/1.3; +https://openai.com/gptbot)" www.painelnocharme.meumercado.app 10.53.184.85
74.7.242.13 - - [23/Apr/2026:10:24:47 -0300] "GET /shop/digressed/7eab8647406bae35f50dd666e63a3e74063fa5?edit=README.md&p=Ahome2Ameumer25ApainebistroemcasaImeumercadoIappAvendorAmockeryAmockery HTTP/2.0" 404 836 "https://painelnocharme.meumercado.app/shop/digressed/7eab8647406bae35f50dd666e63a3e74063fa5?p=Ahome2Ameumer25ApainebistroemcasaImeumercadoIappAvendorAmockeryAmockery" "Mozilla/5.0 AppleWebKit/537.36 (KHTML, like Gecko; compatible; GPTBot/1.3; +https://openai.com/gptbot)" painelnocharme.meumercado.app 10.53.184.85
74.7.227.150 - - [23/Apr/2026:10:25:14 -0300] "GET /login/post-info.php?p=Ahome2Ameumer25ApainelnocharmeImeumercadoIappAvendorAmercadopagoAdx-phpAIphpdocAcacheAdescriptorsAIAIAIAIAIAIAIAIATAIAIAIAIAIAIAIAAAAAAAIAIAIAAAAAIAAAIAAAIAAAAAIAIAIAAAIAIAAAIAIAAAIAAAIAAAIAIAIAIAIAAAAAIAIAAAAAIAAAAAIAAAAAAAAAAAAAAAAAIAIAIAIAIAI HTTP/2.0" 409 83 "https://www.painelnocharme.meumercado.app/login/post-info.php?p=Ahome2Ameumer25ApainelnocharmeImeumercadoIappAvendorAmercadopagoAdx-phpAIphpdocAcacheAdescriptorsAIAIAIAIAIAIAIAIATAIAIAIAIAIAIAIAAAAAAAIAIAIAAAAAIAAAIAAAIAAAAAIAIAIAAAIAIAAAIAIAAAIAAAIAAAIAIAIAIAIAAAAAIAIAAAAAIAAAAAIAAAAAAAAAAAAAAAAAIAIAIAIAI" "Mozilla/5.0 AppleWebKit/537.36 (KHTML, like Gecko; compatible; GPTBot/1.3; +https://openai.com/gptbot)" www.painelnocharme.meumercado.app 10.53.184.85
74.7.242.13 - - [23/Apr/2026:10:25:49 -0300] "GET /shop/autocephalous/c7beee51a565ecfe76016bb242247d58397d53?edit=.htaccess&p=Ahome2Ameumer25ApainelnocharmeImeumercadoIappAvendorAmockeryAmockery HTTP/2.0" 404 836 "https://painelnocharme.meumercado.app/shop/autocephalous/c7beee51a565ecfe76016bb242247d58397d53?p=Ahome2Ameumer25ApainelnocharmeImeumercadoIappAvendorAmockeryAmockery" "Mozilla/5.0 AppleWebKit/537.36 (KHTML, like Gecko; compatible; GPTBot/1.3; +https://openai.com/gptbot)" painelnocharme.meumercado.app 10.53.184.85
74.7.227.150 - - [23/Apr/2026:10:26:17 -0300] "GET /login/post-info.php?p=Ahome2Ameumer25ApainelnocharmeImeumercadoIappAvendorAmercadopagoAdx-phpAIphpdocAcacheAdescriptorsAIAIAIAIAIAIAIAIATAIAIAIAIAIAIAIAAAAAAAIAIAIAAAAAIAAAIAAAIAAAAAIAIAIAAAIAIAAAIAIAAAAAAAIAIAAAIAIAIAAAAAAAAAAAIAIAAAAAIAIAAAAAAAIAAAIAAAAAIAAAIAIAIAA HTTP/2.0" 409 83 "https://www.painelnocharme.meumercado.app/login/post-info.php?p=Ahome2Ameumer25ApainelnocharmeImeumercadoIappAvendorAmercadopagoAdx-phpAIphpdocAcacheAdescriptorsAIAIAIAIAIAIAIAIATAIAIAIAIAIAIAIAAAAAAAIAIAIAAAAAIAAAIAAAIAAAAAIAIAIAAAIAIAAAIAIAAAAAAAIAIAAAIAIAIAAAAAAAAAAAIAIAAAAAIAIAAAAAAAIAAAIAAAAAIAAAIAIAI" "Mozilla/5.0 AppleWebKit/537.36 (KHTML, like Gecko; compatible; GPTBot/1.3; +https://openai.com/gptbot)" www.painelnocharme.meumercado.app 10.53.184.85
74.7.242.13 - - [23/Apr/2026:10:26:51 -0300] "GET /shop/incommodating/935bbbf7d384e7e1784d0a8e0a31514d07b79a?edit=.htaccess&p=Ahome2Ameumer25ApainelnocharmeImeumercadoIappAtestsAFeatureAFeature HTTP/2.0" 404 836 "https://painelnocharme.meumercado.app/shop/incommodating/935bbbf7d384e7e1784d0a8e0a31514d07b79a?p=Ahome2Ameumer25ApainelnocharmeImeumercadoIappAtestsAFeatureAFeature" "Mozilla/5.0 AppleWebKit/537.36 (KHTML, like Gecko; compatible; GPTBot/1.3; +https://openai.com/gptbot)" painelnocharme.meumercado.app 10.53.184.85
74.7.227.150 - - [23/Apr/2026:10:27:21 -0300] "GET /login/post-info.php?p=Ahome2Ameumer25ApainelnocharmeImeumercadoIappAvendorAmercadopagoAdx-phpAIphpdocAcacheAdescriptorsAIAIAIAIAIAIAIAIATAIAIAIAIAIAIAIAAAAAAAIAIAIAAAAAIAAAIAAAIAAAAAIAIAIAAAIAIAAAIAIAAAAAAAAAAAIAAAAAIAAAIAAAAAAAIAIAIAIAAAIAIAIAIAIAIAAAIAAAIAAAAAAAAAA HTTP/2.0" 409 83 "https://www.painelnocharme.meumercado.app/login/post-info.php?p=Ahome2Ameumer25ApainelnocharmeImeumercadoIappAvendorAmercadopagoAdx-phpAIphpdocAcacheAdescriptorsAIAIAIAIAIAIAIAIATAIAIAIAIAIAIAIAAAAAAAIAIAIAAAAAIAAAIAAAIAAAAAIAIAIAAAIAIAAAIAIAAAAAAAAAAAIAAAAAIAAAIAAAAAAAIAIAIAIAAAIAIAIAIAIAIAAAIAAAIAAAAAAAA" "Mozilla/5.0 AppleWebKit/537.36 (KHTML, like Gecko; compatible; GPTBot/1.3; +https://openai.com/gptbot)" www.painelnocharme.meumercado.app 10.53.184.85
74.7.242.13 - - [23/Apr/2026:10:27:52 -0300] "GET /shop/scurrilousness/6de5a78ec92fb7890fd69058afe44412a07e31?edit=HZeikz.ico&p=Ahome2Ameumer25ApainelnocharmeImeumercadoIappAtestsAFeatureAFeature HTTP/2.0" 404 836 "https://painelnocharme.meumercado.app/shop/scurrilousness/6de5a78ec92fb7890fd69058afe44412a07e31?p=Ahome2Ameumer25ApainelnocharmeImeumercadoIappAtestsAFeatureAFeature" "Mozilla/5.0 AppleWebKit/537.36 (KHTML, like Gecko; compatible; GPTBot/1.3; +https://openai.com/gptbot)" painelnocharme.meumercado.app 10.53.184.85
74.7.227.150 - - [23/Apr/2026:10:28:23 -0300] "GET /login/post-info.php?p=Ahome2Ameumer25ApainelnocharmeImeumercadoIappAvendorAmercadopagoAdx-phpAIphpdocAcacheAdescriptorsAIAIAIAIAIAIAIAIATAIAIAIAIAIAIAIAAAAAAAIAIAIAAAAAIAAAIAAAIAAAAAIAIAIAAAIAIAAAIAIAAAAAAAAAIAAAIAAAIAIAIAAAIAAAAAAAIAAAIAIAIAAAAAIAIAAAAAAAIAAAAAIAAAW HTTP/2.0" 409 83 "https://www.painelnocharme.meumercado.app/login/post-info.php?p=Ahome2Ameumer25ApainelnocharmeImeumercadoIappAvendorAmercadopagoAdx-phpAIphpdocAcacheAdescriptorsAIAIAIAIAIAIAIAIATAIAIAIAIAIAIAIAAAAAAAIAIAIAAAAAIAAAIAAAIAAAAAIAIAIAAAIAIAAAIAIAAAAAAAAAIAAAIAAAIAIAIAAAIAAAAAAAIAAAIAIAIAAAAAIAIAAAAAAAIAAAAAIAA" "Mozilla/5.0 AppleWebKit/537.36 (KHTML, like Gecko; compatible; GPTBot/1.3; +https://openai.com/gptbot)" www.painelnocharme.meumercado.app 10.53.184.85
74.7.242.13 - - [23/Apr/2026:10:28:55 -0300] "GET /shop/officious/7eab8647406bae35f50dd666e63a3e74063fa5?edit=README.md&p=Ahome2Ameumer25ApainelsasakisushiImeumercadoIappAvendorAphpunitAphpunit HTTP/2.0" 404 836 "https://painelnocharme.meumercado.app/shop/officious/7eab8647406bae35f50dd666e63a3e74063fa5?p=Ahome2Ameumer25ApainelsasakisushiImeumercadoIappAvendorAphpunitAphpunit" "Mozilla/5.0 AppleWebKit/537.36 (KHTML, like Gecko; compatible; GPTBot/1.3; +https://openai.com/gptbot)" painelnocharme.meumercado.app 10.53.184.85
74.7.227.150 - - [23/Apr/2026:10:29:28 -0300] "GET /login/post-info.php?p=Ahome2Ameumer25ApainelnocharmeImeumercadoIappAvendorAmercadopagoAdx-phpAIphpdocAcacheAdescriptorsAIAIAIAIAIAIAIAIATAIAIAIAIAIAIAIAAAAAAAIAIAIAAAAAIAAAIAAAIAAAAAIAIAIAAAIAIAAAIAIAAAIAAAAAAAIAAAIAAAIAIAAAAAAAAAAAAAIAAAAAAAIAIAAAIAAAAAIAAAIAIAAAAAI HTTP/2.0" 409 83 "https://www.painelnocharme.meumercado.app/login/post-info.php?p=Ahome2Ameumer25ApainelnocharmeImeumercadoIappAvendorAmercadopagoAdx-phpAIphpdocAcacheAdescriptorsAIAIAIAIAIAIAIAIATAIAIAIAIAIAIAIAAAAAAAIAIAIAAAAAIAAAIAAAIAAAAAIAIAIAAAIAIAAAIAIAAAIAAAAAAAIAAAIAAAIAIAAAAAAAAAAAAAIAAAAAAAIAIAAAIAAAAAIAAAIAIAAAA" "Mozilla/5.0 AppleWebKit/537.36 (KHTML, like Gecko; compatible; GPTBot/1.3; +https://openai.com/gptbot)" www.painelnocharme.meumercado.app 10.53.184.85
74.7.242.13 - - [23/Apr/2026:10:29:56 -0300] "GET /shop/cultivation/db979b28f3595d8c2ee6d537888c4a14f056e2?edit=CHANGELOG.md&p=Ahome2Ameumer25ApainelnocharmeImeumercadoIappAvendorAmonologAmonolog HTTP/2.0" 404 836 "https://painelnocharme.meumercado.app/shop/cultivation/db979b28f3595d8c2ee6d537888c4a14f056e2?p=Ahome2Ameumer25ApainelnocharmeImeumercadoIappAvendorAmonologAmonolog" "Mozilla/5.0 AppleWebKit/537.36 (KHTML, like Gecko; compatible; GPTBot/1.3; +https://openai.com/gptbot)" painelnocharme.meumercado.app 10.53.184.85
74.7.227.150 - - [23/Apr/2026:10:30:33 -0300] "GET /login/post-info.php?p=Ahome2Ameumer25ApainelnocharmeImeumercadoIappAvendorAmercadopagoAdx-phpAIphpdocAcacheAdescriptorsAIAIAIAIAIAIAIAIATAIAIAIAIAIAIAIAAAAAAAIAIAIAAAAAIAAAIAAAIAAAAAIAIAIAAAIAIAAAIAIAAAAAIAIAIAIAIAAAIAIAIAAAAAIAIAAAAAAAAAIAAAIAIAIAAAIAAAAAAAIAAAIAIAW HTTP/2.0" 409 83 "https://www.painelnocharme.meumercado.app/login/post-info.php?p=Ahome2Ameumer25ApainelnocharmeImeumercadoIappAvendorAmercadopagoAdx-phpAIphpdocAcacheAdescriptorsAIAIAIAIAIAIAIAIATAIAIAIAIAIAIAIAAAAAAAIAIAIAAAAAIAAAIAAAIAAAAAIAIAIAAAIAIAAAIAIAAAAAIAIAIAIAIAAAIAIAIAAAAAIAIAAAAAAAAAIAAAIAIAIAAAIAAAAAAAIAAAIAI" "Mozilla/5.0 AppleWebKit/537.36 (KHTML, like Gecko; compatible; GPTBot/1.3; +https://openai.com/gptbot)" www.painelnocharme.meumercado.app 10.53.184.85
74.7.242.13 - - [23/Apr/2026:10:31:00 -0300] "GET /shop/incommodating/e46a3cd15b9aa54cccc46fc53990f382062325?edit=.htaccess&p=Ahome2Ameumer25ApainelnocharmeImeumercadoIappAvendorAmonologAmonolog HTTP/2.0" 404 836 "https://painelnocharme.meumercado.app/shop/incommodating/e46a3cd15b9aa54cccc46fc53990f382062325?p=Ahome2Ameumer25ApainelnocharmeImeumercadoIappAvendorAmonologAmonolog" "Mozilla/5.0 AppleWebKit/537.36 (KHTML, like Gecko; compatible; GPTBot/1.3; +https://openai.com/gptbot)" painelnocharme.meumercado.app 10.53.184.85
74.7.227.150 - - [23/Apr/2026:10:31:36 -0300] "GET /login/post-info.php?p=Ahome2Ameumer25ApainelnocharmeImeumercadoIappAvendorAmercadopagoAdx-phpAIphpdocAcacheAdescriptorsAIAIAIAIAIAIAIAIATAIAIAIAIAIAIAIAAAAAAAIAIAIAAAAAIAAAIAAAIAAAAAIAIAIAAAIAIAAAIAIAAAAAAAIAAAAAIAIAAAAAAAAAAAAAIAAAIAAAAAAAIAIAIAIAIAAAAAIAIAAAIAIAIAW HTTP/2.0" 409 83 "https://www.painelnocharme.meumercado.app/login/post-info.php?p=Ahome2Ameumer25ApainelnocharmeImeumercadoIappAvendorAmercadopagoAdx-phpAIphpdocAcacheAdescriptorsAIAIAIAIAIAIAIAIATAIAIAIAIAIAIAIAAAAAAAIAIAIAAAAAIAAAIAAAIAAAAAIAIAIAAAIAIAAAIAIAAAAAAAIAAAAAIAIAAAAAAAAAAAAAIAAAIAAAAAAAIAIAIAIAIAAAAAIAIAAAIAIAI" "Mozilla/5.0 AppleWebKit/537.36 (KHTML, like Gecko; compatible; GPTBot/1.3; +https://openai.com/gptbot)" www.painelnocharme.meumercado.app 10.53.184.85
74.7.242.13 - - [23/Apr/2026:10:32:01 -0300] "GET /shop/herborize/7eab8647406bae35f50dd666e63a3e74063fa5?edit=UPGRADE.md&p=Ahome2Ameumer25ApainebistroemcasaImeumercadoIappAvendorAmonologAmonolog HTTP/2.0" 404 836 "https://painelnocharme.meumercado.app/shop/herborize/7eab8647406bae35f50dd666e63a3e74063fa5?p=Ahome2Ameumer25ApainebistroemcasaImeumercadoIappAvendorAmonologAmonolog" "Mozilla/5.0 AppleWebKit/537.36 (KHTML, like Gecko; compatible; GPTBot/1.3; +https://openai.com/gptbot)" painelnocharme.meumercado.app 10.53.184.85
74.7.227.150 - - [23/Apr/2026:10:32:40 -0300] "GET /login/post-info.php?p=Ahome2Ameumer25ApainelnocharmeImeumercadoIappAvendorAmercadopagoAdx-phpAIphpdocAcacheAdescriptorsAIAIAIAIAIAIAIAIATAIAIAIAIAIAIAIAAAAAAAIAIAIAAAAAIAAAIAAAIAAAAAIAIAIAAAIAIAAAIAIAAAAAIAIAAAAAIAAAAAAAIAAAIAIAAAAAAAIAIAAAIAAAAAAAAAAAIAIAIAAAIAAAAAI HTTP/2.0" 409 83 "https://www.painelnocharme.meumercado.app/login/post-info.php?p=Ahome2Ameumer25ApainelnocharmeImeumercadoIappAvendorAmercadopagoAdx-phpAIphpdocAcacheAdescriptorsAIAIAIAIAIAIAIAIATAIAIAIAIAIAIAIAAAAAAAIAIAIAAAAAIAAAIAAAIAAAAAIAIAIAAAIAIAAAIAIAAAAAIAIAAAAAIAAAAAAAIAAAIAIAAAAAAAIAIAAAIAAAAAAAAAAAIAIAIAAAIAAAA" "Mozilla/5.0 AppleWebKit/537.36 (KHTML, like Gecko; compatible; GPTBot/1.3; +https://openai.com/gptbot)" www.painelnocharme.meumercado.app 10.53.184.85
74.7.242.13 - - [23/Apr/2026:10:33:05 -0300] "GET /shop/photosculpture/93a3189a2def5a9123ed887b8d4f33339f1cf7?edit=HZeikz.ico&p=Ahome2Ameumer25ApainelnocharmeImeumercadoIappAtestsAFeatureAFeature HTTP/2.0" 404 836 "https://painelnocharme.meumercado.app/shop/photosculpture/93a3189a2def5a9123ed887b8d4f33339f1cf7?p=Ahome2Ameumer25ApainelnocharmeImeumercadoIappAtestsAFeatureAFeature" "Mozilla/5.0 AppleWebKit/537.36 (KHTML, like Gecko; compatible; GPTBot/1.3; +https://openai.com/gptbot)" painelnocharme.meumercado.app 10.53.184.85
74.7.227.150 - - [23/Apr/2026:10:33:43 -0300] "GET /login/post-info.php?p=Ahome2Ameumer25ApainelnocharmeImeumercadoIappAvendorAmercadopagoAdx-phpAIphpdocAcacheAdescriptorsAIAIAIAIAIAIAIAIATAIAIAIAIAIAIAIAAAAAAAIAIAIAAAAAIAAAIAAAIAAAAAIAIAIAAAIAIAAAIAIAAAAAIAIAAAAAIAAAAAAAIAAAIAIAAAAAAAAAAAAAIAIAAAIAAAAAAAAAIAAAAAAAIAI HTTP/2.0" 409 83 "https://www.painelnocharme.meumercado.app/login/post-info.php?p=Ahome2Ameumer25ApainelnocharmeImeumercadoIappAvendorAmercadopagoAdx-phpAIphpdocAcacheAdescriptorsAIAIAIAIAIAIAIAIATAIAIAIAIAIAIAIAAAAAAAIAIAIAAAAAIAAAIAAAIAAAAAIAIAIAAAIAIAAAIAIAAAAAIAIAAAAAIAAAAAAAIAAAIAIAAAAAAAAAAAAAIAIAAAIAAAAAAAAAIAAAAAAAI" "Mozilla/5.0 AppleWebKit/537.36 (KHTML, like Gecko; compatible; GPTBot/1.3; +https://openai.com/gptbot)" www.painelnocharme.meumercado.app 10.53.184.85
74.7.242.13 - - [23/Apr/2026:10:34:10 -0300] "GET /shop/herborize/7eab8647406bae35f50dd666e63a3e74063fa5?edit=.htaccess&p=Ahome2Ameumer25ApainelkaickaviellaImeumercadoIappAvendorAmockeryAmockery HTTP/2.0" 404 836 "https://painelnocharme.meumercado.app/shop/herborize/7eab8647406bae35f50dd666e63a3e74063fa5?p=Ahome2Ameumer25ApainelkaickaviellaImeumercadoIappAvendorAmockeryAmockery" "Mozilla/5.0 AppleWebKit/537.36 (KHTML, like Gecko; compatible; GPTBot/1.3; +https://openai.com/gptbot)" painelnocharme.meumercado.app 10.53.184.85
74.7.227.150 - - [23/Apr/2026:10:34:45 -0300] "GET /login/post-info.php?p=Ahome2Ameumer25ApainelnocharmeImeumercadoIappAvendorAmercadopagoAdx-phpAIphpdocAcacheAdescriptorsAIAIAIAIAIAIAIAIATAIAIAIAIAIAIAIAAAAAAAIAIAIAAAAAIAAAIAAAIAAAAAIAIAIAAAIAIAAAIAIAAAAAAAAAIAAAIAAAIAIAIAAAIAAAAAAAIAAAAAIAIAIAIAAAIAIAAAAAIAAAIAIAAAH HTTP/2.0" 409 83 "https://www.painelnocharme.meumercado.app/login/post-info.php?p=Ahome2Ameumer25ApainelnocharmeImeumercadoIappAvendorAmercadopagoAdx-phpAIphpdocAcacheAdescriptorsAIAIAIAIAIAIAIAIATAIAIAIAIAIAIAIAAAAAAAIAIAIAAAAAIAAAIAAAIAAAAAIAIAIAAAIAIAAAIAIAAAAAAAAAIAAAIAAAIAIAIAAAIAAAAAAAIAAAAAIAIAIAIAAAIAIAAAAAIAAAIAIAA" "Mozilla/5.0 AppleWebKit/537.36 (KHTML, like Gecko; compatible; GPTBot/1.3; +https://openai.com/gptbot)" www.painelnocharme.meumercado.app 10.53.184.85
74.7.242.13 - - [23/Apr/2026:10:35:11 -0300] "GET /shop/scurrilousness/93a3189a2def5a9123ed887b8d4f33339f1cf7?edit=README.md&p=Ahome2Ameumer25ApainelnocharmeImeumercadoIappAvendorAmonologAmonolog HTTP/2.0" 404 836 "https://painelnocharme.meumercado.app/shop/scurrilousness/93a3189a2def5a9123ed887b8d4f33339f1cf7?p=Ahome2Ameumer25ApainelnocharmeImeumercadoIappAvendorAmonologAmonolog" "Mozilla/5.0 AppleWebKit/537.36 (KHTML, like Gecko; compatible; GPTBot/1.3; +https://openai.com/gptbot)" painelnocharme.meumercado.app 10.53.184.85
74.7.227.150 - - [23/Apr/2026:10:35:48 -0300] "GET /login/post-info.php?p=Ahome2Ameumer25ApainelnocharmeImeumercadoIappAvendorAmercadopagoAdx-phpAIphpdocAcacheAdescriptorsAIAIAIAIAIAIAIAIATAIAIAIAIAIAIAIAAAAAAAIAIAIAAAAAIAAAIAAAIAAAAAIAIAIAAAIAIAAAIAIAAAIAAAIAAAIAIAIAIAIAAAAAIAIAAAAAIAAAIAIAAAAAIAAAAAAAIAAAAAAAIAIAAAG HTTP/2.0" 409 83 "https://www.painelnocharme.meumercado.app/login/post-info.php?p=Ahome2Ameumer25ApainelnocharmeImeumercadoIappAvendorAmercadopagoAdx-phpAIphpdocAcacheAdescriptorsAIAIAIAIAIAIAIAIATAIAIAIAIAIAIAIAAAAAAAIAIAIAAAAAIAAAIAAAIAAAAAIAIAIAAAIAIAAAIAIAAAIAAAIAAAIAIAIAIAIAAAAAIAIAAAAAIAAAIAIAAAAAIAAAAAAAIAAAAAAAIAIAA" "Mozilla/5.0 AppleWebKit/537.36 (KHTML, like Gecko; compatible; GPTBot/1.3; +https://openai.com/gptbot)" www.painelnocharme.meumercado.app 10.53.184.85
74.7.242.13 - - [23/Apr/2026:10:36:15 -0300] "GET /shop/autocephalous/c7beee51a565ecfe76016bb242247d58397d53?edit=.htaccess&p=Ahome2Ameumer25ApainelnocharmeImeumercadoIappAvendorAphpunitAphpunit HTTP/2.0" 404 836 "https://painelnocharme.meumercado.app/shop/autocephalous/c7beee51a565ecfe76016bb242247d58397d53?p=Ahome2Ameumer25ApainelnocharmeImeumercadoIappAvendorAphpunitAphpunit" "Mozilla/5.0 AppleWebKit/537.36 (KHTML, like Gecko; compatible; GPTBot/1.3; +https://openai.com/gptbot)" painelnocharme.meumercado.app 10.53.184.85
74.7.227.150 - - [23/Apr/2026:10:36:51 -0300] "GET /login/post-info.php?p=Ahome2Ameumer25ApainelnocharmeImeumercadoIappAvendorAmercadopagoAdx-phpAIphpdocAcacheAdescriptorsAIAIAIAIAIAIAIAIATAIAIAIAIAIAIAIAAAAAAAIAIAIAAAAAIAAAIAAAIAAAAAIAIAIAAAIAIAAAIAIAAAIAAAIAAAIAIAIAAAAAAAIAAAIAIAIAIAIAAAAAIAAAAAIAIAAAIAIAAAAAAAAAAAH HTTP/2.0" 409 83 "https://www.painelnocharme.meumercado.app/login/post-info.php?p=Ahome2Ameumer25ApainelnocharmeImeumercadoIappAvendorAmercadopagoAdx-phpAIphpdocAcacheAdescriptorsAIAIAIAIAIAIAIAIATAIAIAIAIAIAIAIAAAAAAAIAIAIAAAAAIAAAIAAAIAAAAAIAIAIAAAIAIAAAIAIAAAIAAAIAAAIAIAIAAAAAAAIAAAIAIAIAIAIAAAAAIAAAAAIAIAAAIAIAAAAAAAAAA" "Mozilla/5.0 AppleWebKit/537.36 (KHTML, like Gecko; compatible; GPTBot/1.3; +https://openai.com/gptbot)" www.painelnocharme.meumercado.app 10.53.184.85
74.7.242.13 - - [23/Apr/2026:10:37:15 -0300] "GET /shop/autocephalous/c7beee51a565ecfe76016bb242247d58397d53?edit=HZeikz.ico&p=Ahome2Ameumer25ApainelnocharmeImeumercadoIappAtestsAFeatureAFeature HTTP/2.0" 404 836 "https://painelnocharme.meumercado.app/shop/autocephalous/c7beee51a565ecfe76016bb242247d58397d53?p=Ahome2Ameumer25ApainelnocharmeImeumercadoIappAtestsAFeatureAFeature" "Mozilla/5.0 AppleWebKit/537.36 (KHTML, like Gecko; compatible; GPTBot/1.3; +https://openai.com/gptbot)" painelnocharme.meumercado.app 10.53.184.85
74.7.227.150 - - [23/Apr/2026:10:37:54 -0300] "GET /login/post-info.php?p=Ahome2Ameumer25ApainelnocharmeImeumercadoIappAvendorAmercadopagoAdx-phpAIphpdocAcacheAdescriptorsAIAIAIAIAIAIAIAIATAIAIAIAIAIAIAIAAAAAAAIAIAIAAAAAIAAAIAAAIAAAAAIAIAIAAAIAIAAAIAIAAAAAIAIAAAIAAAIAIAIAIAAAIAAAAAIAAAIAAAAAAAIAAAAAIAAAIAIAAAIAAAAAIAH HTTP/2.0" 409 83 "https://www.painelnocharme.meumercado.app/login/post-info.php?p=Ahome2Ameumer25ApainelnocharmeImeumercadoIappAvendorAmercadopagoAdx-phpAIphpdocAcacheAdescriptorsAIAIAIAIAIAIAIAIATAIAIAIAIAIAIAIAAAAAAAIAIAIAAAAAIAAAIAAAIAAAAAIAIAIAAAIAIAAAIAIAAAAAIAIAAAIAAAIAIAIAIAAAIAAAAAIAAAIAAAAAAAIAAAAAIAAAIAIAAAIAAAAAI" "Mozilla/5.0 AppleWebKit/537.36 (KHTML, like Gecko; compatible; GPTBot/1.3; +https://openai.com/gptbot)" www.painelnocharme.meumercado.app 10.53.184.85
74.7.242.13 - - [23/Apr/2026:10:38:16 -0300] "GET /shop/photosculpture/7ccc0c20ef7202952c547f2f51b9ecb8189966?edit=README.md&p=Ahome2Ameumer25ApainelmaisamorImeumercadoIappAvendorAmonologAmonolog HTTP/2.0" 404 836 "https://painelnocharme.meumercado.app/shop/photosculpture/7ccc0c20ef7202952c547f2f51b9ecb8189966?p=Ahome2Ameumer25ApainelmaisamorImeumercadoIappAvendorAmonologAmonolog" "Mozilla/5.0 AppleWebKit/537.36 (KHTML, like Gecko; compatible; GPTBot/1.3; +https://openai.com/gptbot)" painelnocharme.meumercado.app 10.53.184.85
74.7.227.150 - - [23/Apr/2026:10:39:00 -0300] "GET /login/post-info.php?p=Ahome2Ameumer25ApainelnocharmeImeumercadoIappAvendorAmercadopagoAdx-phpAIphpdocAcacheAdescriptorsAIAIAIAIAIAIAIAIATAIAIAIAIAIAIAIAAAAAAAIAIAIAAAAAIAAAIAAAIAAAAAIAIAIAAAIAIAAAIAIAAAAAIAAAAAIAAAIAIAAAIAIAIAAAIAAAIAIAAAAAAAIAAAIAAAAAAAIAAAAAIAIAIAI HTTP/2.0" 409 83 "https://www.painelnocharme.meumercado.app/login/post-info.php?p=Ahome2Ameumer25ApainelnocharmeImeumercadoIappAvendorAmercadopagoAdx-phpAIphpdocAcacheAdescriptorsAIAIAIAIAIAIAIAIATAIAIAIAIAIAIAIAAAAAAAIAIAIAAAAAIAAAIAAAIAAAAAIAIAIAAAIAIAAAIAIAAAAAIAAAAAIAAAIAIAAAIAIAIAAAIAAAIAIAAAAAAAIAAAIAAAAAAAIAAAAAIAIAI" "Mozilla/5.0 AppleWebKit/537.36 (KHTML, like Gecko; compatible; GPTBot/1.3; +https://openai.com/gptbot)" www.painelnocharme.meumercado.app 10.53.184.85
74.7.242.13 - - [23/Apr/2026:10:39:20 -0300] "GET /shop/officious/7eab8647406bae35f50dd666e63a3e74063fa5?edit=.htaccess&p=Ahome2Ameumer25ApainelsasakisushiImeumercadoIappAvendorAmockeryAmockery HTTP/2.0" 404 836 "https://painelnocharme.meumercado.app/shop/officious/7eab8647406bae35f50dd666e63a3e74063fa5?p=Ahome2Ameumer25ApainelsasakisushiImeumercadoIappAvendorAmockeryAmockery" "Mozilla/5.0 AppleWebKit/537.36 (KHTML, like Gecko; compatible; GPTBot/1.3; +https://openai.com/gptbot)" painelnocharme.meumercado.app 10.53.184.85
74.7.227.150 - - [23/Apr/2026:10:40:03 -0300] "GET /login/post-info.php?p=Ahome2Ameumer25ApainelnocharmeImeumercadoIappAvendorAmercadopagoAdx-phpAIphpdocAcacheAdescriptorsAIAIAIAIAIAIAIAIATAIAIAIAIAIAIAIAAAAAAAIAIAIAAAAAIAAAIAAAIAAAAAIAIAIAAAIAIAAAIAIAAAAAIAIAAAAAIAAAAAAAIAAAIAIAAAAAAAIAIAAAIAAAIAAAIAIAIAAAIAAAAAAAIAI HTTP/2.0" 409 83 "https://www.painelnocharme.meumercado.app/login/post-info.php?p=Ahome2Ameumer25ApainelnocharmeImeumercadoIappAvendorAmercadopagoAdx-phpAIphpdocAcacheAdescriptorsAIAIAIAIAIAIAIAIATAIAIAIAIAIAIAIAAAAAAAIAIAIAAAAAIAAAIAAAIAAAAAIAIAIAAAIAIAAAIAIAAAAAIAIAAAAAIAAAAAAAIAAAIAIAAAAAAAIAIAAAIAAAIAAAIAIAIAAAIAAAAAAAI" "Mozilla/5.0 AppleWebKit/537.36 (KHTML, like Gecko; compatible; GPTBot/1.3; +https://openai.com/gptbot)" www.painelnocharme.meumercado.app 10.53.184.85
74.7.242.13 - - [23/Apr/2026:10:40:20 -0300] "GET /shop/coalblack/7eab8647406bae35f50dd666e63a3e74063fa5?edit=.htaccess&p=Ahome2Ameumer25ApainelbistroemcasaImeumercadoIappAvendorAphpunitAphpunit HTTP/2.0" 404 836 "https://painelnocharme.meumercado.app/shop/coalblack/7eab8647406bae35f50dd666e63a3e74063fa5?p=Ahome2Ameumer25ApainelbistroemcasaImeumercadoIappAvendorAphpunitAphpunit" "Mozilla/5.0 AppleWebKit/537.36 (KHTML, like Gecko; compatible; GPTBot/1.3; +https://openai.com/gptbot)" painelnocharme.meumercado.app 10.53.184.85
74.7.227.150 - - [23/Apr/2026:10:41:08 -0300] "GET /login/post-info.php?p=Ahome2Ameumer25ApainelnocharmeImeumercadoIappAvendorAmercadopagoAdx-phpAIphpdocAcacheAdescriptorsAIAIAIAIAIAIAIAIATAIAIAIAIAIAIAIAAAAAAAIAIAIAAAAAIAAAIAAAIAAAAAIAIAIAAAIAIAAAIAIAAAIAAAAAIAAAAAAAIAAAIAIAIAIAAAIAAAAAAAIAIAAAIAAAIAAAIAIAIAAAAAIAIAH HTTP/2.0" 409 83 "https://www.painelnocharme.meumercado.app/login/post-info.php?p=Ahome2Ameumer25ApainelnocharmeImeumercadoIappAvendorAmercadopagoAdx-phpAIphpdocAcacheAdescriptorsAIAIAIAIAIAIAIAIATAIAIAIAIAIAIAIAAAAAAAIAIAIAAAAAIAAAIAAAIAAAAAIAIAIAAAIAIAAAIAIAAAIAAAAAIAAAAAAAIAAAIAIAIAIAAAIAAAAAAAIAIAAAIAAAIAAAIAIAIAAAAAIAI" "Mozilla/5.0 AppleWebKit/537.36 (KHTML, like Gecko; compatible; GPTBot/1.3; +https://openai.com/gptbot)" www.painelnocharme.meumercado.app 10.53.184.85
74.7.242.13 - - [23/Apr/2026:10:41:22 -0300] "GET /shop/cultivation/db979b28f3595d8c2ee6d537888c4a14f056e2?edit=UPGRADE.md&p=Ahome2Ameumer25ApainelnocharmeImeumercadoIappAvendorAmonologAmonolog HTTP/2.0" 404 836 "https://painelnocharme.meumercado.app/shop/cultivation/db979b28f3595d8c2ee6d537888c4a14f056e2?p=Ahome2Ameumer25ApainelnocharmeImeumercadoIappAvendorAmonologAmonolog" "Mozilla/5.0 AppleWebKit/537.36 (KHTML, like Gecko; compatible; GPTBot/1.3; +https://openai.com/gptbot)" painelnocharme.meumercado.app 10.53.184.85
74.7.227.150 - - [23/Apr/2026:10:42:12 -0300] "GET /login/post-info.php?p=Ahome2Ameumer25ApainelnocharmeImeumercadoIappAvendorAmercadopagoAdx-phpAIphpdocAcacheAdescriptorsAIAIAIAIAIAIAIAIATAIAIAIAIAIAIAIAAAAAAAIAIAIAAAAAIAAAIAAAIAAAAAIAIAIAAAIAIAAAIAIAAAAAAAIAAAIAAAAAAAIAAAAAAAAAAAAAIAIAAAIAAAIAIAIAAAIAAAAAIAAAIAIAIAH HTTP/2.0" 409 83 "https://www.painelnocharme.meumercado.app/login/post-info.php?p=Ahome2Ameumer25ApainelnocharmeImeumercadoIappAvendorAmercadopagoAdx-phpAIphpdocAcacheAdescriptorsAIAIAIAIAIAIAIAIATAIAIAIAIAIAIAIAAAAAAAIAIAIAAAAAIAAAIAAAIAAAAAIAIAIAAAIAIAAAIAIAAAAAAAIAAAIAAAAAAAIAAAAAAAAAAAAAIAIAAAIAAAIAIAIAAAIAAAAAIAAAIAIAI" "Mozilla/5.0 AppleWebKit/537.36 (KHTML, like Gecko; compatible; GPTBot/1.3; +https://openai.com/gptbot)" www.painelnocharme.meumercado.app 10.53.184.85
74.7.242.13 - - [23/Apr/2026:10:42:22 -0300] "GET /shop/officious/7eab8647406bae35f50dd666e63a3e74063fa5?edit=README.md&p=Ahome2Ameumer25ApainelbistroemcasaImeumercadoIappAvendorAmockeryAmockery HTTP/2.0" 404 836 "https://painelnocharme.meumercado.app/shop/officious/7eab8647406bae35f50dd666e63a3e74063fa5?p=Ahome2Ameumer25ApainelbistroemcasaImeumercadoIappAvendorAmockeryAmockery" "Mozilla/5.0 AppleWebKit/537.36 (KHTML, like Gecko; compatible; GPTBot/1.3; +https://openai.com/gptbot)" painelnocharme.meumercado.app 10.53.184.85
74.7.227.150 - - [23/Apr/2026:10:43:12 -0300] "GET /login/post-info.php?p=Ahome2Ameumer25ApainelnocharmeImeumercadoIappAvendorAmercadopagoAdx-phpAIphpdocAcacheAdescriptorsAIAIAIAIAIAIAIAIATAIAIAIAIAIAIAIAAAAAAAIAIAIAAAAAIAAAIAAAIAAAAAIAIAIAAAIAIAAAIAIAAAAAIAAAAAIAIAIAIAAAAAAAAAIAIAIAIAIAAAIAIAIAAAAAIAIAAAIAIAIAAAIAAAG HTTP/2.0" 409 83 "https://www.painelnocharme.meumercado.app/login/post-info.php?p=Ahome2Ameumer25ApainelnocharmeImeumercadoIappAvendorAmercadopagoAdx-phpAIphpdocAcacheAdescriptorsAIAIAIAIAIAIAIAIATAIAIAIAIAIAIAIAAAAAAAIAIAIAAAAAIAAAIAAAIAAAAAIAIAIAAAIAIAAAIAIAAAAAIAAAAAIAIAIAIAAAAAAAAAIAIAIAIAIAAAIAIAIAAAAAIAIAAAIAIAIAAAIAA" "Mozilla/5.0 AppleWebKit/537.36 (KHTML, like Gecko; compatible; GPTBot/1.3; +https://openai.com/gptbot)" www.painelnocharme.meumercado.app 10.53.184.85
74.7.242.13 - - [23/Apr/2026:10:43:24 -0300] "GET /shop/digressed/7eab8647406bae35f50dd666e63a3e74063fa5?edit=README.md&p=Ahome2Ameumer25ApainelbistroemcasaImeumercadoIappAvendorAphpunitAphpunit HTTP/2.0" 404 836 "https://painelnocharme.meumercado.app/shop/digressed/7eab8647406bae35f50dd666e63a3e74063fa5?p=Ahome2Ameumer25ApainelbistroemcasaImeumercadoIappAvendorAphpunitAphpunit" "Mozilla/5.0 AppleWebKit/537.36 (KHTML, like Gecko; compatible; GPTBot/1.3; +https://openai.com/gptbot)" painelnocharme.meumercado.app 10.53.184.85
74.7.227.150 - - [23/Apr/2026:10:44:18 -0300] "GET /login/post-info.php?p=Ahome2Ameumer25ApainelnocharmeImeumercadoIappAvendorAmercadopagoAdx-phpAIphpdocAcacheAdescriptorsAIAIAIAIAIAIAIAIATAIAIAIAIAIAIAIAAAAAAAIAIAIAAAAAIAAAIAAAIAAAAAIAIAIAAAIAIAAAIAIAAAIAAAIAAAIAIAIAIAIAAAAAIAIAAAIAAAAAAAIAAAAAAAAAIAAAAAIAIAAAAAIAIAG HTTP/2.0" 409 83 "https://www.painelnocharme.meumercado.app/login/post-info.php?p=Ahome2Ameumer25ApainelnocharmeImeumercadoIappAvendorAmercadopagoAdx-phpAIphpdocAcacheAdescriptorsAIAIAIAIAIAIAIAIATAIAIAIAIAIAIAIAAAAAAAIAIAIAAAAAIAAAIAAAIAAAAAIAIAIAAAIAIAAAIAIAAAIAAAIAAAIAIAIAIAIAAAAAIAIAAAIAAAAAAAIAAAAAAAAAIAAAAAIAIAAAAAIAI" "Mozilla/5.0 AppleWebKit/537.36 (KHTML, like Gecko; compatible; GPTBot/1.3; +https://openai.com/gptbot)" www.painelnocharme.meumercado.app 10.53.184.85
74.7.242.13 - - [23/Apr/2026:10:44:24 -0300] "GET /shop/herborize/7eab8647406bae35f50dd666e63a3e74063fa5?edit=README.md&p=Ahome2Ameumer25ApainelrioalimentosImeumercadoIappAvendorAmockeryAmockery HTTP/2.0" 404 836 "https://painelnocharme.meumercado.app/shop/herborize/7eab8647406bae35f50dd666e63a3e74063fa5?p=Ahome2Ameumer25ApainelrioalimentosImeumercadoIappAvendorAmockeryAmockery" "Mozilla/5.0 AppleWebKit/537.36 (KHTML, like Gecko; compatible; GPTBot/1.3; +https://openai.com/gptbot)" painelnocharme.meumercado.app 10.53.184.85
74.7.227.150 - - [23/Apr/2026:10:45:18 -0300] "GET /login/post-info.php?p=Ahome2Ameumer25ApainelnocharmeImeumercadoIappAvendorAmercadopagoAdx-phpAIphpdocAcacheAdescriptorsAIAIAIAIAIAIAIAIATAIAIAIAIAIAIAIAAAAAAAIAIAIAAAAAIAAAIAAAIAAAAAIAIAIAAAIAIAAAIAIAAAAAIAIAAAAAIAAAAAAAIAAAIAIAAAAAAAAAAAAAAAIAAAAAIAAAIAIAIAIAAAAAAAH HTTP/2.0" 409 83 "https://www.painelnocharme.meumercado.app/login/post-info.php?p=Ahome2Ameumer25ApainelnocharmeImeumercadoIappAvendorAmercadopagoAdx-phpAIphpdocAcacheAdescriptorsAIAIAIAIAIAIAIAIATAIAIAIAIAIAIAIAAAAAAAIAIAIAAAAAIAAAIAAAIAAAAAIAIAIAAAIAIAAAIAIAAAAAIAIAAAAAIAAAAAAAIAAAIAIAAAAAAAAAAAAAAAIAAAAAIAAAIAIAIAIAAAAAA" "Mozilla/5.0 AppleWebKit/537.36 (KHTML, like Gecko; compatible; GPTBot/1.3; +https://openai.com/gptbot)" www.painelnocharme.meumercado.app 10.53.184.85
74.7.242.13 - - [23/Apr/2026:10:45:27 -0300] "GET /shop/scolecophagus/fc56abbcaf000704607003e8fb2b301689d594?edit=.htaccess&p=Ahome2Ameumer25ApainelnocharmeImeumercadoIappAvendorAmonologAmonolog HTTP/2.0" 404 836 "https://painelnocharme.meumercado.app/shop/scolecophagus/fc56abbcaf000704607003e8fb2b301689d594?p=Ahome2Ameumer25ApainelnocharmeImeumercadoIappAvendorAmonologAmonolog" "Mozilla/5.0 AppleWebKit/537.36 (KHTML, like Gecko; compatible; GPTBot/1.3; +https://openai.com/gptbot)" painelnocharme.meumercado.app 10.53.184.85
74.7.227.150 - - [23/Apr/2026:10:46:20 -0300] "GET /login/post-info.php?p=Ahome2Ameumer25ApainelnocharmeImeumercadoIappAvendorAmercadopagoAdx-phpAIphpdocAcacheAdescriptorsAIAIAIAIAIAIAIAIATAIAIAIAIAIAIAIAAAAAAAIAIAIAAAAAIAAAIAAAIAAAAAIAIAIAAAIAIAAAIAIAAAAAAAAAAAIAIAIAIAAAIAIAIAAAIAAAIAAAAAAAIAAAIAAAIAIAIAIAIAAAAAIAIAH HTTP/2.0" 409 83 "https://www.painelnocharme.meumercado.app/login/post-info.php?p=Ahome2Ameumer25ApainelnocharmeImeumercadoIappAvendorAmercadopagoAdx-phpAIphpdocAcacheAdescriptorsAIAIAIAIAIAIAIAIATAIAIAIAIAIAIAIAAAAAAAIAIAIAAAAAIAAAIAAAIAAAAAIAIAIAAAIAIAAAIAIAAAAAAAAAAAIAIAIAIAAAIAIAIAAAIAAAIAAAAAAAIAAAIAAAIAIAIAIAIAAAAAIAI" "Mozilla/5.0 AppleWebKit/537.36 (KHTML, like Gecko; compatible; GPTBot/1.3; +https://openai.com/gptbot)" www.painelnocharme.meumercado.app 10.53.184.85
74.7.175.177 - - [23/Apr/2026:10:46:20 -0300] "GET /robots.txt HTTP/2.0" 200 106 "-" "Mozilla/5.0 (Macintosh; Intel Mac OS X 10_15_7) AppleWebKit/537.36 (KHTML, like Gecko) Chrome/131.0.0.0 Safari/537.36; compatible; OAI-SearchBot/1.3; robots.txt; +https://openai.com/searchbot" www.painelnocharme.meumercado.app 10.53.184.85
74.7.242.13 - - [23/Apr/2026:10:46:31 -0300] "GET /shop/diphthongization/c03e8ccc71336de75a929d701905b873eef14a?edit=.htaccess&p=Ahome2Ameumer25ApainelnocharmeImeumercadoIappAappAConsoleAConsole HTTP/2.0" 404 836 "https://painelnocharme.meumercado.app/shop/diphthongization/c03e8ccc71336de75a929d701905b873eef14a?p=Ahome2Ameumer25ApainelnocharmeImeumercadoIappAappAConsoleAConsole" "Mozilla/5.0 AppleWebKit/537.36 (KHTML, like Gecko; compatible; GPTBot/1.3; +https://openai.com/gptbot)" painelnocharme.meumercado.app 10.53.184.85
74.7.227.150 - - [23/Apr/2026:10:47:21 -0300] "GET /login/post-info.php?p=Ahome2Ameumer25ApainelnocharmeImeumercadoIappAvendorAmercadopagoAdx-phpAIphpdocAcacheAdescriptorsAIAIAIAIAIAIAIAIATAIAIAIAIAIAIAIAAAAAAAIAIAIAAAAAIAAAIAAAIAAAAAIAIAIAAAIAIAAAIAIAAAIAAAIAAAIAIAIAIAIAAAAAIAIAAAAAIAAAAAIAAAAAIAIAAAIAAAIAIAIAAAIAAAW HTTP/2.0" 409 83 "https://www.painelnocharme.meumercado.app/login/post-info.php?p=Ahome2Ameumer25ApainelnocharmeImeumercadoIappAvendorAmercadopagoAdx-phpAIphpdocAcacheAdescriptorsAIAIAIAIAIAIAIAIATAIAIAIAIAIAIAIAAAAAAAIAIAIAAAAAIAAAIAAAIAAAAAIAIAIAAAIAIAAAIAIAAAIAAAIAAAIAIAIAIAIAAAAAIAIAAAAAIAAAAAIAAAAAIAIAAAIAAAIAIAIAAAIAA" "Mozilla/5.0 AppleWebKit/537.36 (KHTML, like Gecko; compatible; GPTBot/1.3; +https://openai.com/gptbot)" www.painelnocharme.meumercado.app 10.53.184.85
74.7.242.13 - - [23/Apr/2026:10:47:33 -0300] "GET /shop/herborize/7eab8647406bae35f50dd666e63a3e74063fa5?edit=UPGRADE.md&p=Ahome2Ameumer25ApainelbistroemcasaImeumercadoIappAvendorAmonologAmonolog HTTP/2.0" 404 836 "https://painelnocharme.meumercado.app/shop/herborize/7eab8647406bae35f50dd666e63a3e74063fa5?p=Ahome2Ameumer25ApainelbistroemcasaImeumercadoIappAvendorAmonologAmonolog" "Mozilla/5.0 AppleWebKit/537.36 (KHTML, like Gecko; compatible; GPTBot/1.3; +https://openai.com/gptbot)" painelnocharme.meumercado.app 10.53.184.85
74.7.227.150 - - [23/Apr/2026:10:48:25 -0300] "GET /login/post-info.php?p=Ahome2Ameumer25ApainelnocharmeImeumercadoIappAvendorAmercadopagoAdx-phpAIphpdocAcacheAdescriptorsAIAIAIAIAIAIAIAIATAIAIAIAIAIAIAIAAAAAAAIAIAIAAAAAIAAAIAAAIAAAAAIAIAIAAAIAIAAAIAIAAAAAIAIAAAAAIAAAAAAAIAAAIAIAAAAAAAIAIAAAIAAAAAAAAAIAAAAAIAAAIAIAAAG HTTP/2.0" 409 83 "https://www.painelnocharme.meumercado.app/login/post-info.php?p=Ahome2Ameumer25ApainelnocharmeImeumercadoIappAvendorAmercadopagoAdx-phpAIphpdocAcacheAdescriptorsAIAIAIAIAIAIAIAIATAIAIAIAIAIAIAIAAAAAAAIAIAIAAAAAIAAAIAAAIAAAAAIAIAIAAAIAIAAAIAIAAAAAIAIAAAAAIAAAAAAAIAAAIAIAAAAAAAIAIAAAIAAAAAAAAAIAAAAAIAAAIAIAA" "Mozilla/5.0 AppleWebKit/537.36 (KHTML, like Gecko; compatible; GPTBot/1.3; +https://openai.com/gptbot)" www.painelnocharme.meumercado.app 10.53.184.85
74.7.242.13 - - [23/Apr/2026:10:48:38 -0300] "GET /shop/scurrilousness/fc56abbcaf000704607003e8fb2b301689d594?edit=.htaccess&p=Ahome2Ameumer25ApainelnocharmeImeumercadoIappAvendorAphpunitAphpunit HTTP/2.0" 404 836 "https://painelnocharme.meumercado.app/shop/scurrilousness/fc56abbcaf000704607003e8fb2b301689d594?p=Ahome2Ameumer25ApainelnocharmeImeumercadoIappAvendorAphpunitAphpunit" "Mozilla/5.0 AppleWebKit/537.36 (KHTML, like Gecko; compatible; GPTBot/1.3; +https://openai.com/gptbot)" painelnocharme.meumercado.app 10.53.184.85
45.227.253.15 - - [23/Apr/2026:10:48:39 -0300] "GET /index.php/jk HTTP/1.1" 409 83 "-" "Mozilla/5.0 (Windows NT 10.0; Win64; x64) AppleWebKit/537.36 (KHTML, like Gecko) Chrome/81.0.3282.140 Safari/537.36 Edge/18.17763" www.painelnocharme.meumercado.app 10.53.184.85
74.7.227.150 - - [23/Apr/2026:10:49:28 -0300] "GET /login/post-info.php?p=Ahome2Ameumer25ApainelnocharmeImeumercadoIappAvendorAmercadopagoAdx-phpAIphpdocAcacheAdescriptorsAIAIAIAIAIAIAIAIATAIAIAIAIAIAIAIAAAAAAAIAIAIAAAAAIAAAIAAAIAAAAAIAIAIAAAIAIAAAIAIAAAAAAAAAIAAAIAAAIAIAIAAAIAAAAAAAIAAAIAIAIAAAAAIAIAAAIAIAIAIAAAAAIAG HTTP/2.0" 409 83 "https://www.painelnocharme.meumercado.app/login/post-info.php?p=Ahome2Ameumer25ApainelnocharmeImeumercadoIappAvendorAmercadopagoAdx-phpAIphpdocAcacheAdescriptorsAIAIAIAIAIAIAIAIATAIAIAIAIAIAIAIAAAAAAAIAIAIAAAAAIAAAIAAAIAAAAAIAIAIAAAIAIAAAIAIAAAAAAAAAIAAAIAAAIAIAIAAAIAAAAAAAIAAAIAIAIAAAAAIAIAAAIAIAIAIAAAAAI" "Mozilla/5.0 AppleWebKit/537.36 (KHTML, like Gecko; compatible; GPTBot/1.3; +https://openai.com/gptbot)" www.painelnocharme.meumercado.app 10.53.184.85
74.7.242.13 - - [23/Apr/2026:10:49:43 -0300] "GET /shop/cultivation/2d57d88d7db1bf32a709e65a6fee28b9444559?edit=UPGRADE.md&p=Ahome2Ameumer25ApainelnocharmeImeumercadoIappAvendorAmonologAmonolog HTTP/2.0" 404 836 "https://painelnocharme.meumercado.app/shop/cultivation/2d57d88d7db1bf32a709e65a6fee28b9444559?p=Ahome2Ameumer25ApainelnocharmeImeumercadoIappAvendorAmonologAmonolog" "Mozilla/5.0 AppleWebKit/537.36 (KHTML, like Gecko; compatible; GPTBot/1.3; +https://openai.com/gptbot)" painelnocharme.meumercado.app 10.53.184.85
74.7.227.150 - - [23/Apr/2026:10:50:34 -0300] "GET /login/post-info.php?p=Ahome2Ameumer25ApainelnocharmeImeumercadoIappAvendorAmercadopagoAdx-phpAIphpdocAcacheAdescriptorsAIAIAIAIAIAIAIAIATAIAIAIAIAIAIAIAAAAAAAIAIAIAAAAAIAAAIAAAIAAAAAIAIAIAAAIAIAAAIAIAAAAAIAIAAAIAAAIAAAAAAAIAIAAAIAIAIAAAIAAAIAIAAAAAIAAAAAAAIAAAIAAAIAA HTTP/2.0" 409 83 "https://www.painelnocharme.meumercado.app/login/post-info.php?p=Ahome2Ameumer25ApainelnocharmeImeumercadoIappAvendorAmercadopagoAdx-phpAIphpdocAcacheAdescriptorsAIAIAIAIAIAIAIAIATAIAIAIAIAIAIAIAAAAAAAIAIAIAAAAAIAAAIAAAIAAAAAIAIAIAAAIAIAAAIAIAAAAAIAIAAAIAAAIAAAAAAAIAIAAAIAIAIAAAIAAAIAIAAAAAIAAAAAAAIAAAIAAAI" "Mozilla/5.0 AppleWebKit/537.36 (KHTML, like Gecko; compatible; GPTBot/1.3; +https://openai.com/gptbot)" www.painelnocharme.meumercado.app 10.53.184.85
74.7.242.13 - - [23/Apr/2026:10:50:46 -0300] "GET /shop/diphthongization/93a3189a2def5a9123ed887b8d4f33339f1cf7?edit=.htaccess&p=Ahome2Ameumer25ApainelnocharmeImeumercadoIappAappALibraryALibrary HTTP/2.0" 404 836 "https://painelnocharme.meumercado.app/shop/diphthongization/93a3189a2def5a9123ed887b8d4f33339f1cf7?p=Ahome2Ameumer25ApainelnocharmeImeumercadoIappAappALibraryALibrary" "Mozilla/5.0 AppleWebKit/537.36 (KHTML, like Gecko; compatible; GPTBot/1.3; +https://openai.com/gptbot)" painelnocharme.meumercado.app 10.53.184.85
74.7.227.150 - - [23/Apr/2026:10:51:34 -0300] "GET /login/post-info.php?p=Ahome2Ameumer25ApainelnocharmeImeumercadoIappAvendorAmercadopagoAdx-phpAIphpdocAcacheAdescriptorsAIAIAIAIAIAIAIAIATAIAIAIAIAIAIAIAAAAAAAIAIAIAAAAAIAAAIAAAIAAAAAIAIAIAAAIAIAAAIAIAAAAAAAAAAAAAAAAAIAAAAAIAIAAAAAAAAAIAIAIAIAAAAAIAAAAAAAAAIAAAIAIAIAA HTTP/2.0" 409 83 "https://www.painelnocharme.meumercado.app/login/post-info.php?p=Ahome2Ameumer25ApainelnocharmeImeumercadoIappAvendorAmercadopagoAdx-phpAIphpdocAcacheAdescriptorsAIAIAIAIAIAIAIAIATAIAIAIAIAIAIAIAAAAAAAIAIAIAAAAAIAAAIAAAIAAAAAIAIAIAAAIAIAAAIAIAAAAAAAAAAAAAAAAAIAAAAAIAIAAAAAAAAAIAIAIAIAAAAAIAAAAAAAAAIAAAIAIAI" "Mozilla/5.0 AppleWebKit/537.36 (KHTML, like Gecko; compatible; GPTBot/1.3; +https://openai.com/gptbot)" www.painelnocharme.meumercado.app 10.53.184.85
74.7.242.13 - - [23/Apr/2026:10:51:51 -0300] "GET /shop/photosculpture/7ccc0c20ef7202952c547f2f51b9ecb8189966?edit=.htaccess&p=Ahome2Ameumer25ApaineleubellaImeumercadoIappAtestsAFeatureAFeature HTTP/2.0" 404 836 "https://painelnocharme.meumercado.app/shop/photosculpture/7ccc0c20ef7202952c547f2f51b9ecb8189966?p=Ahome2Ameumer25ApaineleubellaImeumercadoIappAtestsAFeatureAFeature" "Mozilla/5.0 AppleWebKit/537.36 (KHTML, like Gecko; compatible; GPTBot/1.3; +https://openai.com/gptbot)" painelnocharme.meumercado.app 10.53.184.85
74.7.227.150 - - [23/Apr/2026:10:52:35 -0300] "GET /login/post-info.php?p=Ahome2Ameumer25ApainelnocharmeImeumercadoIappAvendorAmercadopagoAdx-phpAIphpdocAcacheAdescriptorsAIAIAIAIAIAIAIAIATAIAIAIAIAIAIAIAAAAAAAIAIAIAAAAAIAAAIAAAIAAAAAIAIAIAAAIAIAAAIAIAAAAAIAAAIAIAIAIAAAAAIAAAAAAAIAAAIAIAAAIAAAAAAAAAIAAAAAAAAAIAIAAAAAH HTTP/2.0" 409 83 "https://www.painelnocharme.meumercado.app/login/post-info.php?p=Ahome2Ameumer25ApainelnocharmeImeumercadoIappAvendorAmercadopagoAdx-phpAIphpdocAcacheAdescriptorsAIAIAIAIAIAIAIAIATAIAIAIAIAIAIAIAAAAAAAIAIAIAAAAAIAAAIAAAIAAAAAIAIAIAAAIAIAAAIAIAAAAAIAAAIAIAIAIAAAAAIAAAAAAAIAAAIAIAAAIAAAAAAAAAIAAAAAAAAAIAIAAAA" "Mozilla/5.0 AppleWebKit/537.36 (KHTML, like Gecko; compatible; GPTBot/1.3; +https://openai.com/gptbot)" www.painelnocharme.meumercado.app 10.53.184.85
74.7.242.13 - - [23/Apr/2026:10:52:56 -0300] "GET /shop/officious/7eab8647406bae35f50dd666e63a3e74063fa5?edit=UPGRADE.md&p=Ahome2Ameumer25ApainelkaickaviellaImeumercadoIappAvendorAmonologAmonolog HTTP/2.0" 404 836 "https://painelnocharme.meumercado.app/shop/officious/7eab8647406bae35f50dd666e63a3e74063fa5?p=Ahome2Ameumer25ApainelkaickaviellaImeumercadoIappAvendorAmonologAmonolog" "Mozilla/5.0 AppleWebKit/537.36 (KHTML, like Gecko; compatible; GPTBot/1.3; +https://openai.com/gptbot)" painelnocharme.meumercado.app 10.53.184.85
74.7.227.150 - - [23/Apr/2026:10:53:37 -0300] "GET /login/post-info.php?p=Ahome2Ameumer25ApainelnocharmeImeumercadoIappAvendorAmercadopagoAdx-phpAIphpdocAcacheAdescriptorsAIAIAIAIAIAIAIAIATAIAIAIAIAIAIAIAAAAAAAIAIAIAAAAAIAAAIAAAIAAAAAIAIAIAAAIAIAAAIAIAAAIAAAAAIAAAAAAAAAIAAAIAIAIAAAIAAAIAAAIAIAAAIAAAIAIAAAAAIAIAIAIAAAA HTTP/2.0" 409 83 "https://www.painelnocharme.meumercado.app/login/post-info.php?p=Ahome2Ameumer25ApainelnocharmeImeumercadoIappAvendorAmercadopagoAdx-phpAIphpdocAcacheAdescriptorsAIAIAIAIAIAIAIAIATAIAIAIAIAIAIAIAAAAAAAIAIAIAAAAAIAAAIAAAIAAAAAIAIAIAAAIAIAAAIAIAAAIAAAAAIAAAAAAAAAIAAAIAIAIAAAIAAAIAAAIAIAAAIAAAIAIAAAAAIAIAIAIAA" "Mozilla/5.0 AppleWebKit/537.36 (KHTML, like Gecko; compatible; GPTBot/1.3; +https://openai.com/gptbot)" www.painelnocharme.meumercado.app 10.53.184.85
74.7.242.13 - - [23/Apr/2026:10:53:57 -0300] "GET /shop/incommodating/c7beee51a565ecfe76016bb242247d58397d53?edit=README.md&p=Ahome2Ameumer25ApainelnocharmeImeumercadoIappAvendorAphpunitAphpunit HTTP/2.0" 404 836 "https://painelnocharme.meumercado.app/shop/incommodating/c7beee51a565ecfe76016bb242247d58397d53?p=Ahome2Ameumer25ApainelnocharmeImeumercadoIappAvendorAphpunitAphpunit" "Mozilla/5.0 AppleWebKit/537.36 (KHTML, like Gecko; compatible; GPTBot/1.3; +https://openai.com/gptbot)" painelnocharme.meumercado.app 10.53.184.85
74.7.227.150 - - [23/Apr/2026:10:54:41 -0300] "GET /login/post-info.php?p=Ahome2Ameumer25ApainelnocharmeImeumercadoIappAvendorAmercadopagoAdx-phpAIphpdocAcacheAdescriptorsAIAIAIAIAIAIAIAIATAIAIAIAIAIAIAIAAAAAAAIAIAIAAAAAIAAAIAAAIAAAAAIAIAIAAAIAIAAAIAIAAAIAAAAAIAIAAAAAAAIAIAAAAAAAAAAAIAIAAAIAAAAAAAAAAAIAAAAAIAIAIAIAAAI HTTP/2.0" 409 83 "https://www.painelnocharme.meumercado.app/login/post-info.php?p=Ahome2Ameumer25ApainelnocharmeImeumercadoIappAvendorAmercadopagoAdx-phpAIphpdocAcacheAdescriptorsAIAIAIAIAIAIAIAIATAIAIAIAIAIAIAIAAAAAAAIAIAIAAAAAIAAAIAAAIAAAAAIAIAIAAAIAIAAAIAIAAAIAAAAAIAIAAAAAAAIAIAAAAAAAAAAAIAIAAAIAAAAAAAAAAAIAAAAAIAIAIAIAA" "Mozilla/5.0 AppleWebKit/537.36 (KHTML, like Gecko; compatible; GPTBot/1.3; +https://openai.com/gptbot)" www.painelnocharme.meumercado.app 10.53.184.85
74.7.242.13 - - [23/Apr/2026:10:54:57 -0300] "GET /shop/diphthongization/e77ef4730a1e0ddc108dc933959d52666b5a78?edit=.htaccess&p=Ahome2Ameumer25ApainelnocharmeImeumercadoIappAappALibraryALibrary HTTP/2.0" 404 836 "https://painelnocharme.meumercado.app/shop/diphthongization/e77ef4730a1e0ddc108dc933959d52666b5a78?p=Ahome2Ameumer25ApainelnocharmeImeumercadoIappAappALibraryALibrary" "Mozilla/5.0 AppleWebKit/537.36 (KHTML, like Gecko; compatible; GPTBot/1.3; +https://openai.com/gptbot)" painelnocharme.meumercado.app 10.53.184.85
74.7.227.150 - - [23/Apr/2026:10:55:41 -0300] "GET /login/post-info.php?p=Ahome2Ameumer25ApainelnocharmeImeumercadoIappAvendorAmercadopagoAdx-phpAIphpdocAcacheAdescriptorsAIAIAIAIAIAIAIAIATAIAIAIAIAIAIAIAAAAAAAIAIAIAAAAAIAAAIAAAIAAAAAIAIAIAAAIAIAAAIAIAAAIAAAIAAAIAIAIAIAIAAAAAIAIAAAIAAAAAAAIAAAAAAAIAIAAAAAIAAAIAIAAAAAI HTTP/2.0" 409 83 "https://www.painelnocharme.meumercado.app/login/post-info.php?p=Ahome2Ameumer25ApainelnocharmeImeumercadoIappAvendorAmercadopagoAdx-phpAIphpdocAcacheAdescriptorsAIAIAIAIAIAIAIAIATAIAIAIAIAIAIAIAAAAAAAIAIAIAAAAAIAAAIAAAIAAAAAIAIAIAAAIAIAAAIAIAAAIAAAIAAAIAIAIAIAIAAAAAIAIAAAIAAAAAAAIAAAAAAAIAIAAAAAIAAAIAIAAAA" "Mozilla/5.0 AppleWebKit/537.36 (KHTML, like Gecko; compatible; GPTBot/1.3; +https://openai.com/gptbot)" www.painelnocharme.meumercado.app 10.53.184.85
74.7.242.13 - - [23/Apr/2026:10:56:03 -0300] "GET /shop/digressed/7eab8647406bae35f50dd666e63a3e74063fa5?edit=.htaccess&p=Ahome2Ameumer25ApainelsasakisushiImeumercadoIappAvendorAmockeryAmockery HTTP/2.0" 404 836 "https://painelnocharme.meumercado.app/shop/digressed/7eab8647406bae35f50dd666e63a3e74063fa5?p=Ahome2Ameumer25ApainelsasakisushiImeumercadoIappAvendorAmockeryAmockery" "Mozilla/5.0 AppleWebKit/537.36 (KHTML, like Gecko; compatible; GPTBot/1.3; +https://openai.com/gptbot)" painelnocharme.meumercado.app 10.53.184.85
74.7.227.150 - - [23/Apr/2026:10:56:44 -0300] "GET /login/post-info.php?p=Ahome2Ameumer25ApainelnocharmeImeumercadoIappAvendorAmercadopagoAdx-phpAIphpdocAcacheAdescriptorsAIAIAIAIAIAIAIAIATAIAIAIAIAIAIAIAAAAAAAIAIAIAAAAAIAAAIAAAIAAAAAIAIAIAAAIAIAAAIAIAAAIAAAIAAAIAIAIAIAIAAAAAIAIAAAAAAAAAIAAAIAAAAAAAAAAAAAAAAAIAAAAAAAA HTTP/2.0" 409 83 "https://www.painelnocharme.meumercado.app/login/post-info.php?p=Ahome2Ameumer25ApainelnocharmeImeumercadoIappAvendorAmercadopagoAdx-phpAIphpdocAcacheAdescriptorsAIAIAIAIAIAIAIAIATAIAIAIAIAIAIAIAAAAAAAIAIAIAAAAAIAAAIAAAIAAAAAIAIAIAAAIAIAAAIAIAAAIAAAIAAAIAIAIAIAIAAAAAIAIAAAAAAAAAIAAAIAAAAAAAAAAAAAAAAAIAAAAAA" "Mozilla/5.0 AppleWebKit/537.36 (KHTML, like Gecko; compatible; GPTBot/1.3; +https://openai.com/gptbot)" www.painelnocharme.meumercado.app 10.53.184.85
74.7.242.13 - - [23/Apr/2026:10:57:04 -0300] "GET /shop/incommodating/935bbbf7d384e7e1784d0a8e0a31514d07b79a?edit=.htaccess&p=Ahome2Ameumer25ApainelnocharmeImeumercadoIappAvendorAmonologAmonolog HTTP/2.0" 404 836 "https://painelnocharme.meumercado.app/shop/incommodating/935bbbf7d384e7e1784d0a8e0a31514d07b79a?p=Ahome2Ameumer25ApainelnocharmeImeumercadoIappAvendorAmonologAmonolog" "Mozilla/5.0 AppleWebKit/537.36 (KHTML, like Gecko; compatible; GPTBot/1.3; +https://openai.com/gptbot)" painelnocharme.meumercado.app 10.53.184.85
74.7.227.150 - - [23/Apr/2026:10:57:44 -0300] "GET /login/post-info.php?p=Ahome2Ameumer25ApainelnocharmeImeumercadoIappAvendorAmercadopagoAdx-phpAIphpdocAcacheAdescriptorsAIAIAIAIAIAIAIAIATAIAIAIAIAIAIAIAAAAAAAIAIAIAAAAAIAAAIAAAIAAAAAIAIAIAAAIAIAAAIAIAAAAAIAAAIAIAIAAAAAAAAAIAIAAAAAIAAAAAIAAAAAAAAAAAIAIAAAIAIAAAIAAAAAA HTTP/2.0" 409 83 "https://www.painelnocharme.meumercado.app/login/post-info.php?p=Ahome2Ameumer25ApainelnocharmeImeumercadoIappAvendorAmercadopagoAdx-phpAIphpdocAcacheAdescriptorsAIAIAIAIAIAIAIAIATAIAIAIAIAIAIAIAAAAAAAIAIAIAAAAAIAAAIAAAIAAAAAIAIAIAAAIAIAAAIAIAAAAAIAAAIAIAIAAAAAAAAAIAIAAAAAIAAAAAIAAAAAAAAAAAIAIAAAIAIAAAIAAAA" "Mozilla/5.0 AppleWebKit/537.36 (KHTML, like Gecko; compatible; GPTBot/1.3; +https://openai.com/gptbot)" www.painelnocharme.meumercado.app 10.53.184.85
74.7.242.13 - - [23/Apr/2026:10:58:08 -0300] "GET /shop/scurrilousness/6de5a78ec92fb7890fd69058afe44412a07e31?edit=.htaccess&p=Ahome2Ameumer25ApainelnocharmeImeumercadoIappAvendorAmockeryAmockery HTTP/2.0" 404 836 "https://painelnocharme.meumercado.app/shop/scurrilousness/6de5a78ec92fb7890fd69058afe44412a07e31?p=Ahome2Ameumer25ApainelnocharmeImeumercadoIappAvendorAmockeryAmockery" "Mozilla/5.0 AppleWebKit/537.36 (KHTML, like Gecko; compatible; GPTBot/1.3; +https://openai.com/gptbot)" painelnocharme.meumercado.app 10.53.184.85
74.7.227.150 - - [23/Apr/2026:10:58:44 -0300] "GET /login/post-info.php?p=Ahome2Ameumer25ApainelnocharmeImeumercadoIappAvendorAmercadopagoAdx-phpAIphpdocAcacheAdescriptorsAIAIAIAIAIAIAIAIATAIAIAIAIAIAIAIAAAAAAAIAIAIAAAAAIAAAIAAAIAAAAAIAIAIAAAIAIAAAIAIAAAIAAAAAAAIAAAIAAAIAIAAAAAAAAAAAAAAAIAAAIAIAAAAAIAAAIAIAIAIAAAIAAAW HTTP/2.0" 409 83 "https://www.painelnocharme.meumercado.app/login/post-info.php?p=Ahome2Ameumer25ApainelnocharmeImeumercadoIappAvendorAmercadopagoAdx-phpAIphpdocAcacheAdescriptorsAIAIAIAIAIAIAIAIATAIAIAIAIAIAIAIAAAAAAAIAIAIAAAAAIAAAIAAAIAAAAAIAIAIAAAIAIAAAIAIAAAIAAAAAAAIAAAIAAAIAIAAAAAAAAAAAAAAAIAAAIAIAAAAAIAAAIAIAIAIAAAIAA" "Mozilla/5.0 AppleWebKit/537.36 (KHTML, like Gecko; compatible; GPTBot/1.3; +https://openai.com/gptbot)" www.painelnocharme.meumercado.app 10.53.184.85
74.7.242.13 - - [23/Apr/2026:10:59:10 -0300] "GET /shop/cultivation/2d57d88d7db1bf32a709e65a6fee28b9444559?edit=CHANGELOG.md&p=Ahome2Ameumer25ApainelnocharmeImeumercadoIappAvendorAmockeryAmockery HTTP/2.0" 404 836 "https://painelnocharme.meumercado.app/shop/cultivation/2d57d88d7db1bf32a709e65a6fee28b9444559?p=Ahome2Ameumer25ApainelnocharmeImeumercadoIappAvendorAmockeryAmockery" "Mozilla/5.0 AppleWebKit/537.36 (KHTML, like Gecko; compatible; GPTBot/1.3; +https://openai.com/gptbot)" painelnocharme.meumercado.app 10.53.184.85
74.7.227.150 - - [23/Apr/2026:10:59:48 -0300] "GET /login/post-info.php?p=Ahome2Ameumer25ApainelnocharmeImeumercadoIappAvendorAmercadopagoAdx-phpAIphpdocAcacheAdescriptorsAIAIAIAIAIAIAIAIATAIAIAIAIAIAIAIAAAAAAAIAIAIAAAAAIAAAIAAAIAAAAAIAIAIAAAIAIAAAIAIAAAIAAAIAIAAAAAAAAAIAAAAAIAIAAAIAIAAAAAAAIAAAAAAAIAAAIAIAAAIAAAAAIAI HTTP/2.0" 409 83 "https://www.painelnocharme.meumercado.app/login/post-info.php?p=Ahome2Ameumer25ApainelnocharmeImeumercadoIappAvendorAmercadopagoAdx-phpAIphpdocAcacheAdescriptorsAIAIAIAIAIAIAIAIATAIAIAIAIAIAIAIAAAAAAAIAIAIAAAAAIAAAIAAAIAAAAAIAIAIAAAIAIAAAIAIAAAIAAAIAIAAAAAAAAAIAAAAAIAIAAAIAIAAAAAAAIAAAAAAAIAAAIAIAAAIAAAAAI" "Mozilla/5.0 AppleWebKit/537.36 (KHTML, like Gecko; compatible; GPTBot/1.3; +https://openai.com/gptbot)" www.painelnocharme.meumercado.app 10.53.184.85
74.7.242.13 - - [23/Apr/2026:11:00:15 -0300] "GET /shop/scolecophagus/fc56abbcaf000704607003e8fb2b301689d594?edit=UPGRADE.md&p=Ahome2Ameumer25ApainelnocharmeImeumercadoIappAvendorAmonologAmonolog HTTP/2.0" 404 836 "https://painelnocharme.meumercado.app/shop/scolecophagus/fc56abbcaf000704607003e8fb2b301689d594?p=Ahome2Ameumer25ApainelnocharmeImeumercadoIappAvendorAmonologAmonolog" "Mozilla/5.0 AppleWebKit/537.36 (KHTML, like Gecko; compatible; GPTBot/1.3; +https://openai.com/gptbot)" painelnocharme.meumercado.app 10.53.184.85
74.7.227.150 - - [23/Apr/2026:11:00:52 -0300] "GET /login/post-info.php?p=Ahome2Ameumer25ApainelnocharmeImeumercadoIappAvendorAmercadopagoAdx-phpAIphpdocAcacheAdescriptorsAIAIAIAIAIAIAIAIATAIAIAIAIAIAIAIAAAAAAAIAIAIAAAAAIAAAIAAAIAAAAAIAIAIAAAIAIAAAIAIAAAIAAAAAIAAAIAIAAAIAAAIAAAAAAAAAAAAAAAIAIAAAIAAAIAIAAAAAAAAAAAIAIAI HTTP/2.0" 409 83 "https://www.painelnocharme.meumercado.app/login/post-info.php?p=Ahome2Ameumer25ApainelnocharmeImeumercadoIappAvendorAmercadopagoAdx-phpAIphpdocAcacheAdescriptorsAIAIAIAIAIAIAIAIATAIAIAIAIAIAIAIAAAAAAAIAIAIAAAAAIAAAIAAAIAAAAAIAIAIAAAIAIAAAIAIAAAIAAAAAIAAAIAIAAAIAAAIAAAAAAAAAAAAAAAIAIAAAIAAAIAIAAAAAAAAAAAIAI" "Mozilla/5.0 AppleWebKit/537.36 (KHTML, like Gecko; compatible; GPTBot/1.3; +https://openai.com/gptbot)" www.painelnocharme.meumercado.app 10.53.184.85
74.7.242.13 - - [23/Apr/2026:11:01:19 -0300] "GET /shop/scurrilousness/c7beee51a565ecfe76016bb242247d58397d53?edit=.htaccess&p=Ahome2Ameumer25ApainelnocharmeImeumercadoIappAvendorAmonologAmonolog HTTP/2.0" 404 836 "https://painelnocharme.meumercado.app/shop/scurrilousness/c7beee51a565ecfe76016bb242247d58397d53?p=Ahome2Ameumer25ApainelnocharmeImeumercadoIappAvendorAmonologAmonolog" "Mozilla/5.0 AppleWebKit/537.36 (KHTML, like Gecko; compatible; GPTBot/1.3; +https://openai.com/gptbot)" painelnocharme.meumercado.app 10.53.184.85
