74.7.227.150 - - [23/Apr/2026:11:01:55 -0300] "GET /login/post-info.php?p=Ahome2Ameumer25ApainelnocharmeImeumercadoIappAvendorAmercadopagoAdx-phpAIphpdocAcacheAdescriptorsAIAIAIAIAIAIAIAIATAIAIAIAIAIAIAIAAAAAAAIAIAIAAAAAIAAAIAAAIAAAAAIAIAIAAAIAIAAAIAIAAAAAAAIAIAAAIAIAIAAAAAAAAAAAIAIAAAAAIAIAAAIAIAAAIAAAAAAAAAIAIAIAIAH HTTP/2.0" 409 83 "https://www.painelnocharme.meumercado.app/login/post-info.php?p=Ahome2Ameumer25ApainelnocharmeImeumercadoIappAvendorAmercadopagoAdx-phpAIphpdocAcacheAdescriptorsAIAIAIAIAIAIAIAIATAIAIAIAIAIAIAIAAAAAAAIAIAIAAAAAIAAAIAAAIAAAAAIAIAIAAAIAIAAAIAIAAAAAAAIAIAAAIAIAIAAAAAAAAAAAIAIAAAAAIAIAAAIAIAAAIAAAAAAAAAIAIAIAI" "Mozilla/5.0 AppleWebKit/537.36 (KHTML, like Gecko; compatible; GPTBot/1.3; +https://openai.com/gptbot)" www.painelnocharme.meumercado.app 10.53.184.85
74.7.242.13 - - [23/Apr/2026:11:02:21 -0300] "GET /shop/coalblack/7eab8647406bae35f50dd666e63a3e74063fa5?edit=README.md&p=Ahome2Ameumer25ApainelbistroemcasaImeumercadoIappAvendorAphpunitAphpunit HTTP/2.0" 404 836 "https://painelnocharme.meumercado.app/shop/coalblack/7eab8647406bae35f50dd666e63a3e74063fa5?p=Ahome2Ameumer25ApainelbistroemcasaImeumercadoIappAvendorAphpunitAphpunit" "Mozilla/5.0 AppleWebKit/537.36 (KHTML, like Gecko; compatible; GPTBot/1.3; +https://openai.com/gptbot)" painelnocharme.meumercado.app 10.53.184.85
74.7.227.150 - - [23/Apr/2026:11:02:56 -0300] "GET /login/post-info.php?p=Ahome2Ameumer25ApainelnocharmeImeumercadoIappAvendorAmercadopagoAdx-phpAIphpdocAcacheAdescriptorsAIAIAIAIAIAIAIAIATAIAIAIAIAIAIAIAAAAAAAIAIAIAAAAAIAAAIAAAIAAAAAIAIAIAAAIAIAAAIAIAAAIAAAIAAAIAIAIAIAIAAAAAIAIAAAAAAAAAIAAAIAAAAAAAIAIAIAIAIAAAIAIAIAI HTTP/2.0" 409 83 "https://www.painelnocharme.meumercado.app/login/post-info.php?p=Ahome2Ameumer25ApainelnocharmeImeumercadoIappAvendorAmercadopagoAdx-phpAIphpdocAcacheAdescriptorsAIAIAIAIAIAIAIAIATAIAIAIAIAIAIAIAAAAAAAIAIAIAAAAAIAAAIAAAIAAAAAIAIAIAAAIAIAAAIAIAAAIAAAIAAAIAIAIAIAIAAAAAIAIAAAAAAAAAIAAAIAAAAAAAIAIAIAIAIAAAIAIAI" "Mozilla/5.0 AppleWebKit/537.36 (KHTML, like Gecko; compatible; GPTBot/1.3; +https://openai.com/gptbot)" www.painelnocharme.meumercado.app 10.53.184.85
74.7.242.13 - - [23/Apr/2026:11:03:23 -0300] "GET /shop/diphthongization/0d4d886249096d07a99bc39f0003d2d9dd13cc?edit=.htaccess&p=Ahome2Ameumer25ApainelnocharmeImeumercadoIappAappALibraryALibrary HTTP/2.0" 404 836 "https://painelnocharme.meumercado.app/shop/diphthongization/0d4d886249096d07a99bc39f0003d2d9dd13cc?p=Ahome2Ameumer25ApainelnocharmeImeumercadoIappAappALibraryALibrary" "Mozilla/5.0 AppleWebKit/537.36 (KHTML, like Gecko; compatible; GPTBot/1.3; +https://openai.com/gptbot)" painelnocharme.meumercado.app 10.53.184.85
74.7.227.150 - - [23/Apr/2026:11:04:02 -0300] "GET /login/post-info.php?p=Ahome2Ameumer25ApainelnocharmeImeumercadoIappAvendorAmercadopagoAdx-phpAIphpdocAcacheAdescriptorsAIAIAIAIAIAIAIAIATAIAIAIAIAIAIAIAAAAAAAIAIAIAAAAAIAAAIAAAIAAAAAIAIAIAAAIAIAAAIAIAAAAAIAIAAAAAAAAAIAAAAAAAIAAAIAIAIAAAAAAAIAAAIAAAIAIAIAIAAAIAIAIAIAH HTTP/2.0" 409 83 "https://www.painelnocharme.meumercado.app/login/post-info.php?p=Ahome2Ameumer25ApainelnocharmeImeumercadoIappAvendorAmercadopagoAdx-phpAIphpdocAcacheAdescriptorsAIAIAIAIAIAIAIAIATAIAIAIAIAIAIAIAAAAAAAIAIAIAAAAAIAAAIAAAIAAAAAIAIAIAAAIAIAAAIAIAAAAAIAIAAAAAAAAAIAAAAAAAIAAAIAIAIAAAAAAAIAAAIAAAIAIAIAIAAAIAIAIAI" "Mozilla/5.0 AppleWebKit/537.36 (KHTML, like Gecko; compatible; GPTBot/1.3; +https://openai.com/gptbot)" www.painelnocharme.meumercado.app 10.53.184.85
74.7.242.13 - - [23/Apr/2026:11:04:25 -0300] "GET /shop/scolecophagus/fc56abbcaf000704607003e8fb2b301689d594?edit=README.md&p=Ahome2Ameumer25ApainelnocharmeImeumercadoIappAvendorAmockeryAmockery HTTP/2.0" 404 836 "https://painelnocharme.meumercado.app/shop/scolecophagus/fc56abbcaf000704607003e8fb2b301689d594?p=Ahome2Ameumer25ApainelnocharmeImeumercadoIappAvendorAmockeryAmockery" "Mozilla/5.0 AppleWebKit/537.36 (KHTML, like Gecko; compatible; GPTBot/1.3; +https://openai.com/gptbot)" painelnocharme.meumercado.app 10.53.184.85
74.7.227.150 - - [23/Apr/2026:11:05:08 -0300] "GET /login/post-info.php?p=Ahome2Ameumer25ApainelnocharmeImeumercadoIappAvendorAmercadopagoAdx-phpAIphpdocAcacheAdescriptorsAIAIAIAIAIAIAIAIATAIAIAIAIAIAIAIAAAAAAAIAIAIAAAAAIAAAIAAAIAAAAAIAIAIAAAIAIAAAIAIAAAIAAAIAAAIAIAIAIAIAAAAAIAIAAAIAAAAAAAIAAAAAAAIAIAAAIAIAIAAAIAAAAAA HTTP/2.0" 409 83 "https://www.painelnocharme.meumercado.app/login/post-info.php?p=Ahome2Ameumer25ApainelnocharmeImeumercadoIappAvendorAmercadopagoAdx-phpAIphpdocAcacheAdescriptorsAIAIAIAIAIAIAIAIATAIAIAIAIAIAIAIAAAAAAAIAIAIAAAAAIAAAIAAAIAAAAAIAIAIAAAIAIAAAIAIAAAIAAAIAAAIAIAIAIAIAAAAAIAIAAAIAAAAAAAIAAAAAAAIAIAAAIAIAIAAAIAAAA" "Mozilla/5.0 AppleWebKit/537.36 (KHTML, like Gecko; compatible; GPTBot/1.3; +https://openai.com/gptbot)" www.painelnocharme.meumercado.app 10.53.184.85
74.7.242.13 - - [23/Apr/2026:11:05:29 -0300] "GET /shop/autocephalous/c7beee51a565ecfe76016bb242247d58397d53?edit=README.md&p=Ahome2Ameumer25ApainelnocharmeImeumercadoIappAvendorAphpunitAphpunit HTTP/2.0" 404 836 "https://painelnocharme.meumercado.app/shop/autocephalous/c7beee51a565ecfe76016bb242247d58397d53?p=Ahome2Ameumer25ApainelnocharmeImeumercadoIappAvendorAphpunitAphpunit" "Mozilla/5.0 AppleWebKit/537.36 (KHTML, like Gecko; compatible; GPTBot/1.3; +https://openai.com/gptbot)" painelnocharme.meumercado.app 10.53.184.85
74.7.227.150 - - [23/Apr/2026:11:06:12 -0300] "GET /login/post-info.php?p=Ahome2Ameumer25ApainelnocharmeImeumercadoIappAvendorAmercadopagoAdx-phpAIphpdocAcacheAdescriptorsAIAIAIAIAIAIAIAIATAIAIAIAIAIAIAIAAAAAAAIAIAIAAAAAIAAAIAAAIAAAAAIAIAIAAAIAIAAAIAIAAAIAAAAAIAAAAAAAAAIAAAIAIAIAAAIAAAIAAAIAIAAAIAAAIAIAAAAAIAIAAAAAAAG HTTP/2.0" 409 83 "https://www.painelnocharme.meumercado.app/login/post-info.php?p=Ahome2Ameumer25ApainelnocharmeImeumercadoIappAvendorAmercadopagoAdx-phpAIphpdocAcacheAdescriptorsAIAIAIAIAIAIAIAIATAIAIAIAIAIAIAIAAAAAAAIAIAIAAAAAIAAAIAAAIAAAAAIAIAIAAAIAIAAAIAIAAAIAAAAAIAAAAAAAAAIAAAIAIAIAAAIAAAIAAAIAIAAAIAAAIAIAAAAAIAIAAAAAA" "Mozilla/5.0 AppleWebKit/537.36 (KHTML, like Gecko; compatible; GPTBot/1.3; +https://openai.com/gptbot)" www.painelnocharme.meumercado.app 10.53.184.85
74.7.242.13 - - [23/Apr/2026:11:06:34 -0300] "GET /shop/coalblack/7eab8647406bae35f50dd666e63a3e74063fa5?edit=README.md&p=Ahome2Ameumer25ApainelkaickaviellaImeumercadoIappAvendorAphpunitAphpunit HTTP/2.0" 404 836 "https://painelnocharme.meumercado.app/shop/coalblack/7eab8647406bae35f50dd666e63a3e74063fa5?p=Ahome2Ameumer25ApainelkaickaviellaImeumercadoIappAvendorAphpunitAphpunit" "Mozilla/5.0 AppleWebKit/537.36 (KHTML, like Gecko; compatible; GPTBot/1.3; +https://openai.com/gptbot)" painelnocharme.meumercado.app 10.53.184.85
74.7.227.150 - - [23/Apr/2026:11:07:14 -0300] "GET /login/post-info.php?p=Ahome2Ameumer25ApainelnocharmeImeumercadoIappAvendorAmercadopagoAdx-phpAIphpdocAcacheAdescriptorsAIAIAIAIAIAIAIAIATAIAIAIAIAIAIAIAAAAAAAIAIAIAAAAAIAAAIAAAIAAAAAIAIAIAAAIAIAAAIAIAAAAAIAIAAAIAIAIAIAAAAAAAAAIAAAIAAAAAIAAAAAAAIAAAIAIAAAIAAAAAIAAAIAG HTTP/2.0" 409 83 "https://www.painelnocharme.meumercado.app/login/post-info.php?p=Ahome2Ameumer25ApainelnocharmeImeumercadoIappAvendorAmercadopagoAdx-phpAIphpdocAcacheAdescriptorsAIAIAIAIAIAIAIAIATAIAIAIAIAIAIAIAAAAAAAIAIAIAAAAAIAAAIAAAIAAAAAIAIAIAAAIAIAAAIAIAAAAAIAIAAAIAIAIAIAAAAAAAAAIAAAIAAAAAIAAAAAAAIAAAIAIAAAIAAAAAIAAAI" "Mozilla/5.0 AppleWebKit/537.36 (KHTML, like Gecko; compatible; GPTBot/1.3; +https://openai.com/gptbot)" www.painelnocharme.meumercado.app 10.53.184.85
74.7.242.13 - - [23/Apr/2026:11:07:36 -0300] "GET /shop/coalblack/7eab8647406bae35f50dd666e63a3e74063fa5?edit=.htaccess&p=Ahome2Ameumer25ApainelbistroemcasaImeumercadoIappAvendorAmockeryAmockery HTTP/2.0" 404 836 "https://painelnocharme.meumercado.app/shop/coalblack/7eab8647406bae35f50dd666e63a3e74063fa5?p=Ahome2Ameumer25ApainelbistroemcasaImeumercadoIappAvendorAmockeryAmockery" "Mozilla/5.0 AppleWebKit/537.36 (KHTML, like Gecko; compatible; GPTBot/1.3; +https://openai.com/gptbot)" painelnocharme.meumercado.app 10.53.184.85
74.7.227.150 - - [23/Apr/2026:11:08:15 -0300] "GET /login/post-info.php?p=Ahome2Ameumer25ApainelnocharmeImeumercadoIappAvendorAmercadopagoAdx-phpAIphpdocAcacheAdescriptorsAIAIAIAIAIAIAIAIATAIAIAIAIAIAIAIAAAAAAAIAIAIAAAAAIAAAIAAAIAAAAAIAIAIAAAIAIAAAIAIAAAAAIAIAAAAAAAAAIAAAAAAAIAAAIAAAIAIAIAAAIAAAIAIAAAIAIAIAAAIAIAIAIAW HTTP/2.0" 409 83 "https://www.painelnocharme.meumercado.app/login/post-info.php?p=Ahome2Ameumer25ApainelnocharmeImeumercadoIappAvendorAmercadopagoAdx-phpAIphpdocAcacheAdescriptorsAIAIAIAIAIAIAIAIATAIAIAIAIAIAIAIAAAAAAAIAIAIAAAAAIAAAIAAAIAAAAAIAIAIAAAIAIAAAIAIAAAAAIAIAAAAAAAAAIAAAAAAAIAAAIAAAIAIAIAAAIAAAIAIAAAIAIAIAAAIAIAIAI" "Mozilla/5.0 AppleWebKit/537.36 (KHTML, like Gecko; compatible; GPTBot/1.3; +https://openai.com/gptbot)" www.painelnocharme.meumercado.app 10.53.184.85
74.7.242.13 - - [23/Apr/2026:11:08:36 -0300] "GET /shop/scolecophagus/fc56abbcaf000704607003e8fb2b301689d594?edit=.htaccess&p=Ahome2Ameumer25ApainelnocharmeImeumercadoIappAtestsAFeatureAFeature HTTP/2.0" 404 836 "https://painelnocharme.meumercado.app/shop/scolecophagus/fc56abbcaf000704607003e8fb2b301689d594?p=Ahome2Ameumer25ApainelnocharmeImeumercadoIappAtestsAFeatureAFeature" "Mozilla/5.0 AppleWebKit/537.36 (KHTML, like Gecko; compatible; GPTBot/1.3; +https://openai.com/gptbot)" painelnocharme.meumercado.app 10.53.184.85
74.7.227.150 - - [23/Apr/2026:11:09:17 -0300] "GET /login/post-info.php?p=Ahome2Ameumer25ApainelnocharmeImeumercadoIappAvendorAmercadopagoAdx-phpAIphpdocAcacheAdescriptorsAIAIAIAIAIAIAIAIATAIAIAIAIAIAIAIAAAAAAAIAIAIAAAAAIAAAIAAAIAAAAAIAIAIAAAIAIAAAIAIAAAAAIAIAAAAAAAAAIAAAAAAAIAAAIAAAIAIAAAIAAAAAAAAAAAAAIAAAIAIAAAIAIAI HTTP/2.0" 409 83 "https://www.painelnocharme.meumercado.app/login/post-info.php?p=Ahome2Ameumer25ApainelnocharmeImeumercadoIappAvendorAmercadopagoAdx-phpAIphpdocAcacheAdescriptorsAIAIAIAIAIAIAIAIATAIAIAIAIAIAIAIAAAAAAAIAIAIAAAAAIAAAIAAAIAAAAAIAIAIAAAIAIAAAIAIAAAAAIAIAAAAAAAAAIAAAAAAAIAAAIAAAIAIAAAIAAAAAAAAAAAAAIAAAIAIAAAIAI" "Mozilla/5.0 AppleWebKit/537.36 (KHTML, like Gecko; compatible; GPTBot/1.3; +https://openai.com/gptbot)" www.painelnocharme.meumercado.app 10.53.184.85
74.7.242.13 - - [23/Apr/2026:11:09:40 -0300] "GET /shop/cultivation/6de5a78ec92fb7890fd69058afe44412a07e31?edit=UPGRADE.md&p=Ahome2Ameumer25ApainelnocharmeImeumercadoIappAvendorAmonologAmonolog HTTP/2.0" 404 836 "https://painelnocharme.meumercado.app/shop/cultivation/6de5a78ec92fb7890fd69058afe44412a07e31?p=Ahome2Ameumer25ApainelnocharmeImeumercadoIappAvendorAmonologAmonolog" "Mozilla/5.0 AppleWebKit/537.36 (KHTML, like Gecko; compatible; GPTBot/1.3; +https://openai.com/gptbot)" painelnocharme.meumercado.app 10.53.184.85
74.7.227.150 - - [23/Apr/2026:11:10:23 -0300] "GET /login/post-info.php?p=Ahome2Ameumer25ApainelnocharmeImeumercadoIappAvendorAmercadopagoAdx-phpAIphpdocAcacheAdescriptorsAIAIAIAIAIAIAIAIATAIAIAIAIAIAIAIAAAAAAAIAIAIAAAAAIAAAIAAAIAAAAAIAIAIAAAIAIAAAIAIAAAAAIAIAAAAAAAAAIAAAAAAAIAAAIAIAAAIAIAIAIAAAAAAAAAAAAAIAAAIAAAAAAAW HTTP/2.0" 409 83 "https://www.painelnocharme.meumercado.app/login/post-info.php?p=Ahome2Ameumer25ApainelnocharmeImeumercadoIappAvendorAmercadopagoAdx-phpAIphpdocAcacheAdescriptorsAIAIAIAIAIAIAIAIATAIAIAIAIAIAIAIAAAAAAAIAIAIAAAAAIAAAIAAAIAAAAAIAIAIAAAIAIAAAIAIAAAAAIAIAAAAAAAAAIAAAAAAAIAAAIAIAAAIAIAIAIAAAAAAAAAAAAAIAAAIAAAAAA" "Mozilla/5.0 AppleWebKit/537.36 (KHTML, like Gecko; compatible; GPTBot/1.3; +https://openai.com/gptbot)" www.painelnocharme.meumercado.app 10.53.184.85
74.7.242.13 - - [23/Apr/2026:11:10:43 -0300] "GET /shop/coalblack/7eab8647406bae35f50dd666e63a3e74063fa5?edit=phpunit.xsd&p=Ahome2Ameumer25ApainelsasakisushiImeumercadoIappAvendorAphpunitAphpunit HTTP/2.0" 404 836 "https://painelnocharme.meumercado.app/shop/coalblack/7eab8647406bae35f50dd666e63a3e74063fa5?p=Ahome2Ameumer25ApainelsasakisushiImeumercadoIappAvendorAphpunitAphpunit" "Mozilla/5.0 AppleWebKit/537.36 (KHTML, like Gecko; compatible; GPTBot/1.3; +https://openai.com/gptbot)" painelnocharme.meumercado.app 10.53.184.85
74.7.227.150 - - [23/Apr/2026:11:11:27 -0300] "GET /login/post-info.php?p=Ahome2Ameumer25ApainelnocharmeImeumercadoIappAvendorAmercadopagoAdx-phpAIphpdocAcacheAdescriptorsAIAIAIAIAIAIAIAIATAIAIAIAIAIAIAIAAAAAAAIAIAIAAAAAIAAAIAAAIAAAAAIAIAIAAAIAIAAAIAIAAAIAAAAAAAAAIAIAAAAAAAIAAAIAAAIAIAAAAAIAAAAAIAAAAAAAIAIAAAIAIAIAIAW HTTP/2.0" 409 83 "https://www.painelnocharme.meumercado.app/login/post-info.php?p=Ahome2Ameumer25ApainelnocharmeImeumercadoIappAvendorAmercadopagoAdx-phpAIphpdocAcacheAdescriptorsAIAIAIAIAIAIAIAIATAIAIAIAIAIAIAIAAAAAAAIAIAIAAAAAIAAAIAAAIAAAAAIAIAIAAAIAIAAAIAIAAAIAAAAAAAAAIAIAAAAAAAIAAAIAAAIAIAAAAAIAAAAAIAAAAAAAIAIAAAIAIAIAI" "Mozilla/5.0 AppleWebKit/537.36 (KHTML, like Gecko; compatible; GPTBot/1.3; +https://openai.com/gptbot)" www.painelnocharme.meumercado.app 10.53.184.85
74.7.242.13 - - [23/Apr/2026:11:11:44 -0300] "GET /shop/incommodating/c7beee51a565ecfe76016bb242247d58397d53?edit=.htaccess&p=Ahome2Ameumer25ApainelnocharmeImeumercadoIappAvendorAmonologAmonolog HTTP/2.0" 404 836 "https://painelnocharme.meumercado.app/shop/incommodating/c7beee51a565ecfe76016bb242247d58397d53?p=Ahome2Ameumer25ApainelnocharmeImeumercadoIappAvendorAmonologAmonolog" "Mozilla/5.0 AppleWebKit/537.36 (KHTML, like Gecko; compatible; GPTBot/1.3; +https://openai.com/gptbot)" painelnocharme.meumercado.app 10.53.184.85
74.7.227.150 - - [23/Apr/2026:11:12:33 -0300] "GET /login/post-info.php?p=Ahome2Ameumer25ApainelnocharmeImeumercadoIappAvendorAmercadopagoAdx-phpAIphpdocAcacheAdescriptorsAIAIAIAIAIAIAIAIATAIAIAIAIAIAIAIAAAAAAAIAIAIAAAAAIAAAIAAAIAAAAAIAIAIAAAIAIAAAIAIAAAAAAAIAAAAAAAAAIAIAIAIAAAIAIAIAIAIAAAIAAAIAIAIAIAAAAAAAAAAAIAAAAAG HTTP/2.0" 409 83 "https://www.painelnocharme.meumercado.app/login/post-info.php?p=Ahome2Ameumer25ApainelnocharmeImeumercadoIappAvendorAmercadopagoAdx-phpAIphpdocAcacheAdescriptorsAIAIAIAIAIAIAIAIATAIAIAIAIAIAIAIAAAAAAAIAIAIAAAAAIAAAIAAAIAAAAAIAIAIAAAIAIAAAIAIAAAAAAAIAAAAAAAAAIAIAIAIAAAIAIAIAIAIAAAIAAAIAIAIAIAAAAAAAAAAAIAAAA" "Mozilla/5.0 AppleWebKit/537.36 (KHTML, like Gecko; compatible; GPTBot/1.3; +https://openai.com/gptbot)" www.painelnocharme.meumercado.app 10.53.184.85
74.7.242.13 - - [23/Apr/2026:11:12:47 -0300] "GET /shop/officious/7eab8647406bae35f50dd666e63a3e74063fa5?edit=README.md&p=Ahome2Ameumer25ApainelsasakisushiImeumercadoIappAvendorAmonologAmonolog HTTP/2.0" 404 836 "https://painelnocharme.meumercado.app/shop/officious/7eab8647406bae35f50dd666e63a3e74063fa5?p=Ahome2Ameumer25ApainelsasakisushiImeumercadoIappAvendorAmonologAmonolog" "Mozilla/5.0 AppleWebKit/537.36 (KHTML, like Gecko; compatible; GPTBot/1.3; +https://openai.com/gptbot)" painelnocharme.meumercado.app 10.53.184.85
74.7.227.150 - - [23/Apr/2026:11:13:36 -0300] "GET /login/post-info.php?p=Ahome2Ameumer25ApainelnocharmeImeumercadoIappAvendorAmercadopagoAdx-phpAIphpdocAcacheAdescriptorsAIAIAIAIAIAIAIAIATAIAIAIAIAIAIAIAAAAAAAIAIAIAAAAAIAAAIAAAIAAAAAIAIAIAAAIAIAAAIAIAAAAAIAAAIAIAAAIAAAIAIAIAAAIAIAIAIAAAAAIAIAAAIAAAAAAAIAAAIAAAAAAAIAG HTTP/2.0" 409 83 "https://www.painelnocharme.meumercado.app/login/post-info.php?p=Ahome2Ameumer25ApainelnocharmeImeumercadoIappAvendorAmercadopagoAdx-phpAIphpdocAcacheAdescriptorsAIAIAIAIAIAIAIAIATAIAIAIAIAIAIAIAAAAAAAIAIAIAAAAAIAAAIAAAIAAAAAIAIAIAAAIAIAAAIAIAAAAAIAAAIAIAAAIAAAIAIAIAAAIAIAIAIAAAAAIAIAAAIAAAAAAAIAAAIAAAAAAAI" "Mozilla/5.0 AppleWebKit/537.36 (KHTML, like Gecko; compatible; GPTBot/1.3; +https://openai.com/gptbot)" www.painelnocharme.meumercado.app 10.53.184.85
74.7.242.13 - - [23/Apr/2026:11:13:52 -0300] "GET /shop/herborize/7eab8647406bae35f50dd666e63a3e74063fa5?edit=README.md&p=Ahome2Ameumer25ApainelsasakisushiImeumercadoIappAvendorAmockeryAmockery HTTP/2.0" 404 836 "https://painelnocharme.meumercado.app/shop/herborize/7eab8647406bae35f50dd666e63a3e74063fa5?p=Ahome2Ameumer25ApainelsasakisushiImeumercadoIappAvendorAmockeryAmockery" "Mozilla/5.0 AppleWebKit/537.36 (KHTML, like Gecko; compatible; GPTBot/1.3; +https://openai.com/gptbot)" painelnocharme.meumercado.app 10.53.184.85
74.7.227.150 - - [23/Apr/2026:11:14:38 -0300] "GET /login/post-info.php?p=Ahome2Ameumer25ApainelnocharmeImeumercadoIappAvendorAmercadopagoAdx-phpAIphpdocAcacheAdescriptorsAIAIAIAIAIAIAIAIATAIAIAIAIAIAIAIAAAAAAAIAIAIAAAAAIAAAIAAAIAAAAAIAIAIAAAIAIAAAIAIAAAAAIAIAAAIAAAIAIAIAIAAAIAAAAAIAAAIAIAAAAAAAIAIAAAIAAAAAIAIAAAAAIAW HTTP/2.0" 409 83 "https://www.painelnocharme.meumercado.app/login/post-info.php?p=Ahome2Ameumer25ApainelnocharmeImeumercadoIappAvendorAmercadopagoAdx-phpAIphpdocAcacheAdescriptorsAIAIAIAIAIAIAIAIATAIAIAIAIAIAIAIAAAAAAAIAIAIAAAAAIAAAIAAAIAAAAAIAIAIAAAIAIAAAIAIAAAAAIAIAAAIAAAIAIAIAIAAAIAAAAAIAAAIAIAAAAAAAIAIAAAIAAAAAIAIAAAAAI" "Mozilla/5.0 AppleWebKit/537.36 (KHTML, like Gecko; compatible; GPTBot/1.3; +https://openai.com/gptbot)" www.painelnocharme.meumercado.app 10.53.184.85
74.7.242.13 - - [23/Apr/2026:11:14:57 -0300] "GET /shop/digressed/7eab8647406bae35f50dd666e63a3e74063fa5?edit=UPGRADE.md&p=Ahome2Ameumer25ApainelsasakisushiImeumercadoIappAvendorAmonologAmonolog HTTP/2.0" 404 836 "https://painelnocharme.meumercado.app/shop/digressed/7eab8647406bae35f50dd666e63a3e74063fa5?p=Ahome2Ameumer25ApainelsasakisushiImeumercadoIappAvendorAmonologAmonolog" "Mozilla/5.0 AppleWebKit/537.36 (KHTML, like Gecko; compatible; GPTBot/1.3; +https://openai.com/gptbot)" painelnocharme.meumercado.app 10.53.184.85
74.7.227.150 - - [23/Apr/2026:11:15:42 -0300] "GET /login/post-info.php?p=Ahome2Ameumer25ApainelnocharmeImeumercadoIappAvendorAmercadopagoAdx-phpAIphpdocAcacheAdescriptorsAIAIAIAIAIAIAIAIATAIAIAIAIAIAIAIAAAAAAAIAIAIAAAAAIAAAIAAAIAAAAAIAIAIAAAIAIAAAIAIAAAAAIAIAAAAAAAAAIAAAAAAAIAAAIAIAIAIAIAAAIAAAAAAAAAAAIAAAIAAAIAIAAAI HTTP/2.0" 409 83 "https://www.painelnocharme.meumercado.app/login/post-info.php?p=Ahome2Ameumer25ApainelnocharmeImeumercadoIappAvendorAmercadopagoAdx-phpAIphpdocAcacheAdescriptorsAIAIAIAIAIAIAIAIATAIAIAIAIAIAIAIAAAAAAAIAIAIAAAAAIAAAIAAAIAAAAAIAIAIAAAIAIAAAIAIAAAAAIAIAAAAAAAAAIAAAAAAAIAAAIAIAIAIAIAAAIAAAAAAAAAAAIAAAIAAAIAIAA" "Mozilla/5.0 AppleWebKit/537.36 (KHTML, like Gecko; compatible; GPTBot/1.3; +https://openai.com/gptbot)" www.painelnocharme.meumercado.app 10.53.184.85
74.7.242.13 - - [23/Apr/2026:11:16:01 -0300] "GET /shop/herborize/7eab8647406bae35f50dd666e63a3e74063fa5?edit=.htaccess&p=Ahome2Ameumer25ApainelsasakisushiImeumercadoIappAvendorAmockeryAmockery HTTP/2.0" 404 836 "https://painelnocharme.meumercado.app/shop/herborize/7eab8647406bae35f50dd666e63a3e74063fa5?p=Ahome2Ameumer25ApainelsasakisushiImeumercadoIappAvendorAmockeryAmockery" "Mozilla/5.0 AppleWebKit/537.36 (KHTML, like Gecko; compatible; GPTBot/1.3; +https://openai.com/gptbot)" painelnocharme.meumercado.app 10.53.184.85
74.7.227.150 - - [23/Apr/2026:11:16:48 -0300] "GET /login/post-info.php?p=Ahome2Ameumer25ApainelnocharmeImeumercadoIappAvendorAmercadopagoAdx-phpAIphpdocAcacheAdescriptorsAIAIAIAIAIAIAIAIATAIAIAIAIAIAIAIAAAAAAAIAIAIAAAAAIAAAIAAAIAAAAAIAIAIAAAIAIAAAIAIAAAIAAAAAIAAAIAIAAAIAAAIAAAAAAAIAIAIAIAAAAAIAIAAAIAIAAAAAIAIAIAIAAAA HTTP/2.0" 409 83 "https://www.painelnocharme.meumercado.app/login/post-info.php?p=Ahome2Ameumer25ApainelnocharmeImeumercadoIappAvendorAmercadopagoAdx-phpAIphpdocAcacheAdescriptorsAIAIAIAIAIAIAIAIATAIAIAIAIAIAIAIAAAAAAAIAIAIAAAAAIAAAIAAAIAAAAAIAIAIAAAIAIAAAIAIAAAIAAAAAIAAAIAIAAAIAAAIAAAAAAAIAIAIAIAAAAAIAIAAAIAIAAAAAIAIAIAIAA" "Mozilla/5.0 AppleWebKit/537.36 (KHTML, like Gecko; compatible; GPTBot/1.3; +https://openai.com/gptbot)" www.painelnocharme.meumercado.app 10.53.184.85
74.7.242.13 - - [23/Apr/2026:11:17:06 -0300] "GET /shop/incommodating/c7beee51a565ecfe76016bb242247d58397d53?edit=.htaccess&p=Ahome2Ameumer25ApainelnocharmeImeumercadoIappAtestsAFeatureAFeature HTTP/2.0" 404 836 "https://painelnocharme.meumercado.app/shop/incommodating/c7beee51a565ecfe76016bb242247d58397d53?p=Ahome2Ameumer25ApainelnocharmeImeumercadoIappAtestsAFeatureAFeature" "Mozilla/5.0 AppleWebKit/537.36 (KHTML, like Gecko; compatible; GPTBot/1.3; +https://openai.com/gptbot)" painelnocharme.meumercado.app 10.53.184.85
74.7.227.150 - - [23/Apr/2026:11:17:52 -0300] "GET /login/post-info.php?p=Ahome2Ameumer25ApainelnocharmeImeumercadoIappAvendorAmercadopagoAdx-phpAIphpdocAcacheAdescriptorsAIAIAIAIAIAIAIAIATAIAIAIAIAIAIAIAAAAAAAIAIAIAAAAAIAAAIAAAIAAAAAIAIAIAAAIAIAAAIAIAAAIAAAAAAAIAAAIAAAIAIAAAAAAAAAAAAAAAIAAAIAIAIAAAAAAAAAIAIAAAAAAAIAW HTTP/2.0" 409 83 "https://www.painelnocharme.meumercado.app/login/post-info.php?p=Ahome2Ameumer25ApainelnocharmeImeumercadoIappAvendorAmercadopagoAdx-phpAIphpdocAcacheAdescriptorsAIAIAIAIAIAIAIAIATAIAIAIAIAIAIAIAAAAAAAIAIAIAAAAAIAAAIAAAIAAAAAIAIAIAAAIAIAAAIAIAAAIAAAAAAAIAAAIAAAIAIAAAAAAAAAAAAAAAIAAAIAIAIAAAAAAAAAIAIAAAAAAAI" "Mozilla/5.0 AppleWebKit/537.36 (KHTML, like Gecko; compatible; GPTBot/1.3; +https://openai.com/gptbot)" www.painelnocharme.meumercado.app 10.53.184.85
74.7.242.13 - - [23/Apr/2026:11:18:12 -0300] "GET /shop/digressed/7eab8647406bae35f50dd666e63a3e74063fa5?edit=.htaccess&p=Ahome2Ameumer25ApainelbistroemcasaImeumercadoIappAvendorAmockeryAmockery HTTP/2.0" 404 836 "https://painelnocharme.meumercado.app/shop/digressed/7eab8647406bae35f50dd666e63a3e74063fa5?p=Ahome2Ameumer25ApainelbistroemcasaImeumercadoIappAvendorAmockeryAmockery" "Mozilla/5.0 AppleWebKit/537.36 (KHTML, like Gecko; compatible; GPTBot/1.3; +https://openai.com/gptbot)" painelnocharme.meumercado.app 10.53.184.85
74.7.227.150 - - [23/Apr/2026:11:18:56 -0300] "GET /login/post-info.php?p=Ahome2Ameumer25ApainelnocharmeImeumercadoIappAvendorAmercadopagoAdx-phpAIphpdocAcacheAdescriptorsAIAIAIAIAIAIAIAIATAIAIAIAIAIAIAIAAAAAAAIAIAIAAAAAIAAAIAAAIAAAAAIAIAIAAAIAIAAAIAIAAAIAAAIAAAIAIAIAIAIAAAAAIAIAAAAAAAAAIAAAIAAAAAAAAAAAIAIAAAIAIAIAAAI HTTP/2.0" 409 83 "https://www.painelnocharme.meumercado.app/login/post-info.php?p=Ahome2Ameumer25ApainelnocharmeImeumercadoIappAvendorAmercadopagoAdx-phpAIphpdocAcacheAdescriptorsAIAIAIAIAIAIAIAIATAIAIAIAIAIAIAIAAAAAAAIAIAIAAAAAIAAAIAAAIAAAAAIAIAIAAAIAIAAAIAIAAAIAAAIAAAIAIAIAIAIAAAAAIAIAAAAAAAAAIAAAIAAAAAAAAAAAIAIAAAIAIAIAA" "Mozilla/5.0 AppleWebKit/537.36 (KHTML, like Gecko; compatible; GPTBot/1.3; +https://openai.com/gptbot)" www.painelnocharme.meumercado.app 10.53.184.85
74.7.242.13 - - [23/Apr/2026:11:19:15 -0300] "GET /shop/officious/7eab8647406bae35f50dd666e63a3e74063fa5?edit=README.md&p=Ahome2Ameumer25ApainebistroemcasaImeumercadoIappAvendorAmockeryAmockery HTTP/2.0" 404 836 "https://painelnocharme.meumercado.app/shop/officious/7eab8647406bae35f50dd666e63a3e74063fa5?p=Ahome2Ameumer25ApainebistroemcasaImeumercadoIappAvendorAmockeryAmockery" "Mozilla/5.0 AppleWebKit/537.36 (KHTML, like Gecko; compatible; GPTBot/1.3; +https://openai.com/gptbot)" painelnocharme.meumercado.app 10.53.184.85
74.7.227.150 - - [23/Apr/2026:11:20:00 -0300] "GET /login/post-info.php?p=Ahome2Ameumer25ApainelnocharmeImeumercadoIappAvendorAmercadopagoAdx-phpAIphpdocAcacheAdescriptorsAIAIAIAIAIAIAIAIATAIAIAIAIAIAIAIAAAAAAAIAIAIAAAAAIAAAIAAAIAAAAAIAIAIAAAIAIAAAIAIAAAIAAAIAIAAAAAAAAAIAIAAAIAAAIAAAIAAAIAIAIAAAIAIAIAIAAAAAIAIAIAAAAAH HTTP/2.0" 409 83 "https://www.painelnocharme.meumercado.app/login/post-info.php?p=Ahome2Ameumer25ApainelnocharmeImeumercadoIappAvendorAmercadopagoAdx-phpAIphpdocAcacheAdescriptorsAIAIAIAIAIAIAIAIATAIAIAIAIAIAIAIAAAAAAAIAIAIAAAAAIAAAIAAAIAAAAAIAIAIAAAIAIAAAIAIAAAIAAAIAIAAAAAAAAAIAIAAAIAAAIAAAIAAAIAIAIAAAIAIAIAIAAAAAIAIAIAAAA" "Mozilla/5.0 AppleWebKit/537.36 (KHTML, like Gecko; compatible; GPTBot/1.3; +https://openai.com/gptbot)" www.painelnocharme.meumercado.app 10.53.184.85
74.7.242.13 - - [23/Apr/2026:11:20:21 -0300] "GET /shop/herborize/7eab8647406bae35f50dd666e63a3e74063fa5?edit=README.md&p=Ahome2Ameumer25ApainelkaickaviellaImeumercadoIappAvendorAmonologAmonolog HTTP/2.0" 404 836 "https://painelnocharme.meumercado.app/shop/herborize/7eab8647406bae35f50dd666e63a3e74063fa5?p=Ahome2Ameumer25ApainelkaickaviellaImeumercadoIappAvendorAmonologAmonolog" "Mozilla/5.0 AppleWebKit/537.36 (KHTML, like Gecko; compatible; GPTBot/1.3; +https://openai.com/gptbot)" painelnocharme.meumercado.app 10.53.184.85
74.7.227.150 - - [23/Apr/2026:11:21:01 -0300] "GET /login/post-info.php?p=Ahome2Ameumer25ApainelnocharmeImeumercadoIappAvendorAmercadopagoAdx-phpAIphpdocAcacheAdescriptorsAIAIAIAIAIAIAIAIATAIAIAIAIAIAIAIAAAAAAAIAIAIAAAAAIAAAIAAAIAAAAAIAIAIAAAIAIAAAIAIAAAIAAAIAAAIAIAIAAAAAAAIAAAIAIAIAIAIAAAIAAAAAIAIAAAIAAAAAAAIAIAAAIAW HTTP/2.0" 409 83 "https://www.painelnocharme.meumercado.app/login/post-info.php?p=Ahome2Ameumer25ApainelnocharmeImeumercadoIappAvendorAmercadopagoAdx-phpAIphpdocAcacheAdescriptorsAIAIAIAIAIAIAIAIATAIAIAIAIAIAIAIAAAAAAAIAIAIAAAAAIAAAIAAAIAAAAAIAIAIAAAIAIAAAIAIAAAIAAAIAAAIAIAIAAAAAAAIAAAIAIAIAIAIAAAIAAAAAIAIAAAIAAAAAAAIAIAAAI" "Mozilla/5.0 AppleWebKit/537.36 (KHTML, like Gecko; compatible; GPTBot/1.3; +https://openai.com/gptbot)" www.painelnocharme.meumercado.app 10.53.184.85
74.7.242.13 - - [23/Apr/2026:11:21:26 -0300] "GET /shop/digressed/7eab8647406bae35f50dd666e63a3e74063fa5?edit=README.md&p=Ahome2Ameumer25ApainelsasakisushiImeumercadoIappAvendorAmonologAmonolog HTTP/2.0" 404 836 "https://painelnocharme.meumercado.app/shop/digressed/7eab8647406bae35f50dd666e63a3e74063fa5?p=Ahome2Ameumer25ApainelsasakisushiImeumercadoIappAvendorAmonologAmonolog" "Mozilla/5.0 AppleWebKit/537.36 (KHTML, like Gecko; compatible; GPTBot/1.3; +https://openai.com/gptbot)" painelnocharme.meumercado.app 10.53.184.85
74.7.227.150 - - [23/Apr/2026:11:22:04 -0300] "GET /login/post-info.php?p=Ahome2Ameumer25ApainelnocharmeImeumercadoIappAvendorAmercadopagoAdx-phpAIphpdocAcacheAdescriptorsAIAIAIAIAIAIAIAIATAIAIAIAIAIAIAIAAAAAAAIAIAIAAAAAIAAAIAAAIAAAAAIAIAIAAAIAIAAAIAIAAAIAAAIAAAIAAAIAIAIAIAIAAAIAIAAAAAIAIAAAIAIAIAIAAAIAAAAAIAAAAAIAAAH HTTP/2.0" 409 83 "https://www.painelnocharme.meumercado.app/login/post-info.php?p=Ahome2Ameumer25ApainelnocharmeImeumercadoIappAvendorAmercadopagoAdx-phpAIphpdocAcacheAdescriptorsAIAIAIAIAIAIAIAIATAIAIAIAIAIAIAIAAAAAAAIAIAIAAAAAIAAAIAAAIAAAAAIAIAIAAAIAIAAAIAIAAAIAAAIAAAIAAAIAIAIAIAIAAAIAIAAAAAIAIAAAIAIAIAIAAAIAAAAAIAAAAAIAA" "Mozilla/5.0 AppleWebKit/537.36 (KHTML, like Gecko; compatible; GPTBot/1.3; +https://openai.com/gptbot)" www.painelnocharme.meumercado.app 10.53.184.85
74.7.242.13 - - [23/Apr/2026:11:22:27 -0300] "GET /shop/herborize/7eab8647406bae35f50dd666e63a3e74063fa5?edit=README.md&p=Ahome2Ameumer25ApainelkaickaviellaImeumercadoIappAvendorAmockeryAmockery HTTP/2.0" 404 836 "https://painelnocharme.meumercado.app/shop/herborize/7eab8647406bae35f50dd666e63a3e74063fa5?p=Ahome2Ameumer25ApainelkaickaviellaImeumercadoIappAvendorAmockeryAmockery" "Mozilla/5.0 AppleWebKit/537.36 (KHTML, like Gecko; compatible; GPTBot/1.3; +https://openai.com/gptbot)" painelnocharme.meumercado.app 10.53.184.85
74.7.227.150 - - [23/Apr/2026:11:23:05 -0300] "GET /login/post-info.php?p=Ahome2Ameumer25ApainelnocharmeImeumercadoIappAvendorAmercadopagoAdx-phpAIphpdocAcacheAdescriptorsAIAIAIAIAIAIAIAIATAIAIAIAIAIAIAIAAAAAAAIAIAIAAAAAIAAAIAAAIAAAAAIAIAIAAAIAIAAAIAIAAAIAAAAAIAAAAAAAAAIAAAIAIAIAAAIAAAIAAAIAIAIAIAAAAAIAAAAAIAIAAAIAIAH HTTP/2.0" 409 83 "https://www.painelnocharme.meumercado.app/login/post-info.php?p=Ahome2Ameumer25ApainelnocharmeImeumercadoIappAvendorAmercadopagoAdx-phpAIphpdocAcacheAdescriptorsAIAIAIAIAIAIAIAIATAIAIAIAIAIAIAIAAAAAAAIAIAIAAAAAIAAAIAAAIAAAAAIAIAIAAAIAIAAAIAIAAAIAAAAAIAAAAAAAAAIAAAIAIAIAAAIAAAIAAAIAIAIAIAAAAAIAAAAAIAIAAAIAI" "Mozilla/5.0 AppleWebKit/537.36 (KHTML, like Gecko; compatible; GPTBot/1.3; +https://openai.com/gptbot)" www.painelnocharme.meumercado.app 10.53.184.85
74.7.242.13 - - [23/Apr/2026:11:23:31 -0300] "GET /shop/herborize/7eab8647406bae35f50dd666e63a3e74063fa5?edit=README.md&p=Ahome2Ameumer25ApainebistroemcasaImeumercadoIappAvendorAphpunitAphpunit HTTP/2.0" 404 836 "https://painelnocharme.meumercado.app/shop/herborize/7eab8647406bae35f50dd666e63a3e74063fa5?p=Ahome2Ameumer25ApainebistroemcasaImeumercadoIappAvendorAphpunitAphpunit" "Mozilla/5.0 AppleWebKit/537.36 (KHTML, like Gecko; compatible; GPTBot/1.3; +https://openai.com/gptbot)" painelnocharme.meumercado.app 10.53.184.85
74.7.227.150 - - [23/Apr/2026:11:24:09 -0300] "GET /login/post-info.php?p=Ahome2Ameumer25ApainelnocharmeImeumercadoIappAvendorAmercadopagoAdx-phpAIphpdocAcacheAdescriptorsAIAIAIAIAIAIAIAIATAIAIAIAIAIAIAIAAAAAAAIAIAIAAAAAIAAAIAAAIAAAAAIAIAIAAAIAIAAAIAIAAAIAAAAAAAAAIAIAAAAAAAIAAAIAAAIAIAAAAAIAAAAAIAAAAAAAAAIAAAAAAAAAAAI HTTP/2.0" 409 83 "https://www.painelnocharme.meumercado.app/login/post-info.php?p=Ahome2Ameumer25ApainelnocharmeImeumercadoIappAvendorAmercadopagoAdx-phpAIphpdocAcacheAdescriptorsAIAIAIAIAIAIAIAIATAIAIAIAIAIAIAIAAAAAAAIAIAIAAAAAIAAAIAAAIAAAAAIAIAIAAAIAIAAAIAIAAAIAAAAAAAAAIAIAAAAAAAIAAAIAAAIAIAAAAAIAAAAAIAAAAAAAAAIAAAAAAAAAA" "Mozilla/5.0 AppleWebKit/537.36 (KHTML, like Gecko; compatible; GPTBot/1.3; +https://openai.com/gptbot)" www.painelnocharme.meumercado.app 10.53.184.85
74.7.242.13 - - [23/Apr/2026:11:24:32 -0300] "GET /shop/photosculpture/7ccc0c20ef7202952c547f2f51b9ecb8189966?edit=UPGRADE.md&p=Ahome2Ameumer25ApaineleubellaImeumercadoIappAvendorAmonologAmonolog HTTP/2.0" 404 836 "https://painelnocharme.meumercado.app/shop/photosculpture/7ccc0c20ef7202952c547f2f51b9ecb8189966?p=Ahome2Ameumer25ApaineleubellaImeumercadoIappAvendorAmonologAmonolog" "Mozilla/5.0 AppleWebKit/537.36 (KHTML, like Gecko; compatible; GPTBot/1.3; +https://openai.com/gptbot)" painelnocharme.meumercado.app 10.53.184.85
74.7.227.150 - - [23/Apr/2026:11:25:10 -0300] "GET /login/post-info.php?p=Ahome2Ameumer25ApainelnocharmeImeumercadoIappAvendorAmercadopagoAdx-phpAIphpdocAcacheAdescriptorsAIAIAIAIAIAIAIAIATAIAIAIAIAIAIAIAAAAAAAIAIAIAAAAAIAAAIAAAIAAAAAIAIAIAAAIAIAAAIAIAAAAAAAIAAAAAAAAAIAIAIAIAAAIAIAIAIAIAAAIAAAAAIAAAAAIAIAAAAAIAIAIAAAI HTTP/2.0" 409 83 "https://www.painelnocharme.meumercado.app/login/post-info.php?p=Ahome2Ameumer25ApainelnocharmeImeumercadoIappAvendorAmercadopagoAdx-phpAIphpdocAcacheAdescriptorsAIAIAIAIAIAIAIAIATAIAIAIAIAIAIAIAAAAAAAIAIAIAAAAAIAAAIAAAIAAAAAIAIAIAAAIAIAAAIAIAAAAAAAIAAAAAAAAAIAIAIAIAAAIAIAIAIAIAAAIAAAAAIAAAAAIAIAAAAAIAIAIAA" "Mozilla/5.0 AppleWebKit/537.36 (KHTML, like Gecko; compatible; GPTBot/1.3; +https://openai.com/gptbot)" www.painelnocharme.meumercado.app 10.53.184.85
74.7.242.13 - - [23/Apr/2026:11:25:33 -0300] "GET /shop/herborize/7eab8647406bae35f50dd666e63a3e74063fa5?edit=.htaccess&p=Ahome2Ameumer25ApainelkaickaviellaImeumercadoIappAtestsAFeatureAFeature HTTP/2.0" 404 836 "https://painelnocharme.meumercado.app/shop/herborize/7eab8647406bae35f50dd666e63a3e74063fa5?p=Ahome2Ameumer25ApainelkaickaviellaImeumercadoIappAtestsAFeatureAFeature" "Mozilla/5.0 AppleWebKit/537.36 (KHTML, like Gecko; compatible; GPTBot/1.3; +https://openai.com/gptbot)" painelnocharme.meumercado.app 10.53.184.85
74.7.227.150 - - [23/Apr/2026:11:26:13 -0300] "GET /login/post-info.php?p=Ahome2Ameumer25ApainelnocharmeImeumercadoIappAvendorAmercadopagoAdx-phpAIphpdocAcacheAdescriptorsAIAIAIAIAIAIAIAIATAIAIAIAIAIAIAIAAAAAAAIAIAIAAAAAIAAAIAAAIAAAAAIAIAIAAAIAIAAAIAIAAAIAAAAAIAIAAAAAAAIAIAAAAAAAAAAAIAIAAAIAIAAAAAIAAAIAIAAAIAAAIAIAIAH HTTP/2.0" 409 83 "https://www.painelnocharme.meumercado.app/login/post-info.php?p=Ahome2Ameumer25ApainelnocharmeImeumercadoIappAvendorAmercadopagoAdx-phpAIphpdocAcacheAdescriptorsAIAIAIAIAIAIAIAIATAIAIAIAIAIAIAIAAAAAAAIAIAIAAAAAIAAAIAAAIAAAAAIAIAIAAAIAIAAAIAIAAAIAAAAAIAIAAAAAAAIAIAAAAAAAAAAAIAIAAAIAIAAAAAIAAAIAIAAAIAAAIAIAI" "Mozilla/5.0 AppleWebKit/537.36 (KHTML, like Gecko; compatible; GPTBot/1.3; +https://openai.com/gptbot)" www.painelnocharme.meumercado.app 10.53.184.85
74.7.242.13 - - [23/Apr/2026:11:26:36 -0300] "GET /shop/autocephalous/c7beee51a565ecfe76016bb242247d58397d53?edit=.htaccess&p=Ahome2Ameumer25ApainelnocharmeImeumercadoIappAvendorAmonologAmonolog HTTP/2.0" 404 836 "https://painelnocharme.meumercado.app/shop/autocephalous/c7beee51a565ecfe76016bb242247d58397d53?p=Ahome2Ameumer25ApainelnocharmeImeumercadoIappAvendorAmonologAmonolog" "Mozilla/5.0 AppleWebKit/537.36 (KHTML, like Gecko; compatible; GPTBot/1.3; +https://openai.com/gptbot)" painelnocharme.meumercado.app 10.53.184.85
74.7.227.150 - - [23/Apr/2026:11:27:16 -0300] "GET /login/post-info.php?p=Ahome2Ameumer25ApainelnocharmeImeumercadoIappAvendorAmercadopagoAdx-phpAIphpdocAcacheAdescriptorsAIAIAIAIAIAIAIAIATAIAIAIAIAIAIAIAAAAAAAIAIAIAAAAAIAAAIAAAIAAAAAIAIAIAAAIAIAAAIAIAAAAAAAIAAAAAAAAAIAIAIAIAAAIAIAIAIAIAAAIAAAAAAAAAAAAAAAIAAAIAAAIAIAG HTTP/2.0" 409 83 "https://www.painelnocharme.meumercado.app/login/post-info.php?p=Ahome2Ameumer25ApainelnocharmeImeumercadoIappAvendorAmercadopagoAdx-phpAIphpdocAcacheAdescriptorsAIAIAIAIAIAIAIAIATAIAIAIAIAIAIAIAAAAAAAIAIAIAAAAAIAAAIAAAIAAAAAIAIAIAAAIAIAAAIAIAAAAAAAIAAAAAAAAAIAIAIAIAAAIAIAIAIAIAAAIAAAAAAAAAAAAAAAIAAAIAAAIAI" "Mozilla/5.0 AppleWebKit/537.36 (KHTML, like Gecko; compatible; GPTBot/1.3; +https://openai.com/gptbot)" www.painelnocharme.meumercado.app 10.53.184.85
74.7.242.13 - - [23/Apr/2026:11:27:37 -0300] "GET /shop/diphthongization/c03e8ccc71336de75a929d701905b873eef14a?edit=.htaccess&p=Ahome2Ameumer25ApainelnocharmeImeumercadoIappAappALibraryALibrary HTTP/2.0" 404 836 "https://painelnocharme.meumercado.app/shop/diphthongization/c03e8ccc71336de75a929d701905b873eef14a?p=Ahome2Ameumer25ApainelnocharmeImeumercadoIappAappALibraryALibrary" "Mozilla/5.0 AppleWebKit/537.36 (KHTML, like Gecko; compatible; GPTBot/1.3; +https://openai.com/gptbot)" painelnocharme.meumercado.app 10.53.184.85
74.7.227.150 - - [23/Apr/2026:11:28:21 -0300] "GET /login/post-info.php?p=Ahome2Ameumer25ApainelnocharmeImeumercadoIappAvendorAmercadopagoAdx-phpAIphpdocAcacheAdescriptorsAIAIAIAIAIAIAIAIATAIAIAIAIAIAIAIAAAAAAAIAIAIAAAAAIAAAIAAAIAAAAAIAIAIAAAIAIAAAIAIAAAIAAAIAAAIAIAIAAAAAAAIAAAIAIAIAIAIAAAAAIAIAAAAAAAIAAAAAAAAAIAAAAAG HTTP/2.0" 409 83 "https://www.painelnocharme.meumercado.app/login/post-info.php?p=Ahome2Ameumer25ApainelnocharmeImeumercadoIappAvendorAmercadopagoAdx-phpAIphpdocAcacheAdescriptorsAIAIAIAIAIAIAIAIATAIAIAIAIAIAIAIAAAAAAAIAIAIAAAAAIAAAIAAAIAAAAAIAIAIAAAIAIAAAIAIAAAIAAAIAAAIAIAIAAAAAAAIAAAIAIAIAIAIAAAAAIAIAAAAAAAIAAAAAAAAAIAAAA" "Mozilla/5.0 AppleWebKit/537.36 (KHTML, like Gecko; compatible; GPTBot/1.3; +https://openai.com/gptbot)" www.painelnocharme.meumercado.app 10.53.184.85
74.7.242.13 - - [23/Apr/2026:11:28:40 -0300] "GET /shop/photosculpture/7ccc0c20ef7202952c547f2f51b9ecb8189966?edit=README.md&p=Ahome2Ameumer25ApainelmaisamorImeumercadoIappAvendorAphpunitAphpunit HTTP/2.0" 404 836 "https://painelnocharme.meumercado.app/shop/photosculpture/7ccc0c20ef7202952c547f2f51b9ecb8189966?p=Ahome2Ameumer25ApainelmaisamorImeumercadoIappAvendorAphpunitAphpunit" "Mozilla/5.0 AppleWebKit/537.36 (KHTML, like Gecko; compatible; GPTBot/1.3; +https://openai.com/gptbot)" painelnocharme.meumercado.app 10.53.184.85
74.7.227.150 - - [23/Apr/2026:11:29:25 -0300] "GET /login/post-info.php?p=Ahome2Ameumer25ApainelnocharmeImeumercadoIappAvendorAmercadopagoAdx-phpAIphpdocAcacheAdescriptorsAIAIAIAIAIAIAIAIATAIAIAIAIAIAIAIAAAAAAAIAIAIAAAAAIAAAIAAAIAAAAAIAIAIAAAIAIAAAIAIAAAAAIAIAAAAAAAAAIAAAAAAAIAAAIAIAIAIAIAIAAAIAAAIAIAIAIAAAIAIAIAAAIAA HTTP/2.0" 409 83 "https://www.painelnocharme.meumercado.app/login/post-info.php?p=Ahome2Ameumer25ApainelnocharmeImeumercadoIappAvendorAmercadopagoAdx-phpAIphpdocAcacheAdescriptorsAIAIAIAIAIAIAIAIATAIAIAIAIAIAIAIAAAAAAAIAIAIAAAAAIAAAIAAAIAAAAAIAIAIAAAIAIAAAIAIAAAAAIAIAAAAAAAAAIAAAAAAAIAAAIAIAIAIAIAIAAAIAAAIAIAIAIAAAIAIAIAAAI" "Mozilla/5.0 AppleWebKit/537.36 (KHTML, like Gecko; compatible; GPTBot/1.3; +https://openai.com/gptbot)" www.painelnocharme.meumercado.app 10.53.184.85
74.7.242.13 - - [23/Apr/2026:11:29:45 -0300] "GET /shop/coalblack/7eab8647406bae35f50dd666e63a3e74063fa5?edit=README.md&p=Ahome2Ameumer25ApainelkaickaviellaImeumercadoIappAvendorAmockeryAmockery HTTP/2.0" 404 836 "https://painelnocharme.meumercado.app/shop/coalblack/7eab8647406bae35f50dd666e63a3e74063fa5?p=Ahome2Ameumer25ApainelkaickaviellaImeumercadoIappAvendorAmockeryAmockery" "Mozilla/5.0 AppleWebKit/537.36 (KHTML, like Gecko; compatible; GPTBot/1.3; +https://openai.com/gptbot)" painelnocharme.meumercado.app 10.53.184.85
74.7.227.150 - - [23/Apr/2026:11:30:26 -0300] "GET /login/post-info.php?p=Ahome2Ameumer25ApainelnocharmeImeumercadoIappAvendorAmercadopagoAdx-phpAIphpdocAcacheAdescriptorsAIAIAIAIAIAIAIAIATAIAIAIAIAIAIAIAAAAAAAIAIAIAAAAAIAAAIAAAIAAAAAIAIAIAAAIAIAAAIAIAAAIAAAIAAAIAIAIAIAAAIAAAAAAAAAIAIAIAIAAAAAIAIAIAIAIAAAIAAAIAIAIAAAW HTTP/2.0" 409 83 "https://www.painelnocharme.meumercado.app/login/post-info.php?p=Ahome2Ameumer25ApainelnocharmeImeumercadoIappAvendorAmercadopagoAdx-phpAIphpdocAcacheAdescriptorsAIAIAIAIAIAIAIAIATAIAIAIAIAIAIAIAAAAAAAIAIAIAAAAAIAAAIAAAIAAAAAIAIAIAAAIAIAAAIAIAAAIAAAIAAAIAIAIAIAAAIAAAAAAAAAIAIAIAIAAAAAIAIAIAIAIAAAIAAAIAIAIAA" "Mozilla/5.0 AppleWebKit/537.36 (KHTML, like Gecko; compatible; GPTBot/1.3; +https://openai.com/gptbot)" www.painelnocharme.meumercado.app 10.53.184.85
74.7.242.13 - - [23/Apr/2026:11:30:49 -0300] "GET /shop/coalblack/7eab8647406bae35f50dd666e63a3e74063fa5?edit=README.md&p=Ahome2Ameumer25ApainelsasakisushiImeumercadoIappAvendorAmonologAmonolog HTTP/2.0" 404 836 "https://painelnocharme.meumercado.app/shop/coalblack/7eab8647406bae35f50dd666e63a3e74063fa5?p=Ahome2Ameumer25ApainelsasakisushiImeumercadoIappAvendorAmonologAmonolog" "Mozilla/5.0 AppleWebKit/537.36 (KHTML, like Gecko; compatible; GPTBot/1.3; +https://openai.com/gptbot)" painelnocharme.meumercado.app 10.53.184.85
74.7.227.150 - - [23/Apr/2026:11:31:30 -0300] "GET /login/post-info.php?p=Ahome2Ameumer25ApainelnocharmeImeumercadoIappAvendorAmercadopagoAdx-phpAIphpdocAcacheAdescriptorsAIAIAIAIAIAIAIAIATAIAIAIAIAIAIAIAAAAAAAIAIAIAAAAAIAAAIAAAIAAAAAIAIAIAAAIAIAAAIAIAAAAAIAAAAAAAIAAAIAIAAAIAAAIAIAIAAAIAAAAAIAAAAAIAAAIAIAIAIAIAAAIAIAW HTTP/2.0" 409 83 "https://www.painelnocharme.meumercado.app/login/post-info.php?p=Ahome2Ameumer25ApainelnocharmeImeumercadoIappAvendorAmercadopagoAdx-phpAIphpdocAcacheAdescriptorsAIAIAIAIAIAIAIAIATAIAIAIAIAIAIAIAAAAAAAIAIAIAAAAAIAAAIAAAIAAAAAIAIAIAAAIAIAAAIAIAAAAAIAAAAAAAIAAAIAIAAAIAAAIAIAIAAAIAAAAAIAAAAAIAAAIAIAIAIAIAAAIAI" "Mozilla/5.0 AppleWebKit/537.36 (KHTML, like Gecko; compatible; GPTBot/1.3; +https://openai.com/gptbot)" www.painelnocharme.meumercado.app 10.53.184.85
74.7.242.13 - - [23/Apr/2026:11:31:52 -0300] "GET /shop/diphthongization/3b0d2154cce55b79d5918f23666f1ec19c8df5?edit=.htaccess&p=Ahome2Ameumer25ApainelnocharmeImeumercadoIappAroutesAapiAapiAapi HTTP/2.0" 404 836 "https://painelnocharme.meumercado.app/shop/diphthongization/3b0d2154cce55b79d5918f23666f1ec19c8df5?p=Ahome2Ameumer25ApainelnocharmeImeumercadoIappAroutesAapiAapiAapi" "Mozilla/5.0 AppleWebKit/537.36 (KHTML, like Gecko; compatible; GPTBot/1.3; +https://openai.com/gptbot)" painelnocharme.meumercado.app 10.53.184.85
74.7.227.150 - - [23/Apr/2026:11:32:34 -0300] "GET /login/post-info.php?p=Ahome2Ameumer25ApainelnocharmeImeumercadoIappAvendorAmercadopagoAdx-phpAIphpdocAcacheAdescriptorsAIAIAIAIAIAIAIAIATAIAIAIAIAIAIAIAAAAAAAIAIAIAAAAAIAAAIAAAIAAAAAIAIAIAAAIAIAAAIAIAAAAAIAIAAAAAAAAAIAAAAAAAIAAAIAAAIAIAAAIAAAAAAAAAAAIAIAIAAAIAAAAAIAI HTTP/2.0" 409 83 "https://www.painelnocharme.meumercado.app/login/post-info.php?p=Ahome2Ameumer25ApainelnocharmeImeumercadoIappAvendorAmercadopagoAdx-phpAIphpdocAcacheAdescriptorsAIAIAIAIAIAIAIAIATAIAIAIAIAIAIAIAAAAAAAIAIAIAAAAAIAAAIAAAIAAAAAIAIAIAAAIAIAAAIAIAAAAAIAIAAAAAAAAAIAAAAAAAIAAAIAAAIAIAAAIAAAAAAAAAAAIAIAIAAAIAAAAAI" "Mozilla/5.0 AppleWebKit/537.36 (KHTML, like Gecko; compatible; GPTBot/1.3; +https://openai.com/gptbot)" www.painelnocharme.meumercado.app 10.53.184.85
74.7.242.13 - - [23/Apr/2026:11:32:53 -0300] "GET /shop/photosculpture/6de5a78ec92fb7890fd69058afe44412a07e31?edit=.htaccess&p=Ahome2Ameumer25ApainelnocharmeImeumercadoIappAvendorAphpunitAphpunit HTTP/2.0" 404 836 "https://painelnocharme.meumercado.app/shop/photosculpture/6de5a78ec92fb7890fd69058afe44412a07e31?p=Ahome2Ameumer25ApainelnocharmeImeumercadoIappAvendorAphpunitAphpunit" "Mozilla/5.0 AppleWebKit/537.36 (KHTML, like Gecko; compatible; GPTBot/1.3; +https://openai.com/gptbot)" painelnocharme.meumercado.app 10.53.184.85
74.7.227.150 - - [23/Apr/2026:11:33:37 -0300] "GET /login/post-info.php?p=Ahome2Ameumer25ApainelnocharmeImeumercadoIappAvendorAmercadopagoAdx-phpAIphpdocAcacheAdescriptorsAIAIAIAIAIAIAIAIATAIAIAIAIAIAIAIAAAAAAAIAIAIAAAAAIAAAIAAAIAAAAAIAIAIAAAIAIAAAIAIAAAIAAAAAIAAAIAIAIAIAAAIAIAAAAAAAAAIAIAAAIAAAIAAAAAAAAAIAIAIAIAIAAAW HTTP/2.0" 409 83 "https://www.painelnocharme.meumercado.app/login/post-info.php?p=Ahome2Ameumer25ApainelnocharmeImeumercadoIappAvendorAmercadopagoAdx-phpAIphpdocAcacheAdescriptorsAIAIAIAIAIAIAIAIATAIAIAIAIAIAIAIAAAAAAAIAIAIAAAAAIAAAIAAAIAAAAAIAIAIAAAIAIAAAIAIAAAIAAAAAIAAAIAIAIAIAAAIAIAAAAAAAAAIAIAAAIAAAIAAAAAAAAAIAIAIAIAIAA" "Mozilla/5.0 AppleWebKit/537.36 (KHTML, like Gecko; compatible; GPTBot/1.3; +https://openai.com/gptbot)" www.painelnocharme.meumercado.app 10.53.184.85
45.148.10.246 - - [23/Apr/2026:11:33:56 -0300] "GET /.env HTTP/1.1" 406 226 "-" "Mozilla/5.0 (Windows NT 10.0; Win64; x64; rv:121.0) Gecko/20100101 Firefox/121.0" painelnocharme.meumercado.app 10.53.184.85
45.148.10.246 - - [23/Apr/2026:11:33:56 -0300] "GET /.aws/credentials HTTP/1.1" 404 2361 "-" "Mozilla/5.0 (X11; Linux x86_64) AppleWebKit/537.36 (KHTML, like Gecko) Chrome/120.0.0.0 Safari/537.36" painelnocharme.meumercado.app 10.53.184.85
45.148.10.246 - - [23/Apr/2026:11:33:56 -0300] "GET /phpinfo.php HTTP/1.1" 409 83 "-" "Mozilla/5.0 (Macintosh; Intel Mac OS X 10_15_7) AppleWebKit/537.36 (KHTML, like Gecko) Chrome/120.0.0.0 Safari/537.36" painelnocharme.meumercado.app 10.53.184.85
45.148.10.246 - - [23/Apr/2026:11:33:56 -0300] "GET /test.php HTTP/1.1" 409 83 "-" "Mozilla/5.0 (X11; Linux x86_64) AppleWebKit/537.36 (KHTML, like Gecko) Chrome/120.0.0.0 Safari/537.36" painelnocharme.meumercado.app 10.53.184.85
45.148.10.246 - - [23/Apr/2026:11:33:56 -0300] "GET /info.php HTTP/1.1" 409 83 "-" "Mozilla/5.0 (compatible; SecurityScanner/1.0)" painelnocharme.meumercado.app 10.53.184.85
45.148.10.246 - - [23/Apr/2026:11:33:56 -0300] "GET /.boto HTTP/1.1" 404 2361 "-" "Mozilla/5.0 (Windows NT 10.0; Win64; x64) AppleWebKit/537.36 (KHTML, like Gecko) Chrome/120.0.0.0 Safari/537.36" painelnocharme.meumercado.app 10.53.184.85
45.148.10.246 - - [23/Apr/2026:11:33:56 -0300] "GET /.env.prod HTTP/1.1" 404 2361 "-" "Mozilla/5.0 (compatible; SecurityScanner/1.0)" painelnocharme.meumercado.app 10.53.184.85
45.148.10.246 - - [23/Apr/2026:11:33:56 -0300] "GET /.env.production HTTP/1.1" 404 2361 "-" "Mozilla/5.0 (X11; Linux x86_64) AppleWebKit/537.36 (KHTML, like Gecko) Chrome/120.0.0.0 Safari/537.36" painelnocharme.meumercado.app 10.53.184.85
45.148.10.246 - - [23/Apr/2026:11:33:56 -0300] "GET /.aws/config HTTP/1.1" 404 2361 "-" "Mozilla/5.0 (Windows NT 10.0; Win64; x64) AppleWebKit/537.36 (KHTML, like Gecko) Chrome/120.0.0.0 Safari/537.36" painelnocharme.meumercado.app 10.53.184.85
45.148.10.246 - - [23/Apr/2026:11:33:56 -0300] "GET / HTTP/1.1" 403 22122 "-" "Mozilla/5.0 (Windows NT 10.0; Win64; x64) AppleWebKit/537.36 (KHTML, like Gecko) Chrome/120.0.0.0 Safari/537.36" painelnocharme.meumercado.app 10.53.184.85
45.148.10.246 - - [23/Apr/2026:11:33:56 -0300] "GET /pi.php HTTP/1.1" 409 83 "-" "Mozilla/5.0 (Windows NT 10.0; Win64; x64; rv:121.0) Gecko/20100101 Firefox/121.0" painelnocharme.meumercado.app 10.53.184.85
45.148.10.246 - - [23/Apr/2026:11:33:56 -0300] "GET /.boto3 HTTP/1.1" 404 2361 "-" "Mozilla/5.0 (Windows NT 10.0; Win64; x64; rv:121.0) Gecko/20100101 Firefox/121.0" painelnocharme.meumercado.app 10.53.184.85
45.148.10.246 - - [23/Apr/2026:11:33:56 -0300] "GET /.env.local HTTP/1.1" 404 2361 "-" "Mozilla/5.0 (Windows NT 10.0; Win64; x64; rv:121.0) Gecko/20100101 Firefox/121.0" painelnocharme.meumercado.app 10.53.184.85
45.148.10.246 - - [23/Apr/2026:11:33:56 -0300] "GET /i.php HTTP/1.1" 409 83 "-" "Mozilla/5.0 (Windows NT 10.0; Win64; x64) AppleWebKit/537.36 (KHTML, like Gecko) Chrome/120.0.0.0 Safari/537.36" painelnocharme.meumercado.app 10.53.184.85
45.148.10.246 - - [23/Apr/2026:11:33:56 -0300] "GET /pinfo.php HTTP/1.1" 409 83 "-" "Mozilla/5.0 (X11; Linux x86_64) AppleWebKit/537.36 (KHTML, like Gecko) Chrome/120.0.0.0 Safari/537.36" painelnocharme.meumercado.app 10.53.184.85
45.148.10.246 - - [23/Apr/2026:11:33:56 -0300] "GET /.s3cfg HTTP/1.1" 404 2361 "-" "Mozilla/5.0 (Windows NT 10.0; Win64; x64; rv:121.0) Gecko/20100101 Firefox/121.0" painelnocharme.meumercado.app 10.53.184.85
45.148.10.246 - - [23/Apr/2026:11:33:56 -0300] "GET /php.php HTTP/1.1" 409 83 "-" "Mozilla/5.0 (Windows NT 10.0; Win64; x64; rv:121.0) Gecko/20100101 Firefox/121.0" painelnocharme.meumercado.app 10.53.184.85
45.148.10.246 - - [23/Apr/2026:11:33:56 -0300] "GET /.env.staging HTTP/1.1" 404 2361 "-" "Mozilla/5.0 (Windows NT 10.0; Win64; x64; rv:121.0) Gecko/20100101 Firefox/121.0" painelnocharme.meumercado.app 10.53.184.85
45.148.10.246 - - [23/Apr/2026:11:33:56 -0300] "GET /debug.php HTTP/1.1" 409 83 "-" "Mozilla/5.0 (compatible; SecurityScanner/1.0)" painelnocharme.meumercado.app 10.53.184.85
45.148.10.246 - - [23/Apr/2026:11:33:56 -0300] "GET /.pgpass HTTP/1.1" 404 2361 "-" "Mozilla/5.0 (compatible; SecurityScanner/1.0)" painelnocharme.meumercado.app 10.53.184.85
45.148.10.246 - - [23/Apr/2026:11:33:56 -0300] "GET /.netrc HTTP/1.1" 404 2361 "-" "Mozilla/5.0 (compatible; SecurityScanner/1.0)" painelnocharme.meumercado.app 10.53.184.85
45.148.10.246 - - [23/Apr/2026:11:33:56 -0300] "GET /dev.php HTTP/1.1" 409 83 "-" "Mozilla/5.0 (Macintosh; Intel Mac OS X 10_15_7) AppleWebKit/537.36 (KHTML, like Gecko) Chrome/120.0.0.0 Safari/537.36" painelnocharme.meumercado.app 10.53.184.85
45.148.10.246 - - [23/Apr/2026:11:33:57 -0300] "GET /.npmrc HTTP/1.1" 404 2361 "-" "Mozilla/5.0 (X11; Linux x86_64) AppleWebKit/537.36 (KHTML, like Gecko) Chrome/120.0.0.0 Safari/537.36" painelnocharme.meumercado.app 10.53.184.85
45.148.10.246 - - [23/Apr/2026:11:33:57 -0300] "GET /.env.stage HTTP/1.1" 404 2361 "-" "Mozilla/5.0 (Windows NT 10.0; Win64; x64; rv:121.0) Gecko/20100101 Firefox/121.0" painelnocharme.meumercado.app 10.53.184.85
45.148.10.246 - - [23/Apr/2026:11:33:57 -0300] "GET /.env.dev HTTP/1.1" 404 2361 "-" "Mozilla/5.0 (Windows NT 10.0; Win64; x64) AppleWebKit/537.36 (KHTML, like Gecko) Chrome/120.0.0.0 Safari/537.36" painelnocharme.meumercado.app 10.53.184.85
45.148.10.246 - - [23/Apr/2026:11:33:57 -0300] "GET /.yarnrc HTTP/1.1" 404 2361 "-" "Mozilla/5.0 (Macintosh; Intel Mac OS X 10_15_7) AppleWebKit/537.36 (KHTML, like Gecko) Chrome/120.0.0.0 Safari/537.36" painelnocharme.meumercado.app 10.53.184.85
45.148.10.246 - - [23/Apr/2026:11:33:57 -0300] "GET /tmp.php HTTP/1.1" 409 83 "-" "Mozilla/5.0 (Windows NT 10.0; Win64; x64; rv:121.0) Gecko/20100101 Firefox/121.0" painelnocharme.meumercado.app 10.53.184.85
45.148.10.246 - - [23/Apr/2026:11:33:57 -0300] "GET /phpversion.php HTTP/1.1" 409 83 "-" "Mozilla/5.0 (X11; Linux x86_64) AppleWebKit/537.36 (KHTML, like Gecko) Chrome/120.0.0.0 Safari/537.36" painelnocharme.meumercado.app 10.53.184.85
45.148.10.246 - - [23/Apr/2026:11:33:57 -0300] "GET /temp.php HTTP/1.1" 409 83 "-" "Mozilla/5.0 (Windows NT 10.0; Win64; x64; rv:121.0) Gecko/20100101 Firefox/121.0" painelnocharme.meumercado.app 10.53.184.85
45.148.10.246 - - [23/Apr/2026:11:33:57 -0300] "GET /.yarnrc.yml HTTP/1.1" 404 2361 "-" "Mozilla/5.0 (Macintosh; Intel Mac OS X 10_15_7) AppleWebKit/537.36 (KHTML, like Gecko) Chrome/120.0.0.0 Safari/537.36" painelnocharme.meumercado.app 10.53.184.85
45.148.10.246 - - [23/Apr/2026:11:33:57 -0300] "GET /.env.live HTTP/1.1" 404 2361 "-" "Mozilla/5.0 (Windows NT 10.0; Win64; x64; rv:121.0) Gecko/20100101 Firefox/121.0" painelnocharme.meumercado.app 10.53.184.85
45.148.10.246 - - [23/Apr/2026:11:33:57 -0300] "GET /.dockerenv HTTP/1.1" 404 2361 "-" "Mozilla/5.0 (Windows NT 10.0; Win64; x64; rv:121.0) Gecko/20100101 Firefox/121.0" painelnocharme.meumercado.app 10.53.184.85
45.148.10.246 - - [23/Apr/2026:11:33:57 -0300] "GET /php-info.php HTTP/1.1" 409 83 "-" "Mozilla/5.0 (X11; Linux x86_64) AppleWebKit/537.36 (KHTML, like Gecko) Chrome/120.0.0.0 Safari/537.36" painelnocharme.meumercado.app 10.53.184.85
45.148.10.246 - - [23/Apr/2026:11:33:57 -0300] "GET /.env.development HTTP/1.1" 404 2361 "-" "Mozilla/5.0 (X11; Linux x86_64) AppleWebKit/537.36 (KHTML, like Gecko) Chrome/120.0.0.0 Safari/537.36" painelnocharme.meumercado.app 10.53.184.85
45.148.10.246 - - [23/Apr/2026:11:33:57 -0300] "GET /.env.test HTTP/1.1" 404 2361 "-" "Mozilla/5.0 (compatible; SecurityScanner/1.0)" painelnocharme.meumercado.app 10.53.184.85
45.148.10.246 - - [23/Apr/2026:11:33:57 -0300] "GET /php_info.php HTTP/1.1" 409 83 "-" "Mozilla/5.0 (compatible; SecurityScanner/1.0)" painelnocharme.meumercado.app 10.53.184.85
45.148.10.246 - - [23/Apr/2026:11:33:57 -0300] "GET /infos.php HTTP/1.1" 409 83 "-" "Mozilla/5.0 (X11; Linux x86_64) AppleWebKit/537.36 (KHTML, like Gecko) Chrome/120.0.0.0 Safari/537.36" painelnocharme.meumercado.app 10.53.184.85
45.148.10.246 - - [23/Apr/2026:11:33:57 -0300] "GET /.docker/config.json HTTP/1.1" 404 2361 "-" "Mozilla/5.0 (Macintosh; Intel Mac OS X 10_15_7) AppleWebKit/537.36 (KHTML, like Gecko) Chrome/120.0.0.0 Safari/537.36" painelnocharme.meumercado.app 10.53.184.85
45.148.10.246 - - [23/Apr/2026:11:33:57 -0300] "GET /.kube/config HTTP/1.1" 404 2361 "-" "Mozilla/5.0 (Macintosh; Intel Mac OS X 10_15_7) AppleWebKit/537.36 (KHTML, like Gecko) Chrome/120.0.0.0 Safari/537.36" painelnocharme.meumercado.app 10.53.184.85
45.148.10.246 - - [23/Apr/2026:11:33:57 -0300] "GET /.env.testing HTTP/1.1" 404 2361 "-" "Mozilla/5.0 (compatible; SecurityScanner/1.0)" painelnocharme.meumercado.app 10.53.184.85
45.148.10.246 - - [23/Apr/2026:11:33:57 -0300] "GET /kubectl.yaml HTTP/1.1" 404 2361 "-" "Mozilla/5.0 (Macintosh; Intel Mac OS X 10_15_7) AppleWebKit/537.36 (KHTML, like Gecko) Chrome/120.0.0.0 Safari/537.36" painelnocharme.meumercado.app 10.53.184.85
45.148.10.246 - - [23/Apr/2026:11:33:57 -0300] "GET /phpinfos.php HTTP/1.1" 409 83 "-" "Mozilla/5.0 (X11; Linux x86_64) AppleWebKit/537.36 (KHTML, like Gecko) Chrome/120.0.0.0 Safari/537.36" painelnocharme.meumercado.app 10.53.184.85
