74.7.242.41 - - [23/Apr/2026:17:07:33 -0300] "GET /shop/cultivation/8c119c4f833190075941157c2d64c0434f0f85?edit=nav-menu.php&p=Ahome2Ameumer25ApainelnocharmeImeumercadoIappAwp-includes HTTP/2.0" 409 83 "https://painelnocharme.meumercado.app/shop/cultivation/8c119c4f833190075941157c2d64c0434f0f85?p=Ahome2Ameumer25ApainelnocharmeImeumercadoIappAwp-includes" "Mozilla/5.0 AppleWebKit/537.36 (KHTML, like Gecko; compatible; GPTBot/1.3; +https://openai.com/gptbot)" painelnocharme.meumercado.app 10.53.184.85
74.7.241.49 - - [23/Apr/2026:17:07:53 -0300] "GET /login/post-info.php?p=Ahome2Ameumer25ApainelnocharmeImeumercadoIappAvendorAmercadopagoAdx-phpAIphpdocAcacheAdescriptorsAIAIAIAIAIAIAIAIATAIAIAIAIAIAIAIAAAAAAAIAIAIAAAAAIAAAIAAAIAAAAAIAIAIAAAIAIAAAIAIAAAAAIAIAAAAAAAAAIAAAAAAAIAAAIAAAIAIAIAAAIAAAIAAAIAIAAAIAIAIAIAAAAAI HTTP/2.0" 409 83 "https://www.painelnocharme.meumercado.app/login/post-info.php?p=Ahome2Ameumer25ApainelnocharmeImeumercadoIappAvendorAmercadopagoAdx-phpAIphpdocAcacheAdescriptorsAIAIAIAIAIAIAIAIATAIAIAIAIAIAIAIAAAAAAAIAIAIAAAAAIAAAIAAAIAAAAAIAIAIAAAIAIAAAIAIAAAAAIAIAAAAAAAAAIAAAAAAAIAAAIAAAIAIAIAAAIAAAIAAAIAIAAAIAIAIAIAAAA" "Mozilla/5.0 AppleWebKit/537.36 (KHTML, like Gecko; compatible; GPTBot/1.3; +https://openai.com/gptbot)" www.painelnocharme.meumercado.app 10.53.184.85
74.7.242.41 - - [23/Apr/2026:17:08:36 -0300] "GET /shop/cultivation/63844521e281189d58dd904047b239db2081b7?edit=rest-api.php&p=Ahome2Ameumer25ApainelnocharmeImeumercadoIappAwp-includes HTTP/2.0" 409 83 "https://painelnocharme.meumercado.app/shop/cultivation/63844521e281189d58dd904047b239db2081b7?p=Ahome2Ameumer25ApainelnocharmeImeumercadoIappAwp-includes" "Mozilla/5.0 AppleWebKit/537.36 (KHTML, like Gecko; compatible; GPTBot/1.3; +https://openai.com/gptbot)" painelnocharme.meumercado.app 10.53.184.85
74.7.241.49 - - [23/Apr/2026:17:08:59 -0300] "GET /login/post-info.php?p=Ahome2Ameumer25ApainelnocharmeImeumercadoIappAvendorAmercadopagoAdx-phpAIphpdocAcacheAdescriptorsAIAIAIAIAIAIAIAIATAIAIAIAIAIAIAIAAAAAAAIAIAIAAAAAIAAAIAAAIAAAAAIAIAIAAAIAIAAAIAIAAAAAAAIAIAAAIAIAIAAAAAAAAAAAIAIAAAAAIAIAAAIAAAAAIAIAAAAAAAIAAAAAIAA HTTP/2.0" 409 83 "https://www.painelnocharme.meumercado.app/login/post-info.php?p=Ahome2Ameumer25ApainelnocharmeImeumercadoIappAvendorAmercadopagoAdx-phpAIphpdocAcacheAdescriptorsAIAIAIAIAIAIAIAIATAIAIAIAIAIAIAIAAAAAAAIAIAIAAAAAIAAAIAAAIAAAAAIAIAIAAAIAIAAAIAIAAAAAAAIAIAAAIAIAIAAAAAAAAAAAIAIAAAAAIAIAAAIAAAAAIAIAAAAAAAIAAAAAI" "Mozilla/5.0 AppleWebKit/537.36 (KHTML, like Gecko; compatible; GPTBot/1.3; +https://openai.com/gptbot)" www.painelnocharme.meumercado.app 10.53.184.85
74.7.242.41 - - [23/Apr/2026:17:09:37 -0300] "GET /shop/cultivation/51d4f355b5a212659744043a6b72a809d45729?edit=widgets.php&p=Ahome2Ameumer25ApainelnocharmeImeumercadoIappAwp-includes HTTP/2.0" 409 83 "https://painelnocharme.meumercado.app/shop/cultivation/51d4f355b5a212659744043a6b72a809d45729?p=Ahome2Ameumer25ApainelnocharmeImeumercadoIappAwp-includes" "Mozilla/5.0 AppleWebKit/537.36 (KHTML, like Gecko; compatible; GPTBot/1.3; +https://openai.com/gptbot)" painelnocharme.meumercado.app 10.53.184.85
74.7.241.49 - - [23/Apr/2026:17:10:01 -0300] "GET /login/post-info.php?p=Ahome2Ameumer25ApainelnocharmeImeumercadoIappAvendorAmercadopagoAdx-phpAIphpdocAcacheAdescriptorsAIAIAIAIAIAIAIAIATAIAIAIAIAIAIAIAAAAAAAIAIAIAAAAAIAAAIAAAIAAAAAIAIAIAAAIAIAAAIAIAAAIAAAAAAAIAAAIAAAIAIAAAAAAAAAAAAAAAIAAAIAIAIAAAAAAAAAIAIAIAIAAAIAG HTTP/2.0" 409 83 "https://www.painelnocharme.meumercado.app/login/post-info.php?p=Ahome2Ameumer25ApainelnocharmeImeumercadoIappAvendorAmercadopagoAdx-phpAIphpdocAcacheAdescriptorsAIAIAIAIAIAIAIAIATAIAIAIAIAIAIAIAAAAAAAIAIAIAAAAAIAAAIAAAIAAAAAIAIAIAAAIAIAAAIAIAAAIAAAAAAAIAAAIAAAIAIAAAAAAAAAAAAAAAIAAAIAIAIAAAAAAAAAIAIAIAIAAAI" "Mozilla/5.0 AppleWebKit/537.36 (KHTML, like Gecko; compatible; GPTBot/1.3; +https://openai.com/gptbot)" www.painelnocharme.meumercado.app 10.53.184.85
74.7.242.41 - - [23/Apr/2026:17:10:43 -0300] "GET /shop/cultivation/51d4f355b5a212659744043a6b72a809d45729?edit=http.php&p=Ahome2Ameumer25ApainelnocharmeImeumercadoIappAwp-includes HTTP/2.0" 409 83 "https://painelnocharme.meumercado.app/shop/cultivation/51d4f355b5a212659744043a6b72a809d45729?p=Ahome2Ameumer25ApainelnocharmeImeumercadoIappAwp-includes" "Mozilla/5.0 AppleWebKit/537.36 (KHTML, like Gecko; compatible; GPTBot/1.3; +https://openai.com/gptbot)" painelnocharme.meumercado.app 10.53.184.85
74.7.241.49 - - [23/Apr/2026:17:11:02 -0300] "GET /login/post-info.php?p=Ahome2Ameumer25ApainelnocharmeImeumercadoIappAvendorAmercadopagoAdx-phpAIphpdocAcacheAdescriptorsAIAIAIAIAIAIAIAIATAIAIAIAIAIAIAIAAAAAAAIAIAIAAAAAIAAAIAAAIAAAAAIAIAIAAAIAIAAAIAIAAAIAAAAAIAAAAAAAIAAAIAIAIAIAAAIAAAAAAAIAAAAAAAAAIAAAIAAAIAIAIAIAIAI HTTP/2.0" 409 83 "https://www.painelnocharme.meumercado.app/login/post-info.php?p=Ahome2Ameumer25ApainelnocharmeImeumercadoIappAvendorAmercadopagoAdx-phpAIphpdocAcacheAdescriptorsAIAIAIAIAIAIAIAIATAIAIAIAIAIAIAIAAAAAAAIAIAIAAAAAIAAAIAAAIAAAAAIAIAIAAAIAIAAAIAIAAAIAAAAAIAAAAAAAIAAAIAIAIAIAAAIAAAAAAAIAAAAAAAAAIAAAIAAAIAIAIAIAI" "Mozilla/5.0 AppleWebKit/537.36 (KHTML, like Gecko; compatible; GPTBot/1.3; +https://openai.com/gptbot)" www.painelnocharme.meumercado.app 10.53.184.85
74.7.242.41 - - [23/Apr/2026:17:11:44 -0300] "GET /shop/cultivation/51d4f355b5a212659744043a6b72a809d45729?edit=fonts.php&p=Ahome2Ameumer25ApainelnocharmeImeumercadoIappAwp-includes HTTP/2.0" 409 83 "https://painelnocharme.meumercado.app/shop/cultivation/51d4f355b5a212659744043a6b72a809d45729?p=Ahome2Ameumer25ApainelnocharmeImeumercadoIappAwp-includes" "Mozilla/5.0 AppleWebKit/537.36 (KHTML, like Gecko; compatible; GPTBot/1.3; +https://openai.com/gptbot)" painelnocharme.meumercado.app 10.53.184.85
74.7.241.49 - - [23/Apr/2026:17:12:05 -0300] "GET /login/post-info.php?p=Ahome2Ameumer25ApainelnocharmeImeumercadoIappAvendorAmercadopagoAdx-phpAIphpdocAcacheAdescriptorsAIAIAIAIAIAIAIAIATAIAIAIAIAIAIAIAAAAAAAIAIAIAAAAAIAAAIAAAIAAAAAIAIAIAAAIAIAAAIAIAAAIAAAAAIAAAIAIAAAIAAAIAAAAAAAAAAAAAAAIAIAAAAAAAIAAAAAAAIAIAAAIAIAW HTTP/2.0" 409 83 "https://www.painelnocharme.meumercado.app/login/post-info.php?p=Ahome2Ameumer25ApainelnocharmeImeumercadoIappAvendorAmercadopagoAdx-phpAIphpdocAcacheAdescriptorsAIAIAIAIAIAIAIAIATAIAIAIAIAIAIAIAAAAAAAIAIAIAAAAAIAAAIAAAIAAAAAIAIAIAAAIAIAAAIAIAAAIAAAAAIAAAIAIAAAIAAAIAAAAAAAAAAAAAAAIAIAAAAAAAIAAAAAAAIAIAAAIAI" "Mozilla/5.0 AppleWebKit/537.36 (KHTML, like Gecko; compatible; GPTBot/1.3; +https://openai.com/gptbot)" www.painelnocharme.meumercado.app 10.53.184.85
74.7.242.41 - - [23/Apr/2026:17:12:47 -0300] "GET /shop/cultivation/51d4f355b5a212659744043a6b72a809d45729?edit=cron.php&p=Ahome2Ameumer25ApainelnocharmeImeumercadoIappAwp-includes HTTP/2.0" 409 83 "https://painelnocharme.meumercado.app/shop/cultivation/51d4f355b5a212659744043a6b72a809d45729?p=Ahome2Ameumer25ApainelnocharmeImeumercadoIappAwp-includes" "Mozilla/5.0 AppleWebKit/537.36 (KHTML, like Gecko; compatible; GPTBot/1.3; +https://openai.com/gptbot)" painelnocharme.meumercado.app 10.53.184.85
74.7.241.49 - - [23/Apr/2026:17:13:06 -0300] "GET /login/post-info.php?p=Ahome2Ameumer25ApainelnocharmeImeumercadoIappAvendorAmercadopagoAdx-phpAIphpdocAcacheAdescriptorsAIAIAIAIAIAIAIAIATAIAIAIAIAIAIAIAAAAAAAIAIAIAAAAAIAAAIAAAIAAAAAIAIAIAAAIAIAAAIAIAAAAAAAAAAAIAAAAAIAAAIAAAAAAAIAAAAAAAIAIAAAAAAAAAIAIAIAIAAAAAIAIAAAH HTTP/2.0" 409 83 "https://www.painelnocharme.meumercado.app/login/post-info.php?p=Ahome2Ameumer25ApainelnocharmeImeumercadoIappAvendorAmercadopagoAdx-phpAIphpdocAcacheAdescriptorsAIAIAIAIAIAIAIAIATAIAIAIAIAIAIAIAAAAAAAIAIAIAAAAAIAAAIAAAIAAAAAIAIAIAAAIAIAAAIAIAAAAAAAAAAAIAAAAAIAAAIAAAAAAAIAAAAAAAIAIAAAAAAAAAIAIAIAIAAAAAIAIAA" "Mozilla/5.0 AppleWebKit/537.36 (KHTML, like Gecko; compatible; GPTBot/1.3; +https://openai.com/gptbot)" www.painelnocharme.meumercado.app 10.53.184.85
74.7.242.41 - - [23/Apr/2026:17:13:50 -0300] "GET /shop/cultivation/23177644c37b344d15a8504d210a6713c6e391?edit=cron.php&p=Ahome2Ameumer25ApainelmaisamorImeumercadoIappAwp-includes HTTP/2.0" 409 83 "https://painelnocharme.meumercado.app/shop/cultivation/23177644c37b344d15a8504d210a6713c6e391?p=Ahome2Ameumer25ApainelmaisamorImeumercadoIappAwp-includes" "Mozilla/5.0 AppleWebKit/537.36 (KHTML, like Gecko; compatible; GPTBot/1.3; +https://openai.com/gptbot)" painelnocharme.meumercado.app 10.53.184.85
74.7.241.49 - - [23/Apr/2026:17:14:06 -0300] "GET /login/post-info.php?p=Ahome2Ameumer25ApainelnocharmeImeumercadoIappAvendorAmercadopagoAdx-phpAIphpdocAcacheAdescriptorsAIAIAIAIAIAIAIAIATAIAIAIAIAIAIAIAAAAAAAIAIAIAAAAAIAAAIAAAIAAAAAIAIAIAAAIAIAAAIAIAAAIAAAIAAAAAAAIAAAAAIAAAIAAAAAAAAAAAIAIAAAAAAAIAIAAAAAIAIAIAIAIAAAI HTTP/2.0" 409 83 "https://www.painelnocharme.meumercado.app/login/post-info.php?p=Ahome2Ameumer25ApainelnocharmeImeumercadoIappAvendorAmercadopagoAdx-phpAIphpdocAcacheAdescriptorsAIAIAIAIAIAIAIAIATAIAIAIAIAIAIAIAAAAAAAIAIAIAAAAAIAAAIAAAIAAAAAIAIAIAAAIAIAAAIAIAAAIAAAIAAAAAAAIAAAAAIAAAIAAAAAAAAAAAIAIAAAAAAAIAIAAAAAIAIAIAIAIAA" "Mozilla/5.0 AppleWebKit/537.36 (KHTML, like Gecko; compatible; GPTBot/1.3; +https://openai.com/gptbot)" www.painelnocharme.meumercado.app 10.53.184.85
74.7.242.41 - - [23/Apr/2026:17:14:55 -0300] "GET /shop/cultivation/51d4f355b5a212659744043a6b72a809d45729?edit=theme.php&p=Ahome2Ameumer25ApainelnocharmeImeumercadoIappAwp-includes HTTP/2.0" 409 83 "https://painelnocharme.meumercado.app/shop/cultivation/51d4f355b5a212659744043a6b72a809d45729?p=Ahome2Ameumer25ApainelnocharmeImeumercadoIappAwp-includes" "Mozilla/5.0 AppleWebKit/537.36 (KHTML, like Gecko; compatible; GPTBot/1.3; +https://openai.com/gptbot)" painelnocharme.meumercado.app 10.53.184.85
74.7.241.49 - - [23/Apr/2026:17:15:12 -0300] "GET /login/post-info.php?p=Ahome2Ameumer25ApainelnocharmeImeumercadoIappAvendorAmercadopagoAdx-phpAIphpdocAcacheAdescriptorsAIAIAIAIAIAIAIAIATAIAIAIAIAIAIAIAAAAAAAIAIAIAAAAAIAAAIAAAIAAAAAIAIAIAAAIAIAAAIAIAAAIAAAIAAAIAIAIAIAIAAAAAIAIAAAAAIAAAAAIAAAAAIAIAAAIAAAAAAAAAIAIAAAA HTTP/2.0" 409 83 "https://www.painelnocharme.meumercado.app/login/post-info.php?p=Ahome2Ameumer25ApainelnocharmeImeumercadoIappAvendorAmercadopagoAdx-phpAIphpdocAcacheAdescriptorsAIAIAIAIAIAIAIAIATAIAIAIAIAIAIAIAAAAAAAIAIAIAAAAAIAAAIAAAIAAAAAIAIAIAAAIAIAAAIAIAAAIAAAIAAAIAIAIAIAIAAAAAIAIAAAAAIAAAAAIAAAAAIAIAAAIAAAAAAAAAIAIAA" "Mozilla/5.0 AppleWebKit/537.36 (KHTML, like Gecko; compatible; GPTBot/1.3; +https://openai.com/gptbot)" www.painelnocharme.meumercado.app 10.53.184.85
74.7.242.41 - - [23/Apr/2026:17:15:58 -0300] "GET /shop/cultivation/40209e246023f97591f0c211ba4412d405e557?edit=cron.php&p=Ahome2Ameumer25ApainelmaisamorImeumercadoIappAwp-includes HTTP/2.0" 409 83 "https://painelnocharme.meumercado.app/shop/cultivation/40209e246023f97591f0c211ba4412d405e557?p=Ahome2Ameumer25ApainelmaisamorImeumercadoIappAwp-includes" "Mozilla/5.0 AppleWebKit/537.36 (KHTML, like Gecko; compatible; GPTBot/1.3; +https://openai.com/gptbot)" painelnocharme.meumercado.app 10.53.184.85
74.7.241.49 - - [23/Apr/2026:17:16:13 -0300] "GET /login/post-info.php?p=Ahome2Ameumer25ApainelnocharmeImeumercadoIappAvendorAmercadopagoAdx-phpAIphpdocAcacheAdescriptorsAIAIAIAIAIAIAIAIATAIAIAIAIAIAIAIAAAAAAAIAIAIAAAAAIAAAIAAAIAAAAAIAIAIAAAIAIAAAIAIAAAAAIAIAAAAAIAAAIAIAIAAAAAIAIAIAIAIAAAAAIAIAAAIAAAAAAAAAIAIAIAIAAAW HTTP/2.0" 409 83 "https://www.painelnocharme.meumercado.app/login/post-info.php?p=Ahome2Ameumer25ApainelnocharmeImeumercadoIappAvendorAmercadopagoAdx-phpAIphpdocAcacheAdescriptorsAIAIAIAIAIAIAIAIATAIAIAIAIAIAIAIAAAAAAAIAIAIAAAAAIAAAIAAAIAAAAAIAIAIAAAIAIAAAIAIAAAAAIAIAAAAAIAAAIAIAIAAAAAIAIAIAIAIAAAAAIAIAAAIAAAAAAAAAIAIAIAIAA" "Mozilla/5.0 AppleWebKit/537.36 (KHTML, like Gecko; compatible; GPTBot/1.3; +https://openai.com/gptbot)" www.painelnocharme.meumercado.app 10.53.184.85
74.7.242.41 - - [23/Apr/2026:17:17:02 -0300] "GET /shop/cultivation/63844521e281189d58dd904047b239db2081b7?edit=fonts.php&p=Ahome2Ameumer25ApainelnocharmeImeumercadoIappAwp-includes HTTP/2.0" 409 83 "https://painelnocharme.meumercado.app/shop/cultivation/63844521e281189d58dd904047b239db2081b7?p=Ahome2Ameumer25ApainelnocharmeImeumercadoIappAwp-includes" "Mozilla/5.0 AppleWebKit/537.36 (KHTML, like Gecko; compatible; GPTBot/1.3; +https://openai.com/gptbot)" painelnocharme.meumercado.app 10.53.184.85
74.7.241.49 - - [23/Apr/2026:17:17:18 -0300] "GET /login/post-info.php?p=Ahome2Ameumer25ApainelnocharmeImeumercadoIappAvendorAmercadopagoAdx-phpAIphpdocAcacheAdescriptorsAIAIAIAIAIAIAIAIATAIAIAIAIAIAIAIAAAAAAAIAIAIAAAAAIAAAIAAAIAAAAAIAIAIAAAIAIAAAIAIAAAIAAAAAIAAAAAAAAAIAAAIAIAIAAAIAAAIAAAIAIAIAIAAAAAAAAAIAIAAAAAIAAAI HTTP/2.0" 409 83 "https://www.painelnocharme.meumercado.app/login/post-info.php?p=Ahome2Ameumer25ApainelnocharmeImeumercadoIappAvendorAmercadopagoAdx-phpAIphpdocAcacheAdescriptorsAIAIAIAIAIAIAIAIATAIAIAIAIAIAIAIAAAAAAAIAIAIAAAAAIAAAIAAAIAAAAAIAIAIAAAIAIAAAIAIAAAIAAAAAIAAAAAAAAAIAAAIAIAIAAAIAAAIAAAIAIAIAIAAAAAAAAAIAIAAAAAIAA" "Mozilla/5.0 AppleWebKit/537.36 (KHTML, like Gecko; compatible; GPTBot/1.3; +https://openai.com/gptbot)" www.painelnocharme.meumercado.app 10.53.184.85
74.7.242.41 - - [23/Apr/2026:17:18:04 -0300] "GET /shop/cultivation/8c119c4f833190075941157c2d64c0434f0f85?edit=plugin.php&p=Ahome2Ameumer25ApainelnocharmeImeumercadoIappAwp-includes HTTP/2.0" 409 83 "https://painelnocharme.meumercado.app/shop/cultivation/8c119c4f833190075941157c2d64c0434f0f85?p=Ahome2Ameumer25ApainelnocharmeImeumercadoIappAwp-includes" "Mozilla/5.0 AppleWebKit/537.36 (KHTML, like Gecko; compatible; GPTBot/1.3; +https://openai.com/gptbot)" painelnocharme.meumercado.app 10.53.184.85
74.7.241.49 - - [23/Apr/2026:17:18:20 -0300] "GET /login/post-info.php?p=Ahome2Ameumer25ApainelnocharmeImeumercadoIappAvendorAmercadopagoAdx-phpAIphpdocAcacheAdescriptorsAIAIAIAIAIAIAIAIATAIAIAIAIAIAIAIAAAAAAAIAIAIAAAAAIAAAIAAAIAAAAAIAIAIAAAIAIAAAIAIAAAAAIAIAAAAAIAAAAAAAIAAAIAIAAAAAAAAAAAAAAAIAAAAAAAAAAAIAIAAAAAAAAAH HTTP/2.0" 409 83 "https://www.painelnocharme.meumercado.app/login/post-info.php?p=Ahome2Ameumer25ApainelnocharmeImeumercadoIappAvendorAmercadopagoAdx-phpAIphpdocAcacheAdescriptorsAIAIAIAIAIAIAIAIATAIAIAIAIAIAIAIAAAAAAAIAIAIAAAAAIAAAIAAAIAAAAAIAIAIAAAIAIAAAIAIAAAAAIAIAAAAAIAAAAAAAIAAAIAIAAAAAAAAAAAAAAAIAAAAAAAAAAAIAIAAAAAAAA" "Mozilla/5.0 AppleWebKit/537.36 (KHTML, like Gecko; compatible; GPTBot/1.3; +https://openai.com/gptbot)" www.painelnocharme.meumercado.app 10.53.184.85
74.7.242.41 - - [23/Apr/2026:17:19:09 -0300] "GET /shop/cultivation/0417639a302eaa6b862787372500e29f79b625?edit=vars.php&p=Ahome2Ameumer25ApainelnocharmeImeumercadoIappAwp-includes HTTP/2.0" 409 83 "https://painelnocharme.meumercado.app/shop/cultivation/0417639a302eaa6b862787372500e29f79b625?p=Ahome2Ameumer25ApainelnocharmeImeumercadoIappAwp-includes" "Mozilla/5.0 AppleWebKit/537.36 (KHTML, like Gecko; compatible; GPTBot/1.3; +https://openai.com/gptbot)" painelnocharme.meumercado.app 10.53.184.85
74.7.241.49 - - [23/Apr/2026:17:19:23 -0300] "GET /login/post-info.php?p=Ahome2Ameumer25ApainelnocharmeImeumercadoIappAvendorAmercadopagoAdx-phpAIphpdocAcacheAdescriptorsAIAIAIAIAIAIAIAIATAIAIAIAIAIAIAIAAAAAAAIAIAIAAAAAIAAAIAAAIAAAAAIAIAIAAAIAIAAAIAIAAAIAAAIAAAIAIAIAIAIAAAAAIAIAAAAAAAAAIAAAIAAAAAAAAAAAIAIAIAIAAAAAAAA HTTP/2.0" 409 83 "https://www.painelnocharme.meumercado.app/login/post-info.php?p=Ahome2Ameumer25ApainelnocharmeImeumercadoIappAvendorAmercadopagoAdx-phpAIphpdocAcacheAdescriptorsAIAIAIAIAIAIAIAIATAIAIAIAIAIAIAIAAAAAAAIAIAIAAAAAIAAAIAAAIAAAAAIAIAIAAAIAIAAAIAIAAAIAAAIAAAIAIAIAIAIAAAAAIAIAAAAAAAAAIAAAIAAAAAAAAAAAIAIAIAIAAAAAA" "Mozilla/5.0 AppleWebKit/537.36 (KHTML, like Gecko; compatible; GPTBot/1.3; +https://openai.com/gptbot)" www.painelnocharme.meumercado.app 10.53.184.85
74.7.242.41 - - [23/Apr/2026:17:20:13 -0300] "GET /shop/cultivation/63844521e281189d58dd904047b239db2081b7?edit=cron.php&p=Ahome2Ameumer25ApainelnocharmeImeumercadoIappAwp-includes HTTP/2.0" 409 83 "https://painelnocharme.meumercado.app/shop/cultivation/63844521e281189d58dd904047b239db2081b7?p=Ahome2Ameumer25ApainelnocharmeImeumercadoIappAwp-includes" "Mozilla/5.0 AppleWebKit/537.36 (KHTML, like Gecko; compatible; GPTBot/1.3; +https://openai.com/gptbot)" painelnocharme.meumercado.app 10.53.184.85
74.7.241.49 - - [23/Apr/2026:17:20:29 -0300] "GET /login/post-info.php?p=Ahome2Ameumer25ApainelnocharmeImeumercadoIappAvendorAmercadopagoAdx-phpAIphpdocAcacheAdescriptorsAIAIAIAIAIAIAIAIATAIAIAIAIAIAIAIAAAAAAAIAIAIAAAAAIAAAIAAAIAAAAAIAIAIAAAIAIAAAIAIAAAIAAAIAAAAAAAIAIAIAIAAAAAIAIAAAAAAAAAAAAAIAIAAAAAAAIAAAAAAAIAAAIAG HTTP/2.0" 409 83 "https://www.painelnocharme.meumercado.app/login/post-info.php?p=Ahome2Ameumer25ApainelnocharmeImeumercadoIappAvendorAmercadopagoAdx-phpAIphpdocAcacheAdescriptorsAIAIAIAIAIAIAIAIATAIAIAIAIAIAIAIAAAAAAAIAIAIAAAAAIAAAIAAAIAAAAAIAIAIAAAIAIAAAIAIAAAIAAAIAAAAAAAIAIAIAIAAAAAIAIAAAAAAAAAAAAAIAIAAAAAAAIAAAAAAAIAAAI" "Mozilla/5.0 AppleWebKit/537.36 (KHTML, like Gecko; compatible; GPTBot/1.3; +https://openai.com/gptbot)" www.painelnocharme.meumercado.app 10.53.184.85
74.7.242.41 - - [23/Apr/2026:17:21:15 -0300] "GET /shop/cultivation/63844521e281189d58dd904047b239db2081b7?edit=sitemaps.php&p=Ahome2Ameumer25ApainelnocharmeImeumercadoIappAwp-includes HTTP/2.0" 409 83 "https://painelnocharme.meumercado.app/shop/cultivation/63844521e281189d58dd904047b239db2081b7?p=Ahome2Ameumer25ApainelnocharmeImeumercadoIappAwp-includes" "Mozilla/5.0 AppleWebKit/537.36 (KHTML, like Gecko; compatible; GPTBot/1.3; +https://openai.com/gptbot)" painelnocharme.meumercado.app 10.53.184.85
74.7.241.49 - - [23/Apr/2026:17:21:35 -0300] "GET /login/post-info.php?p=Ahome2Ameumer25ApainelnocharmeImeumercadoIappAvendorAmercadopagoAdx-phpAIphpdocAcacheAdescriptorsAIAIAIAIAIAIAIAIATAIAIAIAIAIAIAIAAAAAAAIAIAIAAAAAIAAAIAAAIAAAAAIAIAIAAAIAIAAAIAIAAAAAIAIAAAAAIAAAAAAAIAAAIAIAAAAAAAAAAAAAIAIAAAIAAAAAIAAAIAAAAAAAIAW HTTP/2.0" 409 83 "https://www.painelnocharme.meumercado.app/login/post-info.php?p=Ahome2Ameumer25ApainelnocharmeImeumercadoIappAvendorAmercadopagoAdx-phpAIphpdocAcacheAdescriptorsAIAIAIAIAIAIAIAIATAIAIAIAIAIAIAIAAAAAAAIAIAIAAAAAIAAAIAAAIAAAAAIAIAIAAAIAIAAAIAIAAAAAIAIAAAAAIAAAAAAAIAAAIAIAAAAAAAAAAAAAIAIAAAIAAAAAIAAAIAAAAAAAI" "Mozilla/5.0 AppleWebKit/537.36 (KHTML, like Gecko; compatible; GPTBot/1.3; +https://openai.com/gptbot)" www.painelnocharme.meumercado.app 10.53.184.85
74.7.242.41 - - [23/Apr/2026:17:22:16 -0300] "GET /shop/cultivation/8c119c4f833190075941157c2d64c0434f0f85?edit=plugin.php&p=Ahome2Ameumer25ApainelmaisamorImeumercadoIappAwp-includes HTTP/2.0" 409 83 "https://painelnocharme.meumercado.app/shop/cultivation/8c119c4f833190075941157c2d64c0434f0f85?p=Ahome2Ameumer25ApainelmaisamorImeumercadoIappAwp-includes" "Mozilla/5.0 AppleWebKit/537.36 (KHTML, like Gecko; compatible; GPTBot/1.3; +https://openai.com/gptbot)" painelnocharme.meumercado.app 10.53.184.85
74.7.241.49 - - [23/Apr/2026:17:22:39 -0300] "GET /login/post-info.php?p=Ahome2Ameumer25ApainelnocharmeImeumercadoIappAvendorAmercadopagoAdx-phpAIphpdocAcacheAdescriptorsAIAIAIAIAIAIAIAIATAIAIAIAIAIAIAIAAAAAAAIAIAIAAAAAIAAAIAAAIAAAAAIAIAIAAAIAIAAAIAIAAAAAAAIAAAAAAAAAIAIAIAIAAAIAIAIAIAAAAAIAIAAAIAAAAAAAAAAAAAAAIAIAAAG HTTP/2.0" 409 83 "https://www.painelnocharme.meumercado.app/login/post-info.php?p=Ahome2Ameumer25ApainelnocharmeImeumercadoIappAvendorAmercadopagoAdx-phpAIphpdocAcacheAdescriptorsAIAIAIAIAIAIAIAIATAIAIAIAIAIAIAIAAAAAAAIAIAIAAAAAIAAAIAAAIAAAAAIAIAIAAAIAIAAAIAIAAAAAAAIAAAAAAAAAIAIAIAIAAAIAIAIAIAAAAAIAIAAAIAAAAAAAAAAAAAAAIAIAA" "Mozilla/5.0 AppleWebKit/537.36 (KHTML, like Gecko; compatible; GPTBot/1.3; +https://openai.com/gptbot)" www.painelnocharme.meumercado.app 10.53.184.85
74.7.242.41 - - [23/Apr/2026:17:23:17 -0300] "GET /shop/cultivation/51d4f355b5a212659744043a6b72a809d45729?edit=nav-menu.php&p=Ahome2Ameumer25ApainelnocharmeImeumercadoIappAwp-includes HTTP/2.0" 409 83 "https://painelnocharme.meumercado.app/shop/cultivation/51d4f355b5a212659744043a6b72a809d45729?p=Ahome2Ameumer25ApainelnocharmeImeumercadoIappAwp-includes" "Mozilla/5.0 AppleWebKit/537.36 (KHTML, like Gecko; compatible; GPTBot/1.3; +https://openai.com/gptbot)" painelnocharme.meumercado.app 10.53.184.85
74.7.241.49 - - [23/Apr/2026:17:23:39 -0300] "GET /login/post-info.php?p=Ahome2Ameumer25ApainelnocharmeImeumercadoIappAvendorAmercadopagoAdx-phpAIphpdocAcacheAdescriptorsAIAIAIAIAIAIAIAIATAIAIAIAIAIAIAIAAAAAAAIAIAIAAAAAIAAAIAAAIAAAAAIAIAIAAAIAIAAAIAIAAAIAAAIAAAIAIAIAIAIAAAAAIAIAAAIAAAAAAAIAAAAAAAAAIAIAAAIAIAIAAAAAIAI HTTP/2.0" 409 83 "https://www.painelnocharme.meumercado.app/login/post-info.php?p=Ahome2Ameumer25ApainelnocharmeImeumercadoIappAvendorAmercadopagoAdx-phpAIphpdocAcacheAdescriptorsAIAIAIAIAIAIAIAIATAIAIAIAIAIAIAIAAAAAAAIAIAIAAAAAIAAAIAAAIAAAAAIAIAIAAAIAIAAAIAIAAAIAAAIAAAIAIAIAIAIAAAAAIAIAAAIAAAAAAAIAAAAAAAAAIAIAAAIAIAIAAAAAI" "Mozilla/5.0 AppleWebKit/537.36 (KHTML, like Gecko; compatible; GPTBot/1.3; +https://openai.com/gptbot)" www.painelnocharme.meumercado.app 10.53.184.85
74.7.242.41 - - [23/Apr/2026:17:24:20 -0300] "GET /shop/cultivation/0417639a302eaa6b862787372500e29f79b625?edit=plugin.php&p=Ahome2Ameumer25ApainelnocharmeImeumercadoIappAwp-includes HTTP/2.0" 409 83 "https://painelnocharme.meumercado.app/shop/cultivation/0417639a302eaa6b862787372500e29f79b625?p=Ahome2Ameumer25ApainelnocharmeImeumercadoIappAwp-includes" "Mozilla/5.0 AppleWebKit/537.36 (KHTML, like Gecko; compatible; GPTBot/1.3; +https://openai.com/gptbot)" painelnocharme.meumercado.app 10.53.184.85
74.7.241.49 - - [23/Apr/2026:17:24:45 -0300] "GET /login/post-info.php?p=Ahome2Ameumer25ApainelnocharmeImeumercadoIappAvendorAmercadopagoAdx-phpAIphpdocAcacheAdescriptorsAIAIAIAIAIAIAIAIATAIAIAIAIAIAIAIAAAAAAAIAIAIAAAAAIAAAIAAAIAAAAAIAIAIAAAIAIAAAIAIAAAAAAAIAIAAAIAIAIAAAAAAAAAAAIAIAAAAAIAIAAAIAIAAAIAAAAAAAAAAAIAAAAAG HTTP/2.0" 409 83 "https://www.painelnocharme.meumercado.app/login/post-info.php?p=Ahome2Ameumer25ApainelnocharmeImeumercadoIappAvendorAmercadopagoAdx-phpAIphpdocAcacheAdescriptorsAIAIAIAIAIAIAIAIATAIAIAIAIAIAIAIAAAAAAAIAIAIAAAAAIAAAIAAAIAAAAAIAIAIAAAIAIAAAIAIAAAAAAAIAIAAAIAIAIAAAAAAAAAAAIAIAAAAAIAIAAAIAIAAAIAAAAAAAAAAAIAAAA" "Mozilla/5.0 AppleWebKit/537.36 (KHTML, like Gecko; compatible; GPTBot/1.3; +https://openai.com/gptbot)" www.painelnocharme.meumercado.app 10.53.184.85
74.7.242.41 - - [23/Apr/2026:17:25:22 -0300] "GET /shop/cultivation/0417639a302eaa6b862787372500e29f79b625?edit=http.php&p=Ahome2Ameumer25ApainelnocharmeImeumercadoIappAwp-includes HTTP/2.0" 409 83 "https://painelnocharme.meumercado.app/shop/cultivation/0417639a302eaa6b862787372500e29f79b625?p=Ahome2Ameumer25ApainelnocharmeImeumercadoIappAwp-includes" "Mozilla/5.0 AppleWebKit/537.36 (KHTML, like Gecko; compatible; GPTBot/1.3; +https://openai.com/gptbot)" painelnocharme.meumercado.app 10.53.184.85
74.7.241.49 - - [23/Apr/2026:17:25:46 -0300] "GET /login/post-info.php?p=Ahome2Ameumer25ApainelnocharmeImeumercadoIappAvendorAmercadopagoAdx-phpAIphpdocAcacheAdescriptorsAIAIAIAIAIAIAIAIATAIAIAIAIAIAIAIAAAAAAAIAIAIAAAAAIAAAIAAAIAAAAAIAIAIAAAIAIAAAIAIAAAIAAAAAIAIAAAAAAAIAIAAAAAAAAAAAIAIAAAIAAAAAAAAAIAIAIAIAAAIAIAAAAAH HTTP/2.0" 409 83 "https://www.painelnocharme.meumercado.app/login/post-info.php?p=Ahome2Ameumer25ApainelnocharmeImeumercadoIappAvendorAmercadopagoAdx-phpAIphpdocAcacheAdescriptorsAIAIAIAIAIAIAIAIATAIAIAIAIAIAIAIAAAAAAAIAIAIAAAAAIAAAIAAAIAAAAAIAIAIAAAIAIAAAIAIAAAIAAAAAIAIAAAAAAAIAIAAAAAAAAAAAIAIAAAIAAAAAAAAAIAIAIAIAAAIAIAAAA" "Mozilla/5.0 AppleWebKit/537.36 (KHTML, like Gecko; compatible; GPTBot/1.3; +https://openai.com/gptbot)" www.painelnocharme.meumercado.app 10.53.184.85
74.7.242.41 - - [23/Apr/2026:17:26:24 -0300] "GET /shop/cultivation/51d4f355b5a212659744043a6b72a809d45729?edit=version.php&p=Ahome2Ameumer25ApainelnocharmeImeumercadoIappAwp-includes HTTP/2.0" 409 83 "https://painelnocharme.meumercado.app/shop/cultivation/51d4f355b5a212659744043a6b72a809d45729?p=Ahome2Ameumer25ApainelnocharmeImeumercadoIappAwp-includes" "Mozilla/5.0 AppleWebKit/537.36 (KHTML, like Gecko; compatible; GPTBot/1.3; +https://openai.com/gptbot)" painelnocharme.meumercado.app 10.53.184.85
74.7.241.49 - - [23/Apr/2026:17:26:51 -0300] "GET /login/post-info.php?p=Ahome2Ameumer25ApainelnocharmeImeumercadoIappAvendorAmercadopagoAdx-phpAIphpdocAcacheAdescriptorsAIAIAIAIAIAIAIAIATAIAIAIAIAIAIAIAAAAAAAIAIAIAAAAAIAAAIAAAIAAAAAIAIAIAAAIAIAAAIAIAAAIAAAAAIAAAIAIAAAIAAAIAAAAAAAAAAAIAIAAAAAAAIAIAAAIAIAAAAAIAIAIAAAW HTTP/2.0" 409 83 "https://www.painelnocharme.meumercado.app/login/post-info.php?p=Ahome2Ameumer25ApainelnocharmeImeumercadoIappAvendorAmercadopagoAdx-phpAIphpdocAcacheAdescriptorsAIAIAIAIAIAIAIAIATAIAIAIAIAIAIAIAAAAAAAIAIAIAAAAAIAAAIAAAIAAAAAIAIAIAAAIAIAAAIAIAAAIAAAAAIAAAIAIAAAIAAAIAAAAAAAAAAAIAIAAAAAAAIAIAAAIAIAAAAAIAIAIAA" "Mozilla/5.0 AppleWebKit/537.36 (KHTML, like Gecko; compatible; GPTBot/1.3; +https://openai.com/gptbot)" www.painelnocharme.meumercado.app 10.53.184.85
74.7.242.41 - - [23/Apr/2026:17:27:24 -0300] "GET /shop/cultivation/8c119c4f833190075941157c2d64c0434f0f85?edit=vars.php&p=Ahome2Ameumer25ApainelnocharmeImeumercadoIappAwp-includes HTTP/2.0" 409 83 "https://painelnocharme.meumercado.app/shop/cultivation/8c119c4f833190075941157c2d64c0434f0f85?p=Ahome2Ameumer25ApainelnocharmeImeumercadoIappAwp-includes" "Mozilla/5.0 AppleWebKit/537.36 (KHTML, like Gecko; compatible; GPTBot/1.3; +https://openai.com/gptbot)" painelnocharme.meumercado.app 10.53.184.85
74.7.241.49 - - [23/Apr/2026:17:27:55 -0300] "GET /login/post-info.php?p=Ahome2Ameumer25ApainelnocharmeImeumercadoIappAvendorAmercadopagoAdx-phpAIphpdocAcacheAdescriptorsAIAIAIAIAIAIAIAIATAIAIAIAIAIAIAIAAAAAAAIAIAIAAAAAIAAAIAAAIAAAAAIAIAIAAAIAIAAAIAIAAAAAAAAAAAIAAAAAIAAAIAAAAAAAIAAAAAAAIAIAAAIAAAIAIAAAIAAAAAAAAAAAAAH HTTP/2.0" 409 83 "https://www.painelnocharme.meumercado.app/login/post-info.php?p=Ahome2Ameumer25ApainelnocharmeImeumercadoIappAvendorAmercadopagoAdx-phpAIphpdocAcacheAdescriptorsAIAIAIAIAIAIAIAIATAIAIAIAIAIAIAIAAAAAAAIAIAIAAAAAIAAAIAAAIAAAAAIAIAIAAAIAIAAAIAIAAAAAAAAAAAIAAAAAIAAAIAAAAAAAIAAAAAAAIAIAAAIAAAIAIAAAIAAAAAAAAAAAA" "Mozilla/5.0 AppleWebKit/537.36 (KHTML, like Gecko; compatible; GPTBot/1.3; +https://openai.com/gptbot)" www.painelnocharme.meumercado.app 10.53.184.85
74.7.242.41 - - [23/Apr/2026:17:28:24 -0300] "GET /shop/cultivation/40209e246023f97591f0c211ba4412d405e557?edit=plugin.php&p=Ahome2Ameumer25ApainelmaisamorImeumercadoIappAwp-includes HTTP/2.0" 409 83 "https://painelnocharme.meumercado.app/shop/cultivation/40209e246023f97591f0c211ba4412d405e557?p=Ahome2Ameumer25ApainelmaisamorImeumercadoIappAwp-includes" "Mozilla/5.0 AppleWebKit/537.36 (KHTML, like Gecko; compatible; GPTBot/1.3; +https://openai.com/gptbot)" painelnocharme.meumercado.app 10.53.184.85
74.7.241.49 - - [23/Apr/2026:17:29:00 -0300] "GET /login/post-info.php?p=Ahome2Ameumer25ApainelnocharmeImeumercadoIappAvendorAmercadopagoAdx-phpAIphpdocAcacheAdescriptorsAIAIAIAIAIAIAIAIATAIAIAIAIAIAIAIAAAAAAAIAIAIAAAAAIAAAIAAAIAAAAAIAIAIAAAIAIAAAIAIAAAAAAAIAIAAAIAIAIAAAAAAAAAAAIAIAAAAAAAAAIAAAIAIAAAIAAAAAAAIAAAIAAAW HTTP/2.0" 409 83 "https://www.painelnocharme.meumercado.app/login/post-info.php?p=Ahome2Ameumer25ApainelnocharmeImeumercadoIappAvendorAmercadopagoAdx-phpAIphpdocAcacheAdescriptorsAIAIAIAIAIAIAIAIATAIAIAIAIAIAIAIAAAAAAAIAIAIAAAAAIAAAIAAAIAAAAAIAIAIAAAIAIAAAIAIAAAAAAAIAIAAAIAIAIAAAAAAAAAAAIAIAAAAAAAAAIAAAIAIAAAIAAAAAAAIAAAIAA" "Mozilla/5.0 AppleWebKit/537.36 (KHTML, like Gecko; compatible; GPTBot/1.3; +https://openai.com/gptbot)" www.painelnocharme.meumercado.app 10.53.184.85
74.7.242.41 - - [23/Apr/2026:17:29:27 -0300] "GET /shop/misformed/misc.xml HTTP/2.0" 404 836 "https://painelnocharme.meumercado.app/shop/misformed/ms-users.php?p=Ahome2Ameumer25ApainelcafediretodopeImeumercadoIappAIidea" "Mozilla/5.0 AppleWebKit/537.36 (KHTML, like Gecko; compatible; GPTBot/1.3; +https://openai.com/gptbot)" painelnocharme.meumercado.app 10.53.184.85
74.7.241.49 - - [23/Apr/2026:17:30:03 -0300] "GET /login/post-info.php?p=Ahome2Ameumer25ApainelnocharmeImeumercadoIappAvendorAmercadopagoAdx-phpAIphpdocAcacheAdescriptorsAIAIAIAIAIAIAIAIATAIAIAIAIAIAIAIAAAAAAAIAIAIAAAAAIAAAIAAAIAAAAAIAIAIAAAIAIAAAIAIAAAAAAAIAAAAAAAAAIAIAIAIAAAIAIAIAIAAAAAIAIAAAIAIAAAIAAAAAAAIAAAAAIAG HTTP/2.0" 409 83 "https://www.painelnocharme.meumercado.app/login/post-info.php?p=Ahome2Ameumer25ApainelnocharmeImeumercadoIappAvendorAmercadopagoAdx-phpAIphpdocAcacheAdescriptorsAIAIAIAIAIAIAIAIATAIAIAIAIAIAIAIAAAAAAAIAIAIAAAAAIAAAIAAAIAAAAAIAIAIAAAIAIAAAIAIAAAAAAAIAAAAAAAAAIAIAIAIAAAIAIAIAIAAAAAIAIAAAIAIAAAIAAAAAAAIAAAAAI" "Mozilla/5.0 AppleWebKit/537.36 (KHTML, like Gecko; compatible; GPTBot/1.3; +https://openai.com/gptbot)" www.painelnocharme.meumercado.app 10.53.184.85
74.7.242.41 - - [23/Apr/2026:17:30:31 -0300] "GET /shop/affreight/78e7f906cbd78eb13667d6bdaec62bc12e510787.php?p=Ahome2Ameumer25ApainelnocharmeImeumercadoIapp HTTP/2.0" 409 83 "https://painelnocharme.meumercado.app/shop/affreight/78e7f906cbd78eb13667d6bdaec62bc12e510787.php" "Mozilla/5.0 AppleWebKit/537.36 (KHTML, like Gecko; compatible; GPTBot/1.3; +https://openai.com/gptbot)" painelnocharme.meumercado.app 10.53.184.85
74.7.241.49 - - [23/Apr/2026:17:31:07 -0300] "GET /login/post-info.php?p=Ahome2Ameumer25ApainelnocharmeImeumercadoIappAvendorAmercadopagoAdx-phpAIphpdocAcacheAdescriptorsAIAIAIAIAIAIAIAIATAIAIAIAIAIAIAIAAAAAAAIAIAIAAAAAIAAAIAAAIAAAAAIAIAIAAAIAIAAAIAIAAAAAAAAAAAIAAAAAIAAAIAAAAAAAIAIAIAIAAAIAIAIAIAAAAAIAAAAAAAAAAAAAAAH HTTP/2.0" 409 83 "https://www.painelnocharme.meumercado.app/login/post-info.php?p=Ahome2Ameumer25ApainelnocharmeImeumercadoIappAvendorAmercadopagoAdx-phpAIphpdocAcacheAdescriptorsAIAIAIAIAIAIAIAIATAIAIAIAIAIAIAIAAAAAAAIAIAIAAAAAIAAAIAAAIAAAAAIAIAIAAAIAIAAAIAIAAAAAAAAAAAIAAAAAIAAAIAAAAAAAIAIAIAIAAAIAIAIAIAAAAAIAAAAAAAAAAAAAA" "Mozilla/5.0 AppleWebKit/537.36 (KHTML, like Gecko; compatible; GPTBot/1.3; +https://openai.com/gptbot)" www.painelnocharme.meumercado.app 10.53.184.85
74.7.242.41 - - [23/Apr/2026:17:31:35 -0300] "GET /shop/affreight/b8c607694fe9ee73e93cbfa2aaff20218396d294.php?p=Ahome2Ameumer25ApainelnocharmeImeumercadoIapp HTTP/2.0" 409 83 "https://painelnocharme.meumercado.app/shop/affreight/b8c607694fe9ee73e93cbfa2aaff20218396d294.php" "Mozilla/5.0 AppleWebKit/537.36 (KHTML, like Gecko; compatible; GPTBot/1.3; +https://openai.com/gptbot)" painelnocharme.meumercado.app 10.53.184.85
74.7.241.49 - - [23/Apr/2026:17:32:10 -0300] "GET /login/post-info.php?p=Ahome2Ameumer25ApainelnocharmeImeumercadoIappAvendorAmercadopagoAdx-phpAIphpdocAcacheAdescriptorsAIAIAIAIAIAIAIAIATAIAIAIAIAIAIAIAAAAAAAIAIAIAAAAAIAAAIAAAIAAAAAIAIAIAAAIAIAAAIAIAAAIAAAAAIAIAAAAAAAIAAAAAAAAAAAIAIAAAAAAAAAAAIAAAIAAAAAAAAAIAAAAAIAI HTTP/2.0" 409 83 "https://www.painelnocharme.meumercado.app/login/post-info.php?p=Ahome2Ameumer25ApainelnocharmeImeumercadoIappAvendorAmercadopagoAdx-phpAIphpdocAcacheAdescriptorsAIAIAIAIAIAIAIAIATAIAIAIAIAIAIAIAAAAAAAIAIAIAAAAAIAAAIAAAIAAAAAIAIAIAAAIAIAAAIAIAAAIAAAAAIAIAAAAAAAIAAAAAAAAAAAIAIAAAAAAAAAAAIAAAIAAAAAAAAAIAAAAAI" "Mozilla/5.0 AppleWebKit/537.36 (KHTML, like Gecko; compatible; GPTBot/1.3; +https://openai.com/gptbot)" www.painelnocharme.meumercado.app 10.53.184.85
74.7.242.41 - - [23/Apr/2026:17:32:36 -0300] "GET /shop/subcellar/31b3c7f486f7918d7d7d0fde2fe009d601f6e4d6.php?p=Ahome2Ameumer25ApainelnocharmeImeumercadoIapp HTTP/2.0" 409 83 "https://painelnocharme.meumercado.app/shop/subcellar/31b3c7f486f7918d7d7d0fde2fe009d601f6e4d6.php" "Mozilla/5.0 AppleWebKit/537.36 (KHTML, like Gecko; compatible; GPTBot/1.3; +https://openai.com/gptbot)" painelnocharme.meumercado.app 10.53.184.85
74.7.241.49 - - [23/Apr/2026:17:33:15 -0300] "GET /login/post-info.php?p=Ahome2Ameumer25ApainelnocharmeImeumercadoIappAvendorAmercadopagoAdx-phpAIphpdocAcacheAdescriptorsAIAIAIAIAIAIAIAIATAIAIAIAIAIAIAIAAAAAAAIAIAIAAAAAIAAAIAAAIAAAAAIAIAIAAAIAIAAAIAIAAAAAAAAAAAIAIAIAIAIAAAIAAAIAIAAAIAAAAAIAIAAAIAAAAAAAAAIAIAAAIAIAIAH HTTP/2.0" 409 83 "https://www.painelnocharme.meumercado.app/login/post-info.php?p=Ahome2Ameumer25ApainelnocharmeImeumercadoIappAvendorAmercadopagoAdx-phpAIphpdocAcacheAdescriptorsAIAIAIAIAIAIAIAIATAIAIAIAIAIAIAIAAAAAAAIAIAIAAAAAIAAAIAAAIAAAAAIAIAIAAAIAIAAAIAIAAAAAAAAAAAIAIAIAIAIAAAIAAAIAIAAAIAAAAAIAIAAAIAAAAAAAAAIAIAAAIAIAI" "Mozilla/5.0 AppleWebKit/537.36 (KHTML, like Gecko; compatible; GPTBot/1.3; +https://openai.com/gptbot)" www.painelnocharme.meumercado.app 10.53.184.85
74.7.242.41 - - [23/Apr/2026:17:33:41 -0300] "GET /shop/piperitum/31b3c7f486f7918d7d7d0fde2fe009d601f6e4d6.php?p=Ahome2Ameumer25ApainelnocharmeImeumercadoIapp HTTP/2.0" 409 83 "https://painelnocharme.meumercado.app/shop/piperitum/31b3c7f486f7918d7d7d0fde2fe009d601f6e4d6.php" "Mozilla/5.0 AppleWebKit/537.36 (KHTML, like Gecko; compatible; GPTBot/1.3; +https://openai.com/gptbot)" painelnocharme.meumercado.app 10.53.184.85
74.7.241.49 - - [23/Apr/2026:17:34:18 -0300] "GET /login/post-info.php?p=Ahome2Ameumer25ApainelnocharmeImeumercadoIappAvendorAmercadopagoAdx-phpAIphpdocAcacheAdescriptorsAIAIAIAIAIAIAIAIATAIAIAIAIAIAIAIAAAAAAAIAIAIAAAAAIAAAIAAAIAAAAAIAIAIAAAIAIAAAIAIAAAIAAAAAIAIAAAAAAAIAIAAAAAAAAAAAIAIAAAIAAAIAAAIAIAAAAAAAAAIAIAAAAAA HTTP/2.0" 409 83 "https://www.painelnocharme.meumercado.app/login/post-info.php?p=Ahome2Ameumer25ApainelnocharmeImeumercadoIappAvendorAmercadopagoAdx-phpAIphpdocAcacheAdescriptorsAIAIAIAIAIAIAIAIATAIAIAIAIAIAIAIAAAAAAAIAIAIAAAAAIAAAIAAAIAAAAAIAIAIAAAIAIAAAIAIAAAIAAAAAIAIAAAAAAAIAIAAAAAAAAAAAIAIAAAIAAAIAAAIAIAAAAAAAAAIAIAAAA" "Mozilla/5.0 AppleWebKit/537.36 (KHTML, like Gecko; compatible; GPTBot/1.3; +https://openai.com/gptbot)" www.painelnocharme.meumercado.app 10.53.184.85
74.7.242.41 - - [23/Apr/2026:17:34:42 -0300] "GET /shop/coalblack/31b3c7f486f7918d7d7d0fde2fe009d601f6e4d6.php?p=Ahome2Ameumer25ApainelnocharmeImeumercadoIapp HTTP/2.0" 409 83 "https://painelnocharme.meumercado.app/shop/coalblack/31b3c7f486f7918d7d7d0fde2fe009d601f6e4d6.php" "Mozilla/5.0 AppleWebKit/537.36 (KHTML, like Gecko; compatible; GPTBot/1.3; +https://openai.com/gptbot)" painelnocharme.meumercado.app 10.53.184.85
74.7.241.49 - - [23/Apr/2026:17:35:22 -0300] "GET /login/post-info.php?p=Ahome2Ameumer25ApainelnocharmeImeumercadoIappAvendorAmercadopagoAdx-phpAIphpdocAcacheAdescriptorsAIAIAIAIAIAIAIAIATAIAIAIAIAIAIAIAAAAAAAIAIAIAAAAAIAAAIAAAIAAAAAIAIAIAAAIAIAAAIAIAAAAAIAIAAAIAAAIAIAIAIAAAIAAAAAIAAAIAAAAAAAIAAAAAIAAAAAAAAAAAAAIAIAA HTTP/2.0" 409 83 "https://www.painelnocharme.meumercado.app/login/post-info.php?p=Ahome2Ameumer25ApainelnocharmeImeumercadoIappAvendorAmercadopagoAdx-phpAIphpdocAcacheAdescriptorsAIAIAIAIAIAIAIAIATAIAIAIAIAIAIAIAAAAAAAIAIAIAAAAAIAAAIAAAIAAAAAIAIAIAAAIAIAAAIAIAAAAAIAIAAAIAAAIAIAIAIAAAIAAAAAIAAAIAAAAAAAIAAAAAIAAAAAAAAAAAAAIAI" "Mozilla/5.0 AppleWebKit/537.36 (KHTML, like Gecko; compatible; GPTBot/1.3; +https://openai.com/gptbot)" www.painelnocharme.meumercado.app 10.53.184.85
74.7.242.41 - - [23/Apr/2026:17:35:44 -0300] "GET /shop/innitency/ebe0d49dc999fd923d9f87eec163cbdf1cccf0 HTTP/2.0" 404 836 "https://painelnocharme.meumercado.app/shop/innitency/65448392686c6c77ce3242c0110c42ef2ffbd9?p=Ahome2Ameumer25ApainelnocharmeImeumercadoIappAIgitAobjectsA18" "Mozilla/5.0 AppleWebKit/537.36 (KHTML, like Gecko; compatible; GPTBot/1.3; +https://openai.com/gptbot)" painelnocharme.meumercado.app 10.53.184.85
74.7.241.49 - - [23/Apr/2026:17:36:24 -0300] "GET /login/post-info.php?p=Ahome2Ameumer25ApainelnocharmeImeumercadoIappAvendorAmercadopagoAdx-phpAIphpdocAcacheAdescriptorsAIAIAIAIAIAIAIAIATAIAIAIAIAIAIAIAAAAAAAIAIAIAAAAAIAAAIAAAIAAAAAIAIAIAAAIAIAAAIAIAAAAAIAIAAAAAIAAAIAIAIAAAAAIAIAIAAAAAAAAAAAAAAAIAAAIAIAIAIAAAIAAAIAH HTTP/2.0" 409 83 "https://www.painelnocharme.meumercado.app/login/post-info.php?p=Ahome2Ameumer25ApainelnocharmeImeumercadoIappAvendorAmercadopagoAdx-phpAIphpdocAcacheAdescriptorsAIAIAIAIAIAIAIAIATAIAIAIAIAIAIAIAAAAAAAIAIAIAAAAAIAAAIAAAIAAAAAIAIAIAAAIAIAAAIAIAAAAAIAIAAAAAIAAAIAIAIAAAAAIAIAIAAAAAAAAAAAAAAAIAAAIAIAIAIAAAIAAAI" "Mozilla/5.0 AppleWebKit/537.36 (KHTML, like Gecko; compatible; GPTBot/1.3; +https://openai.com/gptbot)" www.painelnocharme.meumercado.app 10.53.184.85
74.7.242.41 - - [23/Apr/2026:17:36:49 -0300] "GET /shop/innitency/ff90cb2c4bb1962babf8c2bbbd4aaa386161ba HTTP/2.0" 404 836 "https://painelnocharme.meumercado.app/shop/innitency/72f781ac855ddb519e6260281bebc72117455c?p=Ahome2Ameumer25ApainelnocharmeImeumercadoIappAIgitAobjectsA94" "Mozilla/5.0 AppleWebKit/537.36 (KHTML, like Gecko; compatible; GPTBot/1.3; +https://openai.com/gptbot)" painelnocharme.meumercado.app 10.53.184.85
74.7.241.49 - - [23/Apr/2026:17:37:30 -0300] "GET /login/post-info.php?p=Ahome2Ameumer25ApainelnocharmeImeumercadoIappAvendorAmercadopagoAdx-phpAIphpdocAcacheAdescriptorsAIAIAIAIAIAIAIAIATAIAIAIAIAIAIAIAAAAAAAIAIAIAAAAAIAAAIAAAIAAAAAIAIAIAAAIAIAAAIAIAAAAAIAIAAAAAIAAAIAIAIAAAAAIAIAIAIAIAAAAAIAIAAAIAAAAAAAAAIAIAIAIAAAI HTTP/2.0" 409 83 "https://www.painelnocharme.meumercado.app/login/post-info.php?p=Ahome2Ameumer25ApainelnocharmeImeumercadoIappAvendorAmercadopagoAdx-phpAIphpdocAcacheAdescriptorsAIAIAIAIAIAIAIAIATAIAIAIAIAIAIAIAAAAAAAIAIAIAAAAAIAAAIAAAIAAAAAIAIAIAAAIAIAAAIAIAAAAAIAIAAAAAIAAAIAIAIAAAAAIAIAIAIAIAAAAAIAIAAAIAAAAAAAAAIAIAIAIAA" "Mozilla/5.0 AppleWebKit/537.36 (KHTML, like Gecko; compatible; GPTBot/1.3; +https://openai.com/gptbot)" www.painelnocharme.meumercado.app 10.53.184.85
74.7.242.41 - - [23/Apr/2026:17:37:54 -0300] "GET /shop/innitency/1e93cfcddd404e52eef0fa3e9c69fd2cfaf951 HTTP/2.0" 404 836 "https://painelnocharme.meumercado.app/shop/innitency/65448392686c6c77ce3242c0110c42ef2ffbd9?p=Ahome2Ameumer25ApainelnocharmeImeumercadoIappAIgitAobjectsA9b" "Mozilla/5.0 AppleWebKit/537.36 (KHTML, like Gecko; compatible; GPTBot/1.3; +https://openai.com/gptbot)" painelnocharme.meumercado.app 10.53.184.85
74.7.241.49 - - [23/Apr/2026:17:38:30 -0300] "GET /login/post-info.php?p=Ahome2Ameumer25ApainelnocharmeImeumercadoIappAvendorAmercadopagoAdx-phpAIphpdocAcacheAdescriptorsAIAIAIAIAIAIAIAIATAIAIAIAIAIAIAIAAAAAAAIAIAIAAAAAIAAAIAAAIAAAAAIAIAIAAAIAIAAAIAIAAAIAAAIAIAAAAAAAAAIAIAIAIAIAAAIAIAAAAAIAAAAAAAAAAAIAAAIAIAAAAAIAIAA HTTP/2.0" 409 83 "https://www.painelnocharme.meumercado.app/login/post-info.php?p=Ahome2Ameumer25ApainelnocharmeImeumercadoIappAvendorAmercadopagoAdx-phpAIphpdocAcacheAdescriptorsAIAIAIAIAIAIAIAIATAIAIAIAIAIAIAIAAAAAAAIAIAIAAAAAIAAAIAAAIAAAAAIAIAIAAAIAIAAAIAIAAAIAAAIAIAAAAAAAAAIAIAIAIAIAAAIAIAAAAAIAAAAAAAAAAAIAAAIAIAAAAAIAI" "Mozilla/5.0 AppleWebKit/537.36 (KHTML, like Gecko; compatible; GPTBot/1.3; +https://openai.com/gptbot)" www.painelnocharme.meumercado.app 10.53.184.85
74.7.242.41 - - [23/Apr/2026:17:39:00 -0300] "GET /shop/edificant/php72compat.php?edit=meumercado-env&p=Ahome2Ameumer25 HTTP/2.0" 409 83 "https://painelnocharme.meumercado.app/shop/edificant/php72compat.php?p=Ahome2Ameumer25" "Mozilla/5.0 AppleWebKit/537.36 (KHTML, like Gecko; compatible; GPTBot/1.3; +https://openai.com/gptbot)" painelnocharme.meumercado.app 10.53.184.85
74.7.241.49 - - [23/Apr/2026:17:39:31 -0300] "GET /login/post-info.php?p=Ahome2Ameumer25ApainelnocharmeImeumercadoIappAvendorAmercadopagoAdx-phpAIphpdocAcacheAdescriptorsAIAIAIAIAIAIAIAIATAIAIAIAIAIAIAIAAAAAAAIAIAIAAAAAIAAAIAAAIAAAAAIAIAIAAAIAIAAAIAIAAAAAIAIAAAAAAAAAIAAAAAAAIAAAIAIAIAIAIAAAIAAAAAAAAAIAAAIAAAIAIAAAIAG HTTP/2.0" 409 83 "https://www.painelnocharme.meumercado.app/login/post-info.php?p=Ahome2Ameumer25ApainelnocharmeImeumercadoIappAvendorAmercadopagoAdx-phpAIphpdocAcacheAdescriptorsAIAIAIAIAIAIAIAIATAIAIAIAIAIAIAIAAAAAAAIAIAIAAAAAIAAAIAAAIAAAAAIAIAIAAAIAIAAAIAIAAAAAIAIAAAAAAAAAIAAAAAAAIAAAIAIAIAIAIAAAIAAAAAAAAAIAAAIAAAIAIAAAI" "Mozilla/5.0 AppleWebKit/537.36 (KHTML, like Gecko; compatible; GPTBot/1.3; +https://openai.com/gptbot)" www.painelnocharme.meumercado.app 10.53.184.85
74.7.242.41 - - [23/Apr/2026:17:40:04 -0300] "GET /shop/photosculpture/dovecot.index HTTP/2.0" 404 836 "https://painelnocharme.meumercado.app/shop/photosculpture/driver-index.blade.php?p=Ahome2Ameumer25Amail" "Mozilla/5.0 AppleWebKit/537.36 (KHTML, like Gecko; compatible; GPTBot/1.3; +https://openai.com/gptbot)" painelnocharme.meumercado.app 10.53.184.85
74.7.241.49 - - [23/Apr/2026:17:40:33 -0300] "GET /login/post-info.php?p=Ahome2Ameumer25ApainelnocharmeImeumercadoIappAvendorAmercadopagoAdx-phpAIphpdocAcacheAdescriptorsAIAIAIAIAIAIAIAIATAIAIAIAIAIAIAIAAAAAAAIAIAIAAAAAIAAAIAAAIAAAAAIAIAIAAAIAIAAAIAIAAAAAAAIAIAAAIAIAIAAAAAAAAAAAIAIAAAAAAAAAIAAAIAAAIAIAIAAAIAAAAAAAAAW HTTP/2.0" 409 83 "https://www.painelnocharme.meumercado.app/login/post-info.php?p=Ahome2Ameumer25ApainelnocharmeImeumercadoIappAvendorAmercadopagoAdx-phpAIphpdocAcacheAdescriptorsAIAIAIAIAIAIAIAIATAIAIAIAIAIAIAIAAAAAAAIAIAIAAAAAIAAAIAAAIAAAAAIAIAIAAAIAIAAAIAIAAAAAAAIAIAAAIAIAIAAAAAAAAAAAIAIAAAAAAAAAIAAAIAAAIAIAIAAAIAAAAAAAA" "Mozilla/5.0 AppleWebKit/537.36 (KHTML, like Gecko; compatible; GPTBot/1.3; +https://openai.com/gptbot)" www.painelnocharme.meumercado.app 10.53.184.85
74.7.242.41 - - [23/Apr/2026:17:41:10 -0300] "GET /shop/compendiarious/dovecot.index HTTP/2.0" 404 836 "https://painelnocharme.meumercado.app/shop/compendiarious/fcm-index.blade.php?p=Ahome2Ameumer25Amail" "Mozilla/5.0 AppleWebKit/537.36 (KHTML, like Gecko; compatible; GPTBot/1.3; +https://openai.com/gptbot)" painelnocharme.meumercado.app 10.53.184.85
74.7.241.49 - - [23/Apr/2026:17:41:37 -0300] "GET /login/post-info.php?p=Ahome2Ameumer25ApainelnocharmeImeumercadoIappAvendorAmercadopagoAdx-phpAIphpdocAcacheAdescriptorsAIAIAIAIAIAIAIAIATAIAIAIAIAIAIAIAAAAAAAIAIAIAAAAAIAAAIAAAIAAAAAIAIAIAAAIAIAAAIAIAAAIAAAAAAAIAAAIAAAIAIAAAAAAAAAAAAAAAIAAAIAIAIAAAAAIAIAIAIAAAIAIAIAH HTTP/2.0" 409 83 "https://www.painelnocharme.meumercado.app/login/post-info.php?p=Ahome2Ameumer25ApainelnocharmeImeumercadoIappAvendorAmercadopagoAdx-phpAIphpdocAcacheAdescriptorsAIAIAIAIAIAIAIAIATAIAIAIAIAIAIAIAAAAAAAIAIAIAAAAAIAAAIAAAIAAAAAIAIAIAAAIAIAAAIAIAAAIAAAAAAAIAAAIAAAIAIAAAAAAAAAAAAAAAIAAAIAIAIAAAAAIAIAIAIAAAIAIAI" "Mozilla/5.0 AppleWebKit/537.36 (KHTML, like Gecko; compatible; GPTBot/1.3; +https://openai.com/gptbot)" www.painelnocharme.meumercado.app 10.53.184.85
74.7.242.41 - - [23/Apr/2026:17:42:13 -0300] "GET /shop/gunners/.htaccess.phpupgrader.3aabbe47?p=Ahome2Ameumer25ApainelnocharmeImeumercadoIappAconfig HTTP/2.0" 409 83 "https://painelnocharme.meumercado.app/shop/gunners/.htaccess.phpupgrader.3aabbe47" "Mozilla/5.0 AppleWebKit/537.36 (KHTML, like Gecko; compatible; GPTBot/1.3; +https://openai.com/gptbot)" painelnocharme.meumercado.app 10.53.184.85
74.7.241.49 - - [23/Apr/2026:17:42:40 -0300] "GET /login/post-info.php?p=Ahome2Ameumer25ApainelnocharmeImeumercadoIappAvendorAmercadopagoAdx-phpAIphpdocAcacheAdescriptorsAIAIAIAIAIAIAIAIATAIAIAIAIAIAIAIAAAAAAAIAIAIAAAAAIAAAIAAAIAAAAAIAIAIAAAIAIAAAIAIAAAAAIAIAAAAAAAAAIAAAAAAAIAAAIAAAIAIAIAAAAAAAAAAAIAIAAAAAIAIAIAAAAAH HTTP/2.0" 409 83 "https://www.painelnocharme.meumercado.app/login/post-info.php?p=Ahome2Ameumer25ApainelnocharmeImeumercadoIappAvendorAmercadopagoAdx-phpAIphpdocAcacheAdescriptorsAIAIAIAIAIAIAIAIATAIAIAIAIAIAIAIAAAAAAAIAIAIAAAAAIAAAIAAAIAAAAAIAIAIAAAIAIAAAIAIAAAAAIAIAAAAAAAAAIAAAAAAAIAAAIAAAIAIAIAAAAAAAAAAAIAIAAAAAIAIAIAAAA" "Mozilla/5.0 AppleWebKit/537.36 (KHTML, like Gecko; compatible; GPTBot/1.3; +https://openai.com/gptbot)" www.painelnocharme.meumercado.app 10.53.184.85
74.7.242.41 - - [23/Apr/2026:17:43:14 -0300] "GET /shop/noursei/.htaccess.phpupgrader.3aabbe47?p=Ahome2Ameumer25ApainelnocharmeImeumercadoIappAconfig HTTP/2.0" 409 83 "https://painelnocharme.meumercado.app/shop/noursei/.htaccess.phpupgrader.3aabbe47" "Mozilla/5.0 AppleWebKit/537.36 (KHTML, like Gecko; compatible; GPTBot/1.3; +https://openai.com/gptbot)" painelnocharme.meumercado.app 10.53.184.85
74.7.241.49 - - [23/Apr/2026:17:43:45 -0300] "GET /login/post-info.php?p=Ahome2Ameumer25ApainelnocharmeImeumercadoIappAvendorAmercadopagoAdx-phpAIphpdocAcacheAdescriptorsAIAIAIAIAIAIAIAIATAIAIAIAIAIAIAIAAAAAAAIAIAIAAAAAIAAAIAAAIAAAAAIAIAIAAAIAIAAAIAIAAAAAIAIAAAAAAAIAAAIAAAAAAAAAAAIAIAAAIAIAIAAAIAAAIAAAIAIAAAIAAAAAIAG HTTP/2.0" 409 83 "https://www.painelnocharme.meumercado.app/login/post-info.php?p=Ahome2Ameumer25ApainelnocharmeImeumercadoIappAvendorAmercadopagoAdx-phpAIphpdocAcacheAdescriptorsAIAIAIAIAIAIAIAIATAIAIAIAIAIAIAIAAAAAAAIAIAIAAAAAIAAAIAAAIAAAAAIAIAIAAAIAIAAAIAIAAAAAIAIAAAAAAAIAAAIAAAAAAAAAAAIAIAAAIAIAIAAAIAAAIAAAIAIAAAIAAAAAI" "Mozilla/5.0 AppleWebKit/537.36 (KHTML, like Gecko; compatible; GPTBot/1.3; +https://openai.com/gptbot)" www.painelnocharme.meumercado.app 10.53.184.85
74.7.242.41 - - [23/Apr/2026:17:44:19 -0300] "GET /shop/gnomonics/ArgumentMetadataFactoryInterface.php?edit=51.php&p=Ahome2Ameumer25AIsoftaculousAstatus HTTP/2.0" 409 83 "https://painelnocharme.meumercado.app/shop/gnomonics/ArgumentMetadataFactoryInterface.php?p=Ahome2Ameumer25AIsoftaculousAstatus" "Mozilla/5.0 AppleWebKit/537.36 (KHTML, like Gecko; compatible; GPTBot/1.3; +https://openai.com/gptbot)" painelnocharme.meumercado.app 10.53.184.85
74.7.241.49 - - [23/Apr/2026:17:44:48 -0300] "GET /login/post-info.php?p=Ahome2Ameumer25ApainelnocharmeImeumercadoIappAvendorAmercadopagoAdx-phpAIphpdocAcacheAdescriptorsAIAIAIAIAIAIAIAIATAIAIAIAIAIAIAIAAAAAAAIAIAIAAAAAIAAAIAAAIAAAAAIAIAIAAAIAIAAAIAIAAAIAAAAAIAAAAAAAAAIAAAIAIAIAAAIAAAIAAAIAIAIAIAAAAAAAAAIAAAAAIAIAIAH HTTP/2.0" 409 83 "https://www.painelnocharme.meumercado.app/login/post-info.php?p=Ahome2Ameumer25ApainelnocharmeImeumercadoIappAvendorAmercadopagoAdx-phpAIphpdocAcacheAdescriptorsAIAIAIAIAIAIAIAIATAIAIAIAIAIAIAIAAAAAAAIAIAIAAAAAIAAAIAAAIAAAAAIAIAIAAAIAIAAAIAIAAAIAAAAAIAAAAAAAAAIAAAIAIAIAAAIAAAIAAAIAIAIAIAAAAAAAAAIAAAAAIAIAI" "Mozilla/5.0 AppleWebKit/537.36 (KHTML, like Gecko; compatible; GPTBot/1.3; +https://openai.com/gptbot)" www.painelnocharme.meumercado.app 10.53.184.85
74.7.242.41 - - [23/Apr/2026:17:45:23 -0300] "GET /shop/kymograph/GithubFlavoredMarkdownConverter.php?edit=51.php&p=Ahome2Ameumer25AnetodoleleIcomIbrAwp-includesAText HTTP/2.0" 409 83 "https://painelnocharme.meumercado.app/shop/kymograph/GithubFlavoredMarkdownConverter.php?p=Ahome2Ameumer25AnetodoleleIcomIbrAwp-includesAText" "Mozilla/5.0 AppleWebKit/537.36 (KHTML, like Gecko; compatible; GPTBot/1.3; +https://openai.com/gptbot)" painelnocharme.meumercado.app 10.53.184.85
74.7.241.49 - - [23/Apr/2026:17:45:50 -0300] "GET /login/post-info.php?p=Ahome2Ameumer25ApainelnocharmeImeumercadoIappAvendorAmercadopagoAdx-phpAIphpdocAcacheAdescriptorsAIAIAIAIAIAIAIAIATAIAIAIAIAIAIAIAAAAAAAIAIAIAAAAAIAAAIAAAIAAAAAIAIAIAAAIAIAAAIAIAAAAAAAIAAAAAAAAAIAIAIAIAAAIAIAIAIAAAAAIAIAAAIAAAAAAAIAIAIAIAIAAAIAG HTTP/2.0" 409 83 "https://www.painelnocharme.meumercado.app/login/post-info.php?p=Ahome2Ameumer25ApainelnocharmeImeumercadoIappAvendorAmercadopagoAdx-phpAIphpdocAcacheAdescriptorsAIAIAIAIAIAIAIAIATAIAIAIAIAIAIAIAAAAAAAIAIAIAAAAAIAAAIAAAIAAAAAIAIAIAAAIAIAAAIAIAAAAAAAIAAAAAAAAAIAIAIAIAAAIAIAIAIAAAAAIAIAAAIAAAAAAAIAIAIAIAIAAAI" "Mozilla/5.0 AppleWebKit/537.36 (KHTML, like Gecko; compatible; GPTBot/1.3; +https://openai.com/gptbot)" www.painelnocharme.meumercado.app 10.53.184.85
74.7.242.41 - - [23/Apr/2026:17:46:25 -0300] "GET /shop/wroot/OverridingExtensionToMimeTypeMap.php?edit=51.php&p=Ahome2Ameumer25AnetodoleleIcomIbrAwp-includesAblocks HTTP/2.0" 409 83 "https://painelnocharme.meumercado.app/shop/wroot/OverridingExtensionToMimeTypeMap.php?p=Ahome2Ameumer25AnetodoleleIcomIbrAwp-includesAblocks" "Mozilla/5.0 AppleWebKit/537.36 (KHTML, like Gecko; compatible; GPTBot/1.3; +https://openai.com/gptbot)" painelnocharme.meumercado.app 10.53.184.85
74.7.241.49 - - [23/Apr/2026:17:46:55 -0300] "GET /login/post-info.php?p=Ahome2Ameumer25ApainelnocharmeImeumercadoIappAvendorAmercadopagoAdx-phpAIphpdocAcacheAdescriptorsAIAIAIAIAIAIAIAIATAIAIAIAIAIAIAIAAAAAAAIAIAIAAAAAIAAAIAAAIAAAAAIAIAIAAAIAIAAAIAIAAAAAIAIAIAIAAAAAIAAAAAIAAAIAIAAAAAAAAAAAIAAAIAAAIAIAIAAAIAIAIAAAAAI HTTP/2.0" 409 83 "https://www.painelnocharme.meumercado.app/login/post-info.php?p=Ahome2Ameumer25ApainelnocharmeImeumercadoIappAvendorAmercadopagoAdx-phpAIphpdocAcacheAdescriptorsAIAIAIAIAIAIAIAIATAIAIAIAIAIAIAIAAAAAAAIAIAIAAAAAIAAAIAAAIAAAAAIAIAIAAAIAIAAAIAIAAAAAIAIAIAIAAAAAIAAAAAIAAAIAIAAAAAAAAAAAIAAAIAAAIAIAIAAAIAIAIAAAA" "Mozilla/5.0 AppleWebKit/537.36 (KHTML, like Gecko; compatible; GPTBot/1.3; +https://openai.com/gptbot)" www.painelnocharme.meumercado.app 10.53.184.85
74.7.242.41 - - [23/Apr/2026:17:47:31 -0300] "GET /shop/subcellar/ArgumentMetadataFactoryInterface.php?edit=51.php&p=Ahome2Ameumer25AIsoftaculousAstatus HTTP/2.0" 409 83 "https://painelnocharme.meumercado.app/shop/subcellar/ArgumentMetadataFactoryInterface.php?p=Ahome2Ameumer25AIsoftaculousAstatus" "Mozilla/5.0 AppleWebKit/537.36 (KHTML, like Gecko; compatible; GPTBot/1.3; +https://openai.com/gptbot)" painelnocharme.meumercado.app 10.53.184.85
74.7.241.49 - - [23/Apr/2026:17:47:59 -0300] "GET /login/post-info.php?p=Ahome2Ameumer25ApainelnocharmeImeumercadoIappAvendorAmercadopagoAdx-phpAIphpdocAcacheAdescriptorsAIAIAIAIAIAIAIAIATAIAIAIAIAIAIAIAAAAAAAIAIAIAAAAAIAAAIAAAIAAAAAIAIAIAAAIAIAAAIAIAAAIAAAAAIAAAIAIAAAIAAAIAAAAAAAIAIAIAIAAAAAIAAAAAAAIAAAIAAAIAIAAAAAG HTTP/2.0" 409 83 "https://www.painelnocharme.meumercado.app/login/post-info.php?p=Ahome2Ameumer25ApainelnocharmeImeumercadoIappAvendorAmercadopagoAdx-phpAIphpdocAcacheAdescriptorsAIAIAIAIAIAIAIAIATAIAIAIAIAIAIAIAAAAAAAIAIAIAAAAAIAAAIAAAIAAAAAIAIAIAAAIAIAAAIAIAAAIAAAAAIAAAIAIAAAIAAAIAAAAAAAIAIAIAIAAAAAIAAAAAAAIAAAIAAAIAIAAAA" "Mozilla/5.0 AppleWebKit/537.36 (KHTML, like Gecko; compatible; GPTBot/1.3; +https://openai.com/gptbot)" www.painelnocharme.meumercado.app 10.53.184.85
74.7.242.41 - - [23/Apr/2026:17:48:31 -0300] "GET /shop/wroot/OverridingExtensionToMimeTypeMap.php?edit=51.php&p=Ahome2Ameumer25AnetodoleleIcomIbrAwp-includesAfonts HTTP/2.0" 409 83 "https://painelnocharme.meumercado.app/shop/wroot/OverridingExtensionToMimeTypeMap.php?p=Ahome2Ameumer25AnetodoleleIcomIbrAwp-includesAfonts" "Mozilla/5.0 AppleWebKit/537.36 (KHTML, like Gecko; compatible; GPTBot/1.3; +https://openai.com/gptbot)" painelnocharme.meumercado.app 10.53.184.85
