74.7.227.148 - - [23/Apr/2026:22:46:00 -0300] "GET /shop/innitency/7466071cb78392a8c2082ab30df49b896a29247c.php?edit=AUTO_MERGE&p=Ahome2Ameumer25ApainelshopsuaboaformaImeumercadoIappAIgit HTTP/2.0" 409 83 "https://painelnocharme.meumercado.app/shop/innitency/7466071cb78392a8c2082ab30df49b896a29247c.php?p=Ahome2Ameumer25ApainelshopsuaboaformaImeumercadoIappAIgit" "Mozilla/5.0 AppleWebKit/537.36 (KHTML, like Gecko; compatible; GPTBot/1.3; +https://openai.com/gptbot)" painelnocharme.meumercado.app 10.53.184.85
74.7.241.28 - - [23/Apr/2026:22:46:55 -0300] "GET /login/post-info.php?p=Ahome2Ameumer25ApainelnocharmeImeumercadoIappAvendorAmercadopagoAdx-phpAIphpdocAcacheAdescriptorsAIAIAIAIAIAIAIAIATAIAIAIAIAIAIAIAAAAAAAIAIAIAAAAAIAAAIAAAIAAAAAIAIAIAAAIAIAAAIAIAAAAAIAIAAAAAAAAAIAAAAAAAIAAAIAAAIAIAAAAAAAIAAAAAAAAAAAAAAAIAAAAAIAW HTTP/2.0" 409 83 "https://www.painelnocharme.meumercado.app/login/post-info.php?p=Ahome2Ameumer25ApainelnocharmeImeumercadoIappAvendorAmercadopagoAdx-phpAIphpdocAcacheAdescriptorsAIAIAIAIAIAIAIAIATAIAIAIAIAIAIAIAAAAAAAIAIAIAAAAAIAAAIAAAIAAAAAIAIAIAAAIAIAAAIAIAAAAAIAIAAAAAAAAAIAAAAAAAIAAAIAAAIAIAAAAAAAIAAAAAAAAAAAAAAAIAAAAAI" "Mozilla/5.0 AppleWebKit/537.36 (KHTML, like Gecko; compatible; GPTBot/1.3; +https://openai.com/gptbot)" www.painelnocharme.meumercado.app 10.53.184.85
74.7.227.148 - - [23/Apr/2026:22:47:02 -0300] "GET /shop/kymograph/7466071cb78392a8c2082ab30df49b896a29247c.php?edit=AUTO_MERGE&p=Ahome2Ameumer25ApainelshopsuaboaformaImeumercadoIappAIgit HTTP/2.0" 409 83 "https://painelnocharme.meumercado.app/shop/kymograph/7466071cb78392a8c2082ab30df49b896a29247c.php?p=Ahome2Ameumer25ApainelshopsuaboaformaImeumercadoIappAIgit" "Mozilla/5.0 AppleWebKit/537.36 (KHTML, like Gecko; compatible; GPTBot/1.3; +https://openai.com/gptbot)" painelnocharme.meumercado.app 10.53.184.85
74.7.241.28 - - [23/Apr/2026:22:47:59 -0300] "GET /login/post-info.php?p=Ahome2Ameumer25ApainelnocharmeImeumercadoIappAvendorAmercadopagoAdx-phpAIphpdocAcacheAdescriptorsAIAIAIAIAIAIAIAIATAIAIAIAIAIAIAIAAAAAAAIAIAIAAAAAIAAAIAAAIAAAAAIAIAIAAAIAIAAAIAIAAAAAAAAAIAAAIAAAIAIAIAAAIAAAAAAAIAAAAAIAIAIAIAAAAAAAAAIAIAAAIAAAAAI HTTP/2.0" 409 83 "https://www.painelnocharme.meumercado.app/login/post-info.php?p=Ahome2Ameumer25ApainelnocharmeImeumercadoIappAvendorAmercadopagoAdx-phpAIphpdocAcacheAdescriptorsAIAIAIAIAIAIAIAIATAIAIAIAIAIAIAIAAAAAAAIAIAIAAAAAIAAAIAAAIAAAAAIAIAIAAAIAIAAAIAIAAAAAAAAAIAAAIAAAIAIAIAAAIAAAAAAAIAAAAAIAIAIAIAAAAAAAAAIAIAAAIAAAA" "Mozilla/5.0 AppleWebKit/537.36 (KHTML, like Gecko; compatible; GPTBot/1.3; +https://openai.com/gptbot)" www.painelnocharme.meumercado.app 10.53.184.85
74.7.227.148 - - [23/Apr/2026:22:48:04 -0300] "GET /shop/mutuation/13eab1b1e9293f36b79c4bf9314d021761122115.php?edit=AUTO_MERGE&p=Ahome2Ameumer25ApainelsexshoptentacaoImeumercadoIappAIgit HTTP/2.0" 409 83 "https://painelnocharme.meumercado.app/shop/mutuation/13eab1b1e9293f36b79c4bf9314d021761122115.php?p=Ahome2Ameumer25ApainelsexshoptentacaoImeumercadoIappAIgit" "Mozilla/5.0 AppleWebKit/537.36 (KHTML, like Gecko; compatible; GPTBot/1.3; +https://openai.com/gptbot)" painelnocharme.meumercado.app 10.53.184.85
74.7.241.28 - - [23/Apr/2026:22:49:04 -0300] "GET /login/post-info.php?p=Ahome2Ameumer25ApainelnocharmeImeumercadoIappAvendorAmercadopagoAdx-phpAIphpdocAcacheAdescriptorsAIAIAIAIAIAIAIAIATAIAIAIAIAIAIAIAAAAAAAIAIAIAAAAAIAAAIAAAIAAAAAIAIAIAAAIAIAAAIAIAAAAAIAAAIAIAIAIAAAAAIAAAAAAAIAAAIAIAAAIAAAAAAAAAIAAAAAAAIAIAAAIAIAH HTTP/2.0" 409 83 "https://www.painelnocharme.meumercado.app/login/post-info.php?p=Ahome2Ameumer25ApainelnocharmeImeumercadoIappAvendorAmercadopagoAdx-phpAIphpdocAcacheAdescriptorsAIAIAIAIAIAIAIAIATAIAIAIAIAIAIAIAAAAAAAIAIAIAAAAAIAAAIAAAIAAAAAIAIAIAAAIAIAAAIAIAAAAAIAAAIAIAIAIAAAAAIAAAAAAAIAAAIAIAAAIAAAAAAAAAIAAAAAAAIAIAAAIAI" "Mozilla/5.0 AppleWebKit/537.36 (KHTML, like Gecko; compatible; GPTBot/1.3; +https://openai.com/gptbot)" www.painelnocharme.meumercado.app 10.53.184.85
74.7.227.148 - - [23/Apr/2026:22:49:06 -0300] "GET /shop/kymograph/4971d5c4991ca638477f0631c2b696d0ea407c16.php?edit=AUTO_MERGE&p=Ahome2Ameumer25ApainelshopsuaboaformaImeumercadoIappAIgit HTTP/2.0" 409 83 "https://painelnocharme.meumercado.app/shop/kymograph/4971d5c4991ca638477f0631c2b696d0ea407c16.php?p=Ahome2Ameumer25ApainelshopsuaboaformaImeumercadoIappAIgit" "Mozilla/5.0 AppleWebKit/537.36 (KHTML, like Gecko; compatible; GPTBot/1.3; +https://openai.com/gptbot)" painelnocharme.meumercado.app 10.53.184.85
74.7.241.28 - - [23/Apr/2026:22:50:06 -0300] "GET /login/post-info.php?p=Ahome2Ameumer25ApainelnocharmeImeumercadoIappAvendorAmercadopagoAdx-phpAIphpdocAcacheAdescriptorsAIAIAIAIAIAIAIAIATAIAIAIAIAIAIAIAAAAAAAIAIAIAAAAAIAAAIAAAIAAAAAIAIAIAAAIAIAAAIAIAAAIAAAIAAAIAIAIAAAAAAAIAAAIAIAIAIAIAAAIAAAAAAAIAAAAAIAIAIAIAIAAAAAA HTTP/2.0" 409 83 "https://www.painelnocharme.meumercado.app/login/post-info.php?p=Ahome2Ameumer25ApainelnocharmeImeumercadoIappAvendorAmercadopagoAdx-phpAIphpdocAcacheAdescriptorsAIAIAIAIAIAIAIAIATAIAIAIAIAIAIAIAAAAAAAIAIAIAAAAAIAAAIAAAIAAAAAIAIAIAAAIAIAAAIAIAAAIAAAIAAAIAIAIAAAAAAAIAAAIAIAIAIAIAAAIAAAAAAAIAAAAAIAIAIAIAIAAAA" "Mozilla/5.0 AppleWebKit/537.36 (KHTML, like Gecko; compatible; GPTBot/1.3; +https://openai.com/gptbot)" www.painelnocharme.meumercado.app 10.53.184.85
74.7.175.177 - - [23/Apr/2026:22:50:07 -0300] "GET /robots.txt HTTP/2.0" 200 106 "-" "Mozilla/5.0 (Macintosh; Intel Mac OS X 10_15_7) AppleWebKit/537.36 (KHTML, like Gecko) Chrome/131.0.0.0 Safari/537.36; compatible; OAI-SearchBot/1.3; robots.txt; +https://openai.com/searchbot" www.painelnocharme.meumercado.app 10.53.184.85
74.7.227.148 - - [23/Apr/2026:22:50:11 -0300] "GET /shop/innitency/60124b043573b7b19347c54a74a6dc801eb14e76.php?edit=AUTO_MERGE&p=Ahome2Ameumer25ApainelsexshoptentacaoImeumercadoIappAIgit HTTP/2.0" 409 83 "https://painelnocharme.meumercado.app/shop/innitency/60124b043573b7b19347c54a74a6dc801eb14e76.php?p=Ahome2Ameumer25ApainelsexshoptentacaoImeumercadoIappAIgit" "Mozilla/5.0 AppleWebKit/537.36 (KHTML, like Gecko; compatible; GPTBot/1.3; +https://openai.com/gptbot)" painelnocharme.meumercado.app 10.53.184.85
74.7.241.28 - - [23/Apr/2026:22:51:07 -0300] "GET /login/post-info.php?p=Ahome2Ameumer25ApainelnocharmeImeumercadoIappAvendorAmercadopagoAdx-phpAIphpdocAcacheAdescriptorsAIAIAIAIAIAIAIAIATAIAIAIAIAIAIAIAAAAAAAIAIAIAAAAAIAAAIAAAIAAAAAIAIAIAAAIAIAAAIAIAAAAAIAIAAAIAAAIAIAIAIAAAIAAAAAIAAAIAAAAAAAIAAAIAIAIAAAAAAAAAIAIAIAH HTTP/2.0" 409 83 "https://www.painelnocharme.meumercado.app/login/post-info.php?p=Ahome2Ameumer25ApainelnocharmeImeumercadoIappAvendorAmercadopagoAdx-phpAIphpdocAcacheAdescriptorsAIAIAIAIAIAIAIAIATAIAIAIAIAIAIAIAAAAAAAIAIAIAAAAAIAAAIAAAIAAAAAIAIAIAAAIAIAAAIAIAAAAAIAIAAAIAAAIAIAIAIAAAIAAAAAIAAAIAAAAAAAIAAAIAIAIAAAAAAAAAIAIAI" "Mozilla/5.0 AppleWebKit/537.36 (KHTML, like Gecko; compatible; GPTBot/1.3; +https://openai.com/gptbot)" www.painelnocharme.meumercado.app 10.53.184.85
74.7.227.148 - - [23/Apr/2026:22:51:15 -0300] "GET /shop/innitency/4971d5c4991ca638477f0631c2b696d0ea407c16.php?edit=FETCH_HEAD&p=Ahome2Ameumer25ApainelsexshoptentacaoImeumercadoIappAIgit HTTP/2.0" 409 83 "https://painelnocharme.meumercado.app/shop/innitency/4971d5c4991ca638477f0631c2b696d0ea407c16.php?p=Ahome2Ameumer25ApainelsexshoptentacaoImeumercadoIappAIgit" "Mozilla/5.0 AppleWebKit/537.36 (KHTML, like Gecko; compatible; GPTBot/1.3; +https://openai.com/gptbot)" painelnocharme.meumercado.app 10.53.184.85
74.7.241.28 - - [23/Apr/2026:22:52:12 -0300] "GET /login/post-info.php?p=Ahome2Ameumer25ApainelnocharmeImeumercadoIappAvendorAmercadopagoAdx-phpAIphpdocAcacheAdescriptorsAIAIAIAIAIAIAIAIATAIAIAIAIAIAIAIAAAAAAAIAIAIAAAAAIAAAIAAAIAAAAAIAIAIAAAIAIAAAIAIAAAAAAAIAAAAAAAAAIAIAIAIAAAIAIAIAIAIAAAIAAAIAIAIAAAAAIAIAIAIAAAAAIAH HTTP/2.0" 409 83 "https://www.painelnocharme.meumercado.app/login/post-info.php?p=Ahome2Ameumer25ApainelnocharmeImeumercadoIappAvendorAmercadopagoAdx-phpAIphpdocAcacheAdescriptorsAIAIAIAIAIAIAIAIATAIAIAIAIAIAIAIAAAAAAAIAIAIAAAAAIAAAIAAAIAAAAAIAIAIAAAIAIAAAIAIAAAAAAAIAAAAAAAAAIAIAIAIAAAIAIAIAIAIAAAIAAAIAIAIAAAAAIAIAIAIAAAAAI" "Mozilla/5.0 AppleWebKit/537.36 (KHTML, like Gecko; compatible; GPTBot/1.3; +https://openai.com/gptbot)" www.painelnocharme.meumercado.app 10.53.184.85
74.7.227.148 - - [23/Apr/2026:22:52:19 -0300] "GET /shop/innitency/7466071cb78392a8c2082ab30df49b896a29247c.php?edit=FETCH_HEAD&p=Ahome2Ameumer25ApainelsexshoptentacaoImeumercadoIappAIgit HTTP/2.0" 409 83 "https://painelnocharme.meumercado.app/shop/innitency/7466071cb78392a8c2082ab30df49b896a29247c.php?p=Ahome2Ameumer25ApainelsexshoptentacaoImeumercadoIappAIgit" "Mozilla/5.0 AppleWebKit/537.36 (KHTML, like Gecko; compatible; GPTBot/1.3; +https://openai.com/gptbot)" painelnocharme.meumercado.app 10.53.184.85
74.7.241.28 - - [23/Apr/2026:22:53:16 -0300] "GET /login/post-info.php?p=Ahome2Ameumer25ApainelnocharmeImeumercadoIappAvendorAmercadopagoAdx-phpAIphpdocAcacheAdescriptorsAIAIAIAIAIAIAIAIATAIAIAIAIAIAIAIAAAAAAAIAIAIAAAAAIAAAIAAAIAAAAAIAIAIAAAIAIAAAIAIAAAIAAAAAIAAAIAIAAAIAAAIAAAAAAAIAIAIAIAAAAAIAAAAAAAIAAAIAIAAAAAIAAAW HTTP/2.0" 409 83 "https://www.painelnocharme.meumercado.app/login/post-info.php?p=Ahome2Ameumer25ApainelnocharmeImeumercadoIappAvendorAmercadopagoAdx-phpAIphpdocAcacheAdescriptorsAIAIAIAIAIAIAIAIATAIAIAIAIAIAIAIAAAAAAAIAIAIAAAAAIAAAIAAAIAAAAAIAIAIAAAIAIAAAIAIAAAIAAAAAIAAAIAIAAAIAAAIAAAAAAAIAIAIAIAAAAAIAAAAAAAIAAAIAIAAAAAIAA" "Mozilla/5.0 AppleWebKit/537.36 (KHTML, like Gecko; compatible; GPTBot/1.3; +https://openai.com/gptbot)" www.painelnocharme.meumercado.app 10.53.184.85
74.7.227.148 - - [23/Apr/2026:22:53:21 -0300] "GET /shop/kymograph/7466071cb78392a8c2082ab30df49b896a29247c.php?edit=FETCH_HEAD&p=Ahome2Ameumer25ApainelshopsuaboaformaImeumercadoIappAIgit HTTP/2.0" 409 83 "https://painelnocharme.meumercado.app/shop/kymograph/7466071cb78392a8c2082ab30df49b896a29247c.php?p=Ahome2Ameumer25ApainelshopsuaboaformaImeumercadoIappAIgit" "Mozilla/5.0 AppleWebKit/537.36 (KHTML, like Gecko; compatible; GPTBot/1.3; +https://openai.com/gptbot)" painelnocharme.meumercado.app 10.53.184.85
74.7.241.28 - - [23/Apr/2026:22:54:20 -0300] "GET /login/post-info.php?p=Ahome2Ameumer25ApainelnocharmeImeumercadoIappAvendorAmercadopagoAdx-phpAIphpdocAcacheAdescriptorsAIAIAIAIAIAIAIAIATAIAIAIAIAIAIAIAAAAAAAIAIAIAAAAAIAAAIAAAIAAAAAIAIAIAAAIAIAAAIAIAAAIAAAAAAAIAAAIAAAIAIAAAAAAAAAAAAAAAIAAAIAIAAAAAIAAAAAIAAAAAAAIAIAA HTTP/2.0" 409 83 "https://www.painelnocharme.meumercado.app/login/post-info.php?p=Ahome2Ameumer25ApainelnocharmeImeumercadoIappAvendorAmercadopagoAdx-phpAIphpdocAcacheAdescriptorsAIAIAIAIAIAIAIAIATAIAIAIAIAIAIAIAAAAAAAIAIAIAAAAAIAAAIAAAIAAAAAIAIAIAAAIAIAAAIAIAAAIAAAAAAAIAAAIAAAIAIAAAAAAAAAAAAAAAIAAAIAIAAAAAIAAAAAIAAAAAAAIAI" "Mozilla/5.0 AppleWebKit/537.36 (KHTML, like Gecko; compatible; GPTBot/1.3; +https://openai.com/gptbot)" www.painelnocharme.meumercado.app 10.53.184.85
74.7.227.148 - - [23/Apr/2026:22:54:23 -0300] "GET /shop/innitency/7466071cb78392a8c2082ab30df49b896a29247c.php?edit=FETCH_HEAD&p=Ahome2Ameumer25ApainelbrasileirissimoImeumercadoIappAIgit HTTP/2.0" 409 83 "https://painelnocharme.meumercado.app/shop/innitency/7466071cb78392a8c2082ab30df49b896a29247c.php?p=Ahome2Ameumer25ApainelbrasileirissimoImeumercadoIappAIgit" "Mozilla/5.0 AppleWebKit/537.36 (KHTML, like Gecko; compatible; GPTBot/1.3; +https://openai.com/gptbot)" painelnocharme.meumercado.app 10.53.184.85
74.7.241.28 - - [23/Apr/2026:22:55:23 -0300] "GET /login/post-info.php?p=Ahome2Ameumer25ApainelnocharmeImeumercadoIappAvendorAmercadopagoAdx-phpAIphpdocAcacheAdescriptorsAIAIAIAIAIAIAIAIATAIAIAIAIAIAIAIAAAAAAAIAIAIAAAAAIAAAIAAAIAAAAAIAIAIAAAIAIAAAIAIAAAAAIAIAAAAAIAAAIAIAIAAAAAIAIAIAAAAAAAAAAAAAIAIAIAIAAAIAIAIAAAIAIAG HTTP/2.0" 409 83 "https://www.painelnocharme.meumercado.app/login/post-info.php?p=Ahome2Ameumer25ApainelnocharmeImeumercadoIappAvendorAmercadopagoAdx-phpAIphpdocAcacheAdescriptorsAIAIAIAIAIAIAIAIATAIAIAIAIAIAIAIAAAAAAAIAIAIAAAAAIAAAIAAAIAAAAAIAIAIAAAIAIAAAIAIAAAAAIAIAAAAAIAAAIAIAIAAAAAIAIAIAAAAAAAAAAAAAIAIAIAIAAAIAIAIAAAIAI" "Mozilla/5.0 AppleWebKit/537.36 (KHTML, like Gecko; compatible; GPTBot/1.3; +https://openai.com/gptbot)" www.painelnocharme.meumercado.app 10.53.184.85
74.7.227.148 - - [23/Apr/2026:22:55:25 -0300] "GET /shop/innitency/4971d5c4991ca638477f0631c2b696d0ea407c16.php?edit=AUTO_MERGE&p=Ahome2Ameumer25ApainelsexshoptentacaoImeumercadoIappAIgit HTTP/2.0" 409 83 "https://painelnocharme.meumercado.app/shop/innitency/4971d5c4991ca638477f0631c2b696d0ea407c16.php?p=Ahome2Ameumer25ApainelsexshoptentacaoImeumercadoIappAIgit" "Mozilla/5.0 AppleWebKit/537.36 (KHTML, like Gecko; compatible; GPTBot/1.3; +https://openai.com/gptbot)" painelnocharme.meumercado.app 10.53.184.85
74.7.241.28 - - [23/Apr/2026:22:56:29 -0300] "GET /login/post-info.php?p=Ahome2Ameumer25ApainelnocharmeImeumercadoIappAvendorAmercadopagoAdx-phpAIphpdocAcacheAdescriptorsAIAIAIAIAIAIAIAIATAIAIAIAIAIAIAIAAAAAAAIAIAIAAAAAIAAAIAAAIAAAAAIAIAIAAAIAIAAAIAIAAAAAAAIAIAAAIAIAIAAAAAAAAAAAIAIAIAAAIAAAIAAAIAAAIAIAAAIAIAIAIAIAAAG HTTP/2.0" 409 83 "https://www.painelnocharme.meumercado.app/login/post-info.php?p=Ahome2Ameumer25ApainelnocharmeImeumercadoIappAvendorAmercadopagoAdx-phpAIphpdocAcacheAdescriptorsAIAIAIAIAIAIAIAIATAIAIAIAIAIAIAIAAAAAAAIAIAIAAAAAIAAAIAAAIAAAAAIAIAIAAAIAIAAAIAIAAAAAAAIAIAAAIAIAIAAAAAAAAAAAIAIAIAAAIAAAIAAAIAAAIAIAAAIAIAIAIAIAA" "Mozilla/5.0 AppleWebKit/537.36 (KHTML, like Gecko; compatible; GPTBot/1.3; +https://openai.com/gptbot)" www.painelnocharme.meumercado.app 10.53.184.85
74.7.227.148 - - [23/Apr/2026:22:56:29 -0300] "GET /shop/innitency/4971d5c4991ca638477f0631c2b696d0ea407c16.php?edit=FETCH_HEAD&p=Ahome2Ameumer25ApainelbrasileirissimoImeumercadoIappAIgit HTTP/2.0" 409 83 "https://painelnocharme.meumercado.app/shop/innitency/4971d5c4991ca638477f0631c2b696d0ea407c16.php?p=Ahome2Ameumer25ApainelbrasileirissimoImeumercadoIappAIgit" "Mozilla/5.0 AppleWebKit/537.36 (KHTML, like Gecko; compatible; GPTBot/1.3; +https://openai.com/gptbot)" painelnocharme.meumercado.app 10.53.184.85
74.7.227.148 - - [23/Apr/2026:22:57:29 -0300] "GET /shop/edificant/4971d5c4991ca638477f0631c2b696d0ea407c16.php?edit=AUTO_MERGE&p=Ahome2Ameumer25ApainelshopsuaboaformaImeumercadoIappAIgit HTTP/2.0" 409 83 "https://painelnocharme.meumercado.app/shop/edificant/4971d5c4991ca638477f0631c2b696d0ea407c16.php?p=Ahome2Ameumer25ApainelshopsuaboaformaImeumercadoIappAIgit" "Mozilla/5.0 AppleWebKit/537.36 (KHTML, like Gecko; compatible; GPTBot/1.3; +https://openai.com/gptbot)" painelnocharme.meumercado.app 10.53.184.85
74.7.241.28 - - [23/Apr/2026:22:57:30 -0300] "GET /login/post-info.php?p=Ahome2Ameumer25ApainelnocharmeImeumercadoIappAvendorAmercadopagoAdx-phpAIphpdocAcacheAdescriptorsAIAIAIAIAIAIAIAIATAIAIAIAIAIAIAIAAAAAAAIAIAIAAAAAIAAAIAAAIAAAAAIAIAIAAAIAIAAAIAIAAAAAIAIAAAAAAAAAIAAAAAAAIAAAIAAAIAIAAAIAAAAAAAAAAAIAIAIAIAAAIAIAIAA HTTP/2.0" 409 83 "https://www.painelnocharme.meumercado.app/login/post-info.php?p=Ahome2Ameumer25ApainelnocharmeImeumercadoIappAvendorAmercadopagoAdx-phpAIphpdocAcacheAdescriptorsAIAIAIAIAIAIAIAIATAIAIAIAIAIAIAIAAAAAAAIAIAIAAAAAIAAAIAAAIAAAAAIAIAIAAAIAIAAAIAIAAAAAIAIAAAAAAAAAIAAAAAAAIAAAIAAAIAIAAAIAAAAAAAAAAAIAIAIAIAAAIAIAI" "Mozilla/5.0 AppleWebKit/537.36 (KHTML, like Gecko; compatible; GPTBot/1.3; +https://openai.com/gptbot)" www.painelnocharme.meumercado.app 10.53.184.85
74.7.227.148 - - [23/Apr/2026:22:58:32 -0300] "GET /shop/subcellar/4971d5c4991ca638477f0631c2b696d0ea407c16.php?edit=AUTO_MERGE&p=Ahome2Ameumer25ApainelsexshoptentacaoImeumercadoIappAIgit HTTP/2.0" 409 83 "https://painelnocharme.meumercado.app/shop/subcellar/4971d5c4991ca638477f0631c2b696d0ea407c16.php?p=Ahome2Ameumer25ApainelsexshoptentacaoImeumercadoIappAIgit" "Mozilla/5.0 AppleWebKit/537.36 (KHTML, like Gecko; compatible; GPTBot/1.3; +https://openai.com/gptbot)" painelnocharme.meumercado.app 10.53.184.85
74.7.241.28 - - [23/Apr/2026:22:58:33 -0300] "GET /login/post-info.php?p=Ahome2Ameumer25ApainelnocharmeImeumercadoIappAvendorAmercadopagoAdx-phpAIphpdocAcacheAdescriptorsAIAIAIAIAIAIAIAIATAIAIAIAIAIAIAIAAAAAAAIAIAIAAAAAIAAAIAAAIAAAAAIAIAIAAAIAIAAAIAIAAAAAAAAAAAAAIAIAIAIAAAAAIAIAIAIAAAIAIAAAAAIAIAAAAAAAAAIAAAIAIAAAAAA HTTP/2.0" 409 83 "https://www.painelnocharme.meumercado.app/login/post-info.php?p=Ahome2Ameumer25ApainelnocharmeImeumercadoIappAvendorAmercadopagoAdx-phpAIphpdocAcacheAdescriptorsAIAIAIAIAIAIAIAIATAIAIAIAIAIAIAIAAAAAAAIAIAIAAAAAIAAAIAAAIAAAAAIAIAIAAAIAIAAAIAIAAAAAAAAAAAAAIAIAIAIAAAAAIAIAIAIAAAIAIAAAAAIAIAAAAAAAAAIAAAIAIAAAA" "Mozilla/5.0 AppleWebKit/537.36 (KHTML, like Gecko; compatible; GPTBot/1.3; +https://openai.com/gptbot)" www.painelnocharme.meumercado.app 10.53.184.85
74.7.227.148 - - [23/Apr/2026:22:59:38 -0300] "GET /shop/gnomonics/4971d5c4991ca638477f0631c2b696d0ea407c16.php?edit=AUTO_MERGE&p=Ahome2Ameumer25ApainelshopsuaboaformaImeumercadoIappAIgit HTTP/2.0" 409 83 "https://painelnocharme.meumercado.app/shop/gnomonics/4971d5c4991ca638477f0631c2b696d0ea407c16.php?p=Ahome2Ameumer25ApainelshopsuaboaformaImeumercadoIappAIgit" "Mozilla/5.0 AppleWebKit/537.36 (KHTML, like Gecko; compatible; GPTBot/1.3; +https://openai.com/gptbot)" painelnocharme.meumercado.app 10.53.184.85
74.7.241.28 - - [23/Apr/2026:22:59:38 -0300] "GET /login/post-info.php?p=Ahome2Ameumer25ApainelnocharmeImeumercadoIappAvendorAmercadopagoAdx-phpAIphpdocAcacheAdescriptorsAIAIAIAIAIAIAIAIATAIAIAIAIAIAIAIAAAAAAAIAIAIAAAAAIAAAIAAAIAAAAAIAIAIAAAIAIAAAIAIAAAAAAAAAAAIAIAIAIAIAAAIAAAIAIAAAIAAAAAIAIAAAAAAAIAAAIAIAIAIAAAAAAAI HTTP/2.0" 409 83 "https://www.painelnocharme.meumercado.app/login/post-info.php?p=Ahome2Ameumer25ApainelnocharmeImeumercadoIappAvendorAmercadopagoAdx-phpAIphpdocAcacheAdescriptorsAIAIAIAIAIAIAIAIATAIAIAIAIAIAIAIAAAAAAAIAIAIAAAAAIAAAIAAAIAAAAAIAIAIAAAIAIAAAIAIAAAAAAAAAAAIAIAIAIAIAAAIAAAIAIAAAIAAAAAIAIAAAAAAAIAAAIAIAIAIAAAAAA" "Mozilla/5.0 AppleWebKit/537.36 (KHTML, like Gecko; compatible; GPTBot/1.3; +https://openai.com/gptbot)" www.painelnocharme.meumercado.app 10.53.184.85
74.7.241.28 - - [23/Apr/2026:23:00:39 -0300] "GET /login/post-info.php?p=Ahome2Ameumer25ApainelnocharmeImeumercadoIappAvendorAmercadopagoAdx-phpAIphpdocAcacheAdescriptorsAIAIAIAIAIAIAIAIATAIAIAIAIAIAIAIAAAAAAAIAIAIAAAAAIAAAIAAAIAAAAAIAIAIAAAIAIAAAIAIAAAAAIAAAIAIAIAAAIAIAIAIAAAIAAAAAAAIAIAAAIAAAIAAAAAAAAAAAIAAAAAIAAAI HTTP/2.0" 409 83 "https://www.painelnocharme.meumercado.app/login/post-info.php?p=Ahome2Ameumer25ApainelnocharmeImeumercadoIappAvendorAmercadopagoAdx-phpAIphpdocAcacheAdescriptorsAIAIAIAIAIAIAIAIATAIAIAIAIAIAIAIAAAAAAAIAIAIAAAAAIAAAIAAAIAAAAAIAIAIAAAIAIAAAIAIAAAAAIAAAIAIAIAAAIAIAIAIAAAIAAAAAAAIAIAAAIAAAIAAAAAAAAAAAIAAAAAIAA" "Mozilla/5.0 AppleWebKit/537.36 (KHTML, like Gecko; compatible; GPTBot/1.3; +https://openai.com/gptbot)" www.painelnocharme.meumercado.app 10.53.184.85
74.7.227.148 - - [23/Apr/2026:23:00:40 -0300] "GET /shop/mutuation/13eab1b1e9293f36b79c4bf9314d021761122115.php?edit=FETCH_HEAD&p=Ahome2Ameumer25ApainelsexshoptentacaoImeumercadoIappAIgit HTTP/2.0" 409 83 "https://painelnocharme.meumercado.app/shop/mutuation/13eab1b1e9293f36b79c4bf9314d021761122115.php?p=Ahome2Ameumer25ApainelsexshoptentacaoImeumercadoIappAIgit" "Mozilla/5.0 AppleWebKit/537.36 (KHTML, like Gecko; compatible; GPTBot/1.3; +https://openai.com/gptbot)" painelnocharme.meumercado.app 10.53.184.85
74.7.227.148 - - [23/Apr/2026:23:01:42 -0300] "GET /shop/kymograph/4971d5c4991ca638477f0631c2b696d0ea407c16.php?edit=FETCH_HEAD&p=Ahome2Ameumer25ApainelshopsuaboaformaImeumercadoIappAIgit HTTP/2.0" 409 83 "https://painelnocharme.meumercado.app/shop/kymograph/4971d5c4991ca638477f0631c2b696d0ea407c16.php?p=Ahome2Ameumer25ApainelshopsuaboaformaImeumercadoIappAIgit" "Mozilla/5.0 AppleWebKit/537.36 (KHTML, like Gecko; compatible; GPTBot/1.3; +https://openai.com/gptbot)" painelnocharme.meumercado.app 10.53.184.85
74.7.241.28 - - [23/Apr/2026:23:01:43 -0300] "GET /login/post-info.php?p=Ahome2Ameumer25ApainelnocharmeImeumercadoIappAvendorAmercadopagoAdx-phpAIphpdocAcacheAdescriptorsAIAIAIAIAIAIAIAIATAIAIAIAIAIAIAIAAAAAAAIAIAIAAAAAIAAAIAAAIAAAAAIAIAIAAAIAIAAAIAIAAAAAAAAAAAIAAAAAIAAAIAAAAAAAIAIAIAIAIAAAAAIAIAAAAAIAAAAAAAAAIAAAIAW HTTP/2.0" 409 83 "https://www.painelnocharme.meumercado.app/login/post-info.php?p=Ahome2Ameumer25ApainelnocharmeImeumercadoIappAvendorAmercadopagoAdx-phpAIphpdocAcacheAdescriptorsAIAIAIAIAIAIAIAIATAIAIAIAIAIAIAIAAAAAAAIAIAIAAAAAIAAAIAAAIAAAAAIAIAIAAAIAIAAAIAIAAAAAAAAAAAIAAAAAIAAAIAAAAAAAIAIAIAIAIAAAAAIAIAAAAAIAAAAAAAAAIAAAI" "Mozilla/5.0 AppleWebKit/537.36 (KHTML, like Gecko; compatible; GPTBot/1.3; +https://openai.com/gptbot)" www.painelnocharme.meumercado.app 10.53.184.85
74.7.227.148 - - [23/Apr/2026:23:02:45 -0300] "GET /shop/digressed/d42a6c892b7ba3f44861f9b96966a250a0829541.php?edit=FETCH_HEAD&p=Ahome2Ameumer25ApainelsexshoptentacaoImeumercadoIappAIgit HTTP/2.0" 409 83 "https://painelnocharme.meumercado.app/shop/digressed/d42a6c892b7ba3f44861f9b96966a250a0829541.php?p=Ahome2Ameumer25ApainelsexshoptentacaoImeumercadoIappAIgit" "Mozilla/5.0 AppleWebKit/537.36 (KHTML, like Gecko; compatible; GPTBot/1.3; +https://openai.com/gptbot)" painelnocharme.meumercado.app 10.53.184.85
74.7.241.28 - - [23/Apr/2026:23:02:46 -0300] "GET /login/post-info.php?p=Ahome2Ameumer25ApainelnocharmeImeumercadoIappAvendorAmercadopagoAdx-phpAIphpdocAcacheAdescriptorsAIAIAIAIAIAIAIAIATAIAIAIAIAIAIAIAAAAAAAIAIAIAAAAAIAAAIAAAIAAAAAIAIAIAAAIAIAAAIAIAAAAAAAIAAAIAAAAAAAIAAAAAAAAAAAAAIAIAAAIAAAIAIAIAAAIAAAAAAAIAIAAAIAA HTTP/2.0" 409 83 "https://www.painelnocharme.meumercado.app/login/post-info.php?p=Ahome2Ameumer25ApainelnocharmeImeumercadoIappAvendorAmercadopagoAdx-phpAIphpdocAcacheAdescriptorsAIAIAIAIAIAIAIAIATAIAIAIAIAIAIAIAAAAAAAIAIAIAAAAAIAAAIAAAIAAAAAIAIAIAAAIAIAAAIAIAAAAAAAIAAAIAAAAAAAIAAAAAAAAAAAAAIAIAAAIAAAIAIAIAAAIAAAAAAAIAIAAAI" "Mozilla/5.0 AppleWebKit/537.36 (KHTML, like Gecko; compatible; GPTBot/1.3; +https://openai.com/gptbot)" www.painelnocharme.meumercado.app 10.53.184.85
74.7.241.28 - - [23/Apr/2026:23:03:47 -0300] "GET /login/post-info.php?p=Ahome2Ameumer25ApainelnocharmeImeumercadoIappAvendorAmercadopagoAdx-phpAIphpdocAcacheAdescriptorsAIAIAIAIAIAIAIAIATAIAIAIAIAIAIAIAAAAAAAIAIAIAAAAAIAAAIAAAIAAAAAIAIAIAAAIAIAAAIAIAAAAAIAIAAAAAAAAAIAAAAAAAIAAAIAIAIAAAIAIAIAAAAAIAIAIAIAAAAAAAAAIAIAH HTTP/2.0" 409 83 "https://www.painelnocharme.meumercado.app/login/post-info.php?p=Ahome2Ameumer25ApainelnocharmeImeumercadoIappAvendorAmercadopagoAdx-phpAIphpdocAcacheAdescriptorsAIAIAIAIAIAIAIAIATAIAIAIAIAIAIAIAAAAAAAIAIAIAAAAAIAAAIAAAIAAAAAIAIAIAAAIAIAAAIAIAAAAAIAIAAAAAAAAAIAAAAAAAIAAAIAIAIAAAIAIAIAAAAAIAIAIAIAAAAAAAAAIAI" "Mozilla/5.0 AppleWebKit/537.36 (KHTML, like Gecko; compatible; GPTBot/1.3; +https://openai.com/gptbot)" www.painelnocharme.meumercado.app 10.53.184.85
74.7.227.148 - - [23/Apr/2026:23:03:50 -0300] "GET /shop/kymograph/4971d5c4991ca638477f0631c2b696d0ea407c16.php?edit=FETCH_HEAD&p=Ahome2Ameumer25ApainelsexshoptentacaoImeumercadoIappAIgit HTTP/2.0" 409 83 "https://painelnocharme.meumercado.app/shop/kymograph/4971d5c4991ca638477f0631c2b696d0ea407c16.php?p=Ahome2Ameumer25ApainelsexshoptentacaoImeumercadoIappAIgit" "Mozilla/5.0 AppleWebKit/537.36 (KHTML, like Gecko; compatible; GPTBot/1.3; +https://openai.com/gptbot)" painelnocharme.meumercado.app 10.53.184.85
74.7.241.28 - - [23/Apr/2026:23:04:50 -0300] "GET /login/post-info.php?p=Ahome2Ameumer25ApainelnocharmeImeumercadoIappAvendorAmercadopagoAdx-phpAIphpdocAcacheAdescriptorsAIAIAIAIAIAIAIAIATAIAIAIAIAIAIAIAAAAAAAIAIAIAAAAAIAAAIAAAIAAAAAIAIAIAAAIAIAAAIAIAAAIAAAIAIAAAAAAAAAIAAAAAIAIAAAIAIAAAAAIAAAIAIAIAIAAAAAIAAAAAAAAAAAG HTTP/2.0" 409 83 "https://www.painelnocharme.meumercado.app/login/post-info.php?p=Ahome2Ameumer25ApainelnocharmeImeumercadoIappAvendorAmercadopagoAdx-phpAIphpdocAcacheAdescriptorsAIAIAIAIAIAIAIAIATAIAIAIAIAIAIAIAAAAAAAIAIAIAAAAAIAAAIAAAIAAAAAIAIAIAAAIAIAAAIAIAAAIAAAIAIAAAAAAAAAIAAAAAIAIAAAIAIAAAAAIAAAIAIAIAIAAAAAIAAAAAAAAAA" "Mozilla/5.0 AppleWebKit/537.36 (KHTML, like Gecko; compatible; GPTBot/1.3; +https://openai.com/gptbot)" www.painelnocharme.meumercado.app 10.53.184.85
74.7.227.148 - - [23/Apr/2026:23:04:56 -0300] "GET /shop/innitency/4971d5c4991ca638477f0631c2b696d0ea407c16.php?edit=FETCH_HEAD&p=Ahome2Ameumer25ApainelshopsuaboaformaImeumercadoIappAIgit HTTP/2.0" 409 83 "https://painelnocharme.meumercado.app/shop/innitency/4971d5c4991ca638477f0631c2b696d0ea407c16.php?p=Ahome2Ameumer25ApainelshopsuaboaformaImeumercadoIappAIgit" "Mozilla/5.0 AppleWebKit/537.36 (KHTML, like Gecko; compatible; GPTBot/1.3; +https://openai.com/gptbot)" painelnocharme.meumercado.app 10.53.184.85
74.7.241.28 - - [23/Apr/2026:23:05:50 -0300] "GET /login/post-info.php?p=Ahome2Ameumer25ApainelnocharmeImeumercadoIappAvendorAmercadopagoAdx-phpAIphpdocAcacheAdescriptorsAIAIAIAIAIAIAIAIATAIAIAIAIAIAIAIAAAAAAAIAIAIAAAAAIAAAIAAAIAAAAAIAIAIAAAIAIAAAIAIAAAIAAAIAAAIAIAIAIAIAAAAAIAIAAAIAAAIAIAIAAAAAAAAAAAIAIAAAAAAAIAAAIAA HTTP/2.0" 409 83 "https://www.painelnocharme.meumercado.app/login/post-info.php?p=Ahome2Ameumer25ApainelnocharmeImeumercadoIappAvendorAmercadopagoAdx-phpAIphpdocAcacheAdescriptorsAIAIAIAIAIAIAIAIATAIAIAIAIAIAIAIAAAAAAAIAIAIAAAAAIAAAIAAAIAAAAAIAIAIAAAIAIAAAIAIAAAIAAAIAAAIAIAIAIAIAAAAAIAIAAAIAAAIAIAIAAAAAAAAAAAIAIAAAAAAAIAAAI" "Mozilla/5.0 AppleWebKit/537.36 (KHTML, like Gecko; compatible; GPTBot/1.3; +https://openai.com/gptbot)" www.painelnocharme.meumercado.app 10.53.184.85
74.7.227.148 - - [23/Apr/2026:23:05:57 -0300] "GET /shop/gnomonics/4971d5c4991ca638477f0631c2b696d0ea407c16.php?edit=FETCH_HEAD&p=Ahome2Ameumer25ApainelsexshoptentacaoImeumercadoIappAIgit HTTP/2.0" 409 83 "https://painelnocharme.meumercado.app/shop/gnomonics/4971d5c4991ca638477f0631c2b696d0ea407c16.php?p=Ahome2Ameumer25ApainelsexshoptentacaoImeumercadoIappAIgit" "Mozilla/5.0 AppleWebKit/537.36 (KHTML, like Gecko; compatible; GPTBot/1.3; +https://openai.com/gptbot)" painelnocharme.meumercado.app 10.53.184.85
74.7.241.28 - - [23/Apr/2026:23:06:51 -0300] "GET /login/post-info.php?p=Ahome2Ameumer25ApainelnocharmeImeumercadoIappAvendorAmercadopagoAdx-phpAIphpdocAcacheAdescriptorsAIAIAIAIAIAIAIAIATAIAIAIAIAIAIAIAAAAAAAIAIAIAAAAAIAAAIAAAIAAAAAIAIAIAAAIAIAAAIAIAAAIAAAAAIAAAIAIAAAIAAAIAAAAAAAIAIAIAIAAAAAIAIAAAIAIAIAAAIAIAIAIAAAG HTTP/2.0" 409 83 "https://www.painelnocharme.meumercado.app/login/post-info.php?p=Ahome2Ameumer25ApainelnocharmeImeumercadoIappAvendorAmercadopagoAdx-phpAIphpdocAcacheAdescriptorsAIAIAIAIAIAIAIAIATAIAIAIAIAIAIAIAAAAAAAIAIAIAAAAAIAAAIAAAIAAAAAIAIAIAAAIAIAAAIAIAAAIAAAAAIAAAIAIAAAIAAAIAAAAAAAIAIAIAIAAAAAIAIAAAIAIAIAAAIAIAIAIAA" "Mozilla/5.0 AppleWebKit/537.36 (KHTML, like Gecko; compatible; GPTBot/1.3; +https://openai.com/gptbot)" www.painelnocharme.meumercado.app 10.53.184.85
74.7.227.148 - - [23/Apr/2026:23:06:59 -0300] "GET /shop/innitency/60124b043573b7b19347c54a74a6dc801eb14e76.php?edit=AUTO_MERGE&p=Ahome2Ameumer25ApainelshopsuaboaformaImeumercadoIappAIgit HTTP/2.0" 409 83 "https://painelnocharme.meumercado.app/shop/innitency/60124b043573b7b19347c54a74a6dc801eb14e76.php?p=Ahome2Ameumer25ApainelshopsuaboaformaImeumercadoIappAIgit" "Mozilla/5.0 AppleWebKit/537.36 (KHTML, like Gecko; compatible; GPTBot/1.3; +https://openai.com/gptbot)" painelnocharme.meumercado.app 10.53.184.85
74.7.241.28 - - [23/Apr/2026:23:07:55 -0300] "GET /login/post-info.php?p=Ahome2Ameumer25ApainelnocharmeImeumercadoIappAvendorAmercadopagoAdx-phpAIphpdocAcacheAdescriptorsAIAIAIAIAIAIAIAIATAIAIAIAIAIAIAIAAAAAAAIAIAIAAAAAIAAAIAAAIAAAAAIAIAIAAAIAIAAAIAIAAAAAIAAAIAIAAAAAAAIAAAAAIAAAIAIAIAIAIAAAIAAAIAIAIAAAIAIAIAAAAAAAIAG HTTP/2.0" 409 83 "https://www.painelnocharme.meumercado.app/login/post-info.php?p=Ahome2Ameumer25ApainelnocharmeImeumercadoIappAvendorAmercadopagoAdx-phpAIphpdocAcacheAdescriptorsAIAIAIAIAIAIAIAIATAIAIAIAIAIAIAIAAAAAAAIAIAIAAAAAIAAAIAAAIAAAAAIAIAIAAAIAIAAAIAIAAAAAIAAAIAIAAAAAAAIAAAAAIAAAIAIAIAIAIAAAIAAAIAIAIAAAIAIAIAAAAAAAI" "Mozilla/5.0 AppleWebKit/537.36 (KHTML, like Gecko; compatible; GPTBot/1.3; +https://openai.com/gptbot)" www.painelnocharme.meumercado.app 10.53.184.85
74.7.227.148 - - [23/Apr/2026:23:08:00 -0300] "GET /shop/edificant/4971d5c4991ca638477f0631c2b696d0ea407c16.php?edit=FETCH_HEAD&p=Ahome2Ameumer25ApainelshopsuaboaformaImeumercadoIappAIgit HTTP/2.0" 409 83 "https://painelnocharme.meumercado.app/shop/edificant/4971d5c4991ca638477f0631c2b696d0ea407c16.php?p=Ahome2Ameumer25ApainelshopsuaboaformaImeumercadoIappAIgit" "Mozilla/5.0 AppleWebKit/537.36 (KHTML, like Gecko; compatible; GPTBot/1.3; +https://openai.com/gptbot)" painelnocharme.meumercado.app 10.53.184.85
74.7.241.28 - - [23/Apr/2026:23:08:58 -0300] "GET /login/post-info.php?p=Ahome2Ameumer25ApainelnocharmeImeumercadoIappAvendorAmercadopagoAdx-phpAIphpdocAcacheAdescriptorsAIAIAIAIAIAIAIAIATAIAIAIAIAIAIAIAAAAAAAIAIAIAAAAAIAAAIAAAIAAAAAIAIAIAAAIAIAAAIAIAAAIAAAAAIAAAAAAAAAIAAAIAIAAAAAAAIAIAAAAAAAAAAAAAAAAAIAIAAAIAIAIAAAW HTTP/2.0" 409 83 "https://www.painelnocharme.meumercado.app/login/post-info.php?p=Ahome2Ameumer25ApainelnocharmeImeumercadoIappAvendorAmercadopagoAdx-phpAIphpdocAcacheAdescriptorsAIAIAIAIAIAIAIAIATAIAIAIAIAIAIAIAAAAAAAIAIAIAAAAAIAAAIAAAIAAAAAIAIAIAAAIAIAAAIAIAAAIAAAAAIAAAAAAAAAIAAAIAIAAAAAAAIAIAAAAAAAAAAAAAAAAAIAIAAAIAIAIAA" "Mozilla/5.0 AppleWebKit/537.36 (KHTML, like Gecko; compatible; GPTBot/1.3; +https://openai.com/gptbot)" www.painelnocharme.meumercado.app 10.53.184.85
74.7.227.148 - - [23/Apr/2026:23:09:04 -0300] "GET /shop/innitency/60124b043573b7b19347c54a74a6dc801eb14e76.php?edit=FETCH_HEAD&p=Ahome2Ameumer25ApainelsexshoptentacaoImeumercadoIappAIgit HTTP/2.0" 409 83 "https://painelnocharme.meumercado.app/shop/innitency/60124b043573b7b19347c54a74a6dc801eb14e76.php?p=Ahome2Ameumer25ApainelsexshoptentacaoImeumercadoIappAIgit" "Mozilla/5.0 AppleWebKit/537.36 (KHTML, like Gecko; compatible; GPTBot/1.3; +https://openai.com/gptbot)" painelnocharme.meumercado.app 10.53.184.85
74.7.241.28 - - [23/Apr/2026:23:10:02 -0300] "GET /login/post-info.php?p=Ahome2Ameumer25ApainelnocharmeImeumercadoIappAvendorAmercadopagoAdx-phpAIphpdocAcacheAdescriptorsAIAIAIAIAIAIAIAIATAIAIAIAIAIAIAIAAAAAAAIAIAIAAAAAIAAAIAAAIAAAAAIAIAIAAAIAIAAAIAIAAAAAIAIAAAAAAAAAIAAAAAAAIAAAIAIAIAAAAAAAIAAAIAAAIAIAIAAAIAIAIAIAIAA HTTP/2.0" 409 83 "https://www.painelnocharme.meumercado.app/login/post-info.php?p=Ahome2Ameumer25ApainelnocharmeImeumercadoIappAvendorAmercadopagoAdx-phpAIphpdocAcacheAdescriptorsAIAIAIAIAIAIAIAIATAIAIAIAIAIAIAIAAAAAAAIAIAIAAAAAIAAAIAAAIAAAAAIAIAIAAAIAIAAAIAIAAAAAIAIAAAAAAAAAIAAAAAAAIAAAIAIAIAAAAAAAIAAAIAAAIAIAIAAAIAIAIAIAI" "Mozilla/5.0 AppleWebKit/537.36 (KHTML, like Gecko; compatible; GPTBot/1.3; +https://openai.com/gptbot)" www.painelnocharme.meumercado.app 10.53.184.85
74.7.227.148 - - [23/Apr/2026:23:10:09 -0300] "GET /shop/gnomonics/4971d5c4991ca638477f0631c2b696d0ea407c16.php?edit=AUTO_MERGE&p=Ahome2Ameumer25ApainelsexshoptentacaoImeumercadoIappAIgit HTTP/2.0" 409 83 "https://painelnocharme.meumercado.app/shop/gnomonics/4971d5c4991ca638477f0631c2b696d0ea407c16.php?p=Ahome2Ameumer25ApainelsexshoptentacaoImeumercadoIappAIgit" "Mozilla/5.0 AppleWebKit/537.36 (KHTML, like Gecko; compatible; GPTBot/1.3; +https://openai.com/gptbot)" painelnocharme.meumercado.app 10.53.184.85
74.7.241.28 - - [23/Apr/2026:23:11:04 -0300] "GET /login/post-info.php?p=Ahome2Ameumer25ApainelnocharmeImeumercadoIappAvendorAmercadopagoAdx-phpAIphpdocAcacheAdescriptorsAIAIAIAIAIAIAIAIATAIAIAIAIAIAIAIAAAAAAAIAIAIAAAAAIAAAIAAAIAAAAAIAIAIAAAIAIAAAIAIAAAIAAAIAAAIAIAIAIAIAAAAAIAIAAAIAAAAAAAAAIAAAIAIAAAIAIAIAIAIAIAAAIAG HTTP/2.0" 409 83 "https://www.painelnocharme.meumercado.app/login/post-info.php?p=Ahome2Ameumer25ApainelnocharmeImeumercadoIappAvendorAmercadopagoAdx-phpAIphpdocAcacheAdescriptorsAIAIAIAIAIAIAIAIATAIAIAIAIAIAIAIAAAAAAAIAIAIAAAAAIAAAIAAAIAAAAAIAIAIAAAIAIAAAIAIAAAIAAAIAAAIAIAIAIAIAAAAAIAIAAAIAAAAAAAAAIAAAIAIAAAIAIAIAIAIAIAAAI" "Mozilla/5.0 AppleWebKit/537.36 (KHTML, like Gecko; compatible; GPTBot/1.3; +https://openai.com/gptbot)" www.painelnocharme.meumercado.app 10.53.184.85
74.7.227.148 - - [23/Apr/2026:23:11:09 -0300] "GET /shop/kymograph/7466071cb78392a8c2082ab30df49b896a29247c.php?edit=FETCH_HEAD&p=Ahome2Ameumer25ApainelsexshoptentacaoImeumercadoIappAIgit HTTP/2.0" 409 83 "https://painelnocharme.meumercado.app/shop/kymograph/7466071cb78392a8c2082ab30df49b896a29247c.php?p=Ahome2Ameumer25ApainelsexshoptentacaoImeumercadoIappAIgit" "Mozilla/5.0 AppleWebKit/537.36 (KHTML, like Gecko; compatible; GPTBot/1.3; +https://openai.com/gptbot)" painelnocharme.meumercado.app 10.53.184.85
74.7.241.28 - - [23/Apr/2026:23:12:08 -0300] "GET /login/post-info.php?p=Ahome2Ameumer25ApainelnocharmeImeumercadoIappAvendorAmercadopagoAdx-phpAIphpdocAcacheAdescriptorsAIAIAIAIAIAIAIAIATAIAIAIAIAIAIAIAAAAAAAIAIAIAAAAAIAAAIAAAIAAAAAIAIAIAAAIAIAAAIAIAAAIAAAIAAAIAIAIAIAIAAAAAIAIAAAAAIAAAIAIAAAAAIAAAAAIAIAAAIAAAAAIAAAH HTTP/2.0" 409 83 "https://www.painelnocharme.meumercado.app/login/post-info.php?p=Ahome2Ameumer25ApainelnocharmeImeumercadoIappAvendorAmercadopagoAdx-phpAIphpdocAcacheAdescriptorsAIAIAIAIAIAIAIAIATAIAIAIAIAIAIAIAAAAAAAIAIAIAAAAAIAAAIAAAIAAAAAIAIAIAAAIAIAAAIAIAAAIAAAIAAAIAIAIAIAIAAAAAIAIAAAAAIAAAIAIAAAAAIAAAAAIAIAAAIAAAAAIAA" "Mozilla/5.0 AppleWebKit/537.36 (KHTML, like Gecko; compatible; GPTBot/1.3; +https://openai.com/gptbot)" www.painelnocharme.meumercado.app 10.53.184.85
74.7.227.148 - - [23/Apr/2026:23:12:11 -0300] "GET /shop/digressed/4971d5c4991ca638477f0631c2b696d0ea407c16.php?edit=AUTO_MERGE&p=Ahome2Ameumer25ApainelsexshoptentacaoImeumercadoIappAIgit HTTP/2.0" 409 83 "https://painelnocharme.meumercado.app/shop/digressed/4971d5c4991ca638477f0631c2b696d0ea407c16.php?p=Ahome2Ameumer25ApainelsexshoptentacaoImeumercadoIappAIgit" "Mozilla/5.0 AppleWebKit/537.36 (KHTML, like Gecko; compatible; GPTBot/1.3; +https://openai.com/gptbot)" painelnocharme.meumercado.app 10.53.184.85
74.7.227.148 - - [23/Apr/2026:23:13:12 -0300] "GET /shop/gnomonics/4971d5c4991ca638477f0631c2b696d0ea407c16.php?edit=FETCH_HEAD&p=Ahome2Ameumer25ApainelshopsuaboaformaImeumercadoIappAIgit HTTP/2.0" 409 83 "https://painelnocharme.meumercado.app/shop/gnomonics/4971d5c4991ca638477f0631c2b696d0ea407c16.php?p=Ahome2Ameumer25ApainelshopsuaboaformaImeumercadoIappAIgit" "Mozilla/5.0 AppleWebKit/537.36 (KHTML, like Gecko; compatible; GPTBot/1.3; +https://openai.com/gptbot)" painelnocharme.meumercado.app 10.53.184.85
74.7.241.28 - - [23/Apr/2026:23:13:13 -0300] "GET /login/post-info.php?p=Ahome2Ameumer25ApainelnocharmeImeumercadoIappAvendorAmercadopagoAdx-phpAIphpdocAcacheAdescriptorsAIAIAIAIAIAIAIAIATAIAIAIAIAIAIAIAAAAAAAIAIAIAAAAAIAAAIAAAIAAAAAIAIAIAAAIAIAAAIAIAAAAAAAIAAAAAAAIAAAIAAAAAIAAAAAIAAAAAAAIAIAAAAAAAAAAAAAAAIAIAAAIAIAI HTTP/2.0" 409 83 "https://www.painelnocharme.meumercado.app/login/post-info.php?p=Ahome2Ameumer25ApainelnocharmeImeumercadoIappAvendorAmercadopagoAdx-phpAIphpdocAcacheAdescriptorsAIAIAIAIAIAIAIAIATAIAIAIAIAIAIAIAAAAAAAIAIAIAAAAAIAAAIAAAIAAAAAIAIAIAAAIAIAAAIAIAAAAAAAIAAAAAAAIAAAIAAAAAIAAAAAIAAAAAAAIAIAAAAAAAAAAAAAAAIAIAAAIAI" "Mozilla/5.0 AppleWebKit/537.36 (KHTML, like Gecko; compatible; GPTBot/1.3; +https://openai.com/gptbot)" www.painelnocharme.meumercado.app 10.53.184.85
74.7.227.148 - - [23/Apr/2026:23:14:14 -0300] "GET /shop/innitency/7466071cb78392a8c2082ab30df49b896a29247c.php?edit=AUTO_MERGE&p=Ahome2Ameumer25ApainelbrasileirissimoImeumercadoIappAIgit HTTP/2.0" 409 83 "https://painelnocharme.meumercado.app/shop/innitency/7466071cb78392a8c2082ab30df49b896a29247c.php?p=Ahome2Ameumer25ApainelbrasileirissimoImeumercadoIappAIgit" "Mozilla/5.0 AppleWebKit/537.36 (KHTML, like Gecko; compatible; GPTBot/1.3; +https://openai.com/gptbot)" painelnocharme.meumercado.app 10.53.184.85
74.7.241.28 - - [23/Apr/2026:23:14:17 -0300] "GET /login/post-info.php?p=Ahome2Ameumer25ApainelnocharmeImeumercadoIappAvendorAmercadopagoAdx-phpAIphpdocAcacheAdescriptorsAIAIAIAIAIAIAIAIATAIAIAIAIAIAIAIAAAAAAAIAIAIAAAAAIAAAIAAAIAAAAAIAIAIAAAIAIAAAIAIAAAAAAAAAAAIAIAIAAAIAAAIAIAIAAAAAAAAAAAAAAAIAAAAAIAAAAAAAAAIAIAIAIAA HTTP/2.0" 409 83 "https://www.painelnocharme.meumercado.app/login/post-info.php?p=Ahome2Ameumer25ApainelnocharmeImeumercadoIappAvendorAmercadopagoAdx-phpAIphpdocAcacheAdescriptorsAIAIAIAIAIAIAIAIATAIAIAIAIAIAIAIAAAAAAAIAIAIAAAAAIAAAIAAAIAAAAAIAIAIAAAIAIAAAIAIAAAAAAAAAAAIAIAIAAAIAAAIAIAIAAAAAAAAAAAAAAAIAAAAAIAAAAAAAAAIAIAIAI" "Mozilla/5.0 AppleWebKit/537.36 (KHTML, like Gecko; compatible; GPTBot/1.3; +https://openai.com/gptbot)" www.painelnocharme.meumercado.app 10.53.184.85
74.7.227.148 - - [23/Apr/2026:23:15:18 -0300] "GET /shop/innitency/60124b043573b7b19347c54a74a6dc801eb14e76.php?edit=FETCH_HEAD&p=Ahome2Ameumer25ApainelshopsuaboaformaImeumercadoIappAIgit HTTP/2.0" 409 83 "https://painelnocharme.meumercado.app/shop/innitency/60124b043573b7b19347c54a74a6dc801eb14e76.php?p=Ahome2Ameumer25ApainelshopsuaboaformaImeumercadoIappAIgit" "Mozilla/5.0 AppleWebKit/537.36 (KHTML, like Gecko; compatible; GPTBot/1.3; +https://openai.com/gptbot)" painelnocharme.meumercado.app 10.53.184.85
74.7.241.28 - - [23/Apr/2026:23:15:20 -0300] "GET /login/post-info.php?p=Ahome2Ameumer25ApainelnocharmeImeumercadoIappAvendorAmercadopagoAdx-phpAIphpdocAcacheAdescriptorsAIAIAIAIAIAIAIAIATAIAIAIAIAIAIAIAAAAAAAIAIAIAAAAAIAAAIAAAIAAAAAIAIAIAAAIAIAAAIAIAAAAAIAAAAAIAAAIAIAAAAAAAAAAAAAIAIAIAIAAAAAAAAAIAAAIAAAAAAAAAIAIAAAH HTTP/2.0" 409 83 "https://www.painelnocharme.meumercado.app/login/post-info.php?p=Ahome2Ameumer25ApainelnocharmeImeumercadoIappAvendorAmercadopagoAdx-phpAIphpdocAcacheAdescriptorsAIAIAIAIAIAIAIAIATAIAIAIAIAIAIAIAAAAAAAIAIAIAAAAAIAAAIAAAIAAAAAIAIAIAAAIAIAAAIAIAAAAAIAAAAAIAAAIAIAAAAAAAAAAAAAIAIAIAIAAAAAAAAAIAAAIAAAAAAAAAIAIAA" "Mozilla/5.0 AppleWebKit/537.36 (KHTML, like Gecko; compatible; GPTBot/1.3; +https://openai.com/gptbot)" www.painelnocharme.meumercado.app 10.53.184.85
74.7.241.28 - - [23/Apr/2026:23:16:24 -0300] "GET /login/post-info.php?p=Ahome2Ameumer25ApainelnocharmeImeumercadoIappAvendorAmercadopagoAdx-phpAIphpdocAcacheAdescriptorsAIAIAIAIAIAIAIAIATAIAIAIAIAIAIAIAAAAAAAIAIAIAAAAAIAAAIAAAIAAAAAIAIAIAAAIAIAAAIAIAAAIAAAIAAAIAIAIAIAIAAAAAIAIAAAIAAAIAIAIAAAAAAAIAAAIAAAAAAAAAAAIAIAG HTTP/2.0" 409 83 "https://www.painelnocharme.meumercado.app/login/post-info.php?p=Ahome2Ameumer25ApainelnocharmeImeumercadoIappAvendorAmercadopagoAdx-phpAIphpdocAcacheAdescriptorsAIAIAIAIAIAIAIAIATAIAIAIAIAIAIAIAAAAAAAIAIAIAAAAAIAAAIAAAIAAAAAIAIAIAAAIAIAAAIAIAAAIAAAIAAAIAIAIAIAIAAAAAIAIAAAIAAAIAIAIAAAAAAAIAAAIAAAAAAAAAAAIAI" "Mozilla/5.0 AppleWebKit/537.36 (KHTML, like Gecko; compatible; GPTBot/1.3; +https://openai.com/gptbot)" www.painelnocharme.meumercado.app 10.53.184.85
74.7.227.148 - - [23/Apr/2026:23:16:24 -0300] "GET /shop/epotation/4971d5c4991ca638477f0631c2b696d0ea407c16.php?edit=AUTO_MERGE&p=Ahome2Ameumer25ApainelsexshoptentacaoImeumercadoIappAIgit HTTP/2.0" 409 83 "https://painelnocharme.meumercado.app/shop/epotation/4971d5c4991ca638477f0631c2b696d0ea407c16.php?p=Ahome2Ameumer25ApainelsexshoptentacaoImeumercadoIappAIgit" "Mozilla/5.0 AppleWebKit/537.36 (KHTML, like Gecko; compatible; GPTBot/1.3; +https://openai.com/gptbot)" painelnocharme.meumercado.app 10.53.184.85
74.7.227.148 - - [23/Apr/2026:23:17:24 -0300] "GET /shop/clownery/dcb92d02320f82679049cb0590e6039e624b3f18.php?edit=README.md&p=Ahome2Ameumer25ApainelnocharmeImeumercadoIappAvendorApsrAlog HTTP/2.0" 409 83 "https://painelnocharme.meumercado.app/shop/clownery/dcb92d02320f82679049cb0590e6039e624b3f18.php?p=Ahome2Ameumer25ApainelnocharmeImeumercadoIappAvendorApsrAlog" "Mozilla/5.0 AppleWebKit/537.36 (KHTML, like Gecko; compatible; GPTBot/1.3; +https://openai.com/gptbot)" painelnocharme.meumercado.app 10.53.184.85
74.7.241.28 - - [23/Apr/2026:23:17:28 -0300] "GET /login/post-info.php?p=Ahome2Ameumer25ApainelnocharmeImeumercadoIappAvendorAmercadopagoAdx-phpAIphpdocAcacheAdescriptorsAIAIAIAIAIAIAIAIATAIAIAIAIAIAIAIAAAAAAAIAIAIAAAAAIAAAIAAAIAAAAAIAIAIAAAIAIAAAIAIAAAAAAAAAIAAAIAAAIAIAIAAAIAAAAAAAIAAAIAIAIAAAAAIAIAAAAAAAIAAAAAIAIAW HTTP/2.0" 409 83 "https://www.painelnocharme.meumercado.app/login/post-info.php?p=Ahome2Ameumer25ApainelnocharmeImeumercadoIappAvendorAmercadopagoAdx-phpAIphpdocAcacheAdescriptorsAIAIAIAIAIAIAIAIATAIAIAIAIAIAIAIAAAAAAAIAIAIAAAAAIAAAIAAAIAAAAAIAIAIAAAIAIAAAIAIAAAAAAAAAIAAAIAAAIAIAIAAAIAAAAAAAIAAAIAIAIAAAAAIAIAAAAAAAIAAAAAIAI" "Mozilla/5.0 AppleWebKit/537.36 (KHTML, like Gecko; compatible; GPTBot/1.3; +https://openai.com/gptbot)" www.painelnocharme.meumercado.app 10.53.184.85
74.7.227.148 - - [23/Apr/2026:23:18:28 -0300] "GET /shop/kymograph/4971d5c4991ca638477f0631c2b696d0ea407c16.php?edit=AUTO_MERGE&p=Ahome2Ameumer25ApainelsexshoptentacaoImeumercadoIappAIgit HTTP/2.0" 409 83 "https://painelnocharme.meumercado.app/shop/kymograph/4971d5c4991ca638477f0631c2b696d0ea407c16.php?p=Ahome2Ameumer25ApainelsexshoptentacaoImeumercadoIappAIgit" "Mozilla/5.0 AppleWebKit/537.36 (KHTML, like Gecko; compatible; GPTBot/1.3; +https://openai.com/gptbot)" painelnocharme.meumercado.app 10.53.184.85
74.7.241.28 - - [23/Apr/2026:23:18:30 -0300] "GET /login/post-info.php?p=Ahome2Ameumer25ApainelnocharmeImeumercadoIappAvendorAmercadopagoAdx-phpAIphpdocAcacheAdescriptorsAIAIAIAIAIAIAIAIATAIAIAIAIAIAIAIAAAAAAAIAIAIAAAAAIAAAIAAAIAAAAAIAIAIAAAIAIAAAIAIAAAIAAAIAAAIAIAIAAAAAAAIAAAIAIAIAIAIAAAAAIAIAAAIAIAAAAAAAIAIAAAAAIAI HTTP/2.0" 409 83 "https://www.painelnocharme.meumercado.app/login/post-info.php?p=Ahome2Ameumer25ApainelnocharmeImeumercadoIappAvendorAmercadopagoAdx-phpAIphpdocAcacheAdescriptorsAIAIAIAIAIAIAIAIATAIAIAIAIAIAIAIAAAAAAAIAIAIAAAAAIAAAIAAAIAAAAAIAIAIAAAIAIAAAIAIAAAIAAAIAAAIAIAIAAAAAAAIAAAIAIAIAIAIAAAAAIAIAAAIAIAAAAAAAIAIAAAAAI" "Mozilla/5.0 AppleWebKit/537.36 (KHTML, like Gecko; compatible; GPTBot/1.3; +https://openai.com/gptbot)" www.painelnocharme.meumercado.app 10.53.184.85
74.7.241.28 - - [23/Apr/2026:23:19:31 -0300] "GET /login/post-info.php?p=Ahome2Ameumer25ApainelnocharmeImeumercadoIappAvendorAmercadopagoAdx-phpAIphpdocAcacheAdescriptorsAIAIAIAIAIAIAIAIATAIAIAIAIAIAIAIAAAAAAAIAIAIAAAAAIAAAIAAAIAAAAAIAIAIAAAIAIAAAIAIAAAIAAAIAAAIAIAIAIAIAAAAAIAIAAAAAIAAAIAIAAAAAIAAAAAIAIAAAAAAAAAIAIAI HTTP/2.0" 409 83 "https://www.painelnocharme.meumercado.app/login/post-info.php?p=Ahome2Ameumer25ApainelnocharmeImeumercadoIappAvendorAmercadopagoAdx-phpAIphpdocAcacheAdescriptorsAIAIAIAIAIAIAIAIATAIAIAIAIAIAIAIAAAAAAAIAIAIAAAAAIAAAIAAAIAAAAAIAIAIAAAIAIAAAIAIAAAIAAAIAAAIAIAIAIAIAAAAAIAIAAAAAIAAAIAIAAAAAIAAAAAIAIAAAAAAAAAIAI" "Mozilla/5.0 AppleWebKit/537.36 (KHTML, like Gecko; compatible; GPTBot/1.3; +https://openai.com/gptbot)" www.painelnocharme.meumercado.app 10.53.184.85
74.7.227.148 - - [23/Apr/2026:23:19:31 -0300] "GET /shop/dammara/comment-reply.js?p=Ahome2Ameumer25ApainelnocharmeImeumercadoIappAconfigAconfigAconfig HTTP/2.0" 404 836 "https://painelnocharme.meumercado.app/shop/dammara/comment-reply.js?p=Ahome2Ameumer25ApainelnocharmeImeumercadoIappAconfigAconfig" "Mozilla/5.0 AppleWebKit/537.36 (KHTML, like Gecko; compatible; GPTBot/1.3; +https://openai.com/gptbot)" painelnocharme.meumercado.app 10.53.184.85
74.7.227.148 - - [23/Apr/2026:23:20:32 -0300] "GET /shop/minimus/comment-reply.js?p=Ahome2Ameumer25ApainelnocharmeImeumercadoIappAconfigAconfigAconfig HTTP/2.0" 404 836 "https://painelnocharme.meumercado.app/shop/minimus/comment-reply.js?p=Ahome2Ameumer25ApainelnocharmeImeumercadoIappAconfigAconfig" "Mozilla/5.0 AppleWebKit/537.36 (KHTML, like Gecko; compatible; GPTBot/1.3; +https://openai.com/gptbot)" painelnocharme.meumercado.app 10.53.184.85
74.7.241.28 - - [23/Apr/2026:23:20:35 -0300] "GET /login/post-info.php?p=Ahome2Ameumer25ApainelnocharmeImeumercadoIappAvendorAmercadopagoAdx-phpAIphpdocAcacheAdescriptorsAIAIAIAIAIAIAIAIATAIAIAIAIAIAIAIAAAAAAAIAIAIAAAAAIAAAIAAAIAAAAAIAIAIAAAIAIAAAIAIAAAAAAAIAAAIAAAAAAAIAAAAAAAAAAAAAIAIAAAIAAAIAIAIAAAIAAAIAAAAAAAAAIAA HTTP/2.0" 409 83 "https://www.painelnocharme.meumercado.app/login/post-info.php?p=Ahome2Ameumer25ApainelnocharmeImeumercadoIappAvendorAmercadopagoAdx-phpAIphpdocAcacheAdescriptorsAIAIAIAIAIAIAIAIATAIAIAIAIAIAIAIAAAAAAAIAIAIAAAAAIAAAIAAAIAAAAAIAIAIAAAIAIAAAIAIAAAAAAAIAAAIAAAAAAAIAAAAAAAAAAAAAIAIAAAIAAAIAIAIAAAIAAAIAAAAAAAAAI" "Mozilla/5.0 AppleWebKit/537.36 (KHTML, like Gecko; compatible; GPTBot/1.3; +https://openai.com/gptbot)" www.painelnocharme.meumercado.app 10.53.184.85
74.7.227.148 - - [23/Apr/2026:23:21:34 -0300] "GET /shop/digressed/CODE_OF_CONDUCT.md HTTP/2.0" 404 836 "https://painelnocharme.meumercado.app/shop/digressed/09a07173b17e2435f3f12a5d118188b2a60de9?p=Ahome2Ameumer25ApainelnocharmeImeumercadoIappAvendorAstripeAstripe-php" "Mozilla/5.0 AppleWebKit/537.36 (KHTML, like Gecko; compatible; GPTBot/1.3; +https://openai.com/gptbot)" painelnocharme.meumercado.app 10.53.184.85
74.7.241.28 - - [23/Apr/2026:23:21:39 -0300] "GET /login/post-info.php?p=Ahome2Ameumer25ApainelnocharmeImeumercadoIappAvendorAmercadopagoAdx-phpAIphpdocAcacheAdescriptorsAIAIAIAIAIAIAIAIATAIAIAIAIAIAIAIAAAAAAAIAIAIAAAAAIAAAIAAAIAAAAAIAIAIAAAIAIAAAIAIAAAIAAAIAAAIAIAIAAAAAAAIAAAIAIAIAIAIAAAAAIAAAAAIAIAAAIAAAAAIAAAAAAAA HTTP/2.0" 409 83 "https://www.painelnocharme.meumercado.app/login/post-info.php?p=Ahome2Ameumer25ApainelnocharmeImeumercadoIappAvendorAmercadopagoAdx-phpAIphpdocAcacheAdescriptorsAIAIAIAIAIAIAIAIATAIAIAIAIAIAIAIAAAAAAAIAIAIAAAAAIAAAIAAAIAAAAAIAIAIAAAIAIAAAIAIAAAIAAAIAAAIAIAIAAAAAAAIAAAIAIAIAIAIAAAAAIAAAAAIAIAAAIAAAAAIAAAAAA" "Mozilla/5.0 AppleWebKit/537.36 (KHTML, like Gecko; compatible; GPTBot/1.3; +https://openai.com/gptbot)" www.painelnocharme.meumercado.app 10.53.184.85
74.7.227.148 - - [23/Apr/2026:23:22:38 -0300] "GET /shop/minimus/feed-atom-comments.php HTTP/2.0" 409 83 "https://painelnocharme.meumercado.app/shop/minimus/OAuth.php?p=Ahome2Ameumer25AmeupetIappAwp-includes" "Mozilla/5.0 AppleWebKit/537.36 (KHTML, like Gecko; compatible; GPTBot/1.3; +https://openai.com/gptbot)" painelnocharme.meumercado.app 10.53.184.85
74.7.241.28 - - [23/Apr/2026:23:22:43 -0300] "GET /login/post-info.php?p=Ahome2Ameumer25ApainelnocharmeImeumercadoIappAvendorAmercadopagoAdx-phpAIphpdocAcacheAdescriptorsAIAIAIAIAIAIAIAIATAIAIAIAIAIAIAIAAAAAAAIAIAIAAAAAIAAAIAAAIAAAAAIAIAIAAAIAIAAAIAIAAAAAAAIAAAIAAAAAAAIAAAAAAAAAAAAAIAIAAAIAAAIAIAIAAAAAAAIAAAAAIAAAAAA HTTP/2.0" 409 83 "https://www.painelnocharme.meumercado.app/login/post-info.php?p=Ahome2Ameumer25ApainelnocharmeImeumercadoIappAvendorAmercadopagoAdx-phpAIphpdocAcacheAdescriptorsAIAIAIAIAIAIAIAIATAIAIAIAIAIAIAIAAAAAAAIAIAIAAAAAIAAAIAAAIAAAAAIAIAIAAAIAIAAAIAIAAAAAAAIAAAIAAAAAAAIAAAAAAAAAAAAAIAIAAAIAAAIAIAIAAAAAAAIAAAAAIAAAA" "Mozilla/5.0 AppleWebKit/537.36 (KHTML, like Gecko; compatible; GPTBot/1.3; +https://openai.com/gptbot)" www.painelnocharme.meumercado.app 10.53.184.85
74.7.227.148 - - [23/Apr/2026:23:23:42 -0300] "GET /shop/gramme/comment.js?edit=activate_install_routes.txt&p=Ahome2Ameumer25ApainelbistroemcasaImeurestauranteIappAinstallation HTTP/2.0" 404 836 "https://painelnocharme.meumercado.app/shop/gramme/comment.js?p=Ahome2Ameumer25ApainelbistroemcasaImeurestauranteIappAinstallation" "Mozilla/5.0 AppleWebKit/537.36 (KHTML, like Gecko; compatible; GPTBot/1.3; +https://openai.com/gptbot)" painelnocharme.meumercado.app 10.53.184.85
74.7.241.28 - - [23/Apr/2026:23:23:47 -0300] "GET /login/post-info.php?p=Ahome2Ameumer25ApainelnocharmeImeumercadoIappAvendorAmercadopagoAdx-phpAIphpdocAcacheAdescriptorsAIAIAIAIAIAIAIAIATAIAIAIAIAIAIAIAAAAAAAIAIAIAAAAAIAAAIAAAIAAAAAIAIAIAAAIAIAAAIAIAAAAAAAAAIAAAIAAAIAIAIAAAIAAAAAAAIAAAIAIAIAAAAAIAIAAAIAIAIAIAIAIAIAH HTTP/2.0" 409 83 "https://www.painelnocharme.meumercado.app/login/post-info.php?p=Ahome2Ameumer25ApainelnocharmeImeumercadoIappAvendorAmercadopagoAdx-phpAIphpdocAcacheAdescriptorsAIAIAIAIAIAIAIAIATAIAIAIAIAIAIAIAAAAAAAIAIAIAAAAAIAAAIAAAIAAAAAIAIAIAAAIAIAAAIAIAAAAAAAAAIAAAIAAAIAIAIAAAIAAAAAAAIAAAIAIAIAAAAAIAIAAAIAIAIAIAIAIAI" "Mozilla/5.0 AppleWebKit/537.36 (KHTML, like Gecko; compatible; GPTBot/1.3; +https://openai.com/gptbot)" www.painelnocharme.meumercado.app 10.53.184.85
74.7.227.148 - - [23/Apr/2026:23:24:47 -0300] "GET /shop/coalblack/LVIjDAK0pqutHi9QP6lFWeLqEKcUYOMpIXARhXXN_index.html?p=Ahome2Ameumer25Apublic_htmlAcgi-bin HTTP/2.0" 404 836 "https://painelnocharme.meumercado.app/shop/coalblack/LVIjDAK0pqutHi9QP6lFWeLqEKcUYOMpIXARhXXN_index.html?p=Ahome2Ameumer25Apublic_html" "Mozilla/5.0 AppleWebKit/537.36 (KHTML, like Gecko; compatible; GPTBot/1.3; +https://openai.com/gptbot)" painelnocharme.meumercado.app 10.53.184.85
74.7.241.28 - - [23/Apr/2026:23:24:53 -0300] "GET /login/post-info.php?p=Ahome2Ameumer25ApainelnocharmeImeumercadoIappAvendorAmercadopagoAdx-phpAIphpdocAcacheAdescriptorsAIAIAIAIAIAIAIAIATAIAIAIAIAIAIAIAAAAAAAIAIAIAAAAAIAAAIAAAIAAAAAIAIAIAAAIAIAAAIAIAAAAAAAAAAAIAAAAAIAAAIAAAAAAAIAIAIAIAIAIAAAIAAAAAAAAAIAIAAAAAIAAAAAG HTTP/2.0" 409 83 "https://www.painelnocharme.meumercado.app/login/post-info.php?p=Ahome2Ameumer25ApainelnocharmeImeumercadoIappAvendorAmercadopagoAdx-phpAIphpdocAcacheAdescriptorsAIAIAIAIAIAIAIAIATAIAIAIAIAIAIAIAAAAAAAIAIAIAAAAAIAAAIAAAIAAAAAIAIAIAAAIAIAAAIAIAAAAAAAAAAAIAAAAAIAAAIAAAAAAAIAIAIAIAIAIAAAIAAAAAAAAAIAIAAAAAIAAAA" "Mozilla/5.0 AppleWebKit/537.36 (KHTML, like Gecko; compatible; GPTBot/1.3; +https://openai.com/gptbot)" www.painelnocharme.meumercado.app 10.53.184.85
74.7.227.148 - - [23/Apr/2026:23:25:50 -0300] "GET /shop/officious/LVIjDAK0pqutHi9QP6lFWeLqEKcUYOMpIXARhXXN_index.html?p=Ahome2Ameumer25Apublic_htmlAcgi-bin HTTP/2.0" 404 836 "https://painelnocharme.meumercado.app/shop/officious/LVIjDAK0pqutHi9QP6lFWeLqEKcUYOMpIXARhXXN_index.html?p=Ahome2Ameumer25Apublic_html" "Mozilla/5.0 AppleWebKit/537.36 (KHTML, like Gecko; compatible; GPTBot/1.3; +https://openai.com/gptbot)" painelnocharme.meumercado.app 10.53.184.85
