74.7.227.148 - - [24/Apr/2026:02:57:28 -0300] "GET /shop/cultivation/51d4f355b5a212659744043a6b72a809d45729?p=Ahome2Ameumer25AmeurestauranteIapp HTTP/2.0" 404 836 "https://painelnocharme.meumercado.app/shop/cultivation/51d4f355b5a212659744043a6b72a809d45729?p=Ahome2Ameumer25" "Mozilla/5.0 AppleWebKit/537.36 (KHTML, like Gecko; compatible; GPTBot/1.3; +https://openai.com/gptbot)" painelnocharme.meumercado.app 10.53.184.85
74.7.241.28 - - [24/Apr/2026:02:57:33 -0300] "GET /login/post-info.php?p=Ahome2Ameumer25ApainelnocharmeImeumercadoIappAvendorAmercadopagoAdx-phpAIphpdocAcacheAdescriptorsAIAIAIAIAIAIAIAIATAIAIAIAIAIAIAIAAAAAAAIAIAIAAAAAIAAAIAAAIAAAAAIAIAIAAAIAIAAAIAIAAAIAAAIAAAIAIAIAIAIAAAAAIAIAAAAAIAAAIAIAAAIAAAAAAAAAAAAAAAAAIAIAAAA HTTP/2.0" 409 83 "https://www.painelnocharme.meumercado.app/login/post-info.php?p=Ahome2Ameumer25ApainelnocharmeImeumercadoIappAvendorAmercadopagoAdx-phpAIphpdocAcacheAdescriptorsAIAIAIAIAIAIAIAIATAIAIAIAIAIAIAIAAAAAAAIAIAIAAAAAIAAAIAAAIAAAAAIAIAIAAAIAIAAAIAIAAAIAAAIAAAIAIAIAIAIAAAAAIAIAAAAAIAAAIAIAAAIAAAAAAAAAAAAAAAAAIAIAA" "Mozilla/5.0 AppleWebKit/537.36 (KHTML, like Gecko; compatible; GPTBot/1.3; +https://openai.com/gptbot)" www.painelnocharme.meumercado.app 10.53.184.85
74.7.227.148 - - [24/Apr/2026:02:58:33 -0300] "GET /shop/cultivation/4803c05638697d84ea28d40693324ec70f7990?p=Ahome2Ameumer25AmeurestauranteIapp HTTP/2.0" 404 836 "https://painelnocharme.meumercado.app/shop/cultivation/4803c05638697d84ea28d40693324ec70f7990?p=Ahome2Ameumer25" "Mozilla/5.0 AppleWebKit/537.36 (KHTML, like Gecko; compatible; GPTBot/1.3; +https://openai.com/gptbot)" painelnocharme.meumercado.app 10.53.184.85
74.7.241.28 - - [24/Apr/2026:02:58:38 -0300] "GET /login/post-info.php?p=Ahome2Ameumer25ApainelnocharmeImeumercadoIappAvendorAmercadopagoAdx-phpAIphpdocAcacheAdescriptorsAIAIAIAIAIAIAIAIATAIAIAIAIAIAIAIAAAAAAAIAIAIAAAAAIAAAIAAAIAAAAAIAIAIAAAIAIAAAIAIAAAIAAAIAIAAAAAAAAAIAIAAAIAAAIAAAIAAAIAIAIAAAIAIAIAIAAAAAIAIAIAIAAAW HTTP/2.0" 409 83 "https://www.painelnocharme.meumercado.app/login/post-info.php?p=Ahome2Ameumer25ApainelnocharmeImeumercadoIappAvendorAmercadopagoAdx-phpAIphpdocAcacheAdescriptorsAIAIAIAIAIAIAIAIATAIAIAIAIAIAIAIAAAAAAAIAIAIAAAAAIAAAIAAAIAAAAAIAIAIAAAIAIAAAIAIAAAIAAAIAIAAAAAAAAAIAIAAAIAAAIAAAIAAAIAIAIAAAIAIAIAIAAAAAIAIAIAIAA" "Mozilla/5.0 AppleWebKit/537.36 (KHTML, like Gecko; compatible; GPTBot/1.3; +https://openai.com/gptbot)" www.painelnocharme.meumercado.app 10.53.184.85
74.7.227.148 - - [24/Apr/2026:02:59:38 -0300] "GET /shop/cultivation/0a576342f868d5e2680910464577df9866f8b6?p=Ahome2Ameumer25AmeurestauranteIapp HTTP/2.0" 404 836 "https://painelnocharme.meumercado.app/shop/cultivation/0a576342f868d5e2680910464577df9866f8b6?p=Ahome2Ameumer25" "Mozilla/5.0 AppleWebKit/537.36 (KHTML, like Gecko; compatible; GPTBot/1.3; +https://openai.com/gptbot)" painelnocharme.meumercado.app 10.53.184.85
74.7.241.28 - - [24/Apr/2026:02:59:40 -0300] "GET /login/post-info.php?p=Ahome2Ameumer25ApainelnocharmeImeumercadoIappAvendorAmercadopagoAdx-phpAIphpdocAcacheAdescriptorsAIAIAIAIAIAIAIAIATAIAIAIAIAIAIAIAAAAAAAIAIAIAAAAAIAAAIAAAIAAAAAIAIAIAAAIAIAAAIAIAAAAAAAAAAAIAAAAAIAAAIAAAAAAAIAIAIAIAIAIAAAIAAAAAAAAAAAAAAAIAIAIAIAI HTTP/2.0" 409 83 "https://www.painelnocharme.meumercado.app/login/post-info.php?p=Ahome2Ameumer25ApainelnocharmeImeumercadoIappAvendorAmercadopagoAdx-phpAIphpdocAcacheAdescriptorsAIAIAIAIAIAIAIAIATAIAIAIAIAIAIAIAAAAAAAIAIAIAAAAAIAAAIAAAIAAAAAIAIAIAAAIAIAAAIAIAAAAAAAAAAAIAAAAAIAAAIAAAAAAAIAIAIAIAIAIAAAIAAAAAAAAAAAAAAAIAIAIAI" "Mozilla/5.0 AppleWebKit/537.36 (KHTML, like Gecko; compatible; GPTBot/1.3; +https://openai.com/gptbot)" www.painelnocharme.meumercado.app 10.53.184.85
74.7.227.148 - - [24/Apr/2026:03:00:42 -0300] "GET /shop/cultivation/0417639a302eaa6b862787372500e29f79b625?p=Ahome2Ameumer25AmeurestauranteIapp HTTP/2.0" 404 836 "https://painelnocharme.meumercado.app/shop/cultivation/0417639a302eaa6b862787372500e29f79b625?p=Ahome2Ameumer25" "Mozilla/5.0 AppleWebKit/537.36 (KHTML, like Gecko; compatible; GPTBot/1.3; +https://openai.com/gptbot)" painelnocharme.meumercado.app 10.53.184.85
74.7.241.28 - - [24/Apr/2026:03:00:45 -0300] "GET /login/post-info.php?p=Ahome2Ameumer25ApainelnocharmeImeumercadoIappAvendorAmercadopagoAdx-phpAIphpdocAcacheAdescriptorsAIAIAIAIAIAIAIAIATAIAIAIAIAIAIAIAAAAAAAIAIAIAAAAAIAAAIAAAIAAAAAIAIAIAAAIAIAAAIAIAAAIAAAAAAAIAAAIAAAIAIAAAAAAAAAAAAAIAAAAAAAIAIAAAIAAAAAIAAAAAIAAAAAW HTTP/2.0" 409 83 "https://www.painelnocharme.meumercado.app/login/post-info.php?p=Ahome2Ameumer25ApainelnocharmeImeumercadoIappAvendorAmercadopagoAdx-phpAIphpdocAcacheAdescriptorsAIAIAIAIAIAIAIAIATAIAIAIAIAIAIAIAAAAAAAIAIAIAAAAAIAAAIAAAIAAAAAIAIAIAAAIAIAAAIAIAAAIAAAAAAAIAAAIAAAIAIAAAAAAAAAAAAAIAAAAAAAIAIAAAIAAAAAIAAAAAIAAAA" "Mozilla/5.0 AppleWebKit/537.36 (KHTML, like Gecko; compatible; GPTBot/1.3; +https://openai.com/gptbot)" www.painelnocharme.meumercado.app 10.53.184.85
74.7.227.148 - - [24/Apr/2026:03:01:44 -0300] "GET /shop/cultivation/40209e246023f97591f0c211ba4412d405e557?p=Ahome2Ameumer25AmeurestauranteIapp HTTP/2.0" 404 836 "https://painelnocharme.meumercado.app/shop/cultivation/40209e246023f97591f0c211ba4412d405e557?p=Ahome2Ameumer25" "Mozilla/5.0 AppleWebKit/537.36 (KHTML, like Gecko; compatible; GPTBot/1.3; +https://openai.com/gptbot)" painelnocharme.meumercado.app 10.53.184.85
74.7.241.28 - - [24/Apr/2026:03:01:45 -0300] "GET /login/post-info.php?p=Ahome2Ameumer25ApainelnocharmeImeumercadoIappAvendorAmercadopagoAdx-phpAIphpdocAcacheAdescriptorsAIAIAIAIAIAIAIAIATAIAIAIAIAIAIAIAAAAAAAIAIAIAAAAAIAAAIAAAIAAAAAIAIAIAAAIAIAAAIAIAAAIAAAIAAAIAIAIAIAIAAAAAIAIAAAAAIAAAAAIAAAAAAAIAIAAAAAIAIAAAIAIAAAI HTTP/2.0" 409 83 "https://www.painelnocharme.meumercado.app/login/post-info.php?p=Ahome2Ameumer25ApainelnocharmeImeumercadoIappAvendorAmercadopagoAdx-phpAIphpdocAcacheAdescriptorsAIAIAIAIAIAIAIAIATAIAIAIAIAIAIAIAAAAAAAIAIAIAAAAAIAAAIAAAIAAAAAIAIAIAAAIAIAAAIAIAAAIAAAIAAAIAIAIAIAIAAAAAIAIAAAAAIAAAAAIAAAAAAAIAIAAAAAIAIAAAIAIAA" "Mozilla/5.0 AppleWebKit/537.36 (KHTML, like Gecko; compatible; GPTBot/1.3; +https://openai.com/gptbot)" www.painelnocharme.meumercado.app 10.53.184.85
74.7.241.28 - - [24/Apr/2026:03:02:47 -0300] "GET /login/post-info.php?p=Ahome2Ameumer25ApainelnocharmeImeumercadoIappAvendorAmercadopagoAdx-phpAIphpdocAcacheAdescriptorsAIAIAIAIAIAIAIAIATAIAIAIAIAIAIAIAAAAAAAIAIAIAAAAAIAAAIAAAIAAAAAIAIAIAAAIAIAAAIAIAAAAAIAIAIAIAIAAAIAIAIAAAAAIAIAAAAAAAIAAAIAIAAAAAAAAAIAAAIAAAAAAAAAG HTTP/2.0" 409 83 "https://www.painelnocharme.meumercado.app/login/post-info.php?p=Ahome2Ameumer25ApainelnocharmeImeumercadoIappAvendorAmercadopagoAdx-phpAIphpdocAcacheAdescriptorsAIAIAIAIAIAIAIAIATAIAIAIAIAIAIAIAAAAAAAIAIAIAAAAAIAAAIAAAIAAAAAIAIAIAAAIAIAAAIAIAAAAAIAIAIAIAIAAAIAIAIAAAAAIAIAAAAAAAIAAAIAIAAAAAAAAAIAAAIAAAAAAAA" "Mozilla/5.0 AppleWebKit/537.36 (KHTML, like Gecko; compatible; GPTBot/1.3; +https://openai.com/gptbot)" www.painelnocharme.meumercado.app 10.53.184.85
74.7.227.148 - - [24/Apr/2026:03:02:50 -0300] "GET /shop/interoperculum/dovecot.index?edit=theme-rtl.css&p=Ahome2Ameumer25AnetodoleleIcomIbrAwp-includesAblocksAembed HTTP/2.0" 404 836 "https://painelnocharme.meumercado.app/shop/interoperculum/dovecot.index?p=Ahome2Ameumer25AnetodoleleIcomIbrAwp-includesAblocksAembed" "Mozilla/5.0 AppleWebKit/537.36 (KHTML, like Gecko; compatible; GPTBot/1.3; +https://openai.com/gptbot)" painelnocharme.meumercado.app 10.53.184.85
74.7.241.28 - - [24/Apr/2026:03:03:49 -0300] "GET /login/post-info.php?p=Ahome2Ameumer25ApainelnocharmeImeumercadoIappAvendorAmercadopagoAdx-phpAIphpdocAcacheAdescriptorsAIAIAIAIAIAIAIAIATAIAIAIAIAIAIAIAAAAAAAIAIAIAAAAAIAAAIAAAIAAAAAIAIAIAAAIAIAAAIAIAAAAAIAAAAAIAAAIAIAAAIAIAIAAAIAAAIAIAAAAAAAAAAAAAIAAAAAAAAAAAIAAAIAA HTTP/2.0" 409 83 "https://www.painelnocharme.meumercado.app/login/post-info.php?p=Ahome2Ameumer25ApainelnocharmeImeumercadoIappAvendorAmercadopagoAdx-phpAIphpdocAcacheAdescriptorsAIAIAIAIAIAIAIAIATAIAIAIAIAIAIAIAAAAAAAIAIAIAAAAAIAAAIAAAIAAAAAIAIAIAAAIAIAAAIAIAAAAAIAAAAAIAAAIAIAAAIAIAIAAAIAAAIAIAAAAAAAAAAAAAIAAAAAAAAAAAIAAAI" "Mozilla/5.0 AppleWebKit/537.36 (KHTML, like Gecko; compatible; GPTBot/1.3; +https://openai.com/gptbot)" www.painelnocharme.meumercado.app 10.53.184.85
74.7.227.148 - - [24/Apr/2026:03:03:51 -0300] "GET /shop/interoperculum/dovecot.index?edit=theme.css&p=Ahome2Ameumer25AnetodoleleIcomIbrAwp-includesAblocksAembed HTTP/2.0" 404 836 "https://painelnocharme.meumercado.app/shop/interoperculum/dovecot.index?p=Ahome2Ameumer25AnetodoleleIcomIbrAwp-includesAblocksAembed" "Mozilla/5.0 AppleWebKit/537.36 (KHTML, like Gecko; compatible; GPTBot/1.3; +https://openai.com/gptbot)" painelnocharme.meumercado.app 10.53.184.85
74.7.227.148 - - [24/Apr/2026:03:04:53 -0300] "GET /shop/interoperculum/dovecot.index?edit=style.css&p=Ahome2Ameumer25AnetodoleleIcomIbrAwp-includesAblocksAembed HTTP/2.0" 404 836 "https://painelnocharme.meumercado.app/shop/interoperculum/dovecot.index?p=Ahome2Ameumer25AnetodoleleIcomIbrAwp-includesAblocksAembed" "Mozilla/5.0 AppleWebKit/537.36 (KHTML, like Gecko; compatible; GPTBot/1.3; +https://openai.com/gptbot)" painelnocharme.meumercado.app 10.53.184.85
74.7.241.28 - - [24/Apr/2026:03:04:53 -0300] "GET /login/post-info.php?p=Ahome2Ameumer25ApainelnocharmeImeumercadoIappAvendorAmercadopagoAdx-phpAIphpdocAcacheAdescriptorsAIAIAIAIAIAIAIAIATAIAIAIAIAIAIAIAAAAAAAIAIAIAAAAAIAAAIAAAIAAAAAIAIAIAAAIAIAAAIAIAAAAAAAAAAAAAAAAAIAAAAAIAIAAAAAAAAAIAIAIAIAAAAAIAAAAAAAAAAAIAAAIAIAW HTTP/2.0" 409 83 "https://www.painelnocharme.meumercado.app/login/post-info.php?p=Ahome2Ameumer25ApainelnocharmeImeumercadoIappAvendorAmercadopagoAdx-phpAIphpdocAcacheAdescriptorsAIAIAIAIAIAIAIAIATAIAIAIAIAIAIAIAAAAAAAIAIAIAAAAAIAAAIAAAIAAAAAIAIAIAAAIAIAAAIAIAAAAAAAAAAAAAAAAAIAAAAAIAIAAAAAAAAAIAIAIAIAAAAAIAAAAAAAAAAAIAAAIAI" "Mozilla/5.0 AppleWebKit/537.36 (KHTML, like Gecko; compatible; GPTBot/1.3; +https://openai.com/gptbot)" www.painelnocharme.meumercado.app 10.53.184.85
74.7.241.28 - - [24/Apr/2026:03:05:58 -0300] "GET /login/post-info.php?p=Ahome2Ameumer25ApainelnocharmeImeumercadoIappAvendorAmercadopagoAdx-phpAIphpdocAcacheAdescriptorsAIAIAIAIAIAIAIAIATAIAIAIAIAIAIAIAAAAAAAIAIAIAAAAAIAAAIAAAIAAAAAIAIAIAAAIAIAAAIAIAAAAAIAAAIAIAAAIAAAIAIAIAAAIAIAIAIAAAAAIAAAAAAAAAIAAAAAIAAAAAAAIAIAH HTTP/2.0" 409 83 "https://www.painelnocharme.meumercado.app/login/post-info.php?p=Ahome2Ameumer25ApainelnocharmeImeumercadoIappAvendorAmercadopagoAdx-phpAIphpdocAcacheAdescriptorsAIAIAIAIAIAIAIAIATAIAIAIAIAIAIAIAAAAAAAIAIAIAAAAAIAAAIAAAIAAAAAIAIAIAAAIAIAAAIAIAAAAAIAAAIAIAAAIAAAIAIAIAAAIAIAIAIAAAAAIAAAAAAAAAIAAAAAIAAAAAAAIAI" "Mozilla/5.0 AppleWebKit/537.36 (KHTML, like Gecko; compatible; GPTBot/1.3; +https://openai.com/gptbot)" www.painelnocharme.meumercado.app 10.53.184.85
74.7.227.148 - - [24/Apr/2026:03:05:58 -0300] "GET /shop/interoperculum/dovecot.index?edit=theme-rtl.css&p=Ahome2Ameumer25AnetodoleleIcomIbrAwp-includesAblocksAvideo HTTP/2.0" 404 836 "https://painelnocharme.meumercado.app/shop/interoperculum/dovecot.index?p=Ahome2Ameumer25AnetodoleleIcomIbrAwp-includesAblocksAvideo" "Mozilla/5.0 AppleWebKit/537.36 (KHTML, like Gecko; compatible; GPTBot/1.3; +https://openai.com/gptbot)" painelnocharme.meumercado.app 10.53.184.85
74.7.227.148 - - [24/Apr/2026:03:07:00 -0300] "GET /shop/interoperculum/dovecot.index?edit=theme.css&p=Ahome2Ameumer25AnetodoleleIcomIbrAwp-includesAblocksAvideo HTTP/2.0" 404 836 "https://painelnocharme.meumercado.app/shop/interoperculum/dovecot.index?p=Ahome2Ameumer25AnetodoleleIcomIbrAwp-includesAblocksAvideo" "Mozilla/5.0 AppleWebKit/537.36 (KHTML, like Gecko; compatible; GPTBot/1.3; +https://openai.com/gptbot)" painelnocharme.meumercado.app 10.53.184.85
74.7.241.28 - - [24/Apr/2026:03:07:01 -0300] "GET /login/post-info.php?p=Ahome2Ameumer25ApainelnocharmeImeumercadoIappAvendorAmercadopagoAdx-phpAIphpdocAcacheAdescriptorsAIAIAIAIAIAIAIAIATAIAIAIAIAIAIAIAAAAAAAIAIAIAAAAAIAAAIAAAIAAAAAIAIAIAAAIAIAAAIAIAAAIAAAAAIAAAIAIAAAIAAAIAAAAAAAIAIAIAIAAAAAAAAAIAAAAAAAIAAAAAIAAAAAW HTTP/2.0" 409 83 "https://www.painelnocharme.meumercado.app/login/post-info.php?p=Ahome2Ameumer25ApainelnocharmeImeumercadoIappAvendorAmercadopagoAdx-phpAIphpdocAcacheAdescriptorsAIAIAIAIAIAIAIAIATAIAIAIAIAIAIAIAAAAAAAIAIAIAAAAAIAAAIAAAIAAAAAIAIAIAAAIAIAAAIAIAAAIAAAAAIAAAIAIAAAIAAAIAAAAAAAIAIAIAIAAAAAAAAAIAAAAAAAIAAAAAIAAAA" "Mozilla/5.0 AppleWebKit/537.36 (KHTML, like Gecko; compatible; GPTBot/1.3; +https://openai.com/gptbot)" www.painelnocharme.meumercado.app 10.53.184.85
74.7.227.148 - - [24/Apr/2026:03:08:01 -0300] "GET /shop/interoperculum/dovecot.index?edit=theme.min.css&p=Ahome2Ameumer25AnetodoleleIcomIbrAwp-includesAblocksAembed HTTP/2.0" 404 836 "https://painelnocharme.meumercado.app/shop/interoperculum/dovecot.index?p=Ahome2Ameumer25AnetodoleleIcomIbrAwp-includesAblocksAembed" "Mozilla/5.0 AppleWebKit/537.36 (KHTML, like Gecko; compatible; GPTBot/1.3; +https://openai.com/gptbot)" painelnocharme.meumercado.app 10.53.184.85
74.7.241.28 - - [24/Apr/2026:03:08:02 -0300] "GET /login/post-info.php?p=Ahome2Ameumer25ApainelnocharmeImeumercadoIappAvendorAmercadopagoAdx-phpAIphpdocAcacheAdescriptorsAIAIAIAIAIAIAIAIATAIAIAIAIAIAIAIAAAAAAAIAIAIAAAAAIAAAIAAAIAAAAAIAIAIAAAIAIAAAIAIAAAIAAAAAIAAAAAAAAAIAAAIAIAIAAAIAAAIAAAIAIAIAIAAAAAAAAAAAAAIAAAAAIAW HTTP/2.0" 409 83 "https://www.painelnocharme.meumercado.app/login/post-info.php?p=Ahome2Ameumer25ApainelnocharmeImeumercadoIappAvendorAmercadopagoAdx-phpAIphpdocAcacheAdescriptorsAIAIAIAIAIAIAIAIATAIAIAIAIAIAIAIAAAAAAAIAIAIAAAAAIAAAIAAAIAAAAAIAIAIAAAIAIAAAIAIAAAIAAAAAIAAAAAAAAAIAAAIAIAIAAAIAAAIAAAIAIAIAIAAAAAAAAAAAAAIAAAAAI" "Mozilla/5.0 AppleWebKit/537.36 (KHTML, like Gecko; compatible; GPTBot/1.3; +https://openai.com/gptbot)" www.painelnocharme.meumercado.app 10.53.184.85
74.7.227.148 - - [24/Apr/2026:03:09:05 -0300] "GET /shop/interoperculum/dovecot.index?edit=theme.min.css&p=Ahome2Ameumer25AnetodoleleIcomIbrAwp-includesAblocksAquote HTTP/2.0" 404 836 "https://painelnocharme.meumercado.app/shop/interoperculum/dovecot.index?p=Ahome2Ameumer25AnetodoleleIcomIbrAwp-includesAblocksAquote" "Mozilla/5.0 AppleWebKit/537.36 (KHTML, like Gecko; compatible; GPTBot/1.3; +https://openai.com/gptbot)" painelnocharme.meumercado.app 10.53.184.85
74.7.241.28 - - [24/Apr/2026:03:09:05 -0300] "GET /login/post-info.php?p=Ahome2Ameumer25ApainelnocharmeImeumercadoIappAvendorAmercadopagoAdx-phpAIphpdocAcacheAdescriptorsAIAIAIAIAIAIAIAIATAIAIAIAIAIAIAIAAAAAAAIAIAIAAAAAIAAAIAAAIAAAAAIAIAIAAAIAIAAAIAIAAAAAAAAAIAAAIAAAIAIAIAAAIAAAAAAAIAAAAAAAIAAAIAIAAAAAAAIAIAAAAAIAAAH HTTP/2.0" 409 83 "https://www.painelnocharme.meumercado.app/login/post-info.php?p=Ahome2Ameumer25ApainelnocharmeImeumercadoIappAvendorAmercadopagoAdx-phpAIphpdocAcacheAdescriptorsAIAIAIAIAIAIAIAIATAIAIAIAIAIAIAIAAAAAAAIAIAIAAAAAIAAAIAAAIAAAAAIAIAIAAAIAIAAAIAIAAAAAAAAAIAAAIAAAIAIAIAAAIAAAAAAAIAAAAAAAIAAAIAIAAAAAAAIAIAAAAAIAA" "Mozilla/5.0 AppleWebKit/537.36 (KHTML, like Gecko; compatible; GPTBot/1.3; +https://openai.com/gptbot)" www.painelnocharme.meumercado.app 10.53.184.85
74.7.241.28 - - [24/Apr/2026:03:10:06 -0300] "GET /login/post-info.php?p=Ahome2Ameumer25ApainelnocharmeImeumercadoIappAvendorAmercadopagoAdx-phpAIphpdocAcacheAdescriptorsAIAIAIAIAIAIAIAIATAIAIAIAIAIAIAIAAAAAAAIAIAIAAAAAIAAAIAAAIAAAAAIAIAIAAAIAIAAAIAIAAAAAAAAAAAAAIAIAIAIAAAAAIAIAIAIAAAIAIAAAAAIAIAAAAAAAIAAAAAAAAAIAIAG HTTP/2.0" 409 83 "https://www.painelnocharme.meumercado.app/login/post-info.php?p=Ahome2Ameumer25ApainelnocharmeImeumercadoIappAvendorAmercadopagoAdx-phpAIphpdocAcacheAdescriptorsAIAIAIAIAIAIAIAIATAIAIAIAIAIAIAIAAAAAAAIAIAIAAAAAIAAAIAAAIAAAAAIAIAIAAAIAIAAAIAIAAAAAAAAAAAAAIAIAIAIAAAAAIAIAIAIAAAIAIAAAAAIAIAAAAAAAIAAAAAAAAAIAI" "Mozilla/5.0 AppleWebKit/537.36 (KHTML, like Gecko; compatible; GPTBot/1.3; +https://openai.com/gptbot)" www.painelnocharme.meumercado.app 10.53.184.85
74.7.227.148 - - [24/Apr/2026:03:10:07 -0300] "GET /shop/interoperculum/dovecot.index?edit=theme.css&p=Ahome2Ameumer25AnetodoleleIcomIbrAwp-includesAblocksAquote HTTP/2.0" 404 836 "https://painelnocharme.meumercado.app/shop/interoperculum/dovecot.index?p=Ahome2Ameumer25AnetodoleleIcomIbrAwp-includesAblocksAquote" "Mozilla/5.0 AppleWebKit/537.36 (KHTML, like Gecko; compatible; GPTBot/1.3; +https://openai.com/gptbot)" painelnocharme.meumercado.app 10.53.184.85
74.7.241.28 - - [24/Apr/2026:03:11:08 -0300] "GET /login/post-info.php?p=Ahome2Ameumer25ApainelnocharmeImeumercadoIappAvendorAmercadopagoAdx-phpAIphpdocAcacheAdescriptorsAIAIAIAIAIAIAIAIATAIAIAIAIAIAIAIAAAAAAAIAIAIAAAAAIAAAIAAAIAAAAAIAIAIAAAIAIAAAIAIAAAIAAAIAAAIAIAIAAAAAAAIAAAIAIAIAIAIAAAIAAAAAAAIAAAAAAAAAAAIAAAAAAAI HTTP/2.0" 409 83 "https://www.painelnocharme.meumercado.app/login/post-info.php?p=Ahome2Ameumer25ApainelnocharmeImeumercadoIappAvendorAmercadopagoAdx-phpAIphpdocAcacheAdescriptorsAIAIAIAIAIAIAIAIATAIAIAIAIAIAIAIAAAAAAAIAIAIAAAAAIAAAIAAAIAAAAAIAIAIAAAIAIAAAIAIAAAIAAAIAAAIAIAIAAAAAAAIAAAIAIAIAIAIAAAIAAAAAAAIAAAAAAAAAAAIAAAAAA" "Mozilla/5.0 AppleWebKit/537.36 (KHTML, like Gecko; compatible; GPTBot/1.3; +https://openai.com/gptbot)" www.painelnocharme.meumercado.app 10.53.184.85
74.7.227.148 - - [24/Apr/2026:03:11:13 -0300] "GET /shop/interoperculum/dovecot.index?edit=theme.min.css&p=Ahome2Ameumer25AnetodoleleIcomIbrAwp-includesAblocksAvideo HTTP/2.0" 404 836 "https://painelnocharme.meumercado.app/shop/interoperculum/dovecot.index?p=Ahome2Ameumer25AnetodoleleIcomIbrAwp-includesAblocksAvideo" "Mozilla/5.0 AppleWebKit/537.36 (KHTML, like Gecko; compatible; GPTBot/1.3; +https://openai.com/gptbot)" painelnocharme.meumercado.app 10.53.184.85
74.7.241.28 - - [24/Apr/2026:03:12:13 -0300] "GET /login/post-info.php?p=Ahome2Ameumer25ApainelnocharmeImeumercadoIappAvendorAmercadopagoAdx-phpAIphpdocAcacheAdescriptorsAIAIAIAIAIAIAIAIATAIAIAIAIAIAIAIAAAAAAAIAIAIAAAAAIAAAIAAAIAAAAAIAIAIAAAIAIAAAIAIAAAIAAAAAIAAAAAAAAAIAAAIAIAAAAAAAIAIAAAAAAAAAAAAAAAIAIAAAIAIAAAAAIAG HTTP/2.0" 409 83 "https://www.painelnocharme.meumercado.app/login/post-info.php?p=Ahome2Ameumer25ApainelnocharmeImeumercadoIappAvendorAmercadopagoAdx-phpAIphpdocAcacheAdescriptorsAIAIAIAIAIAIAIAIATAIAIAIAIAIAIAIAAAAAAAIAIAIAAAAAIAAAIAAAIAAAAAIAIAIAAAIAIAAAIAIAAAIAAAAAIAAAAAAAAAIAAAIAIAAAAAAAIAIAAAAAAAAAAAAAAAIAIAAAIAIAAAAAI" "Mozilla/5.0 AppleWebKit/537.36 (KHTML, like Gecko; compatible; GPTBot/1.3; +https://openai.com/gptbot)" www.painelnocharme.meumercado.app 10.53.184.85
74.7.227.148 - - [24/Apr/2026:03:12:18 -0300] "GET /shop/interoperculum/c99b3b9e0dea1bea3fec420a1c0df8bc38c047?edit=ms-admin.php&p=Ahome2Ameumer25AminhafarmaciaIappAwp-admin HTTP/2.0" 409 83 "https://painelnocharme.meumercado.app/shop/interoperculum/c99b3b9e0dea1bea3fec420a1c0df8bc38c047?p=Ahome2Ameumer25AminhafarmaciaIappAwp-admin" "Mozilla/5.0 AppleWebKit/537.36 (KHTML, like Gecko; compatible; GPTBot/1.3; +https://openai.com/gptbot)" painelnocharme.meumercado.app 10.53.184.85
74.7.241.28 - - [24/Apr/2026:03:13:15 -0300] "GET /login/post-info.php?p=Ahome2Ameumer25ApainelnocharmeImeumercadoIappAvendorAmercadopagoAdx-phpAIphpdocAcacheAdescriptorsAIAIAIAIAIAIAIAIATAIAIAIAIAIAIAIAAAAAAAIAIAIAAAAAIAAAIAAAIAAAAAIAIAIAAAIAIAAAIAIAAAAAAAIAAAAAAAIAAAIAAAAAIAAAAAIAAAAAAAIAIAAAAAAAAAIAAAIAIAAAIAAAIAI HTTP/2.0" 409 83 "https://www.painelnocharme.meumercado.app/login/post-info.php?p=Ahome2Ameumer25ApainelnocharmeImeumercadoIappAvendorAmercadopagoAdx-phpAIphpdocAcacheAdescriptorsAIAIAIAIAIAIAIAIATAIAIAIAIAIAIAIAAAAAAAIAIAIAAAAAIAAAIAAAIAAAAAIAIAIAAAIAIAAAIAIAAAAAAAIAAAAAAAIAAAIAAAAAIAAAAAIAAAAAAAIAIAAAAAAAAAIAAAIAIAAAIAAAI" "Mozilla/5.0 AppleWebKit/537.36 (KHTML, like Gecko; compatible; GPTBot/1.3; +https://openai.com/gptbot)" www.painelnocharme.meumercado.app 10.53.184.85
74.7.227.148 - - [24/Apr/2026:03:13:24 -0300] "GET /shop/photosculpture/ae9ae6716d4f8bf8-s.woff2?p=Ahome2Ameumer25ApainelnocharmeImeumercadoIappAwp-content HTTP/2.0" 404 836 "https://painelnocharme.meumercado.app/shop/photosculpture/ae9ae6716d4f8bf8-s.woff2?p=Ahome2Ameumer25ApainelnocharmeImeumercadoIapp" "Mozilla/5.0 AppleWebKit/537.36 (KHTML, like Gecko; compatible; GPTBot/1.3; +https://openai.com/gptbot)" painelnocharme.meumercado.app 10.53.184.85
74.7.241.28 - - [24/Apr/2026:03:14:21 -0300] "GET /login/post-info.php?p=Ahome2Ameumer25ApainelnocharmeImeumercadoIappAvendorAmercadopagoAdx-phpAIphpdocAcacheAdescriptorsAIAIAIAIAIAIAIAIATAIAIAIAIAIAIAIAAAAAAAIAIAIAAAAAIAAAIAAAIAAAAAIAIAIAAAIAIAAAIAIAAAAAIAIAAAAAIAAAIAIAIAAAAAIAIAIAAAAAAAAAAAAAAAAAIAAAAAAAIAIAAAIAIAW HTTP/2.0" 409 83 "https://www.painelnocharme.meumercado.app/login/post-info.php?p=Ahome2Ameumer25ApainelnocharmeImeumercadoIappAvendorAmercadopagoAdx-phpAIphpdocAcacheAdescriptorsAIAIAIAIAIAIAIAIATAIAIAIAIAIAIAIAAAAAAAIAIAIAAAAAIAAAIAAAIAAAAAIAIAIAAAIAIAAAIAIAAAAAIAIAAAAAIAAAIAIAIAAAAAIAIAIAAAAAAAAAAAAAAAAAIAAAAAAAIAIAAAIAI" "Mozilla/5.0 AppleWebKit/537.36 (KHTML, like Gecko; compatible; GPTBot/1.3; +https://openai.com/gptbot)" www.painelnocharme.meumercado.app 10.53.184.85
74.7.227.148 - - [24/Apr/2026:03:14:27 -0300] "GET /shop/creditableness/awstats102023.painelmaisamor.meumercado.app.txt?p=Ahome2Ameumer25ApainelnocharmeImeumercadoIappAIwell-known HTTP/2.0" 404 836 "https://painelnocharme.meumercado.app/shop/creditableness/awstats102023.painelmaisamor.meumercado.app.txt?p=Ahome2Ameumer25ApainelnocharmeImeumercadoIapp" "Mozilla/5.0 AppleWebKit/537.36 (KHTML, like Gecko; compatible; GPTBot/1.3; +https://openai.com/gptbot)" painelnocharme.meumercado.app 10.53.184.85
74.7.241.28 - - [24/Apr/2026:03:15:22 -0300] "GET /login/post-info.php?p=Ahome2Ameumer25ApainelnocharmeImeumercadoIappAvendorAmercadopagoAdx-phpAIphpdocAcacheAdescriptorsAIAIAIAIAIAIAIAIATAIAIAIAIAIAIAIAAAAAAAIAIAIAAAAAIAAAIAAAIAAAAAIAIAIAAAIAIAAAIAIAAAIAAAIAIAAAAAAAAAIAAAAAIAIAAAIAIAAAAAIAAAIAIAIAIAIAAAAAIAIAIAIAAAW HTTP/2.0" 409 83 "https://www.painelnocharme.meumercado.app/login/post-info.php?p=Ahome2Ameumer25ApainelnocharmeImeumercadoIappAvendorAmercadopagoAdx-phpAIphpdocAcacheAdescriptorsAIAIAIAIAIAIAIAIATAIAIAIAIAIAIAIAAAAAAAIAIAIAAAAAIAAAIAAAIAAAAAIAIAIAAAIAIAAAIAIAAAIAAAIAIAAAAAAAAAIAAAAAIAIAAAIAIAAAAAIAAAIAIAIAIAIAAAAAIAIAIAIAA" "Mozilla/5.0 AppleWebKit/537.36 (KHTML, like Gecko; compatible; GPTBot/1.3; +https://openai.com/gptbot)" www.painelnocharme.meumercado.app 10.53.184.85
74.7.227.148 - - [24/Apr/2026:03:15:32 -0300] "GET /shop/creditableness/awstats102023.painelmaisamor.meumercado.app.txt?p=Ahome2Ameumer25ApainelnocharmeImeumercadoIappAwp-includes HTTP/2.0" 404 836 "https://painelnocharme.meumercado.app/shop/creditableness/awstats102023.painelmaisamor.meumercado.app.txt?p=Ahome2Ameumer25ApainelnocharmeImeumercadoIapp" "Mozilla/5.0 AppleWebKit/537.36 (KHTML, like Gecko; compatible; GPTBot/1.3; +https://openai.com/gptbot)" painelnocharme.meumercado.app 10.53.184.85
74.7.241.28 - - [24/Apr/2026:03:16:25 -0300] "GET /login/post-info.php?p=Ahome2Ameumer25ApainelnocharmeImeumercadoIappAvendorAmercadopagoAdx-phpAIphpdocAcacheAdescriptorsAIAIAIAIAIAIAIAIATAIAIAIAIAIAIAIAAAAAAAIAIAIAAAAAIAAAIAAAIAAAAAIAIAIAAAIAIAAAIAIAAAIAAAAAAAAAIAIAAAAAAAIAAAIAAAIAIAAAAAIAAAAAAAIAIAAAIAAAIAAAAAAAAAH HTTP/2.0" 409 83 "https://www.painelnocharme.meumercado.app/login/post-info.php?p=Ahome2Ameumer25ApainelnocharmeImeumercadoIappAvendorAmercadopagoAdx-phpAIphpdocAcacheAdescriptorsAIAIAIAIAIAIAIAIATAIAIAIAIAIAIAIAAAAAAAIAIAIAAAAAIAAAIAAAIAAAAAIAIAIAAAIAIAAAIAIAAAIAAAAAAAAAIAIAAAAAAAIAAAIAAAIAIAAAAAIAAAAAAAIAIAAAIAAAIAAAAAAAA" "Mozilla/5.0 AppleWebKit/537.36 (KHTML, like Gecko; compatible; GPTBot/1.3; +https://openai.com/gptbot)" www.painelnocharme.meumercado.app 10.53.184.85
74.7.227.148 - - [24/Apr/2026:03:16:37 -0300] "GET /shop/affreight/awstats022025.painelrioalimentos.meumercado.app.txt?p=Ahome2Ameumer25ApainelnocharmeImeumercadoIappAvendorAphar-io HTTP/2.0" 404 836 "https://painelnocharme.meumercado.app/shop/affreight/awstats022025.painelrioalimentos.meumercado.app.txt?p=Ahome2Ameumer25ApainelnocharmeImeumercadoIappAvendor" "Mozilla/5.0 AppleWebKit/537.36 (KHTML, like Gecko; compatible; GPTBot/1.3; +https://openai.com/gptbot)" painelnocharme.meumercado.app 10.53.184.85
74.7.241.28 - - [24/Apr/2026:03:17:29 -0300] "GET /login/post-info.php?p=Ahome2Ameumer25ApainelnocharmeImeumercadoIappAvendorAmercadopagoAdx-phpAIphpdocAcacheAdescriptorsAIAIAIAIAIAIAIAIATAIAIAIAIAIAIAIAAAAAAAIAIAIAAAAAIAAAIAAAIAAAAAIAIAIAAAIAIAAAIAIAAAIAAAAAAAIAAAIAAAIAIAAAAAAAAAAAAAAAIAAAIAIAIAIAAAIAIAAAAAIAIAAAIAI HTTP/2.0" 409 83 "https://www.painelnocharme.meumercado.app/login/post-info.php?p=Ahome2Ameumer25ApainelnocharmeImeumercadoIappAvendorAmercadopagoAdx-phpAIphpdocAcacheAdescriptorsAIAIAIAIAIAIAIAIATAIAIAIAIAIAIAIAAAAAAAIAIAIAAAAAIAAAIAAAIAAAAAIAIAIAAAIAIAAAIAIAAAIAAAAAAAIAAAIAAAIAIAAAAAAAAAAAAAAAIAAAIAIAIAIAAAIAIAAAAAIAIAAAI" "Mozilla/5.0 AppleWebKit/537.36 (KHTML, like Gecko; compatible; GPTBot/1.3; +https://openai.com/gptbot)" www.painelnocharme.meumercado.app 10.53.184.85
74.7.227.148 - - [24/Apr/2026:03:17:42 -0300] "GET /shop/mutuation/_wildcard__meumercado_app_b39ef_65c5d_1773375813_6a00ee78b386538ff13105c71a93a520.crt?edit=.spamassassinenable&p=Ahome2Ameumer25 HTTP/2.0" 404 836 "https://painelnocharme.meumercado.app/shop/mutuation/_wildcard__meumercado_app_b39ef_65c5d_1773375813_6a00ee78b386538ff13105c71a93a520.crt?p=Ahome2Ameumer25" "Mozilla/5.0 AppleWebKit/537.36 (KHTML, like Gecko; compatible; GPTBot/1.3; +https://openai.com/gptbot)" painelnocharme.meumercado.app 10.53.184.85
74.7.241.28 - - [24/Apr/2026:03:18:35 -0300] "GET /login/post-info.php?p=Ahome2Ameumer25ApainelnocharmeImeumercadoIappAvendorAmercadopagoAdx-phpAIphpdocAcacheAdescriptorsAIAIAIAIAIAIAIAIATAIAIAIAIAIAIAIAAAAAAAIAIAIAAAAAIAAAIAAAIAAAAAIAIAIAAAIAIAAAIAIAAAAAIAIAAAIAAAIAIAIAIAAAIAAAAAIAAAIAIAIAAAIAAAIAIAAAAAAAIAAAIAIAIAH HTTP/2.0" 409 83 "https://www.painelnocharme.meumercado.app/login/post-info.php?p=Ahome2Ameumer25ApainelnocharmeImeumercadoIappAvendorAmercadopagoAdx-phpAIphpdocAcacheAdescriptorsAIAIAIAIAIAIAIAIATAIAIAIAIAIAIAIAAAAAAAIAIAIAAAAAIAAAIAAAIAAAAAIAIAIAAAIAIAAAIAIAAAAAIAIAAAIAAAIAIAIAIAAAIAAAAAIAAAIAIAIAAAIAAAIAIAAAAAAAIAAAIAIAI" "Mozilla/5.0 AppleWebKit/537.36 (KHTML, like Gecko; compatible; GPTBot/1.3; +https://openai.com/gptbot)" www.painelnocharme.meumercado.app 10.53.184.85
74.7.227.148 - - [24/Apr/2026:03:18:43 -0300] "GET /shop/crocoite/_wildcard__meumercado_app_a96e0_0a779_1774671769_67867d33119aa01afa96484b95bed8b8.crt?edit=.spamassassinenable&p=Ahome2Ameumer25 HTTP/2.0" 404 836 "https://painelnocharme.meumercado.app/shop/crocoite/_wildcard__meumercado_app_a96e0_0a779_1774671769_67867d33119aa01afa96484b95bed8b8.crt?p=Ahome2Ameumer25" "Mozilla/5.0 AppleWebKit/537.36 (KHTML, like Gecko; compatible; GPTBot/1.3; +https://openai.com/gptbot)" painelnocharme.meumercado.app 10.53.184.85
74.7.241.28 - - [24/Apr/2026:03:19:40 -0300] "GET /login/post-info.php?p=Ahome2Ameumer25ApainelnocharmeImeumercadoIappAvendorAmercadopagoAdx-phpAIphpdocAcacheAdescriptorsAIAIAIAIAIAIAIAIATAIAIAIAIAIAIAIAAAAAAAIAIAIAAAAAIAAAIAAAIAAAAAIAIAIAAAIAIAAAIAIAAAAAIAAAIAIAIAAAIAIAIAIAAAIAAAAAAAIAIAAAIAAAAAAAAAIAAAIAAAIAIAAAIAI HTTP/2.0" 409 83 "https://www.painelnocharme.meumercado.app/login/post-info.php?p=Ahome2Ameumer25ApainelnocharmeImeumercadoIappAvendorAmercadopagoAdx-phpAIphpdocAcacheAdescriptorsAIAIAIAIAIAIAIAIATAIAIAIAIAIAIAIAAAAAAAIAIAIAAAAAIAAAIAAAIAAAAAIAIAIAAAIAIAAAIAIAAAAAIAAAIAIAIAAAIAIAIAIAAAIAAAAAAAIAIAAAIAAAAAAAAAIAAAIAAAIAIAAAI" "Mozilla/5.0 AppleWebKit/537.36 (KHTML, like Gecko; compatible; GPTBot/1.3; +https://openai.com/gptbot)" www.painelnocharme.meumercado.app 10.53.184.85
74.7.227.148 - - [24/Apr/2026:03:19:45 -0300] "GET /shop/subcellar/_wildcard__meumercado_app_c1206_82d15_1771129697_a7fb96e640d9a808685bdf50e4f234a5.crt?edit=.spamassassinenable&p=Ahome2Ameumer25 HTTP/2.0" 404 836 "https://painelnocharme.meumercado.app/shop/subcellar/_wildcard__meumercado_app_c1206_82d15_1771129697_a7fb96e640d9a808685bdf50e4f234a5.crt?p=Ahome2Ameumer25" "Mozilla/5.0 AppleWebKit/537.36 (KHTML, like Gecko; compatible; GPTBot/1.3; +https://openai.com/gptbot)" painelnocharme.meumercado.app 10.53.184.85
74.7.241.28 - - [24/Apr/2026:03:20:45 -0300] "GET /login/post-info.php?p=Ahome2Ameumer25ApainelnocharmeImeumercadoIappAvendorAmercadopagoAdx-phpAIphpdocAcacheAdescriptorsAIAIAIAIAIAIAIAIATAIAIAIAIAIAIAIAAAAAAAIAIAIAAAAAIAAAIAAAIAAAAAIAIAIAAAIAIAAAIAIAAAAAAAIAAAAAAAAAIAIAIAIAAAIAIAIAIAIAAAIAAAAAIAAAAAAAIAAAAAIAIAAAIAW HTTP/2.0" 409 83 "https://www.painelnocharme.meumercado.app/login/post-info.php?p=Ahome2Ameumer25ApainelnocharmeImeumercadoIappAvendorAmercadopagoAdx-phpAIphpdocAcacheAdescriptorsAIAIAIAIAIAIAIAIATAIAIAIAIAIAIAIAAAAAAAIAIAIAAAAAIAAAIAAAIAAAAAIAIAIAAAIAIAAAIAIAAAAAAAIAAAAAAAAAIAIAIAIAAAIAIAIAIAIAAAIAAAAAIAAAAAAAIAAAAAIAIAAAI" "Mozilla/5.0 AppleWebKit/537.36 (KHTML, like Gecko; compatible; GPTBot/1.3; +https://openai.com/gptbot)" www.painelnocharme.meumercado.app 10.53.184.85
74.7.227.148 - - [24/Apr/2026:03:20:47 -0300] "GET /shop/kollikers/_wildcard__meumercado_app_b39ef_65c5d_1773375813_6a00ee78b386538ff13105c71a93a520.crt?edit=.spamassassinenable&p=Ahome2Ameumer25 HTTP/2.0" 404 836 "https://painelnocharme.meumercado.app/shop/kollikers/_wildcard__meumercado_app_b39ef_65c5d_1773375813_6a00ee78b386538ff13105c71a93a520.crt?p=Ahome2Ameumer25" "Mozilla/5.0 AppleWebKit/537.36 (KHTML, like Gecko; compatible; GPTBot/1.3; +https://openai.com/gptbot)" painelnocharme.meumercado.app 10.53.184.85
74.7.241.28 - - [24/Apr/2026:03:21:45 -0300] "GET /login/post-info.php?p=Ahome2Ameumer25ApainelnocharmeImeumercadoIappAvendorAmercadopagoAdx-phpAIphpdocAcacheAdescriptorsAIAIAIAIAIAIAIAIATAIAIAIAIAIAIAIAAAAAAAIAIAIAAAAAIAAAIAAAIAAAAAIAIAIAAAIAIAAAIAIAAAAAIAAAIAIAIAAAAAAAAAIAIAAAAAIAAAAAIAAAAAAAIAIAAAIAIAAAIAAAIAIAIAA HTTP/2.0" 409 83 "https://www.painelnocharme.meumercado.app/login/post-info.php?p=Ahome2Ameumer25ApainelnocharmeImeumercadoIappAvendorAmercadopagoAdx-phpAIphpdocAcacheAdescriptorsAIAIAIAIAIAIAIAIATAIAIAIAIAIAIAIAAAAAAAIAIAIAAAAAIAAAIAAAIAAAAAIAIAIAAAIAIAAAIAIAAAAAIAAAIAIAIAAAAAAAAAIAIAAAAAIAAAAAIAAAAAAAIAIAAAIAIAAAIAAAIAIAI" "Mozilla/5.0 AppleWebKit/537.36 (KHTML, like Gecko; compatible; GPTBot/1.3; +https://openai.com/gptbot)" www.painelnocharme.meumercado.app 10.53.184.85
74.7.227.148 - - [24/Apr/2026:03:21:49 -0300] "GET /shop/edificant/_wildcard__meumercado_app_c1206_82d15_1771129697_a7fb96e640d9a808685bdf50e4f234a5.crt?edit=.spamassassinenable&p=Ahome2Ameumer25 HTTP/2.0" 404 836 "https://painelnocharme.meumercado.app/shop/edificant/_wildcard__meumercado_app_c1206_82d15_1771129697_a7fb96e640d9a808685bdf50e4f234a5.crt?p=Ahome2Ameumer25" "Mozilla/5.0 AppleWebKit/537.36 (KHTML, like Gecko; compatible; GPTBot/1.3; +https://openai.com/gptbot)" painelnocharme.meumercado.app 10.53.184.85
74.7.241.28 - - [24/Apr/2026:03:22:48 -0300] "GET /login/post-info.php?p=Ahome2Ameumer25ApainelnocharmeImeumercadoIappAvendorAmercadopagoAdx-phpAIphpdocAcacheAdescriptorsAIAIAIAIAIAIAIAIATAIAIAIAIAIAIAIAAAAAAAIAIAIAAAAAIAAAIAAAIAAAAAIAIAIAAAIAIAAAIAIAAAIAAAAAIAAAIAIAAAIAIAIAAAAAAAIAAAAAAAIAAAIAIAIAIAAAAAAAAAAAIAIAIAH HTTP/2.0" 409 83 "https://www.painelnocharme.meumercado.app/login/post-info.php?p=Ahome2Ameumer25ApainelnocharmeImeumercadoIappAvendorAmercadopagoAdx-phpAIphpdocAcacheAdescriptorsAIAIAIAIAIAIAIAIATAIAIAIAIAIAIAIAAAAAAAIAIAIAAAAAIAAAIAAAIAAAAAIAIAIAAAIAIAAAIAIAAAIAAAAAIAAAIAIAAAIAIAIAAAAAAAIAAAAAAAIAAAIAIAIAIAAAAAAAAAAAIAIAI" "Mozilla/5.0 AppleWebKit/537.36 (KHTML, like Gecko; compatible; GPTBot/1.3; +https://openai.com/gptbot)" www.painelnocharme.meumercado.app 10.53.184.85
74.7.227.148 - - [24/Apr/2026:03:22:51 -0300] "GET /shop/espousal/_wildcard__meumercado_app_c1206_82d15_1771129697_a7fb96e640d9a808685bdf50e4f234a5.crt?edit=.spamassassinenable&p=Ahome2Ameumer25 HTTP/2.0" 404 836 "https://painelnocharme.meumercado.app/shop/espousal/_wildcard__meumercado_app_c1206_82d15_1771129697_a7fb96e640d9a808685bdf50e4f234a5.crt?p=Ahome2Ameumer25" "Mozilla/5.0 AppleWebKit/537.36 (KHTML, like Gecko; compatible; GPTBot/1.3; +https://openai.com/gptbot)" painelnocharme.meumercado.app 10.53.184.85
74.7.241.28 - - [24/Apr/2026:03:23:49 -0300] "GET /login/post-info.php?p=Ahome2Ameumer25ApainelnocharmeImeumercadoIappAvendorAmercadopagoAdx-phpAIphpdocAcacheAdescriptorsAIAIAIAIAIAIAIAIATAIAIAIAIAIAIAIAAAAAAAIAIAIAAAAAIAAAIAAAIAAAAAIAIAIAAAIAIAAAIAIAAAIAAAIAAAIAIAIAAAAAAAIAAAIAIAIAIAIAAAAAIAAAAAIAIAAAIAAAAAAAAAAAAAH HTTP/2.0" 409 83 "https://www.painelnocharme.meumercado.app/login/post-info.php?p=Ahome2Ameumer25ApainelnocharmeImeumercadoIappAvendorAmercadopagoAdx-phpAIphpdocAcacheAdescriptorsAIAIAIAIAIAIAIAIATAIAIAIAIAIAIAIAAAAAAAIAIAIAAAAAIAAAIAAAIAAAAAIAIAIAAAIAIAAAIAIAAAIAAAIAAAIAIAIAAAAAAAIAAAIAIAIAIAIAAAAAIAAAAAIAIAAAIAAAAAAAAAAAA" "Mozilla/5.0 AppleWebKit/537.36 (KHTML, like Gecko; compatible; GPTBot/1.3; +https://openai.com/gptbot)" www.painelnocharme.meumercado.app 10.53.184.85
74.7.227.148 - - [24/Apr/2026:03:23:55 -0300] "GET /shop/espousal/_wildcard__meumercado_app_b39ef_65c5d_1773375813_6a00ee78b386538ff13105c71a93a520.crt?edit=.spamassassinenable&p=Ahome2Ameumer25 HTTP/2.0" 404 836 "https://painelnocharme.meumercado.app/shop/espousal/_wildcard__meumercado_app_b39ef_65c5d_1773375813_6a00ee78b386538ff13105c71a93a520.crt?p=Ahome2Ameumer25" "Mozilla/5.0 AppleWebKit/537.36 (KHTML, like Gecko; compatible; GPTBot/1.3; +https://openai.com/gptbot)" painelnocharme.meumercado.app 10.53.184.85
74.7.241.28 - - [24/Apr/2026:03:24:55 -0300] "GET /login/post-info.php?p=Ahome2Ameumer25ApainelnocharmeImeumercadoIappAvendorAmercadopagoAdx-phpAIphpdocAcacheAdescriptorsAIAIAIAIAIAIAIAIATAIAIAIAIAIAIAIAAAAAAAIAIAIAAAAAIAAAIAAAIAAAAAIAIAIAAAIAIAAAIAIAAAAAAAIAAAAAIAIAAAAAAAAAAAAAIAAAIAAAAAAAIAIAIAIAIAAAIAAAIAIAIAAAAAW HTTP/2.0" 409 83 "https://www.painelnocharme.meumercado.app/login/post-info.php?p=Ahome2Ameumer25ApainelnocharmeImeumercadoIappAvendorAmercadopagoAdx-phpAIphpdocAcacheAdescriptorsAIAIAIAIAIAIAIAIATAIAIAIAIAIAIAIAAAAAAAIAIAIAAAAAIAAAIAAAIAAAAAIAIAIAAAIAIAAAIAIAAAAAAAIAAAAAIAIAAAAAAAAAAAAAIAAAIAAAAAAAIAIAIAIAIAAAIAAAIAIAIAAAA" "Mozilla/5.0 AppleWebKit/537.36 (KHTML, like Gecko; compatible; GPTBot/1.3; +https://openai.com/gptbot)" www.painelnocharme.meumercado.app 10.53.184.85
74.7.227.148 - - [24/Apr/2026:03:24:59 -0300] "GET /shop/coalblack/_wildcard__meumercado_app_9c27f_e8fd1_1768105481_53622cf059b60f773c0d5a290197855c.crt?edit=dovecot-quota&p=Ahome2Ameumer25Amail HTTP/2.0" 404 836 "https://painelnocharme.meumercado.app/shop/coalblack/_wildcard__meumercado_app_9c27f_e8fd1_1768105481_53622cf059b60f773c0d5a290197855c.crt?p=Ahome2Ameumer25Amail" "Mozilla/5.0 AppleWebKit/537.36 (KHTML, like Gecko; compatible; GPTBot/1.3; +https://openai.com/gptbot)" painelnocharme.meumercado.app 10.53.184.85
74.7.241.28 - - [24/Apr/2026:03:25:55 -0300] "GET /login/post-info.php?p=Ahome2Ameumer25ApainelnocharmeImeumercadoIappAvendorAmercadopagoAdx-phpAIphpdocAcacheAdescriptorsAIAIAIAIAIAIAIAIATAIAIAIAIAIAIAIAAAAAAAIAIAIAAAAAIAAAIAAAIAAAAAIAIAIAAAIAIAAAIAIAAAAAAAAAAAIAIAIAIAIAAAIAAAIAIAAAIAAAAAIAIAAAAAAAIAAAIAIAIAIAAAIAIAW HTTP/2.0" 409 83 "https://www.painelnocharme.meumercado.app/login/post-info.php?p=Ahome2Ameumer25ApainelnocharmeImeumercadoIappAvendorAmercadopagoAdx-phpAIphpdocAcacheAdescriptorsAIAIAIAIAIAIAIAIATAIAIAIAIAIAIAIAAAAAAAIAIAIAAAAAIAAAIAAAIAAAAAIAIAIAAAIAIAAAIAIAAAAAAAAAAAIAIAIAIAIAAAIAAAIAIAAAIAAAAAIAIAAAAAAAIAAAIAIAIAIAAAIAI" "Mozilla/5.0 AppleWebKit/537.36 (KHTML, like Gecko; compatible; GPTBot/1.3; +https://openai.com/gptbot)" www.painelnocharme.meumercado.app 10.53.184.85
74.7.227.148 - - [24/Apr/2026:03:26:05 -0300] "GET /shop/subcellar/_wildcard__meumercado_app_b39ef_65c5d_1773375813_6a00ee78b386538ff13105c71a93a520.crt?edit=.spamassassinenable&p=Ahome2Ameumer25 HTTP/2.0" 404 836 "https://painelnocharme.meumercado.app/shop/subcellar/_wildcard__meumercado_app_b39ef_65c5d_1773375813_6a00ee78b386538ff13105c71a93a520.crt?p=Ahome2Ameumer25" "Mozilla/5.0 AppleWebKit/537.36 (KHTML, like Gecko; compatible; GPTBot/1.3; +https://openai.com/gptbot)" painelnocharme.meumercado.app 10.53.184.85
74.7.241.28 - - [24/Apr/2026:03:26:57 -0300] "GET /login/post-info.php?p=Ahome2Ameumer25ApainelnocharmeImeumercadoIappAvendorAmercadopagoAdx-phpAIphpdocAcacheAdescriptorsAIAIAIAIAIAIAIAIATAIAIAIAIAIAIAIAAAAAAAIAIAIAAAAAIAAAIAAAIAAAAAIAIAIAAAIAIAAAIAIAAAAAAAAAIAAAIAAAIAIAIAAAIAAAAAAAIAAAAAIAIAAAIAIAAAIAAAAAIAAAIAIAAAA HTTP/2.0" 409 83 "https://www.painelnocharme.meumercado.app/login/post-info.php?p=Ahome2Ameumer25ApainelnocharmeImeumercadoIappAvendorAmercadopagoAdx-phpAIphpdocAcacheAdescriptorsAIAIAIAIAIAIAIAIATAIAIAIAIAIAIAIAAAAAAAIAIAIAAAAAIAAAIAAAIAAAAAIAIAIAAAIAIAAAIAIAAAAAAAAAIAAAIAAAIAIAIAAAIAAAAAAAIAAAAAIAIAAAIAIAAAIAAAAAIAAAIAIAA" "Mozilla/5.0 AppleWebKit/537.36 (KHTML, like Gecko; compatible; GPTBot/1.3; +https://openai.com/gptbot)" www.painelnocharme.meumercado.app 10.53.184.85
74.7.227.148 - - [24/Apr/2026:03:27:06 -0300] "GET /shop/subcellar/_wildcard__meumercado_app_d2528_b5957_1774067031_92e2cf8bf2ebac9564339239e15dd434.crt?edit=.spamassassinenable&p=Ahome2Ameumer25 HTTP/2.0" 404 836 "https://painelnocharme.meumercado.app/shop/subcellar/_wildcard__meumercado_app_d2528_b5957_1774067031_92e2cf8bf2ebac9564339239e15dd434.crt?p=Ahome2Ameumer25" "Mozilla/5.0 AppleWebKit/537.36 (KHTML, like Gecko; compatible; GPTBot/1.3; +https://openai.com/gptbot)" painelnocharme.meumercado.app 10.53.184.85
74.7.241.28 - - [24/Apr/2026:03:27:58 -0300] "GET /login/post-info.php?p=Ahome2Ameumer25ApainelnocharmeImeumercadoIappAvendorAmercadopagoAdx-phpAIphpdocAcacheAdescriptorsAIAIAIAIAIAIAIAIATAIAIAIAIAIAIAIAAAAAAAIAIAIAAAAAIAAAIAAAIAAAAAIAIAIAAAIAIAAAIAIAAAAAAAIAAAAAIAIAIAIAIAAAAAIAAAAAIAIAAAAAIAAAAAAAAAAAIAIAAAIAAAIAAAI HTTP/2.0" 409 83 "https://www.painelnocharme.meumercado.app/login/post-info.php?p=Ahome2Ameumer25ApainelnocharmeImeumercadoIappAvendorAmercadopagoAdx-phpAIphpdocAcacheAdescriptorsAIAIAIAIAIAIAIAIATAIAIAIAIAIAIAIAAAAAAAIAIAIAAAAAIAAAIAAAIAAAAAIAIAIAAAIAIAAAIAIAAAAAAAIAAAAAIAIAIAIAIAAAAAIAAAAAIAIAAAAAIAAAAAAAAAAAIAIAAAIAAAIAA" "Mozilla/5.0 AppleWebKit/537.36 (KHTML, like Gecko; compatible; GPTBot/1.3; +https://openai.com/gptbot)" www.painelnocharme.meumercado.app 10.53.184.85
74.7.227.148 - - [24/Apr/2026:03:28:07 -0300] "GET /shop/edificant/_wildcard__meumercado_app_9c27f_e8fd1_1768105481_53622cf059b60f773c0d5a290197855c.crt?edit=.spamassassinenable&p=Ahome2Ameumer25 HTTP/2.0" 404 836 "https://painelnocharme.meumercado.app/shop/edificant/_wildcard__meumercado_app_9c27f_e8fd1_1768105481_53622cf059b60f773c0d5a290197855c.crt?p=Ahome2Ameumer25" "Mozilla/5.0 AppleWebKit/537.36 (KHTML, like Gecko; compatible; GPTBot/1.3; +https://openai.com/gptbot)" painelnocharme.meumercado.app 10.53.184.85
74.7.241.28 - - [24/Apr/2026:03:28:58 -0300] "GET /login/post-info.php?p=Ahome2Ameumer25ApainelnocharmeImeumercadoIappAvendorAmercadopagoAdx-phpAIphpdocAcacheAdescriptorsAIAIAIAIAIAIAIAIATAIAIAIAIAIAIAIAAAAAAAIAIAIAAAAAIAAAIAAAIAAAAAIAIAIAAAIAIAAAIAIAAAAAAAIAAAIAAAAAAAIAAAAAAAAAAAAAIAIAAAIAAAIAIAIAIAIAAAAAIAAAAAAAIAA HTTP/2.0" 409 83 "https://www.painelnocharme.meumercado.app/login/post-info.php?p=Ahome2Ameumer25ApainelnocharmeImeumercadoIappAvendorAmercadopagoAdx-phpAIphpdocAcacheAdescriptorsAIAIAIAIAIAIAIAIATAIAIAIAIAIAIAIAAAAAAAIAIAIAAAAAIAAAIAAAIAAAAAIAIAIAAAIAIAAAIAIAAAAAAAIAAAIAAAAAAAIAAAAAAAAAAAAAIAIAAAIAAAIAIAIAIAIAAAAAIAAAAAAAI" "Mozilla/5.0 AppleWebKit/537.36 (KHTML, like Gecko; compatible; GPTBot/1.3; +https://openai.com/gptbot)" www.painelnocharme.meumercado.app 10.53.184.85
74.7.227.148 - - [24/Apr/2026:03:29:07 -0300] "GET /shop/coalblack/_wildcard__meumercado_app_b39ef_65c5d_1773375813_6a00ee78b386538ff13105c71a93a520.crt?edit=.spamassassinenable&p=Ahome2Ameumer25 HTTP/2.0" 404 836 "https://painelnocharme.meumercado.app/shop/coalblack/_wildcard__meumercado_app_b39ef_65c5d_1773375813_6a00ee78b386538ff13105c71a93a520.crt?p=Ahome2Ameumer25" "Mozilla/5.0 AppleWebKit/537.36 (KHTML, like Gecko; compatible; GPTBot/1.3; +https://openai.com/gptbot)" painelnocharme.meumercado.app 10.53.184.85
74.7.241.28 - - [24/Apr/2026:03:29:59 -0300] "GET /login/post-info.php?p=Ahome2Ameumer25ApainelnocharmeImeumercadoIappAvendorAmercadopagoAdx-phpAIphpdocAcacheAdescriptorsAIAIAIAIAIAIAIAIATAIAIAIAIAIAIAIAAAAAAAIAIAIAAAAAIAAAIAAAIAAAAAIAIAIAAAIAIAAAIAIAAAAAAAIAAAAAIAIAAAAAAAAAAAAAIAAAIAAAAAAAIAIAIAIAIAAAIAAAAAAAAAAAAAH HTTP/2.0" 409 83 "https://www.painelnocharme.meumercado.app/login/post-info.php?p=Ahome2Ameumer25ApainelnocharmeImeumercadoIappAvendorAmercadopagoAdx-phpAIphpdocAcacheAdescriptorsAIAIAIAIAIAIAIAIATAIAIAIAIAIAIAIAAAAAAAIAIAIAAAAAIAAAIAAAIAAAAAIAIAIAAAIAIAAAIAIAAAAAAAIAAAAAIAIAAAAAAAAAAAAAIAAAIAAAAAAAIAIAIAIAIAAAIAAAAAAAAAAAA" "Mozilla/5.0 AppleWebKit/537.36 (KHTML, like Gecko; compatible; GPTBot/1.3; +https://openai.com/gptbot)" www.painelnocharme.meumercado.app 10.53.184.85
74.7.227.148 - - [24/Apr/2026:03:30:11 -0300] "GET /shop/coalblack/_wildcard__meumercado_app_a96e0_0a779_1774671769_67867d33119aa01afa96484b95bed8b8.crt?edit=.spamassassinenable&p=Ahome2Ameumer25 HTTP/2.0" 404 836 "https://painelnocharme.meumercado.app/shop/coalblack/_wildcard__meumercado_app_a96e0_0a779_1774671769_67867d33119aa01afa96484b95bed8b8.crt?p=Ahome2Ameumer25" "Mozilla/5.0 AppleWebKit/537.36 (KHTML, like Gecko; compatible; GPTBot/1.3; +https://openai.com/gptbot)" painelnocharme.meumercado.app 10.53.184.85
74.7.241.28 - - [24/Apr/2026:03:30:59 -0300] "GET /login/post-info.php?p=Ahome2Ameumer25ApainelnocharmeImeumercadoIappAvendorAmercadopagoAdx-phpAIphpdocAcacheAdescriptorsAIAIAIAIAIAIAIAIATAIAIAIAIAIAIAIAAAAAAAIAIAIAAAAAIAAAIAAAIAAAAAIAIAIAAAIAIAAAIAIAAAIAAAAAIAAAIAIAAAIAIAIAAAAAAAIAAAAAAAAAIAAAIAIAIAIAIAAAIAAAIAAAIAI HTTP/2.0" 409 83 "https://www.painelnocharme.meumercado.app/login/post-info.php?p=Ahome2Ameumer25ApainelnocharmeImeumercadoIappAvendorAmercadopagoAdx-phpAIphpdocAcacheAdescriptorsAIAIAIAIAIAIAIAIATAIAIAIAIAIAIAIAAAAAAAIAIAIAAAAAIAAAIAAAIAAAAAIAIAIAAAIAIAAAIAIAAAIAAAAAIAAAIAIAAAIAIAIAAAAAAAIAAAAAAAAAIAAAIAIAIAIAIAAAIAAAIAAAI" "Mozilla/5.0 AppleWebKit/537.36 (KHTML, like Gecko; compatible; GPTBot/1.3; +https://openai.com/gptbot)" www.painelnocharme.meumercado.app 10.53.184.85
74.7.227.148 - - [24/Apr/2026:03:31:12 -0300] "GET /shop/crocoite/_wildcard__meumercado_app_a96e0_0a779_1774671769_67867d33119aa01afa96484b95bed8b8.crt?edit=authorized_keys&p=Ahome2Ameumer25AIssh HTTP/2.0" 404 836 "https://painelnocharme.meumercado.app/shop/crocoite/_wildcard__meumercado_app_a96e0_0a779_1774671769_67867d33119aa01afa96484b95bed8b8.crt?p=Ahome2Ameumer25AIssh" "Mozilla/5.0 AppleWebKit/537.36 (KHTML, like Gecko; compatible; GPTBot/1.3; +https://openai.com/gptbot)" painelnocharme.meumercado.app 10.53.184.85
74.7.241.28 - - [24/Apr/2026:03:32:00 -0300] "GET /login/post-info.php?p=Ahome2Ameumer25ApainelnocharmeImeumercadoIappAvendorAmercadopagoAdx-phpAIphpdocAcacheAdescriptorsAIAIAIAIAIAIAIAIATAIAIAIAIAIAIAIAAAAAAAIAIAIAAAAAIAAAIAAAIAAAAAIAIAIAAAIAIAAAIAIAAAAAIAIAAAAAAAAAIAAAAAAAIAAAIAIAAAIAIAIAIAIAAAIAAAIAAAIAIAIAIAIAIAI HTTP/2.0" 409 83 "https://www.painelnocharme.meumercado.app/login/post-info.php?p=Ahome2Ameumer25ApainelnocharmeImeumercadoIappAvendorAmercadopagoAdx-phpAIphpdocAcacheAdescriptorsAIAIAIAIAIAIAIAIATAIAIAIAIAIAIAIAAAAAAAIAIAIAAAAAIAAAIAAAIAAAAAIAIAIAAAIAIAAAIAIAAAAAIAIAAAAAAAAAIAAAAAAAIAAAIAIAAAIAIAIAIAIAAAIAAAIAAAIAIAIAIAIAI" "Mozilla/5.0 AppleWebKit/537.36 (KHTML, like Gecko; compatible; GPTBot/1.3; +https://openai.com/gptbot)" www.painelnocharme.meumercado.app 10.53.184.85
74.7.227.148 - - [24/Apr/2026:03:32:17 -0300] "GET /shop/crocoite/_wildcard__meumercado_app_a96e0_0a779_1774671769_67867d33119aa01afa96484b95bed8b8.crt?edit=dovecot-uidlist&p=Ahome2Ameumer25Amail HTTP/2.0" 404 836 "https://painelnocharme.meumercado.app/shop/crocoite/_wildcard__meumercado_app_a96e0_0a779_1774671769_67867d33119aa01afa96484b95bed8b8.crt?p=Ahome2Ameumer25Amail" "Mozilla/5.0 AppleWebKit/537.36 (KHTML, like Gecko; compatible; GPTBot/1.3; +https://openai.com/gptbot)" painelnocharme.meumercado.app 10.53.184.85
74.7.241.28 - - [24/Apr/2026:03:33:05 -0300] "GET /login/post-info.php?p=Ahome2Ameumer25ApainelnocharmeImeumercadoIappAvendorAmercadopagoAdx-phpAIphpdocAcacheAdescriptorsAIAIAIAIAIAIAIAIATAIAIAIAIAIAIAIAAAAAAAIAIAIAAAAAIAAAIAAAIAAAAAIAIAIAAAIAIAAAIAIAAAIAAAIAAAIAIAIAIAIAAAAAIAIAAAIAAAAAAAIAAAAAAAAAIAAAAAAAIAIAAAIAIAH HTTP/2.0" 409 83 "https://www.painelnocharme.meumercado.app/login/post-info.php?p=Ahome2Ameumer25ApainelnocharmeImeumercadoIappAvendorAmercadopagoAdx-phpAIphpdocAcacheAdescriptorsAIAIAIAIAIAIAIAIATAIAIAIAIAIAIAIAAAAAAAIAIAIAAAAAIAAAIAAAIAAAAAIAIAIAAAIAIAAAIAIAAAIAAAIAAAIAIAIAIAIAAAAAIAIAAAIAAAAAAAIAAAAAAAAAIAAAAAAAIAIAAAIAI" "Mozilla/5.0 AppleWebKit/537.36 (KHTML, like Gecko; compatible; GPTBot/1.3; +https://openai.com/gptbot)" www.painelnocharme.meumercado.app 10.53.184.85
74.7.227.148 - - [24/Apr/2026:03:33:21 -0300] "GET /shop/coalblack/_wildcard__meumercado_app_c1206_82d15_1771129697_a7fb96e640d9a808685bdf50e4f234a5.crt?edit=.spamassassinenable&p=Ahome2Ameumer25 HTTP/2.0" 404 836 "https://painelnocharme.meumercado.app/shop/coalblack/_wildcard__meumercado_app_c1206_82d15_1771129697_a7fb96e640d9a808685bdf50e4f234a5.crt?p=Ahome2Ameumer25" "Mozilla/5.0 AppleWebKit/537.36 (KHTML, like Gecko; compatible; GPTBot/1.3; +https://openai.com/gptbot)" painelnocharme.meumercado.app 10.53.184.85
74.7.241.28 - - [24/Apr/2026:03:34:10 -0300] "GET /login/post-info.php?p=Ahome2Ameumer25ApainelnocharmeImeumercadoIappAvendorAmercadopagoAdx-phpAIphpdocAcacheAdescriptorsAIAIAIAIAIAIAIAIATAIAIAIAIAIAIAIAAAAAAAIAIAIAAAAAIAAAIAAAIAAAAAIAIAIAAAIAIAAAIAIAAAIAAAAAIAAAIAIAIAAAAAIAIAAAAAAAIAAAAAIAAAIAAAAAIAAAAAAAIAIAAAAAIAH HTTP/2.0" 409 83 "https://www.painelnocharme.meumercado.app/login/post-info.php?p=Ahome2Ameumer25ApainelnocharmeImeumercadoIappAvendorAmercadopagoAdx-phpAIphpdocAcacheAdescriptorsAIAIAIAIAIAIAIAIATAIAIAIAIAIAIAIAAAAAAAIAIAIAAAAAIAAAIAAAIAAAAAIAIAIAAAIAIAAAIAIAAAIAAAAAIAAAIAIAIAAAAAIAIAAAAAAAIAAAAAIAAAIAAAAAIAAAAAAAIAIAAAAAI" "Mozilla/5.0 AppleWebKit/537.36 (KHTML, like Gecko; compatible; GPTBot/1.3; +https://openai.com/gptbot)" www.painelnocharme.meumercado.app 10.53.184.85
74.7.227.148 - - [24/Apr/2026:03:34:24 -0300] "GET /shop/edificant/_wildcard__meumercado_app_9c27f_e8fd1_1768105481_53622cf059b60f773c0d5a290197855c.crt?edit=dovecot-quota&p=Ahome2Ameumer25Amail HTTP/2.0" 404 836 "https://painelnocharme.meumercado.app/shop/edificant/_wildcard__meumercado_app_9c27f_e8fd1_1768105481_53622cf059b60f773c0d5a290197855c.crt?p=Ahome2Ameumer25Amail" "Mozilla/5.0 AppleWebKit/537.36 (KHTML, like Gecko; compatible; GPTBot/1.3; +https://openai.com/gptbot)" painelnocharme.meumercado.app 10.53.184.85
74.7.241.28 - - [24/Apr/2026:03:35:12 -0300] "GET /login/post-info.php?p=Ahome2Ameumer25ApainelnocharmeImeumercadoIappAvendorAmercadopagoAdx-phpAIphpdocAcacheAdescriptorsAIAIAIAIAIAIAIAIATAIAIAIAIAIAIAIAAAAAAAIAIAIAAAAAIAAAIAAAIAAAAAIAIAIAAAIAIAAAIAIAAAIAAAIAIAAAAAAAAAIAAAAAIAIAAAIAIAAAAAAAIAAAAAIAAAAAIAIAIAIAIAAAIAG HTTP/2.0" 409 83 "https://www.painelnocharme.meumercado.app/login/post-info.php?p=Ahome2Ameumer25ApainelnocharmeImeumercadoIappAvendorAmercadopagoAdx-phpAIphpdocAcacheAdescriptorsAIAIAIAIAIAIAIAIATAIAIAIAIAIAIAIAAAAAAAIAIAIAAAAAIAAAIAAAIAAAAAIAIAIAAAIAIAAAIAIAAAIAAAIAIAAAAAAAAAIAAAAAIAIAAAIAIAAAAAAAIAAAAAIAAAAAIAIAIAIAIAAAI" "Mozilla/5.0 AppleWebKit/537.36 (KHTML, like Gecko; compatible; GPTBot/1.3; +https://openai.com/gptbot)" www.painelnocharme.meumercado.app 10.53.184.85
74.7.227.148 - - [24/Apr/2026:03:35:25 -0300] "GET /shop/coalblack/_wildcard__meumercado_app_d2528_b5957_1774067031_92e2cf8bf2ebac9564339239e15dd434.crt?edit=.spamassassinenable&p=Ahome2Ameumer25 HTTP/2.0" 404 836 "https://painelnocharme.meumercado.app/shop/coalblack/_wildcard__meumercado_app_d2528_b5957_1774067031_92e2cf8bf2ebac9564339239e15dd434.crt?p=Ahome2Ameumer25" "Mozilla/5.0 AppleWebKit/537.36 (KHTML, like Gecko; compatible; GPTBot/1.3; +https://openai.com/gptbot)" painelnocharme.meumercado.app 10.53.184.85
74.7.241.28 - - [24/Apr/2026:03:36:12 -0300] "GET /login/post-info.php?p=Ahome2Ameumer25ApainelnocharmeImeumercadoIappAvendorAmercadopagoAdx-phpAIphpdocAcacheAdescriptorsAIAIAIAIAIAIAIAIATAIAIAIAIAIAIAIAAAAAAAIAIAIAAAAAIAAAIAAAIAAAAAIAIAIAAAIAIAAAIAIAAAAAIAIAAAIAAAIAAAAAAAIAIAAAIAIAIAAAIAAAIAIAAAAAIAAAAAAAIAIAIAIAIAW HTTP/2.0" 409 83 "https://www.painelnocharme.meumercado.app/login/post-info.php?p=Ahome2Ameumer25ApainelnocharmeImeumercadoIappAvendorAmercadopagoAdx-phpAIphpdocAcacheAdescriptorsAIAIAIAIAIAIAIAIATAIAIAIAIAIAIAIAAAAAAAIAIAIAAAAAIAAAIAAAIAAAAAIAIAIAAAIAIAAAIAIAAAAAIAIAAAIAAAIAAAAAAAIAIAAAIAIAIAAAIAAAIAIAAAAAIAAAAAAAIAIAIAIAI" "Mozilla/5.0 AppleWebKit/537.36 (KHTML, like Gecko; compatible; GPTBot/1.3; +https://openai.com/gptbot)" www.painelnocharme.meumercado.app 10.53.184.85
74.7.227.148 - - [24/Apr/2026:03:36:26 -0300] "GET /shop/digressed/_wildcard__meumercado_app_b39ef_65c5d_1773375813_6a00ee78b386538ff13105c71a93a520.crt?edit=.spamassassinenable&p=Ahome2Ameumer25 HTTP/2.0" 404 836 "https://painelnocharme.meumercado.app/shop/digressed/_wildcard__meumercado_app_b39ef_65c5d_1773375813_6a00ee78b386538ff13105c71a93a520.crt?p=Ahome2Ameumer25" "Mozilla/5.0 AppleWebKit/537.36 (KHTML, like Gecko; compatible; GPTBot/1.3; +https://openai.com/gptbot)" painelnocharme.meumercado.app 10.53.184.85
74.7.241.28 - - [24/Apr/2026:03:37:18 -0300] "GET /login/post-info.php?p=Ahome2Ameumer25ApainelnocharmeImeumercadoIappAvendorAmercadopagoAdx-phpAIphpdocAcacheAdescriptorsAIAIAIAIAIAIAIAIATAIAIAIAIAIAIAIAAAAAAAIAIAIAAAAAIAAAIAAAIAAAAAIAIAIAAAIAIAAAIAIAAAAAAAAAAAIAAAAAIAAAIAAAAAAAIAIAIAIAIAIAAAIAAAAAAAAAAAAAIAIAAAAAAAA HTTP/2.0" 409 83 "https://www.painelnocharme.meumercado.app/login/post-info.php?p=Ahome2Ameumer25ApainelnocharmeImeumercadoIappAvendorAmercadopagoAdx-phpAIphpdocAcacheAdescriptorsAIAIAIAIAIAIAIAIATAIAIAIAIAIAIAIAAAAAAAIAIAIAAAAAIAAAIAAAIAAAAAIAIAIAAAIAIAAAIAIAAAAAAAAAAAIAAAAAIAAAIAAAAAAAIAIAIAIAIAIAAAIAAAAAAAAAAAAAIAIAAAAAA" "Mozilla/5.0 AppleWebKit/537.36 (KHTML, like Gecko; compatible; GPTBot/1.3; +https://openai.com/gptbot)" www.painelnocharme.meumercado.app 10.53.184.85
