74.7.242.13 - - [23/Apr/2026:12:09:30 -0300] "GET /shop/cultivation/6de5a78ec92fb7890fd69058afe44412a07e31?edit=CHANGELOG.md&p=Ahome2Ameumer25ApainelnocharmeImeumercadoIappAvendorAmonologAmonolog HTTP/2.0" 404 836 "https://painelnocharme.meumercado.app/shop/cultivation/6de5a78ec92fb7890fd69058afe44412a07e31?p=Ahome2Ameumer25ApainelnocharmeImeumercadoIappAvendorAmonologAmonolog" "Mozilla/5.0 AppleWebKit/537.36 (KHTML, like Gecko; compatible; GPTBot/1.3; +https://openai.com/gptbot)" painelnocharme.meumercado.app 10.53.184.85
74.7.227.150 - - [23/Apr/2026:12:10:24 -0300] "GET /login/post-info.php?p=Ahome2Ameumer25ApainelnocharmeImeumercadoIappAvendorAmercadopagoAdx-phpAIphpdocAcacheAdescriptorsAIAIAIAIAIAIAIAIATAIAIAIAIAIAIAIAAAAAAAIAIAIAAAAAIAAAIAAAIAAAAAIAIAIAAAIAIAAAIAIAAAAAAAAAAAIAAAAAIAAAIAAAAAAAIAAAAAAAIAIAAAIAAAAAIAAAIAIAIAAAAAAAIAA HTTP/2.0" 409 83 "https://www.painelnocharme.meumercado.app/login/post-info.php?p=Ahome2Ameumer25ApainelnocharmeImeumercadoIappAvendorAmercadopagoAdx-phpAIphpdocAcacheAdescriptorsAIAIAIAIAIAIAIAIATAIAIAIAIAIAIAIAAAAAAAIAIAIAAAAAIAAAIAAAIAAAAAIAIAIAAAIAIAAAIAIAAAAAAAAAAAIAAAAAIAAAIAAAAAAAIAAAAAAAIAIAAAIAAAAAIAAAIAIAIAAAAAAAI" "Mozilla/5.0 AppleWebKit/537.36 (KHTML, like Gecko; compatible; GPTBot/1.3; +https://openai.com/gptbot)" www.painelnocharme.meumercado.app 10.53.184.85
74.7.242.13 - - [23/Apr/2026:12:10:32 -0300] "GET /shop/officious/7eab8647406bae35f50dd666e63a3e74063fa5?edit=.htaccess&p=Ahome2Ameumer25ApainelkaickaviellaImeumercadoIappAvendorAmonologAmonolog HTTP/2.0" 404 836 "https://painelnocharme.meumercado.app/shop/officious/7eab8647406bae35f50dd666e63a3e74063fa5?p=Ahome2Ameumer25ApainelkaickaviellaImeumercadoIappAvendorAmonologAmonolog" "Mozilla/5.0 AppleWebKit/537.36 (KHTML, like Gecko; compatible; GPTBot/1.3; +https://openai.com/gptbot)" painelnocharme.meumercado.app 10.53.184.85
74.7.227.150 - - [23/Apr/2026:12:11:27 -0300] "GET /login/post-info.php?p=Ahome2Ameumer25ApainelnocharmeImeumercadoIappAvendorAmercadopagoAdx-phpAIphpdocAcacheAdescriptorsAIAIAIAIAIAIAIAIATAIAIAIAIAIAIAIAAAAAAAIAIAIAAAAAIAAAIAAAIAAAAAIAIAIAAAIAIAAAIAIAAAAAAAIAIAAAIAIAIAAAAAAAAAAAIAIAAAAAIAIAAAIAAAAAIAAAAAIAAAIAIAAAIAA HTTP/2.0" 409 83 "https://www.painelnocharme.meumercado.app/login/post-info.php?p=Ahome2Ameumer25ApainelnocharmeImeumercadoIappAvendorAmercadopagoAdx-phpAIphpdocAcacheAdescriptorsAIAIAIAIAIAIAIAIATAIAIAIAIAIAIAIAAAAAAAIAIAIAAAAAIAAAIAAAIAAAAAIAIAIAAAIAIAAAIAIAAAAAAAIAIAAAIAIAIAAAAAAAAAAAIAIAAAAAIAIAAAIAAAAAIAAAAAIAAAIAIAAAI" "Mozilla/5.0 AppleWebKit/537.36 (KHTML, like Gecko; compatible; GPTBot/1.3; +https://openai.com/gptbot)" www.painelnocharme.meumercado.app 10.53.184.85
74.7.242.13 - - [23/Apr/2026:12:11:37 -0300] "GET /shop/diphthongization/93a3189a2def5a9123ed887b8d4f33339f1cf7?edit=.htaccess&p=Ahome2Ameumer25ApainelnocharmeImeumercadoIappAappAConsoleAConsole HTTP/2.0" 404 836 "https://painelnocharme.meumercado.app/shop/diphthongization/93a3189a2def5a9123ed887b8d4f33339f1cf7?p=Ahome2Ameumer25ApainelnocharmeImeumercadoIappAappAConsoleAConsole" "Mozilla/5.0 AppleWebKit/537.36 (KHTML, like Gecko; compatible; GPTBot/1.3; +https://openai.com/gptbot)" painelnocharme.meumercado.app 10.53.184.85
74.7.227.150 - - [23/Apr/2026:12:12:33 -0300] "GET /login/post-info.php?p=Ahome2Ameumer25ApainelnocharmeImeumercadoIappAvendorAmercadopagoAdx-phpAIphpdocAcacheAdescriptorsAIAIAIAIAIAIAIAIATAIAIAIAIAIAIAIAAAAAAAIAIAIAAAAAIAAAIAAAIAAAAAIAIAIAAAIAIAAAIAIAAAIAAAIAIAAAAAAAAAIAIAAAIAAAIAAAIAIAIAIAIAAAIAAAAAAAAAIAAAIAIAAAAAA HTTP/2.0" 409 83 "https://www.painelnocharme.meumercado.app/login/post-info.php?p=Ahome2Ameumer25ApainelnocharmeImeumercadoIappAvendorAmercadopagoAdx-phpAIphpdocAcacheAdescriptorsAIAIAIAIAIAIAIAIATAIAIAIAIAIAIAIAAAAAAAIAIAIAAAAAIAAAIAAAIAAAAAIAIAIAAAIAIAAAIAIAAAIAAAIAIAAAAAAAAAIAIAAAIAAAIAAAIAIAIAIAIAAAIAAAAAAAAAIAAAIAIAAAA" "Mozilla/5.0 AppleWebKit/537.36 (KHTML, like Gecko; compatible; GPTBot/1.3; +https://openai.com/gptbot)" www.painelnocharme.meumercado.app 10.53.184.85
74.7.242.13 - - [23/Apr/2026:12:12:43 -0300] "GET /shop/scurrilousness/c7beee51a565ecfe76016bb242247d58397d53?edit=README.md&p=Ahome2Ameumer25ApainelnocharmeImeumercadoIappAvendorAphpunitAphpunit HTTP/2.0" 404 836 "https://painelnocharme.meumercado.app/shop/scurrilousness/c7beee51a565ecfe76016bb242247d58397d53?p=Ahome2Ameumer25ApainelnocharmeImeumercadoIappAvendorAphpunitAphpunit" "Mozilla/5.0 AppleWebKit/537.36 (KHTML, like Gecko; compatible; GPTBot/1.3; +https://openai.com/gptbot)" painelnocharme.meumercado.app 10.53.184.85
74.7.227.150 - - [23/Apr/2026:12:13:36 -0300] "GET /login/post-info.php?p=Ahome2Ameumer25ApainelnocharmeImeumercadoIappAvendorAmercadopagoAdx-phpAIphpdocAcacheAdescriptorsAIAIAIAIAIAIAIAIATAIAIAIAIAIAIAIAAAAAAAIAIAIAAAAAIAAAIAAAIAAAAAIAIAIAAAIAIAAAIAIAAAIAAAAAIAAAAAAAIAAAIAIAIAIAAAIAAAAAAAIAAAAAAAAAIAIAIAIAIAIAAAIAAAA HTTP/2.0" 409 83 "https://www.painelnocharme.meumercado.app/login/post-info.php?p=Ahome2Ameumer25ApainelnocharmeImeumercadoIappAvendorAmercadopagoAdx-phpAIphpdocAcacheAdescriptorsAIAIAIAIAIAIAIAIATAIAIAIAIAIAIAIAAAAAAAIAIAIAAAAAIAAAIAAAIAAAAAIAIAIAAAIAIAAAIAIAAAIAAAAAIAAAAAAAIAAAIAIAIAIAAAIAAAAAAAIAAAAAAAAAIAIAIAIAIAIAAAIAA" "Mozilla/5.0 AppleWebKit/537.36 (KHTML, like Gecko; compatible; GPTBot/1.3; +https://openai.com/gptbot)" www.painelnocharme.meumercado.app 10.53.184.85
74.7.242.13 - - [23/Apr/2026:12:13:48 -0300] "GET /shop/incommodating/e46a3cd15b9aa54cccc46fc53990f382062325?edit=README.md&p=Ahome2Ameumer25ApainelnocharmeImeumercadoIappAvendorAphpunitAphpunit HTTP/2.0" 404 836 "https://painelnocharme.meumercado.app/shop/incommodating/e46a3cd15b9aa54cccc46fc53990f382062325?p=Ahome2Ameumer25ApainelnocharmeImeumercadoIappAvendorAphpunitAphpunit" "Mozilla/5.0 AppleWebKit/537.36 (KHTML, like Gecko; compatible; GPTBot/1.3; +https://openai.com/gptbot)" painelnocharme.meumercado.app 10.53.184.85
74.7.227.150 - - [23/Apr/2026:12:14:38 -0300] "GET /login/post-info.php?p=Ahome2Ameumer25ApainelnocharmeImeumercadoIappAvendorAmercadopagoAdx-phpAIphpdocAcacheAdescriptorsAIAIAIAIAIAIAIAIATAIAIAIAIAIAIAIAAAAAAAIAIAIAAAAAIAAAIAAAIAAAAAIAIAIAAAIAIAAAIAIAAAAAIAAAIAIAAAIAAAIAIAIAAAIAIAIAIAAAAAIAAAAAAAAAIAAAAAAAIAIAAAIAAAW HTTP/2.0" 409 83 "https://www.painelnocharme.meumercado.app/login/post-info.php?p=Ahome2Ameumer25ApainelnocharmeImeumercadoIappAvendorAmercadopagoAdx-phpAIphpdocAcacheAdescriptorsAIAIAIAIAIAIAIAIATAIAIAIAIAIAIAIAAAAAAAIAIAIAAAAAIAAAIAAAIAAAAAIAIAIAAAIAIAAAIAIAAAAAIAAAIAIAAAIAAAIAIAIAAAIAIAIAIAAAAAIAAAAAAAAAIAAAAAAAIAIAAAIAA" "Mozilla/5.0 AppleWebKit/537.36 (KHTML, like Gecko; compatible; GPTBot/1.3; +https://openai.com/gptbot)" www.painelnocharme.meumercado.app 10.53.184.85
74.7.242.13 - - [23/Apr/2026:12:14:51 -0300] "GET /shop/autocephalous/c7beee51a565ecfe76016bb242247d58397d53?edit=UPGRADE.md&p=Ahome2Ameumer25ApainelnocharmeImeumercadoIappAvendorAmonologAmonolog HTTP/2.0" 404 836 "https://painelnocharme.meumercado.app/shop/autocephalous/c7beee51a565ecfe76016bb242247d58397d53?p=Ahome2Ameumer25ApainelnocharmeImeumercadoIappAvendorAmonologAmonolog" "Mozilla/5.0 AppleWebKit/537.36 (KHTML, like Gecko; compatible; GPTBot/1.3; +https://openai.com/gptbot)" painelnocharme.meumercado.app 10.53.184.85
74.7.227.150 - - [23/Apr/2026:12:15:41 -0300] "GET /login/post-info.php?p=Ahome2Ameumer25ApainelnocharmeImeumercadoIappAvendorAmercadopagoAdx-phpAIphpdocAcacheAdescriptorsAIAIAIAIAIAIAIAIATAIAIAIAIAIAIAIAAAAAAAIAIAIAAAAAIAAAIAAAIAAAAAIAIAIAAAIAIAAAIAIAAAIAAAAAIAIAAAAAAAIAIAAAAAAAAAAAIAIAAAIAAAIAAAIAIAAAAAIAIAIAIAIAIAI HTTP/2.0" 409 83 "https://www.painelnocharme.meumercado.app/login/post-info.php?p=Ahome2Ameumer25ApainelnocharmeImeumercadoIappAvendorAmercadopagoAdx-phpAIphpdocAcacheAdescriptorsAIAIAIAIAIAIAIAIATAIAIAIAIAIAIAIAAAAAAAIAIAIAAAAAIAAAIAAAIAAAAAIAIAIAAAIAIAAAIAIAAAIAAAAAIAIAAAAAAAIAIAAAAAAAAAAAIAIAAAIAAAIAAAIAIAAAAAIAIAIAIAIAI" "Mozilla/5.0 AppleWebKit/537.36 (KHTML, like Gecko; compatible; GPTBot/1.3; +https://openai.com/gptbot)" www.painelnocharme.meumercado.app 10.53.184.85
74.7.242.13 - - [23/Apr/2026:12:15:55 -0300] "GET /shop/herborize/7eab8647406bae35f50dd666e63a3e74063fa5?edit=.htaccess&p=Ahome2Ameumer25ApainelbistroemcasaImeumercadoIappAvendorAmockeryAmockery HTTP/2.0" 404 836 "https://painelnocharme.meumercado.app/shop/herborize/7eab8647406bae35f50dd666e63a3e74063fa5?p=Ahome2Ameumer25ApainelbistroemcasaImeumercadoIappAvendorAmockeryAmockery" "Mozilla/5.0 AppleWebKit/537.36 (KHTML, like Gecko; compatible; GPTBot/1.3; +https://openai.com/gptbot)" painelnocharme.meumercado.app 10.53.184.85
74.7.227.150 - - [23/Apr/2026:12:16:43 -0300] "GET /login/post-info.php?p=Ahome2Ameumer25ApainelnocharmeImeumercadoIappAvendorAmercadopagoAdx-phpAIphpdocAcacheAdescriptorsAIAIAIAIAIAIAIAIATAIAIAIAIAIAIAIAAAAAAAIAIAIAAAAAIAAAIAAAIAAAAAIAIAIAAAIAIAAAIAIAAAAAAAIAAAAAAAAAIAIAIAIAAAIAIAIAIAAAAAIAIAAAAAAAIAIAAAAAIAAAAAIAIAA HTTP/2.0" 409 83 "https://www.painelnocharme.meumercado.app/login/post-info.php?p=Ahome2Ameumer25ApainelnocharmeImeumercadoIappAvendorAmercadopagoAdx-phpAIphpdocAcacheAdescriptorsAIAIAIAIAIAIAIAIATAIAIAIAIAIAIAIAAAAAAAIAIAIAAAAAIAAAIAAAIAAAAAIAIAIAAAIAIAAAIAIAAAAAAAIAAAAAAAAAIAIAIAIAAAIAIAIAIAAAAAIAIAAAAAAAIAIAAAAAIAAAAAIAI" "Mozilla/5.0 AppleWebKit/537.36 (KHTML, like Gecko; compatible; GPTBot/1.3; +https://openai.com/gptbot)" www.painelnocharme.meumercado.app 10.53.184.85
74.7.242.13 - - [23/Apr/2026:12:16:56 -0300] "GET /shop/coalblack/7eab8647406bae35f50dd666e63a3e74063fa5?edit=.htaccess&p=Ahome2Ameumer25ApainelkaickaviellaImeumercadoIappAvendorAmonologAmonolog HTTP/2.0" 404 836 "https://painelnocharme.meumercado.app/shop/coalblack/7eab8647406bae35f50dd666e63a3e74063fa5?p=Ahome2Ameumer25ApainelkaickaviellaImeumercadoIappAvendorAmonologAmonolog" "Mozilla/5.0 AppleWebKit/537.36 (KHTML, like Gecko; compatible; GPTBot/1.3; +https://openai.com/gptbot)" painelnocharme.meumercado.app 10.53.184.85
74.7.227.150 - - [23/Apr/2026:12:17:47 -0300] "GET /login/post-info.php?p=Ahome2Ameumer25ApainelnocharmeImeumercadoIappAvendorAmercadopagoAdx-phpAIphpdocAcacheAdescriptorsAIAIAIAIAIAIAIAIATAIAIAIAIAIAIAIAAAAAAAIAIAIAAAAAIAAAIAAAIAAAAAIAIAIAAAIAIAAAIAIAAAAAAAIAAAAAAAAAIAIAIAIAAAIAIAIAIAIAAAIAAAIAIAAAIAAAAAIAAAAAAAAAAAA HTTP/2.0" 409 83 "https://www.painelnocharme.meumercado.app/login/post-info.php?p=Ahome2Ameumer25ApainelnocharmeImeumercadoIappAvendorAmercadopagoAdx-phpAIphpdocAcacheAdescriptorsAIAIAIAIAIAIAIAIATAIAIAIAIAIAIAIAAAAAAAIAIAIAAAAAIAAAIAAAIAAAAAIAIAIAAAIAIAAAIAIAAAAAAAIAAAAAAAAAIAIAIAIAAAIAIAIAIAIAAAIAAAIAIAAAIAAAAAIAAAAAAAAAA" "Mozilla/5.0 AppleWebKit/537.36 (KHTML, like Gecko; compatible; GPTBot/1.3; +https://openai.com/gptbot)" www.painelnocharme.meumercado.app 10.53.184.85
74.7.242.13 - - [23/Apr/2026:12:18:01 -0300] "GET /shop/herborize/7eab8647406bae35f50dd666e63a3e74063fa5?edit=README.md&p=Ahome2Ameumer25ApainebistroemcasaImeumercadoIappAvendorAmockeryAmockery HTTP/2.0" 404 836 "https://painelnocharme.meumercado.app/shop/herborize/7eab8647406bae35f50dd666e63a3e74063fa5?p=Ahome2Ameumer25ApainebistroemcasaImeumercadoIappAvendorAmockeryAmockery" "Mozilla/5.0 AppleWebKit/537.36 (KHTML, like Gecko; compatible; GPTBot/1.3; +https://openai.com/gptbot)" painelnocharme.meumercado.app 10.53.184.85
74.7.227.150 - - [23/Apr/2026:12:18:50 -0300] "GET /login/post-info.php?p=Ahome2Ameumer25ApainelnocharmeImeumercadoIappAvendorAmercadopagoAdx-phpAIphpdocAcacheAdescriptorsAIAIAIAIAIAIAIAIATAIAIAIAIAIAIAIAAAAAAAIAIAIAAAAAIAAAIAAAIAAAAAIAIAIAAAIAIAAAIAIAAAIAAAAAAAIAAAIAAAIAIAAAAAAAAAAAAAIAAAAAAAAAAAIAIAIAIAIAAAAAIAAAAAG HTTP/2.0" 409 83 "https://www.painelnocharme.meumercado.app/login/post-info.php?p=Ahome2Ameumer25ApainelnocharmeImeumercadoIappAvendorAmercadopagoAdx-phpAIphpdocAcacheAdescriptorsAIAIAIAIAIAIAIAIATAIAIAIAIAIAIAIAAAAAAAIAIAIAAAAAIAAAIAAAIAAAAAIAIAIAAAIAIAAAIAIAAAIAAAAAAAIAAAIAAAIAIAAAAAAAAAAAAAIAAAAAAAAAAAIAIAIAIAIAAAAAIAAAA" "Mozilla/5.0 AppleWebKit/537.36 (KHTML, like Gecko; compatible; GPTBot/1.3; +https://openai.com/gptbot)" www.painelnocharme.meumercado.app 10.53.184.85
74.7.242.13 - - [23/Apr/2026:12:19:02 -0300] "GET /shop/diphthongization/e54b8c1424aaf77b61f6cdc2222a931be63968?edit=.htaccess&p=Ahome2Ameumer25ApainelnocharmeImeumercadoIappAroutesAapiAapiAapi HTTP/2.0" 404 836 "https://painelnocharme.meumercado.app/shop/diphthongization/e54b8c1424aaf77b61f6cdc2222a931be63968?p=Ahome2Ameumer25ApainelnocharmeImeumercadoIappAroutesAapiAapiAapi" "Mozilla/5.0 AppleWebKit/537.36 (KHTML, like Gecko; compatible; GPTBot/1.3; +https://openai.com/gptbot)" painelnocharme.meumercado.app 10.53.184.85
74.7.227.150 - - [23/Apr/2026:12:19:54 -0300] "GET /login/post-info.php?p=Ahome2Ameumer25ApainelnocharmeImeumercadoIappAvendorAmercadopagoAdx-phpAIphpdocAcacheAdescriptorsAIAIAIAIAIAIAIAIATAIAIAIAIAIAIAIAAAAAAAIAIAIAAAAAIAAAIAAAIAAAAAIAIAIAAAIAIAAAIAIAAAAAAAAAAAIAAAAAIAAAIAAAAAAAIAIAIAIAAAIAIAAAAAIAIAIAIAIAAAAAIAIAAAI HTTP/2.0" 409 83 "https://www.painelnocharme.meumercado.app/login/post-info.php?p=Ahome2Ameumer25ApainelnocharmeImeumercadoIappAvendorAmercadopagoAdx-phpAIphpdocAcacheAdescriptorsAIAIAIAIAIAIAIAIATAIAIAIAIAIAIAIAAAAAAAIAIAIAAAAAIAAAIAAAIAAAAAIAIAIAAAIAIAAAIAIAAAAAAAAAAAIAAAAAIAAAIAAAAAAAIAIAIAIAAAIAIAAAAAIAIAIAIAIAAAAAIAIAA" "Mozilla/5.0 AppleWebKit/537.36 (KHTML, like Gecko; compatible; GPTBot/1.3; +https://openai.com/gptbot)" www.painelnocharme.meumercado.app 10.53.184.85
74.7.242.13 - - [23/Apr/2026:12:20:03 -0300] "GET /shop/scurrilousness/fc56abbcaf000704607003e8fb2b301689d594?edit=README.md&p=Ahome2Ameumer25ApainelnocharmeImeumercadoIappAvendorAmonologAmonolog HTTP/2.0" 404 836 "https://painelnocharme.meumercado.app/shop/scurrilousness/fc56abbcaf000704607003e8fb2b301689d594?p=Ahome2Ameumer25ApainelnocharmeImeumercadoIappAvendorAmonologAmonolog" "Mozilla/5.0 AppleWebKit/537.36 (KHTML, like Gecko; compatible; GPTBot/1.3; +https://openai.com/gptbot)" painelnocharme.meumercado.app 10.53.184.85
74.7.227.150 - - [23/Apr/2026:12:20:55 -0300] "GET /login/post-info.php?p=Ahome2Ameumer25ApainelnocharmeImeumercadoIappAvendorAmercadopagoAdx-phpAIphpdocAcacheAdescriptorsAIAIAIAIAIAIAIAIATAIAIAIAIAIAIAIAAAAAAAIAIAIAAAAAIAAAIAAAIAAAAAIAIAIAAAIAIAAAIAIAAAIAAAAAIAAAAAAAIAAAIAIAIAIAAAIAAAAAAAIAAAAAAAAAIAAAAAIAIAIAIAAAAAH HTTP/2.0" 409 83 "https://www.painelnocharme.meumercado.app/login/post-info.php?p=Ahome2Ameumer25ApainelnocharmeImeumercadoIappAvendorAmercadopagoAdx-phpAIphpdocAcacheAdescriptorsAIAIAIAIAIAIAIAIATAIAIAIAIAIAIAIAAAAAAAIAIAIAAAAAIAAAIAAAIAAAAAIAIAIAAAIAIAAAIAIAAAIAAAAAIAAAAAAAIAAAIAIAIAIAAAIAAAAAAAIAAAAAAAAAIAAAAAIAIAIAIAAAA" "Mozilla/5.0 AppleWebKit/537.36 (KHTML, like Gecko; compatible; GPTBot/1.3; +https://openai.com/gptbot)" www.painelnocharme.meumercado.app 10.53.184.85
74.7.242.13 - - [23/Apr/2026:12:21:07 -0300] "GET /shop/herborize/7eab8647406bae35f50dd666e63a3e74063fa5?edit=.htaccess&p=Ahome2Ameumer25ApainelcafediretodopeImeumercadoIappAtestsAFeatureAFeature HTTP/2.0" 404 836 "https://painelnocharme.meumercado.app/shop/herborize/7eab8647406bae35f50dd666e63a3e74063fa5?p=Ahome2Ameumer25ApainelcafediretodopeImeumercadoIappAtestsAFeatureAFeature" "Mozilla/5.0 AppleWebKit/537.36 (KHTML, like Gecko; compatible; GPTBot/1.3; +https://openai.com/gptbot)" painelnocharme.meumercado.app 10.53.184.85
74.7.227.150 - - [23/Apr/2026:12:21:55 -0300] "GET /login/post-info.php?p=Ahome2Ameumer25ApainelnocharmeImeumercadoIappAvendorAmercadopagoAdx-phpAIphpdocAcacheAdescriptorsAIAIAIAIAIAIAIAIATAIAIAIAIAIAIAIAAAAAAAIAIAIAAAAAIAAAIAAAIAAAAAIAIAIAAAIAIAAAIAIAAAIAAAAAIAAAIAIAAAAAIAAAIAIAIAAAAAAAAAAAAAIAAAIAAAIAIAIAIAAAAAAAAAW HTTP/2.0" 409 83 "https://www.painelnocharme.meumercado.app/login/post-info.php?p=Ahome2Ameumer25ApainelnocharmeImeumercadoIappAvendorAmercadopagoAdx-phpAIphpdocAcacheAdescriptorsAIAIAIAIAIAIAIAIATAIAIAIAIAIAIAIAAAAAAAIAIAIAAAAAIAAAIAAAIAAAAAIAIAIAAAIAIAAAIAIAAAIAAAAAIAAAIAIAAAAAIAAAIAIAIAAAAAAAAAAAAAIAAAIAAAIAIAIAIAAAAAAAA" "Mozilla/5.0 AppleWebKit/537.36 (KHTML, like Gecko; compatible; GPTBot/1.3; +https://openai.com/gptbot)" www.painelnocharme.meumercado.app 10.53.184.85
74.7.242.13 - - [23/Apr/2026:12:22:13 -0300] "GET /shop/photosculpture/6de5a78ec92fb7890fd69058afe44412a07e31?edit=.htaccess&p=Ahome2Ameumer25ApainelnocharmeImeumercadoIappAtestsAFeatureAFeature HTTP/2.0" 404 836 "https://painelnocharme.meumercado.app/shop/photosculpture/6de5a78ec92fb7890fd69058afe44412a07e31?p=Ahome2Ameumer25ApainelnocharmeImeumercadoIappAtestsAFeatureAFeature" "Mozilla/5.0 AppleWebKit/537.36 (KHTML, like Gecko; compatible; GPTBot/1.3; +https://openai.com/gptbot)" painelnocharme.meumercado.app 10.53.184.85
74.7.227.150 - - [23/Apr/2026:12:23:00 -0300] "GET /login/post-info.php?p=Ahome2Ameumer25ApainelnocharmeImeumercadoIappAvendorAmercadopagoAdx-phpAIphpdocAcacheAdescriptorsAIAIAIAIAIAIAIAIATAIAIAIAIAIAIAIAAAAAAAIAIAIAAAAAIAAAIAAAIAAAAAIAIAIAAAIAIAAAIAIAAAAAIAIAIAIAIAAAIAIAIAAAAAIAIAAAAAIAAAIAIAIAIAAAIAAAIAIAAAAAAAAAAAI HTTP/2.0" 409 83 "https://www.painelnocharme.meumercado.app/login/post-info.php?p=Ahome2Ameumer25ApainelnocharmeImeumercadoIappAvendorAmercadopagoAdx-phpAIphpdocAcacheAdescriptorsAIAIAIAIAIAIAIAIATAIAIAIAIAIAIAIAAAAAAAIAIAIAAAAAIAAAIAAAIAAAAAIAIAIAAAIAIAAAIAIAAAAAIAIAIAIAIAAAIAIAIAAAAAIAIAAAAAIAAAIAIAIAIAAAIAAAIAIAAAAAAAAAA" "Mozilla/5.0 AppleWebKit/537.36 (KHTML, like Gecko; compatible; GPTBot/1.3; +https://openai.com/gptbot)" www.painelnocharme.meumercado.app 10.53.184.85
74.7.242.13 - - [23/Apr/2026:12:23:17 -0300] "GET /shop/autocephalous/c7beee51a565ecfe76016bb242247d58397d53?edit=README.md&p=Ahome2Ameumer25ApainelnocharmeImeumercadoIappAvendorAmockeryAmockery HTTP/2.0" 404 836 "https://painelnocharme.meumercado.app/shop/autocephalous/c7beee51a565ecfe76016bb242247d58397d53?p=Ahome2Ameumer25ApainelnocharmeImeumercadoIappAvendorAmockeryAmockery" "Mozilla/5.0 AppleWebKit/537.36 (KHTML, like Gecko; compatible; GPTBot/1.3; +https://openai.com/gptbot)" painelnocharme.meumercado.app 10.53.184.85
74.7.227.150 - - [23/Apr/2026:12:24:03 -0300] "GET /login/post-info.php?p=Ahome2Ameumer25ApainelnocharmeImeumercadoIappAvendorAmercadopagoAdx-phpAIphpdocAcacheAdescriptorsAIAIAIAIAIAIAIAIATAIAIAIAIAIAIAIAAAAAAAIAIAIAAAAAIAAAIAAAIAAAAAIAIAIAAAIAIAAAIAIAAAAAIAIAIAIAIAAAIAIAIAAAAAIAIAAAAAAAIAAAAAAAAAAAAAAAIAIAIAIAIAIAAAG HTTP/2.0" 409 83 "https://www.painelnocharme.meumercado.app/login/post-info.php?p=Ahome2Ameumer25ApainelnocharmeImeumercadoIappAvendorAmercadopagoAdx-phpAIphpdocAcacheAdescriptorsAIAIAIAIAIAIAIAIATAIAIAIAIAIAIAIAAAAAAAIAIAIAAAAAIAAAIAAAIAAAAAIAIAIAAAIAIAAAIAIAAAAAIAIAIAIAIAAAIAIAIAAAAAIAIAAAAAAAIAAAAAAAAAAAAAAAIAIAIAIAIAIAA" "Mozilla/5.0 AppleWebKit/537.36 (KHTML, like Gecko; compatible; GPTBot/1.3; +https://openai.com/gptbot)" www.painelnocharme.meumercado.app 10.53.184.85
74.7.242.13 - - [23/Apr/2026:12:24:18 -0300] "GET /shop/officious/7eab8647406bae35f50dd666e63a3e74063fa5?edit=.htaccess&p=Ahome2Ameumer25ApainelsasakisushiImeumercadoIappAvendorAphpunitAphpunit HTTP/2.0" 404 836 "https://painelnocharme.meumercado.app/shop/officious/7eab8647406bae35f50dd666e63a3e74063fa5?p=Ahome2Ameumer25ApainelsasakisushiImeumercadoIappAvendorAphpunitAphpunit" "Mozilla/5.0 AppleWebKit/537.36 (KHTML, like Gecko; compatible; GPTBot/1.3; +https://openai.com/gptbot)" painelnocharme.meumercado.app 10.53.184.85
74.7.227.150 - - [23/Apr/2026:12:25:08 -0300] "GET /login/post-info.php?p=Ahome2Ameumer25ApainelnocharmeImeumercadoIappAvendorAmercadopagoAdx-phpAIphpdocAcacheAdescriptorsAIAIAIAIAIAIAIAIATAIAIAIAIAIAIAIAAAAAAAIAIAIAAAAAIAAAIAAAIAAAAAIAIAIAAAIAIAAAIAIAAAIAAAAAIAAAIAIAAAIAAAIAAAAAAAIAIAIAIAAAAAIAIAAAAAIAAAIAIAIAAAAAIAG HTTP/2.0" 409 83 "https://www.painelnocharme.meumercado.app/login/post-info.php?p=Ahome2Ameumer25ApainelnocharmeImeumercadoIappAvendorAmercadopagoAdx-phpAIphpdocAcacheAdescriptorsAIAIAIAIAIAIAIAIATAIAIAIAIAIAIAIAAAAAAAIAIAIAAAAAIAAAIAAAIAAAAAIAIAIAAAIAIAAAIAIAAAIAAAAAIAAAIAIAAAIAAAIAAAAAAAIAIAIAIAAAAAIAIAAAAAIAAAIAIAIAAAAAI" "Mozilla/5.0 AppleWebKit/537.36 (KHTML, like Gecko; compatible; GPTBot/1.3; +https://openai.com/gptbot)" www.painelnocharme.meumercado.app 10.53.184.85
74.7.242.13 - - [23/Apr/2026:12:25:23 -0300] "GET /shop/photosculpture/7ccc0c20ef7202952c547f2f51b9ecb8189966?edit=.htaccess&p=Ahome2Ameumer25ApaineleubellaImeumercadoIappAvendorAmonologAmonolog HTTP/2.0" 404 836 "https://painelnocharme.meumercado.app/shop/photosculpture/7ccc0c20ef7202952c547f2f51b9ecb8189966?p=Ahome2Ameumer25ApaineleubellaImeumercadoIappAvendorAmonologAmonolog" "Mozilla/5.0 AppleWebKit/537.36 (KHTML, like Gecko; compatible; GPTBot/1.3; +https://openai.com/gptbot)" painelnocharme.meumercado.app 10.53.184.85
74.7.227.150 - - [23/Apr/2026:12:26:12 -0300] "GET /login/post-info.php?p=Ahome2Ameumer25ApainelnocharmeImeumercadoIappAvendorAmercadopagoAdx-phpAIphpdocAcacheAdescriptorsAIAIAIAIAIAIAIAIATAIAIAIAIAIAIAIAAAAAAAIAIAIAAAAAIAAAIAAAIAAAAAIAIAIAAAIAIAAAIAIAAAIAAAAAIAAAAAAAAAIAAAIAIAAAAAAAIAIAAAAAAAAAAAAAAAAAIAIAAAAAIAIAIAW HTTP/2.0" 409 83 "https://www.painelnocharme.meumercado.app/login/post-info.php?p=Ahome2Ameumer25ApainelnocharmeImeumercadoIappAvendorAmercadopagoAdx-phpAIphpdocAcacheAdescriptorsAIAIAIAIAIAIAIAIATAIAIAIAIAIAIAIAAAAAAAIAIAIAAAAAIAAAIAAAIAAAAAIAIAIAAAIAIAAAIAIAAAIAAAAAIAAAAAAAAAIAAAIAIAAAAAAAIAIAAAAAAAAAAAAAAAAAIAIAAAAAIAIAI" "Mozilla/5.0 AppleWebKit/537.36 (KHTML, like Gecko; compatible; GPTBot/1.3; +https://openai.com/gptbot)" www.painelnocharme.meumercado.app 10.53.184.85
74.7.242.13 - - [23/Apr/2026:12:26:26 -0300] "GET /shop/digressed/7eab8647406bae35f50dd666e63a3e74063fa5?edit=UPGRADE.md&p=Ahome2Ameumer25ApainelbistroemcasaImeumercadoIappAvendorAmonologAmonolog HTTP/2.0" 404 836 "https://painelnocharme.meumercado.app/shop/digressed/7eab8647406bae35f50dd666e63a3e74063fa5?p=Ahome2Ameumer25ApainelbistroemcasaImeumercadoIappAvendorAmonologAmonolog" "Mozilla/5.0 AppleWebKit/537.36 (KHTML, like Gecko; compatible; GPTBot/1.3; +https://openai.com/gptbot)" painelnocharme.meumercado.app 10.53.184.85
74.7.227.150 - - [23/Apr/2026:12:27:16 -0300] "GET /login/post-info.php?p=Ahome2Ameumer25ApainelnocharmeImeumercadoIappAvendorAmercadopagoAdx-phpAIphpdocAcacheAdescriptorsAIAIAIAIAIAIAIAIATAIAIAIAIAIAIAIAAAAAAAIAIAIAAAAAIAAAIAAAIAAAAAIAIAIAAAIAIAAAIAIAAAAAIAAAAAIAAAIAIAAAIAIAIAAAIAAAIAIAAAAAAAIAAAIAAAAAAAIAIAAAIAIAAAI HTTP/2.0" 409 83 "https://www.painelnocharme.meumercado.app/login/post-info.php?p=Ahome2Ameumer25ApainelnocharmeImeumercadoIappAvendorAmercadopagoAdx-phpAIphpdocAcacheAdescriptorsAIAIAIAIAIAIAIAIATAIAIAIAIAIAIAIAAAAAAAIAIAIAAAAAIAAAIAAAIAAAAAIAIAIAAAIAIAAAIAIAAAAAIAAAAAIAAAIAIAAAIAIAIAAAIAAAIAIAAAAAAAIAAAIAAAAAAAIAIAAAIAIAA" "Mozilla/5.0 AppleWebKit/537.36 (KHTML, like Gecko; compatible; GPTBot/1.3; +https://openai.com/gptbot)" www.painelnocharme.meumercado.app 10.53.184.85
74.7.242.13 - - [23/Apr/2026:12:27:30 -0300] "GET /shop/officious/7eab8647406bae35f50dd666e63a3e74063fa5?edit=README.md&p=Ahome2Ameumer25ApainelrioalimentosImeumercadoIappAvendorAmockeryAmockery HTTP/2.0" 404 836 "https://painelnocharme.meumercado.app/shop/officious/7eab8647406bae35f50dd666e63a3e74063fa5?p=Ahome2Ameumer25ApainelrioalimentosImeumercadoIappAvendorAmockeryAmockery" "Mozilla/5.0 AppleWebKit/537.36 (KHTML, like Gecko; compatible; GPTBot/1.3; +https://openai.com/gptbot)" painelnocharme.meumercado.app 10.53.184.85
74.7.227.150 - - [23/Apr/2026:12:28:18 -0300] "GET /login/post-info.php?p=Ahome2Ameumer25ApainelnocharmeImeumercadoIappAvendorAmercadopagoAdx-phpAIphpdocAcacheAdescriptorsAIAIAIAIAIAIAIAIATAIAIAIAIAIAIAIAAAAAAAIAIAIAAAAAIAAAIAAAIAAAAAIAIAIAAAIAIAAAIAIAAAAAIAIAAAAAIAAAAAAAIAAAIAIAAAAAAAIAIAAAIAAAIAAAIAIAIAIAAAIAAAIAAAI HTTP/2.0" 409 83 "https://www.painelnocharme.meumercado.app/login/post-info.php?p=Ahome2Ameumer25ApainelnocharmeImeumercadoIappAvendorAmercadopagoAdx-phpAIphpdocAcacheAdescriptorsAIAIAIAIAIAIAIAIATAIAIAIAIAIAIAIAAAAAAAIAIAIAAAAAIAAAIAAAIAAAAAIAIAIAAAIAIAAAIAIAAAAAIAIAAAAAIAAAAAAAIAAAIAIAAAAAAAIAIAAAIAAAIAAAIAIAIAIAAAIAAAIAA" "Mozilla/5.0 AppleWebKit/537.36 (KHTML, like Gecko; compatible; GPTBot/1.3; +https://openai.com/gptbot)" www.painelnocharme.meumercado.app 10.53.184.85
74.7.242.13 - - [23/Apr/2026:12:28:31 -0300] "GET /shop/scurrilousness/c7beee51a565ecfe76016bb242247d58397d53?edit=.htaccess&p=Ahome2Ameumer25ApainelnocharmeImeumercadoIappAvendorAphpunitAphpunit HTTP/2.0" 404 836 "https://painelnocharme.meumercado.app/shop/scurrilousness/c7beee51a565ecfe76016bb242247d58397d53?p=Ahome2Ameumer25ApainelnocharmeImeumercadoIappAvendorAphpunitAphpunit" "Mozilla/5.0 AppleWebKit/537.36 (KHTML, like Gecko; compatible; GPTBot/1.3; +https://openai.com/gptbot)" painelnocharme.meumercado.app 10.53.184.85
74.7.227.150 - - [23/Apr/2026:12:29:19 -0300] "GET /login/post-info.php?p=Ahome2Ameumer25ApainelnocharmeImeumercadoIappAvendorAmercadopagoAdx-phpAIphpdocAcacheAdescriptorsAIAIAIAIAIAIAIAIATAIAIAIAIAIAIAIAAAAAAAIAIAIAAAAAIAAAIAAAIAAAAAIAIAIAAAIAIAAAIAIAAAIAAAIAAAIAIAIAIAIAAAAAIAIAAAAAAAAAIAAAIAAAIAIAAAAAIAAAAAIAAAIAAAW HTTP/2.0" 409 83 "https://www.painelnocharme.meumercado.app/login/post-info.php?p=Ahome2Ameumer25ApainelnocharmeImeumercadoIappAvendorAmercadopagoAdx-phpAIphpdocAcacheAdescriptorsAIAIAIAIAIAIAIAIATAIAIAIAIAIAIAIAAAAAAAIAIAIAAAAAIAAAIAAAIAAAAAIAIAIAAAIAIAAAIAIAAAIAAAIAAAIAIAIAIAIAAAAAIAIAAAAAAAAAIAAAIAAAIAIAAAAAIAAAAAIAAAIAA" "Mozilla/5.0 AppleWebKit/537.36 (KHTML, like Gecko; compatible; GPTBot/1.3; +https://openai.com/gptbot)" www.painelnocharme.meumercado.app 10.53.184.85
74.7.242.13 - - [23/Apr/2026:12:29:31 -0300] "GET /shop/herborize/7eab8647406bae35f50dd666e63a3e74063fa5?edit=README.md&p=Ahome2Ameumer25ApainelrioalimentosImeumercadoIappAvendorAphpunitAphpunit HTTP/2.0" 404 836 "https://painelnocharme.meumercado.app/shop/herborize/7eab8647406bae35f50dd666e63a3e74063fa5?p=Ahome2Ameumer25ApainelrioalimentosImeumercadoIappAvendorAphpunitAphpunit" "Mozilla/5.0 AppleWebKit/537.36 (KHTML, like Gecko; compatible; GPTBot/1.3; +https://openai.com/gptbot)" painelnocharme.meumercado.app 10.53.184.85
74.7.227.150 - - [23/Apr/2026:12:30:21 -0300] "GET /login/post-info.php?p=Ahome2Ameumer25ApainelnocharmeImeumercadoIappAvendorAmercadopagoAdx-phpAIphpdocAcacheAdescriptorsAIAIAIAIAIAIAIAIATAIAIAIAIAIAIAIAAAAAAAIAIAIAAAAAIAAAIAAAIAAAAAIAIAIAAAIAIAAAIAIAAAAAAAAAAAIAIAIAIAIAAAIAAAIAIAAAIAAAAAIAIAAAAAAAAAIAAAAAIAAAAAAAAAA HTTP/2.0" 409 83 "https://www.painelnocharme.meumercado.app/login/post-info.php?p=Ahome2Ameumer25ApainelnocharmeImeumercadoIappAvendorAmercadopagoAdx-phpAIphpdocAcacheAdescriptorsAIAIAIAIAIAIAIAIATAIAIAIAIAIAIAIAAAAAAAIAIAIAAAAAIAAAIAAAIAAAAAIAIAIAAAIAIAAAIAIAAAAAAAAAAAIAIAIAIAIAAAIAAAIAIAAAIAAAAAIAIAAAAAAAAAIAAAAAIAAAAAAAA" "Mozilla/5.0 AppleWebKit/537.36 (KHTML, like Gecko; compatible; GPTBot/1.3; +https://openai.com/gptbot)" www.painelnocharme.meumercado.app 10.53.184.85
74.7.242.13 - - [23/Apr/2026:12:30:34 -0300] "GET /shop/scurrilousness/fc56abbcaf000704607003e8fb2b301689d594?edit=README.md&p=Ahome2Ameumer25ApainelnocharmeImeumercadoIappAvendorAmockeryAmockery HTTP/2.0" 404 836 "https://painelnocharme.meumercado.app/shop/scurrilousness/fc56abbcaf000704607003e8fb2b301689d594?p=Ahome2Ameumer25ApainelnocharmeImeumercadoIappAvendorAmockeryAmockery" "Mozilla/5.0 AppleWebKit/537.36 (KHTML, like Gecko; compatible; GPTBot/1.3; +https://openai.com/gptbot)" painelnocharme.meumercado.app 10.53.184.85
74.7.227.150 - - [23/Apr/2026:12:31:26 -0300] "GET /login/post-info.php?p=Ahome2Ameumer25ApainelnocharmeImeumercadoIappAvendorAmercadopagoAdx-phpAIphpdocAcacheAdescriptorsAIAIAIAIAIAIAIAIATAIAIAIAIAIAIAIAAAAAAAIAIAIAAAAAIAAAIAAAIAAAAAIAIAIAAAIAIAAAIAIAAAIAAAAAIAAAAAAAIAAAAAAAIAIAIAIAAAIAIAIAAAAAIAIAIAIAAAAAAAAAAAIAIAW HTTP/2.0" 409 83 "https://www.painelnocharme.meumercado.app/login/post-info.php?p=Ahome2Ameumer25ApainelnocharmeImeumercadoIappAvendorAmercadopagoAdx-phpAIphpdocAcacheAdescriptorsAIAIAIAIAIAIAIAIATAIAIAIAIAIAIAIAAAAAAAIAIAIAAAAAIAAAIAAAIAAAAAIAIAIAAAIAIAAAIAIAAAIAAAAAIAAAAAAAIAAAAAAAIAIAIAIAAAIAIAIAAAAAIAIAIAIAAAAAAAAAAAIAI" "Mozilla/5.0 AppleWebKit/537.36 (KHTML, like Gecko; compatible; GPTBot/1.3; +https://openai.com/gptbot)" www.painelnocharme.meumercado.app 10.53.184.85
74.7.242.13 - - [23/Apr/2026:12:31:37 -0300] "GET /shop/incommodating/c7beee51a565ecfe76016bb242247d58397d53?edit=README.md&p=Ahome2Ameumer25ApainelnocharmeImeumercadoIappAvendorAmockeryAmockery HTTP/2.0" 404 836 "https://painelnocharme.meumercado.app/shop/incommodating/c7beee51a565ecfe76016bb242247d58397d53?p=Ahome2Ameumer25ApainelnocharmeImeumercadoIappAvendorAmockeryAmockery" "Mozilla/5.0 AppleWebKit/537.36 (KHTML, like Gecko; compatible; GPTBot/1.3; +https://openai.com/gptbot)" painelnocharme.meumercado.app 10.53.184.85
74.7.227.150 - - [23/Apr/2026:12:32:31 -0300] "GET /login/post-info.php?p=Ahome2Ameumer25ApainelnocharmeImeumercadoIappAvendorAmercadopagoAdx-phpAIphpdocAcacheAdescriptorsAIAIAIAIAIAIAIAIATAIAIAIAIAIAIAIAAAAAAAIAIAIAAAAAIAAAIAAAIAAAAAIAIAIAAAIAIAAAIAIAAAAAIAAAAAIAAAIAIAAAIAIAIAAAIAAAIAIAIAAAAAAAAAIAIAAAAAAAAAIAAAAAAAI HTTP/2.0" 409 83 "https://www.painelnocharme.meumercado.app/login/post-info.php?p=Ahome2Ameumer25ApainelnocharmeImeumercadoIappAvendorAmercadopagoAdx-phpAIphpdocAcacheAdescriptorsAIAIAIAIAIAIAIAIATAIAIAIAIAIAIAIAAAAAAAIAIAIAAAAAIAAAIAAAIAAAAAIAIAIAAAIAIAAAIAIAAAAAIAAAAAIAAAIAIAAAIAIAIAAAIAAAIAIAIAAAAAAAAAIAIAAAAAAAAAIAAAAAA" "Mozilla/5.0 AppleWebKit/537.36 (KHTML, like Gecko; compatible; GPTBot/1.3; +https://openai.com/gptbot)" www.painelnocharme.meumercado.app 10.53.184.85
74.7.242.13 - - [23/Apr/2026:12:32:41 -0300] "GET /shop/herborize/7eab8647406bae35f50dd666e63a3e74063fa5?edit=README.md&p=Ahome2Ameumer25ApainelkaickaviellaImeumercadoIappAvendorAphpunitAphpunit HTTP/2.0" 404 836 "https://painelnocharme.meumercado.app/shop/herborize/7eab8647406bae35f50dd666e63a3e74063fa5?p=Ahome2Ameumer25ApainelkaickaviellaImeumercadoIappAvendorAphpunitAphpunit" "Mozilla/5.0 AppleWebKit/537.36 (KHTML, like Gecko; compatible; GPTBot/1.3; +https://openai.com/gptbot)" painelnocharme.meumercado.app 10.53.184.85
74.7.227.150 - - [23/Apr/2026:12:33:36 -0300] "GET /login/post-info.php?p=Ahome2Ameumer25ApainelnocharmeImeumercadoIappAvendorAmercadopagoAdx-phpAIphpdocAcacheAdescriptorsAIAIAIAIAIAIAIAIATAIAIAIAIAIAIAIAAAAAAAIAIAIAAAAAIAAAIAAAIAAAAAIAIAIAAAIAIAAAIAIAAAIAAAIAAAIAIAIAAAAAAAIAAAIAIAIAIAIAAAIAAAAAAAIAIAAAIAAAAAIAAAIAIAG HTTP/2.0" 409 83 "https://www.painelnocharme.meumercado.app/login/post-info.php?p=Ahome2Ameumer25ApainelnocharmeImeumercadoIappAvendorAmercadopagoAdx-phpAIphpdocAcacheAdescriptorsAIAIAIAIAIAIAIAIATAIAIAIAIAIAIAIAAAAAAAIAIAIAAAAAIAAAIAAAIAAAAAIAIAIAAAIAIAAAIAIAAAIAAAIAAAIAIAIAAAAAAAIAAAIAIAIAIAIAAAIAAAAAAAIAIAAAIAAAAAIAAAIAI" "Mozilla/5.0 AppleWebKit/537.36 (KHTML, like Gecko; compatible; GPTBot/1.3; +https://openai.com/gptbot)" www.painelnocharme.meumercado.app 10.53.184.85
74.7.242.13 - - [23/Apr/2026:12:33:47 -0300] "GET /shop/incommodating/935bbbf7d384e7e1784d0a8e0a31514d07b79a?edit=.htaccess&p=Ahome2Ameumer25ApainelnocharmeImeumercadoIappAvendorAphpunitAphpunit HTTP/2.0" 404 836 "https://painelnocharme.meumercado.app/shop/incommodating/935bbbf7d384e7e1784d0a8e0a31514d07b79a?p=Ahome2Ameumer25ApainelnocharmeImeumercadoIappAvendorAphpunitAphpunit" "Mozilla/5.0 AppleWebKit/537.36 (KHTML, like Gecko; compatible; GPTBot/1.3; +https://openai.com/gptbot)" painelnocharme.meumercado.app 10.53.184.85
74.7.227.150 - - [23/Apr/2026:12:34:42 -0300] "GET /login/post-info.php?p=Ahome2Ameumer25ApainelnocharmeImeumercadoIappAvendorAmercadopagoAdx-phpAIphpdocAcacheAdescriptorsAIAIAIAIAIAIAIAIATAIAIAIAIAIAIAIAAAAAAAIAIAIAAAAAIAAAIAAAIAAAAAIAIAIAAAIAIAAAIAIAAAAAAAAAAAIAAAAAIAAAIAAAAAAAIAIAIAIAIAAAAAIAIAAAAAAAIAAAAAIAIAAAAAH HTTP/2.0" 409 83 "https://www.painelnocharme.meumercado.app/login/post-info.php?p=Ahome2Ameumer25ApainelnocharmeImeumercadoIappAvendorAmercadopagoAdx-phpAIphpdocAcacheAdescriptorsAIAIAIAIAIAIAIAIATAIAIAIAIAIAIAIAAAAAAAIAIAIAAAAAIAAAIAAAIAAAAAIAIAIAAAIAIAAAIAIAAAAAAAAAAAIAAAAAIAAAIAAAAAAAIAIAIAIAIAAAAAIAIAAAAAAAIAAAAAIAIAAAA" "Mozilla/5.0 AppleWebKit/537.36 (KHTML, like Gecko; compatible; GPTBot/1.3; +https://openai.com/gptbot)" www.painelnocharme.meumercado.app 10.53.184.85
74.7.242.13 - - [23/Apr/2026:12:34:52 -0300] "GET /shop/coalblack/7eab8647406bae35f50dd666e63a3e74063fa5?edit=UPGRADE.md&p=Ahome2Ameumer25ApainelbistroemcasaImeumercadoIappAvendorAmonologAmonolog HTTP/2.0" 404 836 "https://painelnocharme.meumercado.app/shop/coalblack/7eab8647406bae35f50dd666e63a3e74063fa5?p=Ahome2Ameumer25ApainelbistroemcasaImeumercadoIappAvendorAmonologAmonolog" "Mozilla/5.0 AppleWebKit/537.36 (KHTML, like Gecko; compatible; GPTBot/1.3; +https://openai.com/gptbot)" painelnocharme.meumercado.app 10.53.184.85
74.7.227.150 - - [23/Apr/2026:12:35:45 -0300] "GET /login/post-info.php?p=Ahome2Ameumer25ApainelnocharmeImeumercadoIappAvendorAmercadopagoAdx-phpAIphpdocAcacheAdescriptorsAIAIAIAIAIAIAIAIATAIAIAIAIAIAIAIAAAAAAAIAIAIAAAAAIAAAIAAAIAAAAAIAIAIAAAIAIAAAIAIAAAAAAAAAAAIAIAIAAAIAAAIAIAIAAAAAAAAAAAAAAAIAAAIAIAAAAAAAIAAAAAAAIAA HTTP/2.0" 409 83 "https://www.painelnocharme.meumercado.app/login/post-info.php?p=Ahome2Ameumer25ApainelnocharmeImeumercadoIappAvendorAmercadopagoAdx-phpAIphpdocAcacheAdescriptorsAIAIAIAIAIAIAIAIATAIAIAIAIAIAIAIAAAAAAAIAIAIAAAAAIAAAIAAAIAAAAAIAIAIAAAIAIAAAIAIAAAAAAAAAAAIAIAIAAAIAAAIAIAIAAAAAAAAAAAAAAAIAAAIAIAAAAAAAIAAAAAAAI" "Mozilla/5.0 AppleWebKit/537.36 (KHTML, like Gecko; compatible; GPTBot/1.3; +https://openai.com/gptbot)" www.painelnocharme.meumercado.app 10.53.184.85
74.7.242.13 - - [23/Apr/2026:12:35:51 -0300] "GET /shop/coalblack/7eab8647406bae35f50dd666e63a3e74063fa5?edit=README.md&p=Ahome2Ameumer25ApainebistroemcasaImeumercadoIappAvendorAphpunitAphpunit HTTP/2.0" 404 836 "https://painelnocharme.meumercado.app/shop/coalblack/7eab8647406bae35f50dd666e63a3e74063fa5?p=Ahome2Ameumer25ApainebistroemcasaImeumercadoIappAvendorAphpunitAphpunit" "Mozilla/5.0 AppleWebKit/537.36 (KHTML, like Gecko; compatible; GPTBot/1.3; +https://openai.com/gptbot)" painelnocharme.meumercado.app 10.53.184.85
66.249.79.173 - - [23/Apr/2026:12:36:12 -0300] "GET /robots.txt HTTP/1.1" 200 106 "-" "Mozilla/5.0 (compatible; Googlebot/2.1; +http://www.google.com/bot.html)" painelnocharme.meumercado.app 10.53.184.85
74.7.227.150 - - [23/Apr/2026:12:36:46 -0300] "GET /login/post-info.php?p=Ahome2Ameumer25ApainelnocharmeImeumercadoIappAvendorAmercadopagoAdx-phpAIphpdocAcacheAdescriptorsAIAIAIAIAIAIAIAIATAIAIAIAIAIAIAIAAAAAAAIAIAIAAAAAIAAAIAAAIAAAAAIAIAIAAAIAIAAAIAIAAAIAAAAAIAAAIAIAAAIAAAIAAAAAAAAAAAAAAAIAIAAAAAAAIAAAAAAAIAIAIAIAAAW HTTP/2.0" 409 83 "https://www.painelnocharme.meumercado.app/login/post-info.php?p=Ahome2Ameumer25ApainelnocharmeImeumercadoIappAvendorAmercadopagoAdx-phpAIphpdocAcacheAdescriptorsAIAIAIAIAIAIAIAIATAIAIAIAIAIAIAIAAAAAAAIAIAIAAAAAIAAAIAAAIAAAAAIAIAIAAAIAIAAAIAIAAAIAAAAAIAAAIAIAAAIAAAIAAAAAAAAAAAAAAAIAIAAAAAAAIAAAAAAAIAIAIAIAA" "Mozilla/5.0 AppleWebKit/537.36 (KHTML, like Gecko; compatible; GPTBot/1.3; +https://openai.com/gptbot)" www.painelnocharme.meumercado.app 10.53.184.85
74.7.242.13 - - [23/Apr/2026:12:36:53 -0300] "GET /shop/digressed/7eab8647406bae35f50dd666e63a3e74063fa5?edit=.htaccess&p=Ahome2Ameumer25ApainelbistroemcasaImeumercadoIappAvendorAphpunitAphpunit HTTP/2.0" 404 836 "https://painelnocharme.meumercado.app/shop/digressed/7eab8647406bae35f50dd666e63a3e74063fa5?p=Ahome2Ameumer25ApainelbistroemcasaImeumercadoIappAvendorAphpunitAphpunit" "Mozilla/5.0 AppleWebKit/537.36 (KHTML, like Gecko; compatible; GPTBot/1.3; +https://openai.com/gptbot)" painelnocharme.meumercado.app 10.53.184.85
74.7.227.150 - - [23/Apr/2026:12:37:50 -0300] "GET /login/post-info.php?p=Ahome2Ameumer25ApainelnocharmeImeumercadoIappAvendorAmercadopagoAdx-phpAIphpdocAcacheAdescriptorsAIAIAIAIAIAIAIAIATAIAIAIAIAIAIAIAAAAAAAIAIAIAAAAAIAAAIAAAIAAAAAIAIAIAAAIAIAAAIAIAAAIAAAAAAAIAIAIAIAAAAAIAIAIAIAAAIAAAIAIAIAIAAAIAIAIAAAAAAAIAAAAAAAW HTTP/2.0" 409 83 "https://www.painelnocharme.meumercado.app/login/post-info.php?p=Ahome2Ameumer25ApainelnocharmeImeumercadoIappAvendorAmercadopagoAdx-phpAIphpdocAcacheAdescriptorsAIAIAIAIAIAIAIAIATAIAIAIAIAIAIAIAAAAAAAIAIAIAAAAAIAAAIAAAIAAAAAIAIAIAAAIAIAAAIAIAAAIAAAAAAAIAIAIAIAAAAAIAIAIAIAAAIAAAIAIAIAIAAAIAIAIAAAAAAAIAAAAAA" "Mozilla/5.0 AppleWebKit/537.36 (KHTML, like Gecko; compatible; GPTBot/1.3; +https://openai.com/gptbot)" www.painelnocharme.meumercado.app 10.53.184.85
74.7.242.13 - - [23/Apr/2026:12:37:54 -0300] "GET /shop/diphthongization/3b0d2154cce55b79d5918f23666f1ec19c8df5?edit=.htaccess&p=Ahome2Ameumer25ApainelnocharmeImeumercadoIappAappALibraryALibrary HTTP/2.0" 404 836 "https://painelnocharme.meumercado.app/shop/diphthongization/3b0d2154cce55b79d5918f23666f1ec19c8df5?p=Ahome2Ameumer25ApainelnocharmeImeumercadoIappAappALibraryALibrary" "Mozilla/5.0 AppleWebKit/537.36 (KHTML, like Gecko; compatible; GPTBot/1.3; +https://openai.com/gptbot)" painelnocharme.meumercado.app 10.53.184.85
74.7.227.150 - - [23/Apr/2026:12:38:55 -0300] "GET /login/post-info.php?p=Ahome2Ameumer25ApainelnocharmeImeumercadoIappAvendorAmercadopagoAdx-phpAIphpdocAcacheAdescriptorsAIAIAIAIAIAIAIAIATAIAIAIAIAIAIAIAAAAAAAIAIAIAAAAAIAAAIAAAIAAAAAIAIAIAAAIAIAAAIAIAAAIAAAIAAAIAIAIAIAIAAAAAIAIAAAIAAAAAAAAAAAAAIAAAIAIAAAIAIAIAAAIAAAG HTTP/2.0" 409 83 "https://www.painelnocharme.meumercado.app/login/post-info.php?p=Ahome2Ameumer25ApainelnocharmeImeumercadoIappAvendorAmercadopagoAdx-phpAIphpdocAcacheAdescriptorsAIAIAIAIAIAIAIAIATAIAIAIAIAIAIAIAAAAAAAIAIAIAAAAAIAAAIAAAIAAAAAIAIAIAAAIAIAAAIAIAAAIAAAIAAAIAIAIAIAIAAAAAIAIAAAIAAAAAAAAAAAAAIAAAIAIAAAIAIAIAAAIAA" "Mozilla/5.0 AppleWebKit/537.36 (KHTML, like Gecko; compatible; GPTBot/1.3; +https://openai.com/gptbot)" www.painelnocharme.meumercado.app 10.53.184.85
74.7.242.13 - - [23/Apr/2026:12:38:58 -0300] "GET /shop/scurrilousness/6de5a78ec92fb7890fd69058afe44412a07e31?edit=README.md&p=Ahome2Ameumer25ApainelnocharmeImeumercadoIappAvendorAphpunitAphpunit HTTP/2.0" 404 836 "https://painelnocharme.meumercado.app/shop/scurrilousness/6de5a78ec92fb7890fd69058afe44412a07e31?p=Ahome2Ameumer25ApainelnocharmeImeumercadoIappAvendorAphpunitAphpunit" "Mozilla/5.0 AppleWebKit/537.36 (KHTML, like Gecko; compatible; GPTBot/1.3; +https://openai.com/gptbot)" painelnocharme.meumercado.app 10.53.184.85
74.7.227.150 - - [23/Apr/2026:12:39:58 -0300] "GET /login/post-info.php?p=Ahome2Ameumer25ApainelnocharmeImeumercadoIappAvendorAmercadopagoAdx-phpAIphpdocAcacheAdescriptorsAIAIAIAIAIAIAIAIATAIAIAIAIAIAIAIAAAAAAAIAIAIAAAAAIAAAIAAAIAAAAAIAIAIAAAIAIAAAIAIAAAAAIAIAAAAAAAAAIAAAAAAAIAAAIAIAIAAAIAIAIAAAAAIAIAAAIAAAAAAAIAIAIAI HTTP/2.0" 409 83 "https://www.painelnocharme.meumercado.app/login/post-info.php?p=Ahome2Ameumer25ApainelnocharmeImeumercadoIappAvendorAmercadopagoAdx-phpAIphpdocAcacheAdescriptorsAIAIAIAIAIAIAIAIATAIAIAIAIAIAIAIAAAAAAAIAIAIAAAAAIAAAIAAAIAAAAAIAIAIAAAIAIAAAIAIAAAAAIAIAAAAAAAAAIAAAAAAAIAAAIAIAIAAAIAIAIAAAAAIAIAAAIAAAAAAAIAIAI" "Mozilla/5.0 AppleWebKit/537.36 (KHTML, like Gecko; compatible; GPTBot/1.3; +https://openai.com/gptbot)" www.painelnocharme.meumercado.app 10.53.184.85
74.7.242.13 - - [23/Apr/2026:12:40:02 -0300] "GET /shop/herborize/7eab8647406bae35f50dd666e63a3e74063fa5?edit=UPGRADE.md&p=Ahome2Ameumer25ApainelkaickaviellaImeumercadoIappAvendorAmonologAmonolog HTTP/2.0" 404 836 "https://painelnocharme.meumercado.app/shop/herborize/7eab8647406bae35f50dd666e63a3e74063fa5?p=Ahome2Ameumer25ApainelkaickaviellaImeumercadoIappAvendorAmonologAmonolog" "Mozilla/5.0 AppleWebKit/537.36 (KHTML, like Gecko; compatible; GPTBot/1.3; +https://openai.com/gptbot)" painelnocharme.meumercado.app 10.53.184.85
74.7.227.150 - - [23/Apr/2026:12:41:01 -0300] "GET /login/post-info.php?p=Ahome2Ameumer25ApainelnocharmeImeumercadoIappAvendorAmercadopagoAdx-phpAIphpdocAcacheAdescriptorsAIAIAIAIAIAIAIAIATAIAIAIAIAIAIAIAAAAAAAIAIAIAAAAAIAAAIAAAIAAAAAIAIAIAAAIAIAAAIAIAAAAAAAIAAAAAIAIAAAAAAAAAAAAAIAAAIAAAAAAAAAAAIAAAAAIAAAAAIAIAIAIAAAH HTTP/2.0" 409 83 "https://www.painelnocharme.meumercado.app/login/post-info.php?p=Ahome2Ameumer25ApainelnocharmeImeumercadoIappAvendorAmercadopagoAdx-phpAIphpdocAcacheAdescriptorsAIAIAIAIAIAIAIAIATAIAIAIAIAIAIAIAAAAAAAIAIAIAAAAAIAAAIAAAIAAAAAIAIAIAAAIAIAAAIAIAAAAAAAIAAAAAIAIAAAAAAAAAAAAAIAAAIAAAAAAAAAAAIAAAAAIAAAAAIAIAIAIAA" "Mozilla/5.0 AppleWebKit/537.36 (KHTML, like Gecko; compatible; GPTBot/1.3; +https://openai.com/gptbot)" www.painelnocharme.meumercado.app 10.53.184.85
74.7.242.13 - - [23/Apr/2026:12:41:08 -0300] "GET /shop/coalblack/7eab8647406bae35f50dd666e63a3e74063fa5?edit=.htaccess&p=Ahome2Ameumer25ApainelsasakisushiImeumercadoIappAvendorAmockeryAmockery HTTP/2.0" 404 836 "https://painelnocharme.meumercado.app/shop/coalblack/7eab8647406bae35f50dd666e63a3e74063fa5?p=Ahome2Ameumer25ApainelsasakisushiImeumercadoIappAvendorAmockeryAmockery" "Mozilla/5.0 AppleWebKit/537.36 (KHTML, like Gecko; compatible; GPTBot/1.3; +https://openai.com/gptbot)" painelnocharme.meumercado.app 10.53.184.85
74.7.227.150 - - [23/Apr/2026:12:42:03 -0300] "GET /login/post-info.php?p=Ahome2Ameumer25ApainelnocharmeImeumercadoIappAvendorAmercadopagoAdx-phpAIphpdocAcacheAdescriptorsAIAIAIAIAIAIAIAIATAIAIAIAIAIAIAIAAAAAAAIAIAIAAAAAIAAAIAAAIAAAAAIAIAIAAAIAIAAAIAIAAAIAAAAAIAAAAAAAIAAAIAIAIAIAAAIAAAAAAAIAAAAAAAAAIAIAAAAAIAAAAAIAAAH HTTP/2.0" 409 83 "https://www.painelnocharme.meumercado.app/login/post-info.php?p=Ahome2Ameumer25ApainelnocharmeImeumercadoIappAvendorAmercadopagoAdx-phpAIphpdocAcacheAdescriptorsAIAIAIAIAIAIAIAIATAIAIAIAIAIAIAIAAAAAAAIAIAIAAAAAIAAAIAAAIAAAAAIAIAIAAAIAIAAAIAIAAAIAAAAAIAAAAAAAIAAAIAIAIAIAAAIAAAAAAAIAAAAAAAAAIAIAAAAAIAAAAAIAA" "Mozilla/5.0 AppleWebKit/537.36 (KHTML, like Gecko; compatible; GPTBot/1.3; +https://openai.com/gptbot)" www.painelnocharme.meumercado.app 10.53.184.85
74.7.242.13 - - [23/Apr/2026:12:42:09 -0300] "GET /shop/incommodating/e46a3cd15b9aa54cccc46fc53990f382062325?edit=UPGRADE.md&p=Ahome2Ameumer25ApainelnocharmeImeumercadoIappAvendorAmonologAmonolog HTTP/2.0" 404 836 "https://painelnocharme.meumercado.app/shop/incommodating/e46a3cd15b9aa54cccc46fc53990f382062325?p=Ahome2Ameumer25ApainelnocharmeImeumercadoIappAvendorAmonologAmonolog" "Mozilla/5.0 AppleWebKit/537.36 (KHTML, like Gecko; compatible; GPTBot/1.3; +https://openai.com/gptbot)" painelnocharme.meumercado.app 10.53.184.85
74.7.227.150 - - [23/Apr/2026:12:43:04 -0300] "GET /login/post-info.php?p=Ahome2Ameumer25ApainelnocharmeImeumercadoIappAvendorAmercadopagoAdx-phpAIphpdocAcacheAdescriptorsAIAIAIAIAIAIAIAIATAIAIAIAIAIAIAIAAAAAAAIAIAIAAAAAIAAAIAAAIAAAAAIAIAIAAAIAIAAAIAIAAAAAIAAAIAIAIAIAAAAAAAAAAAAAAAIAIAAAAAAAIAAAIAAAAAAAAAIAAAAAIAAAIAG HTTP/2.0" 409 83 "https://www.painelnocharme.meumercado.app/login/post-info.php?p=Ahome2Ameumer25ApainelnocharmeImeumercadoIappAvendorAmercadopagoAdx-phpAIphpdocAcacheAdescriptorsAIAIAIAIAIAIAIAIATAIAIAIAIAIAIAIAAAAAAAIAIAIAAAAAIAAAIAAAIAAAAAIAIAIAAAIAIAAAIAIAAAAAIAAAIAIAIAIAAAAAAAAAAAAAAAIAIAAAAAAAIAAAIAAAAAAAAAIAAAAAIAAAI" "Mozilla/5.0 AppleWebKit/537.36 (KHTML, like Gecko; compatible; GPTBot/1.3; +https://openai.com/gptbot)" www.painelnocharme.meumercado.app 10.53.184.85
74.7.242.13 - - [23/Apr/2026:12:43:09 -0300] "GET /shop/herborize/7eab8647406bae35f50dd666e63a3e74063fa5?edit=phpunit.xsd&p=Ahome2Ameumer25ApainelsasakisushiImeumercadoIappAvendorAphpunitAphpunit HTTP/2.0" 404 836 "https://painelnocharme.meumercado.app/shop/herborize/7eab8647406bae35f50dd666e63a3e74063fa5?p=Ahome2Ameumer25ApainelsasakisushiImeumercadoIappAvendorAphpunitAphpunit" "Mozilla/5.0 AppleWebKit/537.36 (KHTML, like Gecko; compatible; GPTBot/1.3; +https://openai.com/gptbot)" painelnocharme.meumercado.app 10.53.184.85
74.7.227.150 - - [23/Apr/2026:12:44:09 -0300] "GET /login/post-info.php?p=Ahome2Ameumer25ApainelnocharmeImeumercadoIappAvendorAmercadopagoAdx-phpAIphpdocAcacheAdescriptorsAIAIAIAIAIAIAIAIATAIAIAIAIAIAIAIAAAAAAAIAIAIAAAAAIAAAIAAAIAAAAAIAIAIAAAIAIAAAIAIAAAIAAAAAIAIAAAAAAAIAIAAAAAAAAAAAIAIAAAIAAAIAAAIAIAAAIAIAIAIAAAIAIAH HTTP/2.0" 409 83 "https://www.painelnocharme.meumercado.app/login/post-info.php?p=Ahome2Ameumer25ApainelnocharmeImeumercadoIappAvendorAmercadopagoAdx-phpAIphpdocAcacheAdescriptorsAIAIAIAIAIAIAIAIATAIAIAIAIAIAIAIAAAAAAAIAIAIAAAAAIAAAIAAAIAAAAAIAIAIAAAIAIAAAIAIAAAIAAAAAIAIAAAAAAAIAIAAAAAAAAAAAIAIAAAIAAAIAAAIAIAAAIAIAIAIAAAIAI" "Mozilla/5.0 AppleWebKit/537.36 (KHTML, like Gecko; compatible; GPTBot/1.3; +https://openai.com/gptbot)" www.painelnocharme.meumercado.app 10.53.184.85
74.7.242.13 - - [23/Apr/2026:12:44:10 -0300] "GET /shop/photosculpture/7ccc0c20ef7202952c547f2f51b9ecb8189966?edit=.htaccess&p=Ahome2Ameumer25ApaineleubellaImeumercadoIappAvendorAmockeryAmockery HTTP/2.0" 404 836 "https://painelnocharme.meumercado.app/shop/photosculpture/7ccc0c20ef7202952c547f2f51b9ecb8189966?p=Ahome2Ameumer25ApaineleubellaImeumercadoIappAvendorAmockeryAmockery" "Mozilla/5.0 AppleWebKit/537.36 (KHTML, like Gecko; compatible; GPTBot/1.3; +https://openai.com/gptbot)" painelnocharme.meumercado.app 10.53.184.85
74.7.227.150 - - [23/Apr/2026:12:45:11 -0300] "GET /login/post-info.php?p=Ahome2Ameumer25ApainelnocharmeImeumercadoIappAvendorAmercadopagoAdx-phpAIphpdocAcacheAdescriptorsAIAIAIAIAIAIAIAIATAIAIAIAIAIAIAIAAAAAAAIAIAIAAAAAIAAAIAAAIAAAAAIAIAIAAAIAIAAAIAIAAAAAAAIAAAIAAAAAAAIAAAAAAAAAAAAAIAIAAAIAAAIAIAIAAAIAAAIAAAAAAAAAAAA HTTP/2.0" 409 83 "https://www.painelnocharme.meumercado.app/login/post-info.php?p=Ahome2Ameumer25ApainelnocharmeImeumercadoIappAvendorAmercadopagoAdx-phpAIphpdocAcacheAdescriptorsAIAIAIAIAIAIAIAIATAIAIAIAIAIAIAIAAAAAAAIAIAIAAAAAIAAAIAAAIAAAAAIAIAIAAAIAIAAAIAIAAAAAAAIAAAIAAAAAAAIAAAAAAAAAAAAAIAIAAAIAAAIAIAIAAAIAAAIAAAAAAAAAA" "Mozilla/5.0 AppleWebKit/537.36 (KHTML, like Gecko; compatible; GPTBot/1.3; +https://openai.com/gptbot)" www.painelnocharme.meumercado.app 10.53.184.85
74.7.242.13 - - [23/Apr/2026:12:45:14 -0300] "GET /shop/diphthongization/e77ef4730a1e0ddc108dc933959d52666b5a78?edit=.htaccess&p=Ahome2Ameumer25ApainelnocharmeImeumercadoIappAroutesAapiAapiAapi HTTP/2.0" 404 836 "https://painelnocharme.meumercado.app/shop/diphthongization/e77ef4730a1e0ddc108dc933959d52666b5a78?p=Ahome2Ameumer25ApainelnocharmeImeumercadoIappAroutesAapiAapiAapi" "Mozilla/5.0 AppleWebKit/537.36 (KHTML, like Gecko; compatible; GPTBot/1.3; +https://openai.com/gptbot)" painelnocharme.meumercado.app 10.53.184.85
74.7.227.150 - - [23/Apr/2026:12:46:14 -0300] "GET /login/post-info.php?p=Ahome2Ameumer25ApainelnocharmeImeumercadoIappAvendorAmercadopagoAdx-phpAIphpdocAcacheAdescriptorsAIAIAIAIAIAIAIAIATAIAIAIAIAIAIAIAAAAAAAIAIAIAAAAAIAAAIAAAIAAAAAIAIAIAAAIAIAAAIAIAAAAAIAAAIAIAIAIAIAAAIAAAIAAAAAAAAAIAAAAAIAAAIAIAAAAAAAIAAAIAAAAAAAG HTTP/2.0" 409 83 "https://www.painelnocharme.meumercado.app/login/post-info.php?p=Ahome2Ameumer25ApainelnocharmeImeumercadoIappAvendorAmercadopagoAdx-phpAIphpdocAcacheAdescriptorsAIAIAIAIAIAIAIAIATAIAIAIAIAIAIAIAAAAAAAIAIAIAAAAAIAAAIAAAIAAAAAIAIAIAAAIAIAAAIAIAAAAAIAAAIAIAIAIAIAAAIAAAIAAAAAAAAAIAAAAAIAAAIAIAAAAAAAIAAAIAAAAAA" "Mozilla/5.0 AppleWebKit/537.36 (KHTML, like Gecko; compatible; GPTBot/1.3; +https://openai.com/gptbot)" www.painelnocharme.meumercado.app 10.53.184.85
74.7.242.13 - - [23/Apr/2026:12:46:19 -0300] "GET /shop/officious/7eab8647406bae35f50dd666e63a3e74063fa5?edit=.htaccess&p=Ahome2Ameumer25ApainelbistroemcasaImeumercadoIappAvendorAmockeryAmockery HTTP/2.0" 404 836 "https://painelnocharme.meumercado.app/shop/officious/7eab8647406bae35f50dd666e63a3e74063fa5?p=Ahome2Ameumer25ApainelbistroemcasaImeumercadoIappAvendorAmockeryAmockery" "Mozilla/5.0 AppleWebKit/537.36 (KHTML, like Gecko; compatible; GPTBot/1.3; +https://openai.com/gptbot)" painelnocharme.meumercado.app 10.53.184.85
74.7.227.150 - - [23/Apr/2026:12:47:20 -0300] "GET /login/post-info.php?p=Ahome2Ameumer25ApainelnocharmeImeumercadoIappAvendorAmercadopagoAdx-phpAIphpdocAcacheAdescriptorsAIAIAIAIAIAIAIAIATAIAIAIAIAIAIAIAAAAAAAIAIAIAAAAAIAAAIAAAIAAAAAIAIAIAAAIAIAAAIAIAAAIAAAAAIAAAAAAAAAIAAAIAIAIAAAIAAAIAAAIAIAIAIAIAIAAAIAIAAAAAIAIAAAI HTTP/2.0" 409 83 "https://www.painelnocharme.meumercado.app/login/post-info.php?p=Ahome2Ameumer25ApainelnocharmeImeumercadoIappAvendorAmercadopagoAdx-phpAIphpdocAcacheAdescriptorsAIAIAIAIAIAIAIAIATAIAIAIAIAIAIAIAAAAAAAIAIAIAAAAAIAAAIAAAIAAAAAIAIAIAAAIAIAAAIAIAAAIAAAAAIAAAAAAAAAIAAAIAIAIAAAIAAAIAAAIAIAIAIAIAIAAAIAIAAAAAIAIAA" "Mozilla/5.0 AppleWebKit/537.36 (KHTML, like Gecko; compatible; GPTBot/1.3; +https://openai.com/gptbot)" www.painelnocharme.meumercado.app 10.53.184.85
74.7.242.13 - - [23/Apr/2026:12:47:23 -0300] "GET /shop/officious/7eab8647406bae35f50dd666e63a3e74063fa5?edit=README.md&p=Ahome2Ameumer25ApainelsasakisushiImeumercadoIappAvendorAmockeryAmockery HTTP/2.0" 404 836 "https://painelnocharme.meumercado.app/shop/officious/7eab8647406bae35f50dd666e63a3e74063fa5?p=Ahome2Ameumer25ApainelsasakisushiImeumercadoIappAvendorAmockeryAmockery" "Mozilla/5.0 AppleWebKit/537.36 (KHTML, like Gecko; compatible; GPTBot/1.3; +https://openai.com/gptbot)" painelnocharme.meumercado.app 10.53.184.85
74.7.227.150 - - [23/Apr/2026:12:48:24 -0300] "GET /login/post-info.php?p=Ahome2Ameumer25ApainelnocharmeImeumercadoIappAvendorAmercadopagoAdx-phpAIphpdocAcacheAdescriptorsAIAIAIAIAIAIAIAIATAIAIAIAIAIAIAIAAAAAAAIAIAIAAAAAIAAAIAAAIAAAAAIAIAIAAAIAIAAAIAIAAAIAAAIAIAAAAAAAAAIAAAAAIAIAAAIAIAAAAAAAIAAAAAAAIAAAIAAAAAAAIAIAAAW HTTP/2.0" 409 83 "https://www.painelnocharme.meumercado.app/login/post-info.php?p=Ahome2Ameumer25ApainelnocharmeImeumercadoIappAvendorAmercadopagoAdx-phpAIphpdocAcacheAdescriptorsAIAIAIAIAIAIAIAIATAIAIAIAIAIAIAIAAAAAAAIAIAIAAAAAIAAAIAAAIAAAAAIAIAIAAAIAIAAAIAIAAAIAAAIAIAAAAAAAAAIAAAAAIAIAAAIAIAAAAAAAIAAAAAAAIAAAIAAAAAAAIAIAA" "Mozilla/5.0 AppleWebKit/537.36 (KHTML, like Gecko; compatible; GPTBot/1.3; +https://openai.com/gptbot)" www.painelnocharme.meumercado.app 10.53.184.85
74.7.242.13 - - [23/Apr/2026:12:48:26 -0300] "GET /shop/diphthongization/f689eba568e55eff6888b64151e154e5fd049b?edit=.htaccess&p=Ahome2Ameumer25ApainelnocharmeImeumercadoIappAappALibraryALibrary HTTP/2.0" 404 836 "https://painelnocharme.meumercado.app/shop/diphthongization/f689eba568e55eff6888b64151e154e5fd049b?p=Ahome2Ameumer25ApainelnocharmeImeumercadoIappAappALibraryALibrary" "Mozilla/5.0 AppleWebKit/537.36 (KHTML, like Gecko; compatible; GPTBot/1.3; +https://openai.com/gptbot)" painelnocharme.meumercado.app 10.53.184.85
