74.7.227.144 - - [23/Apr/2026:13:30:40 -0300] "GET /shop/coalblack/7eab8647406bae35f50dd666e63a3e74063fa5?edit=.htaccess&p=Ahome2Ameumer25ApainelkaickaviellaImeumercadoIappAvendorAmockeryAmockery HTTP/2.0" 404 836 "https://painelnocharme.meumercado.app/shop/coalblack/7eab8647406bae35f50dd666e63a3e74063fa5?p=Ahome2Ameumer25ApainelkaickaviellaImeumercadoIappAvendorAmockeryAmockery" "Mozilla/5.0 AppleWebKit/537.36 (KHTML, like Gecko; compatible; GPTBot/1.3; +https://openai.com/gptbot)" painelnocharme.meumercado.app 10.53.184.85
74.7.242.49 - - [23/Apr/2026:13:31:30 -0300] "GET /login/post-info.php?p=Ahome2Ameumer25ApainelnocharmeImeumercadoIappAvendorAmercadopagoAdx-phpAIphpdocAcacheAdescriptorsAIAIAIAIAIAIAIAIATAIAIAIAIAIAIAIAAAAAAAIAIAIAAAAAIAAAIAAAIAAAAAIAIAIAAAIAIAAAIAIAAAAAAAIAIAAAIAIAIAAAAAAAAAAAIAIAAAAAIAIAAAIAAAAAIAAAAAAAIAAAIAIAIAA HTTP/2.0" 409 83 "https://www.painelnocharme.meumercado.app/login/post-info.php?p=Ahome2Ameumer25ApainelnocharmeImeumercadoIappAvendorAmercadopagoAdx-phpAIphpdocAcacheAdescriptorsAIAIAIAIAIAIAIAIATAIAIAIAIAIAIAIAAAAAAAIAIAIAAAAAIAAAIAAAIAAAAAIAIAIAAAIAIAAAIAIAAAAAAAIAIAAAIAIAIAAAAAAAAAAAIAIAAAAAIAIAAAIAAAAAIAAAAAAAIAAAIAIAI" "Mozilla/5.0 AppleWebKit/537.36 (KHTML, like Gecko; compatible; GPTBot/1.3; +https://openai.com/gptbot)" www.painelnocharme.meumercado.app 10.53.184.85
74.7.227.144 - - [23/Apr/2026:13:31:44 -0300] "GET /shop/digressed/7eab8647406bae35f50dd666e63a3e74063fa5?edit=.htaccess&p=Ahome2Ameumer25ApainelsasakisushiImeumercadoIappAvendorAphpunitAphpunit HTTP/2.0" 404 836 "https://painelnocharme.meumercado.app/shop/digressed/7eab8647406bae35f50dd666e63a3e74063fa5?p=Ahome2Ameumer25ApainelsasakisushiImeumercadoIappAvendorAphpunitAphpunit" "Mozilla/5.0 AppleWebKit/537.36 (KHTML, like Gecko; compatible; GPTBot/1.3; +https://openai.com/gptbot)" painelnocharme.meumercado.app 10.53.184.85
74.7.242.49 - - [23/Apr/2026:13:32:35 -0300] "GET /login/post-info.php?p=Ahome2Ameumer25ApainelnocharmeImeumercadoIappAvendorAmercadopagoAdx-phpAIphpdocAcacheAdescriptorsAIAIAIAIAIAIAIAIATAIAIAIAIAIAIAIAAAAAAAIAIAIAAAAAIAAAIAAAIAAAAAIAIAIAAAIAIAAAIAIAAAAAAAIAAAAAAAAAIAIAIAIAAAIAIAIAIAIAAAIAAAAAAAAAIAAAAAIAIAIAIAIAAAW HTTP/2.0" 409 83 "https://www.painelnocharme.meumercado.app/login/post-info.php?p=Ahome2Ameumer25ApainelnocharmeImeumercadoIappAvendorAmercadopagoAdx-phpAIphpdocAcacheAdescriptorsAIAIAIAIAIAIAIAIATAIAIAIAIAIAIAIAAAAAAAIAIAIAAAAAIAAAIAAAIAAAAAIAIAIAAAIAIAAAIAIAAAAAAAIAAAAAAAAAIAIAIAIAAAIAIAIAIAIAAAIAAAAAAAAAIAAAAAIAIAIAIAIAA" "Mozilla/5.0 AppleWebKit/537.36 (KHTML, like Gecko; compatible; GPTBot/1.3; +https://openai.com/gptbot)" www.painelnocharme.meumercado.app 10.53.184.85
74.7.227.144 - - [23/Apr/2026:13:32:50 -0300] "GET /shop/coalblack/7eab8647406bae35f50dd666e63a3e74063fa5?edit=README.md&p=Ahome2Ameumer25ApainebistroemcasaImeumercadoIappAvendorAmockeryAmockery HTTP/2.0" 404 836 "https://painelnocharme.meumercado.app/shop/coalblack/7eab8647406bae35f50dd666e63a3e74063fa5?p=Ahome2Ameumer25ApainebistroemcasaImeumercadoIappAvendorAmockeryAmockery" "Mozilla/5.0 AppleWebKit/537.36 (KHTML, like Gecko; compatible; GPTBot/1.3; +https://openai.com/gptbot)" painelnocharme.meumercado.app 10.53.184.85
74.7.242.49 - - [23/Apr/2026:13:33:36 -0300] "GET /login/post-info.php?p=Ahome2Ameumer25ApainelnocharmeImeumercadoIappAvendorAmercadopagoAdx-phpAIphpdocAcacheAdescriptorsAIAIAIAIAIAIAIAIATAIAIAIAIAIAIAIAAAAAAAIAIAIAAAAAIAAAIAAAIAAAAAIAIAIAAAIAIAAAIAIAAAAAAAIAAAAAIAIAIAIAIAAAAAIAAAAAIAIAAAAAIAAAAAAAAAAAAAAAAAIAIAAAIAG HTTP/2.0" 409 83 "https://www.painelnocharme.meumercado.app/login/post-info.php?p=Ahome2Ameumer25ApainelnocharmeImeumercadoIappAvendorAmercadopagoAdx-phpAIphpdocAcacheAdescriptorsAIAIAIAIAIAIAIAIATAIAIAIAIAIAIAIAAAAAAAIAIAIAAAAAIAAAIAAAIAAAAAIAIAIAAAIAIAAAIAIAAAAAAAIAAAAAIAIAIAIAIAAAAAIAAAAAIAIAAAAAIAAAAAAAAAAAAAAAAAIAIAAAI" "Mozilla/5.0 AppleWebKit/537.36 (KHTML, like Gecko; compatible; GPTBot/1.3; +https://openai.com/gptbot)" www.painelnocharme.meumercado.app 10.53.184.85
74.7.227.144 - - [23/Apr/2026:13:33:53 -0300] "GET /shop/coalblack/7eab8647406bae35f50dd666e63a3e74063fa5?edit=UPGRADE.md&p=Ahome2Ameumer25ApainelsasakisushiImeumercadoIappAvendorAmonologAmonolog HTTP/2.0" 404 836 "https://painelnocharme.meumercado.app/shop/coalblack/7eab8647406bae35f50dd666e63a3e74063fa5?p=Ahome2Ameumer25ApainelsasakisushiImeumercadoIappAvendorAmonologAmonolog" "Mozilla/5.0 AppleWebKit/537.36 (KHTML, like Gecko; compatible; GPTBot/1.3; +https://openai.com/gptbot)" painelnocharme.meumercado.app 10.53.184.85
74.7.242.49 - - [23/Apr/2026:13:34:40 -0300] "GET /login/post-info.php?p=Ahome2Ameumer25ApainelnocharmeImeumercadoIappAvendorAmercadopagoAdx-phpAIphpdocAcacheAdescriptorsAIAIAIAIAIAIAIAIATAIAIAIAIAIAIAIAAAAAAAIAIAIAAAAAIAAAIAAAIAAAAAIAIAIAAAIAIAAAIAIAAAAAIAIAAAAAIAAAAAAAIAAAIAIAAAAAAAAAAAAAAAIAAAAAIAIAAAIAAAIAAAIAAAG HTTP/2.0" 409 83 "https://www.painelnocharme.meumercado.app/login/post-info.php?p=Ahome2Ameumer25ApainelnocharmeImeumercadoIappAvendorAmercadopagoAdx-phpAIphpdocAcacheAdescriptorsAIAIAIAIAIAIAIAIATAIAIAIAIAIAIAIAAAAAAAIAIAIAAAAAIAAAIAAAIAAAAAIAIAIAAAIAIAAAIAIAAAAAIAIAAAAAIAAAAAAAIAAAIAIAAAAAAAAAAAAAAAIAAAAAIAIAAAIAAAIAAAIAA" "Mozilla/5.0 AppleWebKit/537.36 (KHTML, like Gecko; compatible; GPTBot/1.3; +https://openai.com/gptbot)" www.painelnocharme.meumercado.app 10.53.184.85
74.7.227.144 - - [23/Apr/2026:13:34:53 -0300] "GET /shop/photosculpture/7ccc0c20ef7202952c547f2f51b9ecb8189966?edit=.htaccess&p=Ahome2Ameumer25ApainelmaisamorImeumercadoIappAvendorAphpunitAphpunit HTTP/2.0" 404 836 "https://painelnocharme.meumercado.app/shop/photosculpture/7ccc0c20ef7202952c547f2f51b9ecb8189966?p=Ahome2Ameumer25ApainelmaisamorImeumercadoIappAvendorAphpunitAphpunit" "Mozilla/5.0 AppleWebKit/537.36 (KHTML, like Gecko; compatible; GPTBot/1.3; +https://openai.com/gptbot)" painelnocharme.meumercado.app 10.53.184.85
74.7.242.49 - - [23/Apr/2026:13:35:42 -0300] "GET /login/post-info.php?p=Ahome2Ameumer25ApainelnocharmeImeumercadoIappAvendorAmercadopagoAdx-phpAIphpdocAcacheAdescriptorsAIAIAIAIAIAIAIAIATAIAIAIAIAIAIAIAAAAAAAIAIAIAAAAAIAAAIAAAIAAAAAIAIAIAAAIAIAAAIAIAAAIAAAAAIAIAAAAAAAIAIAAAAAAAAAAAIAIAAAIAAAAAAAAAIAAAAAAAIAAAAAAAAAA HTTP/2.0" 409 83 "https://www.painelnocharme.meumercado.app/login/post-info.php?p=Ahome2Ameumer25ApainelnocharmeImeumercadoIappAvendorAmercadopagoAdx-phpAIphpdocAcacheAdescriptorsAIAIAIAIAIAIAIAIATAIAIAIAIAIAIAIAAAAAAAIAIAIAAAAAIAAAIAAAIAAAAAIAIAIAAAIAIAAAIAIAAAIAAAAAIAIAAAAAAAIAIAAAAAAAAAAAIAIAAAIAAAAAAAAAIAAAAAAAIAAAAAAAA" "Mozilla/5.0 AppleWebKit/537.36 (KHTML, like Gecko; compatible; GPTBot/1.3; +https://openai.com/gptbot)" www.painelnocharme.meumercado.app 10.53.184.85
74.7.227.144 - - [23/Apr/2026:13:35:54 -0300] "GET /shop/photosculpture/6de5a78ec92fb7890fd69058afe44412a07e31?edit=.htaccess&p=Ahome2Ameumer25ApainelnocharmeImeumercadoIappAvendorAmockeryAmockery HTTP/2.0" 404 836 "https://painelnocharme.meumercado.app/shop/photosculpture/6de5a78ec92fb7890fd69058afe44412a07e31?p=Ahome2Ameumer25ApainelnocharmeImeumercadoIappAvendorAmockeryAmockery" "Mozilla/5.0 AppleWebKit/537.36 (KHTML, like Gecko; compatible; GPTBot/1.3; +https://openai.com/gptbot)" painelnocharme.meumercado.app 10.53.184.85
74.7.242.49 - - [23/Apr/2026:13:36:42 -0300] "GET /login/post-info.php?p=Ahome2Ameumer25ApainelnocharmeImeumercadoIappAvendorAmercadopagoAdx-phpAIphpdocAcacheAdescriptorsAIAIAIAIAIAIAIAIATAIAIAIAIAIAIAIAAAAAAAIAIAIAAAAAIAAAIAAAIAAAAAIAIAIAAAIAIAAAIAIAAAAAIAAAAAIAIAIAIAAAAAAAAAIAIAIAIAIAAAIAIAIAAAAAIAIAAAIAAAAAIAAAIAG HTTP/2.0" 409 83 "https://www.painelnocharme.meumercado.app/login/post-info.php?p=Ahome2Ameumer25ApainelnocharmeImeumercadoIappAvendorAmercadopagoAdx-phpAIphpdocAcacheAdescriptorsAIAIAIAIAIAIAIAIATAIAIAIAIAIAIAIAAAAAAAIAIAIAAAAAIAAAIAAAIAAAAAIAIAIAAAIAIAAAIAIAAAAAIAAAAAIAIAIAIAAAAAAAAAIAIAIAIAIAAAIAIAIAAAAAIAIAAAIAAAAAIAAAI" "Mozilla/5.0 AppleWebKit/537.36 (KHTML, like Gecko; compatible; GPTBot/1.3; +https://openai.com/gptbot)" www.painelnocharme.meumercado.app 10.53.184.85
74.7.227.144 - - [23/Apr/2026:13:37:00 -0300] "GET /shop/cultivation/e77ef4730a1e0ddc108dc933959d52666b5a78?edit=UPGRADE.md&p=Ahome2Ameumer25ApainelnocharmeImeumercadoIappAvendorAmonologAmonolog HTTP/2.0" 404 836 "https://painelnocharme.meumercado.app/shop/cultivation/e77ef4730a1e0ddc108dc933959d52666b5a78?p=Ahome2Ameumer25ApainelnocharmeImeumercadoIappAvendorAmonologAmonolog" "Mozilla/5.0 AppleWebKit/537.36 (KHTML, like Gecko; compatible; GPTBot/1.3; +https://openai.com/gptbot)" painelnocharme.meumercado.app 10.53.184.85
74.7.242.49 - - [23/Apr/2026:13:37:46 -0300] "GET /login/post-info.php?p=Ahome2Ameumer25ApainelnocharmeImeumercadoIappAvendorAmercadopagoAdx-phpAIphpdocAcacheAdescriptorsAIAIAIAIAIAIAIAIATAIAIAIAIAIAIAIAAAAAAAIAIAIAAAAAIAAAIAAAIAAAAAIAIAIAAAIAIAAAIAIAAAIAAAAAIAAAAAAAAAIAAAIAIAIAAAIAAAIAAAIAIAIAIAAAAAAAAAIAIAIAIAAAIAW HTTP/2.0" 409 83 "https://www.painelnocharme.meumercado.app/login/post-info.php?p=Ahome2Ameumer25ApainelnocharmeImeumercadoIappAvendorAmercadopagoAdx-phpAIphpdocAcacheAdescriptorsAIAIAIAIAIAIAIAIATAIAIAIAIAIAIAIAAAAAAAIAIAIAAAAAIAAAIAAAIAAAAAIAIAIAAAIAIAAAIAIAAAIAAAAAIAAAAAAAAAIAAAIAIAIAAAIAAAIAAAIAIAIAIAAAAAAAAAIAIAIAIAAAI" "Mozilla/5.0 AppleWebKit/537.36 (KHTML, like Gecko; compatible; GPTBot/1.3; +https://openai.com/gptbot)" www.painelnocharme.meumercado.app 10.53.184.85
74.7.227.144 - - [23/Apr/2026:13:38:04 -0300] "GET /shop/diphthongization/e54b8c1424aaf77b61f6cdc2222a931be63968?edit=.htaccess&p=Ahome2Ameumer25ApainelnocharmeImeumercadoIappAappAConsoleAConsole HTTP/2.0" 404 836 "https://painelnocharme.meumercado.app/shop/diphthongization/e54b8c1424aaf77b61f6cdc2222a931be63968?p=Ahome2Ameumer25ApainelnocharmeImeumercadoIappAappAConsoleAConsole" "Mozilla/5.0 AppleWebKit/537.36 (KHTML, like Gecko; compatible; GPTBot/1.3; +https://openai.com/gptbot)" painelnocharme.meumercado.app 10.53.184.85
74.7.242.49 - - [23/Apr/2026:13:38:47 -0300] "GET /login/post-info.php?p=Ahome2Ameumer25ApainelnocharmeImeumercadoIappAvendorAmercadopagoAdx-phpAIphpdocAcacheAdescriptorsAIAIAIAIAIAIAIAIATAIAIAIAIAIAIAIAAAAAAAIAIAIAAAAAIAAAIAAAIAAAAAIAIAIAAAIAIAAAIAIAAAAAAAAAAAIAAAAAIAAAIAAAAAAAIAIAIAIAIAAAAAIAIAIAIAAAAAAAAAIAIAAAIAG HTTP/2.0" 409 83 "https://www.painelnocharme.meumercado.app/login/post-info.php?p=Ahome2Ameumer25ApainelnocharmeImeumercadoIappAvendorAmercadopagoAdx-phpAIphpdocAcacheAdescriptorsAIAIAIAIAIAIAIAIATAIAIAIAIAIAIAIAAAAAAAIAIAIAAAAAIAAAIAAAIAAAAAIAIAIAAAIAIAAAIAIAAAAAAAAAAAIAAAAAIAAAIAAAAAAAIAIAIAIAIAAAAAIAIAIAIAAAAAAAAAIAIAAAI" "Mozilla/5.0 AppleWebKit/537.36 (KHTML, like Gecko; compatible; GPTBot/1.3; +https://openai.com/gptbot)" www.painelnocharme.meumercado.app 10.53.184.85
74.7.227.144 - - [23/Apr/2026:13:39:06 -0300] "GET /shop/officious/7eab8647406bae35f50dd666e63a3e74063fa5?edit=UPGRADE.md&p=Ahome2Ameumer25ApainelsasakisushiImeumercadoIappAvendorAmonologAmonolog HTTP/2.0" 404 836 "https://painelnocharme.meumercado.app/shop/officious/7eab8647406bae35f50dd666e63a3e74063fa5?p=Ahome2Ameumer25ApainelsasakisushiImeumercadoIappAvendorAmonologAmonolog" "Mozilla/5.0 AppleWebKit/537.36 (KHTML, like Gecko; compatible; GPTBot/1.3; +https://openai.com/gptbot)" painelnocharme.meumercado.app 10.53.184.85
74.7.242.49 - - [23/Apr/2026:13:39:50 -0300] "GET /login/post-info.php?p=Ahome2Ameumer25ApainelnocharmeImeumercadoIappAvendorAmercadopagoAdx-phpAIphpdocAcacheAdescriptorsAIAIAIAIAIAIAIAIATAIAIAIAIAIAIAIAAAAAAAIAIAIAAAAAIAAAIAAAIAAAAAIAIAIAAAIAIAAAIAIAAAIAAAAAIAAAAAAAIAAAIAIAIAIAAAIAAAAAAAIAAAAAAAAAIAIAAAIAAAIAAAAAAAG HTTP/2.0" 409 83 "https://www.painelnocharme.meumercado.app/login/post-info.php?p=Ahome2Ameumer25ApainelnocharmeImeumercadoIappAvendorAmercadopagoAdx-phpAIphpdocAcacheAdescriptorsAIAIAIAIAIAIAIAIATAIAIAIAIAIAIAIAAAAAAAIAIAIAAAAAIAAAIAAAIAAAAAIAIAIAAAIAIAAAIAIAAAIAAAAAIAAAAAAAIAAAIAIAIAIAAAIAAAAAAAIAAAAAAAAAIAIAAAIAAAIAAAAAA" "Mozilla/5.0 AppleWebKit/537.36 (KHTML, like Gecko; compatible; GPTBot/1.3; +https://openai.com/gptbot)" www.painelnocharme.meumercado.app 10.53.184.85
74.7.227.144 - - [23/Apr/2026:13:40:07 -0300] "GET /shop/diphthongization/93a3189a2def5a9123ed887b8d4f33339f1cf7?edit=.htaccess&p=Ahome2Ameumer25ApainelnocharmeImeumercadoIappAroutesAapiAapiAapi HTTP/2.0" 404 836 "https://painelnocharme.meumercado.app/shop/diphthongization/93a3189a2def5a9123ed887b8d4f33339f1cf7?p=Ahome2Ameumer25ApainelnocharmeImeumercadoIappAroutesAapiAapiAapi" "Mozilla/5.0 AppleWebKit/537.36 (KHTML, like Gecko; compatible; GPTBot/1.3; +https://openai.com/gptbot)" painelnocharme.meumercado.app 10.53.184.85
74.7.242.49 - - [23/Apr/2026:13:40:54 -0300] "GET /login/post-info.php?p=Ahome2Ameumer25ApainelnocharmeImeumercadoIappAvendorAmercadopagoAdx-phpAIphpdocAcacheAdescriptorsAIAIAIAIAIAIAIAIATAIAIAIAIAIAIAIAAAAAAAIAIAIAAAAAIAAAIAAAIAAAAAIAIAIAAAIAIAAAIAIAAAIAAAIAAAIAIAIAIAIAAAAAIAIAAAAAIAAAIAIAAAIAAAAAAAAAAAIAAAIAAAIAIAI HTTP/2.0" 409 83 "https://www.painelnocharme.meumercado.app/login/post-info.php?p=Ahome2Ameumer25ApainelnocharmeImeumercadoIappAvendorAmercadopagoAdx-phpAIphpdocAcacheAdescriptorsAIAIAIAIAIAIAIAIATAIAIAIAIAIAIAIAAAAAAAIAIAIAAAAAIAAAIAAAIAAAAAIAIAIAAAIAIAAAIAIAAAIAAAIAAAIAIAIAIAIAAAAAIAIAAAAAIAAAIAIAAAIAAAAAAAAAAAIAAAIAAAIAI" "Mozilla/5.0 AppleWebKit/537.36 (KHTML, like Gecko; compatible; GPTBot/1.3; +https://openai.com/gptbot)" www.painelnocharme.meumercado.app 10.53.184.85
74.7.227.144 - - [23/Apr/2026:13:41:12 -0300] "GET /shop/herborize/7eab8647406bae35f50dd666e63a3e74063fa5?edit=.htaccess&p=Ahome2Ameumer25ApainelkaickaviellaImeumercadoIappAvendorAphpunitAphpunit HTTP/2.0" 404 836 "https://painelnocharme.meumercado.app/shop/herborize/7eab8647406bae35f50dd666e63a3e74063fa5?p=Ahome2Ameumer25ApainelkaickaviellaImeumercadoIappAvendorAphpunitAphpunit" "Mozilla/5.0 AppleWebKit/537.36 (KHTML, like Gecko; compatible; GPTBot/1.3; +https://openai.com/gptbot)" painelnocharme.meumercado.app 10.53.184.85
74.7.242.49 - - [23/Apr/2026:13:41:57 -0300] "GET /login/post-info.php?p=Ahome2Ameumer25ApainelnocharmeImeumercadoIappAvendorAmercadopagoAdx-phpAIphpdocAcacheAdescriptorsAIAIAIAIAIAIAIAIATAIAIAIAIAIAIAIAAAAAAAIAIAIAAAAAIAAAIAAAIAAAAAIAIAIAAAIAIAAAIAIAAAAAIAAAIAIAAAAAAAIAIAAAIAAAIAAAIAIAIAAAAAIAIAAAIAAAAAAAAAIAAAIAIAH HTTP/2.0" 409 83 "https://www.painelnocharme.meumercado.app/login/post-info.php?p=Ahome2Ameumer25ApainelnocharmeImeumercadoIappAvendorAmercadopagoAdx-phpAIphpdocAcacheAdescriptorsAIAIAIAIAIAIAIAIATAIAIAIAIAIAIAIAAAAAAAIAIAIAAAAAIAAAIAAAIAAAAAIAIAIAAAIAIAAAIAIAAAAAIAAAIAIAAAAAAAIAIAAAIAAAIAAAIAIAIAAAAAIAIAAAIAAAAAAAAAIAAAIAI" "Mozilla/5.0 AppleWebKit/537.36 (KHTML, like Gecko; compatible; GPTBot/1.3; +https://openai.com/gptbot)" www.painelnocharme.meumercado.app 10.53.184.85
74.7.227.144 - - [23/Apr/2026:13:42:14 -0300] "GET /shop/incommodating/935bbbf7d384e7e1784d0a8e0a31514d07b79a?edit=HZeikz.ico&p=Ahome2Ameumer25ApainelnocharmeImeumercadoIappAtestsAFeatureAFeature HTTP/2.0" 404 836 "https://painelnocharme.meumercado.app/shop/incommodating/935bbbf7d384e7e1784d0a8e0a31514d07b79a?p=Ahome2Ameumer25ApainelnocharmeImeumercadoIappAtestsAFeatureAFeature" "Mozilla/5.0 AppleWebKit/537.36 (KHTML, like Gecko; compatible; GPTBot/1.3; +https://openai.com/gptbot)" painelnocharme.meumercado.app 10.53.184.85
74.7.242.49 - - [23/Apr/2026:13:42:57 -0300] "GET /login/post-info.php?p=Ahome2Ameumer25ApainelnocharmeImeumercadoIappAvendorAmercadopagoAdx-phpAIphpdocAcacheAdescriptorsAIAIAIAIAIAIAIAIATAIAIAIAIAIAIAIAAAAAAAIAIAIAAAAAIAAAIAAAIAAAAAIAIAIAAAIAIAAAIAIAAAAAIAAAIAIAIAAAAAAAAAIAIAAAAAIAAAAAIAAAAAAAAAAAIAIAAAIAAAIAIAIAIAI HTTP/2.0" 409 83 "https://www.painelnocharme.meumercado.app/login/post-info.php?p=Ahome2Ameumer25ApainelnocharmeImeumercadoIappAvendorAmercadopagoAdx-phpAIphpdocAcacheAdescriptorsAIAIAIAIAIAIAIAIATAIAIAIAIAIAIAIAAAAAAAIAIAIAAAAAIAAAIAAAIAAAAAIAIAIAAAIAIAAAIAIAAAAAIAAAIAIAIAAAAAAAAAIAIAAAAAIAAAAAIAAAAAAAAAAAIAIAAAIAAAIAIAIAI" "Mozilla/5.0 AppleWebKit/537.36 (KHTML, like Gecko; compatible; GPTBot/1.3; +https://openai.com/gptbot)" www.painelnocharme.meumercado.app 10.53.184.85
74.7.227.144 - - [23/Apr/2026:13:43:18 -0300] "GET /shop/cultivation/6de5a78ec92fb7890fd69058afe44412a07e31?edit=phpunit.xsd&p=Ahome2Ameumer25ApainelnocharmeImeumercadoIappAvendorAphpunitAphpunit HTTP/2.0" 404 836 "https://painelnocharme.meumercado.app/shop/cultivation/6de5a78ec92fb7890fd69058afe44412a07e31?p=Ahome2Ameumer25ApainelnocharmeImeumercadoIappAvendorAphpunitAphpunit" "Mozilla/5.0 AppleWebKit/537.36 (KHTML, like Gecko; compatible; GPTBot/1.3; +https://openai.com/gptbot)" painelnocharme.meumercado.app 10.53.184.85
74.7.242.49 - - [23/Apr/2026:13:43:58 -0300] "GET /login/post-info.php?p=Ahome2Ameumer25ApainelnocharmeImeumercadoIappAvendorAmercadopagoAdx-phpAIphpdocAcacheAdescriptorsAIAIAIAIAIAIAIAIATAIAIAIAIAIAIAIAAAAAAAIAIAIAAAAAIAAAIAAAIAAAAAIAIAIAAAIAIAAAIAIAAAAAAAIAAAAAAAAAIAIAIAIAAAIAIAIAIAAAAAIAIAAAAAAAIAIAAAIAAAAAAAAAAAA HTTP/2.0" 409 83 "https://www.painelnocharme.meumercado.app/login/post-info.php?p=Ahome2Ameumer25ApainelnocharmeImeumercadoIappAvendorAmercadopagoAdx-phpAIphpdocAcacheAdescriptorsAIAIAIAIAIAIAIAIATAIAIAIAIAIAIAIAAAAAAAIAIAIAAAAAIAAAIAAAIAAAAAIAIAIAAAIAIAAAIAIAAAAAAAIAAAAAAAAAIAIAIAIAAAIAIAIAIAAAAAIAIAAAAAAAIAIAAAIAAAAAAAAAA" "Mozilla/5.0 AppleWebKit/537.36 (KHTML, like Gecko; compatible; GPTBot/1.3; +https://openai.com/gptbot)" www.painelnocharme.meumercado.app 10.53.184.85
74.7.227.144 - - [23/Apr/2026:13:44:23 -0300] "GET /shop/herborize/7eab8647406bae35f50dd666e63a3e74063fa5?edit=.htaccess&p=Ahome2Ameumer25ApainelsasakisushiImeumercadoIappAvendorAphpunitAphpunit HTTP/2.0" 404 836 "https://painelnocharme.meumercado.app/shop/herborize/7eab8647406bae35f50dd666e63a3e74063fa5?p=Ahome2Ameumer25ApainelsasakisushiImeumercadoIappAvendorAphpunitAphpunit" "Mozilla/5.0 AppleWebKit/537.36 (KHTML, like Gecko; compatible; GPTBot/1.3; +https://openai.com/gptbot)" painelnocharme.meumercado.app 10.53.184.85
74.7.242.49 - - [23/Apr/2026:13:44:58 -0300] "GET /login/post-info.php?p=Ahome2Ameumer25ApainelnocharmeImeumercadoIappAvendorAmercadopagoAdx-phpAIphpdocAcacheAdescriptorsAIAIAIAIAIAIAIAIATAIAIAIAIAIAIAIAAAAAAAIAIAIAAAAAIAAAIAAAIAAAAAIAIAIAAAIAIAAAIAIAAAAAAAIAIAAAIAIAIAAAAAAAAAAAIAIAAAAAIAIAAAIAIAAAIAAAAAIAIAAAAAAAIAH HTTP/2.0" 409 83 "https://www.painelnocharme.meumercado.app/login/post-info.php?p=Ahome2Ameumer25ApainelnocharmeImeumercadoIappAvendorAmercadopagoAdx-phpAIphpdocAcacheAdescriptorsAIAIAIAIAIAIAIAIATAIAIAIAIAIAIAIAAAAAAAIAIAIAAAAAIAAAIAAAIAAAAAIAIAIAAAIAIAAAIAIAAAAAAAIAIAAAIAIAIAAAAAAAAAAAIAIAAAAAIAIAAAIAIAAAIAAAAAIAIAAAAAAAI" "Mozilla/5.0 AppleWebKit/537.36 (KHTML, like Gecko; compatible; GPTBot/1.3; +https://openai.com/gptbot)" www.painelnocharme.meumercado.app 10.53.184.85
74.7.227.144 - - [23/Apr/2026:13:45:27 -0300] "GET /shop/diphthongization/f689eba568e55eff6888b64151e154e5fd049b?edit=.htaccess&p=Ahome2Ameumer25ApainelnocharmeImeumercadoIappAappAConsoleAConsole HTTP/2.0" 404 836 "https://painelnocharme.meumercado.app/shop/diphthongization/f689eba568e55eff6888b64151e154e5fd049b?p=Ahome2Ameumer25ApainelnocharmeImeumercadoIappAappAConsoleAConsole" "Mozilla/5.0 AppleWebKit/537.36 (KHTML, like Gecko; compatible; GPTBot/1.3; +https://openai.com/gptbot)" painelnocharme.meumercado.app 10.53.184.85
74.7.242.49 - - [23/Apr/2026:13:46:03 -0300] "GET /login/post-info.php?p=Ahome2Ameumer25ApainelnocharmeImeumercadoIappAvendorAmercadopagoAdx-phpAIphpdocAcacheAdescriptorsAIAIAIAIAIAIAIAIATAIAIAIAIAIAIAIAAAAAAAIAIAIAAAAAIAAAIAAAIAAAAAIAIAIAAAIAIAAAIAIAAAIAAAIAAAIAIAIAIAIAAAAAIAIAAAIAAAAAAAAAIAAAIAIAIAAAIAAAAAIAAAAAAAG HTTP/2.0" 409 83 "https://www.painelnocharme.meumercado.app/login/post-info.php?p=Ahome2Ameumer25ApainelnocharmeImeumercadoIappAvendorAmercadopagoAdx-phpAIphpdocAcacheAdescriptorsAIAIAIAIAIAIAIAIATAIAIAIAIAIAIAIAAAAAAAIAIAIAAAAAIAAAIAAAIAAAAAIAIAIAAAIAIAAAIAIAAAIAAAIAAAIAIAIAIAIAAAAAIAIAAAIAAAAAAAAAIAAAIAIAIAAAIAAAAAIAAAAAA" "Mozilla/5.0 AppleWebKit/537.36 (KHTML, like Gecko; compatible; GPTBot/1.3; +https://openai.com/gptbot)" www.painelnocharme.meumercado.app 10.53.184.85
74.7.227.144 - - [23/Apr/2026:13:46:31 -0300] "GET /shop/digressed/7eab8647406bae35f50dd666e63a3e74063fa5?edit=.htaccess&p=Ahome2Ameumer25ApainelkaickaviellaImeumercadoIappAvendorAmockeryAmockery HTTP/2.0" 404 836 "https://painelnocharme.meumercado.app/shop/digressed/7eab8647406bae35f50dd666e63a3e74063fa5?p=Ahome2Ameumer25ApainelkaickaviellaImeumercadoIappAvendorAmockeryAmockery" "Mozilla/5.0 AppleWebKit/537.36 (KHTML, like Gecko; compatible; GPTBot/1.3; +https://openai.com/gptbot)" painelnocharme.meumercado.app 10.53.184.85
74.7.242.49 - - [23/Apr/2026:13:47:05 -0300] "GET /login/post-info.php?p=Ahome2Ameumer25ApainelnocharmeImeumercadoIappAvendorAmercadopagoAdx-phpAIphpdocAcacheAdescriptorsAIAIAIAIAIAIAIAIATAIAIAIAIAIAIAIAAAAAAAIAIAIAAAAAIAAAIAAAIAAAAAIAIAIAAAIAIAAAIAIAAAAAIAIAAAAAAAAAIAAAAAAAIAAAIAAAIAIAAAAAAAIAAAAAAAAAAAAAIAAAIAAAAAI HTTP/2.0" 409 83 "https://www.painelnocharme.meumercado.app/login/post-info.php?p=Ahome2Ameumer25ApainelnocharmeImeumercadoIappAvendorAmercadopagoAdx-phpAIphpdocAcacheAdescriptorsAIAIAIAIAIAIAIAIATAIAIAIAIAIAIAIAAAAAAAIAIAIAAAAAIAAAIAAAIAAAAAIAIAIAAAIAIAAAIAIAAAAAIAIAAAAAAAAAIAAAAAAAIAAAIAAAIAIAAAAAAAIAAAAAAAAAAAAAIAAAIAAAA" "Mozilla/5.0 AppleWebKit/537.36 (KHTML, like Gecko; compatible; GPTBot/1.3; +https://openai.com/gptbot)" www.painelnocharme.meumercado.app 10.53.184.85
74.7.227.144 - - [23/Apr/2026:13:47:33 -0300] "GET /shop/herborize/7eab8647406bae35f50dd666e63a3e74063fa5?edit=.htaccess&p=Ahome2Ameumer25ApainelsasakisushiImeumercadoIappAvendorAmonologAmonolog HTTP/2.0" 404 836 "https://painelnocharme.meumercado.app/shop/herborize/7eab8647406bae35f50dd666e63a3e74063fa5?p=Ahome2Ameumer25ApainelsasakisushiImeumercadoIappAvendorAmonologAmonolog" "Mozilla/5.0 AppleWebKit/537.36 (KHTML, like Gecko; compatible; GPTBot/1.3; +https://openai.com/gptbot)" painelnocharme.meumercado.app 10.53.184.85
74.7.242.49 - - [23/Apr/2026:13:48:10 -0300] "GET /login/post-info.php?p=Ahome2Ameumer25ApainelnocharmeImeumercadoIappAvendorAmercadopagoAdx-phpAIphpdocAcacheAdescriptorsAIAIAIAIAIAIAIAIATAIAIAIAIAIAIAIAAAAAAAIAIAIAAAAAIAAAIAAAIAAAAAIAIAIAAAIAIAAAIAIAAAIAAAIAAAIAIAIAIAIAAAAAIAIAAAIAAAIAIAIAAAAAAAIAAAIAIAAAIAAAAAIAIAW HTTP/2.0" 409 83 "https://www.painelnocharme.meumercado.app/login/post-info.php?p=Ahome2Ameumer25ApainelnocharmeImeumercadoIappAvendorAmercadopagoAdx-phpAIphpdocAcacheAdescriptorsAIAIAIAIAIAIAIAIATAIAIAIAIAIAIAIAAAAAAAIAIAIAAAAAIAAAIAAAIAAAAAIAIAIAAAIAIAAAIAIAAAIAAAIAAAIAIAIAIAIAAAAAIAIAAAIAAAIAIAIAAAAAAAIAAAIAIAAAIAAAAAIAI" "Mozilla/5.0 AppleWebKit/537.36 (KHTML, like Gecko; compatible; GPTBot/1.3; +https://openai.com/gptbot)" www.painelnocharme.meumercado.app 10.53.184.85
74.7.227.144 - - [23/Apr/2026:13:48:36 -0300] "GET /shop/incommodating/935bbbf7d384e7e1784d0a8e0a31514d07b79a?edit=.htaccess&p=Ahome2Ameumer25ApainelnocharmeImeumercadoIappAvendorAmockeryAmockery HTTP/2.0" 404 836 "https://painelnocharme.meumercado.app/shop/incommodating/935bbbf7d384e7e1784d0a8e0a31514d07b79a?p=Ahome2Ameumer25ApainelnocharmeImeumercadoIappAvendorAmockeryAmockery" "Mozilla/5.0 AppleWebKit/537.36 (KHTML, like Gecko; compatible; GPTBot/1.3; +https://openai.com/gptbot)" painelnocharme.meumercado.app 10.53.184.85
74.7.241.31 - - [23/Apr/2026:13:54:46 -0300] "GET /login/post-info.php?p=Ahome2Ameumer25ApainelnocharmeImeumercadoIappAvendorAmercadopagoAdx-phpAIphpdocAcacheAdescriptorsAIAIAIAIAIAIAIAIATAIAIAIAIAIAIAIAAAAAAAIAIAIAAAAAIAAAIAAAIAAAAAIAIAIAAAIAIAAAIAIAAAIAAAIAAAIAIAAAIAIAIAIAIAAAAAIAAAAAAAIAAAAAIAIAIAIAAAAAAAAAIAAAIAW HTTP/2.0" 409 83 "https://www.painelnocharme.meumercado.app/login/post-info.php?p=Ahome2Ameumer25ApainelnocharmeImeumercadoIappAvendorAmercadopagoAdx-phpAIphpdocAcacheAdescriptorsAIAIAIAIAIAIAIAIATAIAIAIAIAIAIAIAAAAAAAIAIAIAAAAAIAAAIAAAIAAAAAIAIAIAAAIAIAAAIAIAAAIAAAIAAAIAIAAAIAIAIAIAIAAAAAIAAAAAAAIAAAAAIAIAIAIAAAAAAAAAIAAAI" "Mozilla/5.0 AppleWebKit/537.36 (KHTML, like Gecko; compatible; GPTBot/1.3; +https://openai.com/gptbot)" www.painelnocharme.meumercado.app 10.53.184.85
74.7.241.31 - - [23/Apr/2026:13:54:49 -0300] "GET /login/post-info.php?p=Ahome2Ameumer25ApainelnocharmeImeumercadoIappAvendorAmercadopagoAdx-phpAIphpdocAcacheAdescriptorsAIAIAIAIAIAIAIAIATAIAIAIAIAIAIAIAAAAAAAIAIAIAAAAAIAAAIAAAIAAAAAIAIAIAAAIAIAAAIAIAAAAAIAAAIAIAAAAAAAIAAAAAIAAAIAIAIAIAIAAAIAAAIAIAIAAAIAIAIAAAAAIAIAA HTTP/2.0" 409 83 "https://www.painelnocharme.meumercado.app/login/post-info.php?p=Ahome2Ameumer25ApainelnocharmeImeumercadoIappAvendorAmercadopagoAdx-phpAIphpdocAcacheAdescriptorsAIAIAIAIAIAIAIAIATAIAIAIAIAIAIAIAAAAAAAIAIAIAAAAAIAAAIAAAIAAAAAIAIAIAAAIAIAAAIAIAAAAAIAAAIAIAAAAAAAIAAAAAIAAAIAIAIAIAIAAAIAAAIAIAIAAAIAIAIAAAAAIAI" "Mozilla/5.0 AppleWebKit/537.36 (KHTML, like Gecko; compatible; GPTBot/1.3; +https://openai.com/gptbot)" www.painelnocharme.meumercado.app 10.53.184.85
74.7.241.31 - - [23/Apr/2026:13:55:48 -0300] "GET /login/post-info.php?p=Ahome2Ameumer25ApainelnocharmeImeumercadoIappAvendorAmercadopagoAdx-phpAIphpdocAcacheAdescriptorsAIAIAIAIAIAIAIAIATAIAIAIAIAIAIAIAAAAAAAIAIAIAAAAAIAAAIAAAIAAAAAIAIAIAAAIAIAAAIAIAAAIAAAIAAAIAIAIAIAIAAAAAIAIAAAAAAAAAIAAAIAAAIAIAAAAAAAAAAAAAAAIAAAA HTTP/2.0" 409 83 "https://www.painelnocharme.meumercado.app/login/post-info.php?p=Ahome2Ameumer25ApainelnocharmeImeumercadoIappAvendorAmercadopagoAdx-phpAIphpdocAcacheAdescriptorsAIAIAIAIAIAIAIAIATAIAIAIAIAIAIAIAAAAAAAIAIAIAAAAAIAAAIAAAIAAAAAIAIAIAAAIAIAAAIAIAAAIAAAIAAAIAIAIAIAIAAAAAIAIAAAAAAAAAIAAAIAAAIAIAAAAAAAAAAAAAAAIAA" "Mozilla/5.0 AppleWebKit/537.36 (KHTML, like Gecko; compatible; GPTBot/1.3; +https://openai.com/gptbot)" www.painelnocharme.meumercado.app 10.53.184.85
74.7.241.17 - - [23/Apr/2026:13:55:48 -0300] "GET /shop/diphthongization/c03e8ccc71336de75a929d701905b873eef14a?edit=.htaccess&p=Ahome2Ameumer25ApainelnocharmeImeumercadoIappAroutesAapiAapiAapi HTTP/2.0" 404 836 "https://painelnocharme.meumercado.app/shop/diphthongization/c03e8ccc71336de75a929d701905b873eef14a?p=Ahome2Ameumer25ApainelnocharmeImeumercadoIappAroutesAapiAapiAapi" "Mozilla/5.0 AppleWebKit/537.36 (KHTML, like Gecko; compatible; GPTBot/1.3; +https://openai.com/gptbot)" painelnocharme.meumercado.app 10.53.184.85
74.7.241.31 - - [23/Apr/2026:13:56:48 -0300] "GET /login/post-info.php?p=Ahome2Ameumer25ApainelnocharmeImeumercadoIappAvendorAmercadopagoAdx-phpAIphpdocAcacheAdescriptorsAIAIAIAIAIAIAIAIATAIAIAIAIAIAIAIAAAAAAAIAIAIAAAAAIAAAIAAAIAAAAAIAIAIAAAIAIAAAIAIAAAIAAAIAAAIAIAIAIAIAAAAAIAIAAAIAAAAAAAAAAAIAAAAAAAIAIAIAIAIAIAAAIAW HTTP/2.0" 409 83 "https://www.painelnocharme.meumercado.app/login/post-info.php?p=Ahome2Ameumer25ApainelnocharmeImeumercadoIappAvendorAmercadopagoAdx-phpAIphpdocAcacheAdescriptorsAIAIAIAIAIAIAIAIATAIAIAIAIAIAIAIAAAAAAAIAIAIAAAAAIAAAIAAAIAAAAAIAIAIAAAIAIAAAIAIAAAIAAAIAAAIAIAIAIAIAAAAAIAIAAAIAAAAAAAAAAAIAAAAAAAIAIAIAIAIAIAAAI" "Mozilla/5.0 AppleWebKit/537.36 (KHTML, like Gecko; compatible; GPTBot/1.3; +https://openai.com/gptbot)" www.painelnocharme.meumercado.app 10.53.184.85
74.7.241.17 - - [23/Apr/2026:13:56:51 -0300] "GET /shop/photosculpture/7ccc0c20ef7202952c547f2f51b9ecb8189966?edit=README.md&p=Ahome2Ameumer25ApaineleubellaImeumercadoIappAvendorAmockeryAmockery HTTP/2.0" 404 836 "https://painelnocharme.meumercado.app/shop/photosculpture/7ccc0c20ef7202952c547f2f51b9ecb8189966?p=Ahome2Ameumer25ApaineleubellaImeumercadoIappAvendorAmockeryAmockery" "Mozilla/5.0 AppleWebKit/537.36 (KHTML, like Gecko; compatible; GPTBot/1.3; +https://openai.com/gptbot)" painelnocharme.meumercado.app 10.53.184.85
74.7.241.31 - - [23/Apr/2026:13:57:53 -0300] "GET /login/post-info.php?p=Ahome2Ameumer25ApainelnocharmeImeumercadoIappAvendorAmercadopagoAdx-phpAIphpdocAcacheAdescriptorsAIAIAIAIAIAIAIAIATAIAIAIAIAIAIAIAAAAAAAIAIAIAAAAAIAAAIAAAIAAAAAIAIAIAAAIAIAAAIAIAAAAAIAAAIAIAAAAAAAIAIAAAIAAAIAAAAAAAAAAAAAIAAAAAAAIAAAAAIAAAIAIAIAW HTTP/2.0" 409 83 "https://www.painelnocharme.meumercado.app/login/post-info.php?p=Ahome2Ameumer25ApainelnocharmeImeumercadoIappAvendorAmercadopagoAdx-phpAIphpdocAcacheAdescriptorsAIAIAIAIAIAIAIAIATAIAIAIAIAIAIAIAAAAAAAIAIAIAAAAAIAAAIAAAIAAAAAIAIAIAAAIAIAAAIAIAAAAAIAAAIAIAAAAAAAIAIAAAIAAAIAAAAAAAAAAAAAIAAAAAAAIAAAAAIAAAIAIAI" "Mozilla/5.0 AppleWebKit/537.36 (KHTML, like Gecko; compatible; GPTBot/1.3; +https://openai.com/gptbot)" www.painelnocharme.meumercado.app 10.53.184.85
74.7.241.17 - - [23/Apr/2026:13:57:57 -0300] "GET /shop/officious/7eab8647406bae35f50dd666e63a3e74063fa5?edit=README.md&p=Ahome2Ameumer25ApainelkaickaviellaImeumercadoIappAvendorAmockeryAmockery HTTP/2.0" 404 836 "https://painelnocharme.meumercado.app/shop/officious/7eab8647406bae35f50dd666e63a3e74063fa5?p=Ahome2Ameumer25ApainelkaickaviellaImeumercadoIappAvendorAmockeryAmockery" "Mozilla/5.0 AppleWebKit/537.36 (KHTML, like Gecko; compatible; GPTBot/1.3; +https://openai.com/gptbot)" painelnocharme.meumercado.app 10.53.184.85
74.7.241.31 - - [23/Apr/2026:13:58:57 -0300] "GET /login/post-info.php?p=Ahome2Ameumer25ApainelnocharmeImeumercadoIappAvendorAmercadopagoAdx-phpAIphpdocAcacheAdescriptorsAIAIAIAIAIAIAIAIATAIAIAIAIAIAIAIAAAAAAAIAIAIAAAAAIAAAIAAAIAAAAAIAIAIAAAIAIAAAIAIAAAIAAAIAAAIAIAIAIAIAAAAAIAIAAAIAAAIAIAIAAAIAAAIAIAAAIAAAAAIAIAAAIAA HTTP/2.0" 409 83 "https://www.painelnocharme.meumercado.app/login/post-info.php?p=Ahome2Ameumer25ApainelnocharmeImeumercadoIappAvendorAmercadopagoAdx-phpAIphpdocAcacheAdescriptorsAIAIAIAIAIAIAIAIATAIAIAIAIAIAIAIAAAAAAAIAIAIAAAAAIAAAIAAAIAAAAAIAIAIAAAIAIAAAIAIAAAIAAAIAAAIAIAIAIAIAAAAAIAIAAAIAAAIAIAIAAAIAAAIAIAAAIAAAAAIAIAAAI" "Mozilla/5.0 AppleWebKit/537.36 (KHTML, like Gecko; compatible; GPTBot/1.3; +https://openai.com/gptbot)" www.painelnocharme.meumercado.app 10.53.184.85
74.7.241.17 - - [23/Apr/2026:13:59:02 -0300] "GET /shop/photosculpture/93a3189a2def5a9123ed887b8d4f33339f1cf7?edit=README.md&p=Ahome2Ameumer25ApainelnocharmeImeumercadoIappAvendorAmonologAmonolog HTTP/2.0" 404 836 "https://painelnocharme.meumercado.app/shop/photosculpture/93a3189a2def5a9123ed887b8d4f33339f1cf7?p=Ahome2Ameumer25ApainelnocharmeImeumercadoIappAvendorAmonologAmonolog" "Mozilla/5.0 AppleWebKit/537.36 (KHTML, like Gecko; compatible; GPTBot/1.3; +https://openai.com/gptbot)" painelnocharme.meumercado.app 10.53.184.85
74.7.241.31 - - [23/Apr/2026:13:59:58 -0300] "GET /login/post-info.php?p=Ahome2Ameumer25ApainelnocharmeImeumercadoIappAvendorAmercadopagoAdx-phpAIphpdocAcacheAdescriptorsAIAIAIAIAIAIAIAIATAIAIAIAIAIAIAIAAAAAAAIAIAIAAAAAIAAAIAAAIAAAAAIAIAIAAAIAIAAAIAIAAAIAAAIAAAIAIAIAIAIAAAAAIAIAAAAAIAAAIAIAAAAAIAAAAAIAAAAAIAIAAAIAAAI HTTP/2.0" 409 83 "https://www.painelnocharme.meumercado.app/login/post-info.php?p=Ahome2Ameumer25ApainelnocharmeImeumercadoIappAvendorAmercadopagoAdx-phpAIphpdocAcacheAdescriptorsAIAIAIAIAIAIAIAIATAIAIAIAIAIAIAIAAAAAAAIAIAIAAAAAIAAAIAAAIAAAAAIAIAIAAAIAIAAAIAIAAAIAAAIAAAIAIAIAIAIAAAAAIAIAAAAAIAAAIAIAAAAAIAAAAAIAAAAAIAIAAAIAA" "Mozilla/5.0 AppleWebKit/537.36 (KHTML, like Gecko; compatible; GPTBot/1.3; +https://openai.com/gptbot)" www.painelnocharme.meumercado.app 10.53.184.85
74.7.241.17 - - [23/Apr/2026:14:00:03 -0300] "GET /shop/officious/7eab8647406bae35f50dd666e63a3e74063fa5?edit=.htaccess&p=Ahome2Ameumer25ApainelkaickaviellaImeumercadoIappAvendorAmockeryAmockery HTTP/2.0" 404 836 "https://painelnocharme.meumercado.app/shop/officious/7eab8647406bae35f50dd666e63a3e74063fa5?p=Ahome2Ameumer25ApainelkaickaviellaImeumercadoIappAvendorAmockeryAmockery" "Mozilla/5.0 AppleWebKit/537.36 (KHTML, like Gecko; compatible; GPTBot/1.3; +https://openai.com/gptbot)" painelnocharme.meumercado.app 10.53.184.85
74.7.241.31 - - [23/Apr/2026:14:01:03 -0300] "GET /login/post-info.php?p=Ahome2Ameumer25ApainelnocharmeImeumercadoIappAvendorAmercadopagoAdx-phpAIphpdocAcacheAdescriptorsAIAIAIAIAIAIAIAIATAIAIAIAIAIAIAIAAAAAAAIAIAIAAAAAIAAAIAAAIAAAAAIAIAIAAAIAIAAAIAIAAAIAAAAAAAIAAAIAAAIAIAAAAAAAAAAAAAAAIAAAIAIAIAAAIAAAIAIAIAIAAAIAAAH HTTP/2.0" 409 83 "https://www.painelnocharme.meumercado.app/login/post-info.php?p=Ahome2Ameumer25ApainelnocharmeImeumercadoIappAvendorAmercadopagoAdx-phpAIphpdocAcacheAdescriptorsAIAIAIAIAIAIAIAIATAIAIAIAIAIAIAIAAAAAAAIAIAIAAAAAIAAAIAAAIAAAAAIAIAIAAAIAIAAAIAIAAAIAAAAAAAIAAAIAAAIAIAAAAAAAAAAAAAAAIAAAIAIAIAAAIAAAIAIAIAIAAAIAA" "Mozilla/5.0 AppleWebKit/537.36 (KHTML, like Gecko; compatible; GPTBot/1.3; +https://openai.com/gptbot)" www.painelnocharme.meumercado.app 10.53.184.85
74.7.241.17 - - [23/Apr/2026:14:01:08 -0300] "GET /shop/herborize/7eab8647406bae35f50dd666e63a3e74063fa5?edit=.htaccess&p=Ahome2Ameumer25ApainelkaickaviellaImeumercadoIappAvendorAmonologAmonolog HTTP/2.0" 404 836 "https://painelnocharme.meumercado.app/shop/herborize/7eab8647406bae35f50dd666e63a3e74063fa5?p=Ahome2Ameumer25ApainelkaickaviellaImeumercadoIappAvendorAmonologAmonolog" "Mozilla/5.0 AppleWebKit/537.36 (KHTML, like Gecko; compatible; GPTBot/1.3; +https://openai.com/gptbot)" painelnocharme.meumercado.app 10.53.184.85
74.7.241.31 - - [23/Apr/2026:14:02:06 -0300] "GET /login/post-info.php?p=Ahome2Ameumer25ApainelnocharmeImeumercadoIappAvendorAmercadopagoAdx-phpAIphpdocAcacheAdescriptorsAIAIAIAIAIAIAIAIATAIAIAIAIAIAIAIAAAAAAAIAIAIAAAAAIAAAIAAAIAAAAAIAIAIAAAIAIAAAIAIAAAAAIAIAAAAAAAAAIAAAAAAAIAAAIAAAIAIAAAIAIAIAIAAAIAIAIAAAAAIAIAAAIAW HTTP/2.0" 409 83 "https://www.painelnocharme.meumercado.app/login/post-info.php?p=Ahome2Ameumer25ApainelnocharmeImeumercadoIappAvendorAmercadopagoAdx-phpAIphpdocAcacheAdescriptorsAIAIAIAIAIAIAIAIATAIAIAIAIAIAIAIAAAAAAAIAIAIAAAAAIAAAIAAAIAAAAAIAIAIAAAIAIAAAIAIAAAAAIAIAAAAAAAAAIAAAAAAAIAAAIAAAIAIAAAIAIAIAIAAAIAIAIAAAAAIAIAAAI" "Mozilla/5.0 AppleWebKit/537.36 (KHTML, like Gecko; compatible; GPTBot/1.3; +https://openai.com/gptbot)" www.painelnocharme.meumercado.app 10.53.184.85
74.7.241.17 - - [23/Apr/2026:14:02:12 -0300] "GET /shop/scurrilousness/93a3189a2def5a9123ed887b8d4f33339f1cf7?edit=README.md&p=Ahome2Ameumer25ApainelnocharmeImeumercadoIappAvendorAmockeryAmockery HTTP/2.0" 404 836 "https://painelnocharme.meumercado.app/shop/scurrilousness/93a3189a2def5a9123ed887b8d4f33339f1cf7?p=Ahome2Ameumer25ApainelnocharmeImeumercadoIappAvendorAmockeryAmockery" "Mozilla/5.0 AppleWebKit/537.36 (KHTML, like Gecko; compatible; GPTBot/1.3; +https://openai.com/gptbot)" painelnocharme.meumercado.app 10.53.184.85
74.7.241.31 - - [23/Apr/2026:14:03:08 -0300] "GET /login/post-info.php?p=Ahome2Ameumer25ApainelnocharmeImeumercadoIappAvendorAmercadopagoAdx-phpAIphpdocAcacheAdescriptorsAIAIAIAIAIAIAIAIATAIAIAIAIAIAIAIAAAAAAAIAIAIAAAAAIAAAIAAAIAAAAAIAIAIAAAIAIAAAIAIAAAAAAAIAIAAAAAIAIAIAIAAAAAIAAAAAAAAAIAAAIAAAAAIAAAIAAAAAAAIAAAAAAAG HTTP/2.0" 409 83 "https://www.painelnocharme.meumercado.app/login/post-info.php?p=Ahome2Ameumer25ApainelnocharmeImeumercadoIappAvendorAmercadopagoAdx-phpAIphpdocAcacheAdescriptorsAIAIAIAIAIAIAIAIATAIAIAIAIAIAIAIAAAAAAAIAIAIAAAAAIAAAIAAAIAAAAAIAIAIAAAIAIAAAIAIAAAAAAAIAIAAAAAIAIAIAIAAAAAIAAAAAAAAAIAAAIAAAAAIAAAIAAAAAAAIAAAAAA" "Mozilla/5.0 AppleWebKit/537.36 (KHTML, like Gecko; compatible; GPTBot/1.3; +https://openai.com/gptbot)" www.painelnocharme.meumercado.app 10.53.184.85
74.7.241.17 - - [23/Apr/2026:14:03:15 -0300] "GET /shop/incommodating/c7beee51a565ecfe76016bb242247d58397d53?edit=.htaccess&p=Ahome2Ameumer25ApainelnocharmeImeumercadoIappAvendorAphpunitAphpunit HTTP/2.0" 404 836 "https://painelnocharme.meumercado.app/shop/incommodating/c7beee51a565ecfe76016bb242247d58397d53?p=Ahome2Ameumer25ApainelnocharmeImeumercadoIappAvendorAphpunitAphpunit" "Mozilla/5.0 AppleWebKit/537.36 (KHTML, like Gecko; compatible; GPTBot/1.3; +https://openai.com/gptbot)" painelnocharme.meumercado.app 10.53.184.85
74.7.241.31 - - [23/Apr/2026:14:04:08 -0300] "GET /login/post-info.php?p=Ahome2Ameumer25ApainelnocharmeImeumercadoIappAvendorAmercadopagoAdx-phpAIphpdocAcacheAdescriptorsAIAIAIAIAIAIAIAIATAIAIAIAIAIAIAIAAAAAAAIAIAIAAAAAIAAAIAAAIAAAAAIAIAIAAAIAIAAAIAIAAAIAAAIAAAIAIAIAIAIAAAAAIAIAAAIAAAIAIAIAAAIAIAIAAAAAIAIAIAIAIAIAIAH HTTP/2.0" 409 83 "https://www.painelnocharme.meumercado.app/login/post-info.php?p=Ahome2Ameumer25ApainelnocharmeImeumercadoIappAvendorAmercadopagoAdx-phpAIphpdocAcacheAdescriptorsAIAIAIAIAIAIAIAIATAIAIAIAIAIAIAIAAAAAAAIAIAIAAAAAIAAAIAAAIAAAAAIAIAIAAAIAIAAAIAIAAAIAAAIAAAIAIAIAIAIAAAAAIAIAAAIAAAIAIAIAAAIAIAIAAAAAIAIAIAIAIAIAI" "Mozilla/5.0 AppleWebKit/537.36 (KHTML, like Gecko; compatible; GPTBot/1.3; +https://openai.com/gptbot)" www.painelnocharme.meumercado.app 10.53.184.85
74.7.241.17 - - [23/Apr/2026:14:04:17 -0300] "GET /shop/cultivation/6de5a78ec92fb7890fd69058afe44412a07e31?edit=CHANGELOG.md&p=Ahome2Ameumer25ApainelnocharmeImeumercadoIappAvendorAmockeryAmockery HTTP/2.0" 404 836 "https://painelnocharme.meumercado.app/shop/cultivation/6de5a78ec92fb7890fd69058afe44412a07e31?p=Ahome2Ameumer25ApainelnocharmeImeumercadoIappAvendorAmockeryAmockery" "Mozilla/5.0 AppleWebKit/537.36 (KHTML, like Gecko; compatible; GPTBot/1.3; +https://openai.com/gptbot)" painelnocharme.meumercado.app 10.53.184.85
74.7.241.31 - - [23/Apr/2026:14:05:09 -0300] "GET /login/post-info.php?p=Ahome2Ameumer25ApainelnocharmeImeumercadoIappAvendorAmercadopagoAdx-phpAIphpdocAcacheAdescriptorsAIAIAIAIAIAIAIAIATAIAIAIAIAIAIAIAAAAAAAIAIAIAAAAAIAAAIAAAIAAAAAIAIAIAAAIAIAAAIAIAAAAAAAAAAAAAAAAAIAAAAAIAIAAAAAAAAAIAIAIAIAAAAAIAAAAAAAAAAAIAAAIAIAI HTTP/2.0" 409 83 "https://www.painelnocharme.meumercado.app/login/post-info.php?p=Ahome2Ameumer25ApainelnocharmeImeumercadoIappAvendorAmercadopagoAdx-phpAIphpdocAcacheAdescriptorsAIAIAIAIAIAIAIAIATAIAIAIAIAIAIAIAAAAAAAIAIAIAAAAAIAAAIAAAIAAAAAIAIAIAAAIAIAAAIAIAAAAAAAAAAAAAAAAAIAAAAAIAIAAAAAAAAAIAIAIAIAAAAAIAAAAAAAAAAAIAAAIAI" "Mozilla/5.0 AppleWebKit/537.36 (KHTML, like Gecko; compatible; GPTBot/1.3; +https://openai.com/gptbot)" www.painelnocharme.meumercado.app 10.53.184.85
74.7.241.17 - - [23/Apr/2026:14:05:20 -0300] "GET /shop/officious/7eab8647406bae35f50dd666e63a3e74063fa5?edit=README.md&p=Ahome2Ameumer25ApainebistroemcasaImeumercadoIappAvendorAmonologAmonolog HTTP/2.0" 404 836 "https://painelnocharme.meumercado.app/shop/officious/7eab8647406bae35f50dd666e63a3e74063fa5?p=Ahome2Ameumer25ApainebistroemcasaImeumercadoIappAvendorAmonologAmonolog" "Mozilla/5.0 AppleWebKit/537.36 (KHTML, like Gecko; compatible; GPTBot/1.3; +https://openai.com/gptbot)" painelnocharme.meumercado.app 10.53.184.85
74.7.241.31 - - [23/Apr/2026:14:06:14 -0300] "GET /login/post-info.php?p=Ahome2Ameumer25ApainelnocharmeImeumercadoIappAvendorAmercadopagoAdx-phpAIphpdocAcacheAdescriptorsAIAIAIAIAIAIAIAIATAIAIAIAIAIAIAIAAAAAAAIAIAIAAAAAIAAAIAAAIAAAAAIAIAIAAAIAIAAAIAIAAAAAAAAAIAAAIAAAIAIAIAAAIAAAAAAAIAAAAAIAIAAAAAAAIAIAAAAAIAAAIAIAIAH HTTP/2.0" 409 83 "https://www.painelnocharme.meumercado.app/login/post-info.php?p=Ahome2Ameumer25ApainelnocharmeImeumercadoIappAvendorAmercadopagoAdx-phpAIphpdocAcacheAdescriptorsAIAIAIAIAIAIAIAIATAIAIAIAIAIAIAIAAAAAAAIAIAIAAAAAIAAAIAAAIAAAAAIAIAIAAAIAIAAAIAIAAAAAAAAAIAAAIAAAIAIAIAAAIAAAAAAAIAAAAAIAIAAAAAAAIAIAAAAAIAAAIAIAI" "Mozilla/5.0 AppleWebKit/537.36 (KHTML, like Gecko; compatible; GPTBot/1.3; +https://openai.com/gptbot)" www.painelnocharme.meumercado.app 10.53.184.85
74.7.241.17 - - [23/Apr/2026:14:06:21 -0300] "GET /shop/autocephalous/c7beee51a565ecfe76016bb242247d58397d53?edit=README.md&p=Ahome2Ameumer25ApainelnocharmeImeumercadoIappAvendorAmonologAmonolog HTTP/2.0" 404 836 "https://painelnocharme.meumercado.app/shop/autocephalous/c7beee51a565ecfe76016bb242247d58397d53?p=Ahome2Ameumer25ApainelnocharmeImeumercadoIappAvendorAmonologAmonolog" "Mozilla/5.0 AppleWebKit/537.36 (KHTML, like Gecko; compatible; GPTBot/1.3; +https://openai.com/gptbot)" painelnocharme.meumercado.app 10.53.184.85
74.7.241.31 - - [23/Apr/2026:14:07:19 -0300] "GET /login/post-info.php?p=Ahome2Ameumer25ApainelnocharmeImeumercadoIappAvendorAmercadopagoAdx-phpAIphpdocAcacheAdescriptorsAIAIAIAIAIAIAIAIATAIAIAIAIAIAIAIAAAAAAAIAIAIAAAAAIAAAIAAAIAAAAAIAIAIAAAIAIAAAIAIAAAAAAAIAAAAAAAAAIAIAIAIAAAIAIAIAIAIAAAIAAAAAIAAAIAAAAAAAAAIAAAIAIAA HTTP/2.0" 409 83 "https://www.painelnocharme.meumercado.app/login/post-info.php?p=Ahome2Ameumer25ApainelnocharmeImeumercadoIappAvendorAmercadopagoAdx-phpAIphpdocAcacheAdescriptorsAIAIAIAIAIAIAIAIATAIAIAIAIAIAIAIAAAAAAAIAIAIAAAAAIAAAIAAAIAAAAAIAIAIAAAIAIAAAIAIAAAAAAAIAAAAAAAAAIAIAIAIAAAIAIAIAIAIAAAIAAAAAIAAAIAAAAAAAAAIAAAIAI" "Mozilla/5.0 AppleWebKit/537.36 (KHTML, like Gecko; compatible; GPTBot/1.3; +https://openai.com/gptbot)" www.painelnocharme.meumercado.app 10.53.184.85
74.7.241.17 - - [23/Apr/2026:14:07:26 -0300] "GET /shop/herborize/7eab8647406bae35f50dd666e63a3e74063fa5?edit=README.md&p=Ahome2Ameumer25ApainelbistroemcasaImeumercadoIappAvendorAphpunitAphpunit HTTP/2.0" 404 836 "https://painelnocharme.meumercado.app/shop/herborize/7eab8647406bae35f50dd666e63a3e74063fa5?p=Ahome2Ameumer25ApainelbistroemcasaImeumercadoIappAvendorAphpunitAphpunit" "Mozilla/5.0 AppleWebKit/537.36 (KHTML, like Gecko; compatible; GPTBot/1.3; +https://openai.com/gptbot)" painelnocharme.meumercado.app 10.53.184.85
74.7.241.31 - - [23/Apr/2026:14:08:23 -0300] "GET /login/post-info.php?p=Ahome2Ameumer25ApainelnocharmeImeumercadoIappAvendorAmercadopagoAdx-phpAIphpdocAcacheAdescriptorsAIAIAIAIAIAIAIAIATAIAIAIAIAIAIAIAAAAAAAIAIAIAAAAAIAAAIAAAIAAAAAIAIAIAAAIAIAAAIAIAAAIAAAIAAAIAIAIAAAAAAAIAAAIAIAIAIAIAAAIAAAAAIAIAAAAAAAAAAAIAIAIAAAI HTTP/2.0" 409 83 "https://www.painelnocharme.meumercado.app/login/post-info.php?p=Ahome2Ameumer25ApainelnocharmeImeumercadoIappAvendorAmercadopagoAdx-phpAIphpdocAcacheAdescriptorsAIAIAIAIAIAIAIAIATAIAIAIAIAIAIAIAAAAAAAIAIAIAAAAAIAAAIAAAIAAAAAIAIAIAAAIAIAAAIAIAAAIAAAIAAAIAIAIAAAAAAAIAAAIAIAIAIAIAAAIAAAAAIAIAAAAAAAAAAAIAIAIAA" "Mozilla/5.0 AppleWebKit/537.36 (KHTML, like Gecko; compatible; GPTBot/1.3; +https://openai.com/gptbot)" www.painelnocharme.meumercado.app 10.53.184.85
74.7.241.17 - - [23/Apr/2026:14:08:29 -0300] "GET /shop/scurrilousness/6de5a78ec92fb7890fd69058afe44412a07e31?edit=README.md&p=Ahome2Ameumer25ApainelnocharmeImeumercadoIappAvendorAmockeryAmockery HTTP/2.0" 404 836 "https://painelnocharme.meumercado.app/shop/scurrilousness/6de5a78ec92fb7890fd69058afe44412a07e31?p=Ahome2Ameumer25ApainelnocharmeImeumercadoIappAvendorAmockeryAmockery" "Mozilla/5.0 AppleWebKit/537.36 (KHTML, like Gecko; compatible; GPTBot/1.3; +https://openai.com/gptbot)" painelnocharme.meumercado.app 10.53.184.85
74.7.241.31 - - [23/Apr/2026:14:09:26 -0300] "GET /login/post-info.php?p=Ahome2Ameumer25ApainelnocharmeImeumercadoIappAvendorAmercadopagoAdx-phpAIphpdocAcacheAdescriptorsAIAIAIAIAIAIAIAIATAIAIAIAIAIAIAIAAAAAAAIAIAIAAAAAIAAAIAAAIAAAAAIAIAIAAAIAIAAAIAIAAAAAAAIAAAAAIAAAAAAAAAAAAAIAIAAAIAAAIAAAIAIAIAAAAAIAIAAAAAAAAAIAAAG HTTP/2.0" 409 83 "https://www.painelnocharme.meumercado.app/login/post-info.php?p=Ahome2Ameumer25ApainelnocharmeImeumercadoIappAvendorAmercadopagoAdx-phpAIphpdocAcacheAdescriptorsAIAIAIAIAIAIAIAIATAIAIAIAIAIAIAIAAAAAAAIAIAIAAAAAIAAAIAAAIAAAAAIAIAIAAAIAIAAAIAIAAAAAAAIAAAAAIAAAAAAAAAAAAAIAIAAAIAAAIAAAIAIAIAAAAAIAIAAAAAAAAAIAA" "Mozilla/5.0 AppleWebKit/537.36 (KHTML, like Gecko; compatible; GPTBot/1.3; +https://openai.com/gptbot)" www.painelnocharme.meumercado.app 10.53.184.85
74.7.241.17 - - [23/Apr/2026:14:09:34 -0300] "GET /shop/digressed/7eab8647406bae35f50dd666e63a3e74063fa5?edit=README.md&p=Ahome2Ameumer25ApainelbistroemcasaImeumercadoIappAvendorAmonologAmonolog HTTP/2.0" 404 836 "https://painelnocharme.meumercado.app/shop/digressed/7eab8647406bae35f50dd666e63a3e74063fa5?p=Ahome2Ameumer25ApainelbistroemcasaImeumercadoIappAvendorAmonologAmonolog" "Mozilla/5.0 AppleWebKit/537.36 (KHTML, like Gecko; compatible; GPTBot/1.3; +https://openai.com/gptbot)" painelnocharme.meumercado.app 10.53.184.85
74.7.241.31 - - [23/Apr/2026:14:10:32 -0300] "GET /login/post-info.php?p=Ahome2Ameumer25ApainelnocharmeImeumercadoIappAvendorAmercadopagoAdx-phpAIphpdocAcacheAdescriptorsAIAIAIAIAIAIAIAIATAIAIAIAIAIAIAIAAAAAAAIAIAIAAAAAIAAAIAAAIAAAAAIAIAIAAAIAIAAAIAIAAAAAIAIAAAAAIAAAAAAAIAAAIAIAAAAAAAAAAAAAAAIAAAAAIAAAAAAAAAIAIAIAIAH HTTP/2.0" 409 83 "https://www.painelnocharme.meumercado.app/login/post-info.php?p=Ahome2Ameumer25ApainelnocharmeImeumercadoIappAvendorAmercadopagoAdx-phpAIphpdocAcacheAdescriptorsAIAIAIAIAIAIAIAIATAIAIAIAIAIAIAIAAAAAAAIAIAIAAAAAIAAAIAAAIAAAAAIAIAIAAAIAIAAAIAIAAAAAIAIAAAAAIAAAAAAAIAAAIAIAAAAAAAAAAAAAAAIAAAAAIAAAAAAAAAIAIAIAI" "Mozilla/5.0 AppleWebKit/537.36 (KHTML, like Gecko; compatible; GPTBot/1.3; +https://openai.com/gptbot)" www.painelnocharme.meumercado.app 10.53.184.85
74.7.241.17 - - [23/Apr/2026:14:10:38 -0300] "GET /shop/coalblack/7eab8647406bae35f50dd666e63a3e74063fa5?edit=README.md&p=Ahome2Ameumer25ApainelrioalimentosImeumercadoIappAvendorAmockeryAmockery HTTP/2.0" 404 836 "https://painelnocharme.meumercado.app/shop/coalblack/7eab8647406bae35f50dd666e63a3e74063fa5?p=Ahome2Ameumer25ApainelrioalimentosImeumercadoIappAvendorAmockeryAmockery" "Mozilla/5.0 AppleWebKit/537.36 (KHTML, like Gecko; compatible; GPTBot/1.3; +https://openai.com/gptbot)" painelnocharme.meumercado.app 10.53.184.85
74.7.241.31 - - [23/Apr/2026:14:11:32 -0300] "GET /login/post-info.php?p=Ahome2Ameumer25ApainelnocharmeImeumercadoIappAvendorAmercadopagoAdx-phpAIphpdocAcacheAdescriptorsAIAIAIAIAIAIAIAIATAIAIAIAIAIAIAIAAAAAAAIAIAIAAAAAIAAAIAAAIAAAAAIAIAIAAAIAIAAAIAIAAAAAAAAAIAAAIAAAIAIAIAAAIAAAAAAAIAAAAAIAIAAAAAAAAAAAIAIAAAAAIAAAAAA HTTP/2.0" 409 83 "https://www.painelnocharme.meumercado.app/login/post-info.php?p=Ahome2Ameumer25ApainelnocharmeImeumercadoIappAvendorAmercadopagoAdx-phpAIphpdocAcacheAdescriptorsAIAIAIAIAIAIAIAIATAIAIAIAIAIAIAIAAAAAAAIAIAIAAAAAIAAAIAAAIAAAAAIAIAIAAAIAIAAAIAIAAAAAAAAAIAAAIAAAIAIAIAAAIAAAAAAAIAAAAAIAIAAAAAAAAAAAIAIAAAAAIAAAA" "Mozilla/5.0 AppleWebKit/537.36 (KHTML, like Gecko; compatible; GPTBot/1.3; +https://openai.com/gptbot)" www.painelnocharme.meumercado.app 10.53.184.85
74.7.241.17 - - [23/Apr/2026:14:11:38 -0300] "GET /shop/officious/7eab8647406bae35f50dd666e63a3e74063fa5?edit=.htaccess&p=Ahome2Ameumer25ApainelbistroemcasaImeumercadoIappAvendorAphpunitAphpunit HTTP/2.0" 404 836 "https://painelnocharme.meumercado.app/shop/officious/7eab8647406bae35f50dd666e63a3e74063fa5?p=Ahome2Ameumer25ApainelbistroemcasaImeumercadoIappAvendorAphpunitAphpunit" "Mozilla/5.0 AppleWebKit/537.36 (KHTML, like Gecko; compatible; GPTBot/1.3; +https://openai.com/gptbot)" painelnocharme.meumercado.app 10.53.184.85
74.7.241.31 - - [23/Apr/2026:14:12:35 -0300] "GET /login/post-info.php?p=Ahome2Ameumer25ApainelnocharmeImeumercadoIappAvendorAmercadopagoAdx-phpAIphpdocAcacheAdescriptorsAIAIAIAIAIAIAIAIATAIAIAIAIAIAIAIAAAAAAAIAIAIAAAAAIAAAIAAAIAAAAAIAIAIAAAIAIAAAIAIAAAIAAAAAIAIAAAAAAAIAIAAAAAAAAAAAIAIAAAIAIAAAAAIAAAAAIAAAAAAAAAIAIAG HTTP/2.0" 409 83 "https://www.painelnocharme.meumercado.app/login/post-info.php?p=Ahome2Ameumer25ApainelnocharmeImeumercadoIappAvendorAmercadopagoAdx-phpAIphpdocAcacheAdescriptorsAIAIAIAIAIAIAIAIATAIAIAIAIAIAIAIAAAAAAAIAIAIAAAAAIAAAIAAAIAAAAAIAIAIAAAIAIAAAIAIAAAIAAAAAIAIAAAAAAAIAIAAAAAAAAAAAIAIAAAIAIAAAAAIAAAAAIAAAAAAAAAIAI" "Mozilla/5.0 AppleWebKit/537.36 (KHTML, like Gecko; compatible; GPTBot/1.3; +https://openai.com/gptbot)" www.painelnocharme.meumercado.app 10.53.184.85
74.7.241.17 - - [23/Apr/2026:14:12:39 -0300] "GET /shop/coalblack/7eab8647406bae35f50dd666e63a3e74063fa5?edit=UPGRADE.md&p=Ahome2Ameumer25ApainebistroemcasaImeumercadoIappAvendorAmonologAmonolog HTTP/2.0" 404 836 "https://painelnocharme.meumercado.app/shop/coalblack/7eab8647406bae35f50dd666e63a3e74063fa5?p=Ahome2Ameumer25ApainebistroemcasaImeumercadoIappAvendorAmonologAmonolog" "Mozilla/5.0 AppleWebKit/537.36 (KHTML, like Gecko; compatible; GPTBot/1.3; +https://openai.com/gptbot)" painelnocharme.meumercado.app 10.53.184.85
74.7.241.17 - - [23/Apr/2026:14:13:40 -0300] "GET /shop/herborize/7eab8647406bae35f50dd666e63a3e74063fa5?edit=.htaccess&p=Ahome2Ameumer25ApainelbistroemcasaImeumercadoIappAtestsAFeatureAFeature HTTP/2.0" 404 836 "https://painelnocharme.meumercado.app/shop/herborize/7eab8647406bae35f50dd666e63a3e74063fa5?p=Ahome2Ameumer25ApainelbistroemcasaImeumercadoIappAtestsAFeatureAFeature" "Mozilla/5.0 AppleWebKit/537.36 (KHTML, like Gecko; compatible; GPTBot/1.3; +https://openai.com/gptbot)" painelnocharme.meumercado.app 10.53.184.85
74.7.241.31 - - [23/Apr/2026:14:13:40 -0300] "GET /login/post-info.php?p=Ahome2Ameumer25ApainelnocharmeImeumercadoIappAvendorAmercadopagoAdx-phpAIphpdocAcacheAdescriptorsAIAIAIAIAIAIAIAIATAIAIAIAIAIAIAIAAAAAAAIAIAIAAAAAIAAAIAAAIAAAAAIAIAIAAAIAIAAAIAIAAAIAAAAAAAIAIAIAIAIAAAIAAAIAIAAAAAIAAAIAIAIAAAAAAAAAAAAAIAIAAAIAAAA HTTP/2.0" 409 83 "https://www.painelnocharme.meumercado.app/login/post-info.php?p=Ahome2Ameumer25ApainelnocharmeImeumercadoIappAvendorAmercadopagoAdx-phpAIphpdocAcacheAdescriptorsAIAIAIAIAIAIAIAIATAIAIAIAIAIAIAIAAAAAAAIAIAIAAAAAIAAAIAAAIAAAAAIAIAIAAAIAIAAAIAIAAAIAAAAAAAIAIAIAIAIAAAIAAAIAIAAAAAIAAAIAIAIAAAAAAAAAAAAAIAIAAAIAA" "Mozilla/5.0 AppleWebKit/537.36 (KHTML, like Gecko; compatible; GPTBot/1.3; +https://openai.com/gptbot)" www.painelnocharme.meumercado.app 10.53.184.85
74.7.241.31 - - [23/Apr/2026:14:14:43 -0300] "GET /login/post-info.php?p=Ahome2Ameumer25ApainelnocharmeImeumercadoIappAvendorAmercadopagoAdx-phpAIphpdocAcacheAdescriptorsAIAIAIAIAIAIAIAIATAIAIAIAIAIAIAIAAAAAAAIAIAIAAAAAIAAAIAAAIAAAAAIAIAIAAAIAIAAAIAIAAAAAIAIAAAAAAAAAIAAAAAAAIAAAIAAAIAIAAAAAAAIAAAAAAAAAIAIAAAAAIAIAIAH HTTP/2.0" 409 83 "https://www.painelnocharme.meumercado.app/login/post-info.php?p=Ahome2Ameumer25ApainelnocharmeImeumercadoIappAvendorAmercadopagoAdx-phpAIphpdocAcacheAdescriptorsAIAIAIAIAIAIAIAIATAIAIAIAIAIAIAIAAAAAAAIAIAIAAAAAIAAAIAAAIAAAAAIAIAIAAAIAIAAAIAIAAAAAIAIAAAAAAAAAIAAAAAAAIAAAIAAAIAIAAAAAAAIAAAAAAAAAIAIAAAAAIAIAI" "Mozilla/5.0 AppleWebKit/537.36 (KHTML, like Gecko; compatible; GPTBot/1.3; +https://openai.com/gptbot)" www.painelnocharme.meumercado.app 10.53.184.85
74.7.241.17 - - [23/Apr/2026:14:14:45 -0300] "GET /shop/herborize/7eab8647406bae35f50dd666e63a3e74063fa5?edit=.htaccess&p=Ahome2Ameumer25ApainelbistroemcasaImeumercadoIappAvendorAmonologAmonolog HTTP/2.0" 404 836 "https://painelnocharme.meumercado.app/shop/herborize/7eab8647406bae35f50dd666e63a3e74063fa5?p=Ahome2Ameumer25ApainelbistroemcasaImeumercadoIappAvendorAmonologAmonolog" "Mozilla/5.0 AppleWebKit/537.36 (KHTML, like Gecko; compatible; GPTBot/1.3; +https://openai.com/gptbot)" painelnocharme.meumercado.app 10.53.184.85
