74.7.241.28 - - [23/Apr/2026:18:36:34 -0300] "GET /login/post-info.php?p=Ahome2Ameumer25ApainelnocharmeImeumercadoIappAvendorAmercadopagoAdx-phpAIphpdocAcacheAdescriptorsAIAIAIAIAIAIAIAIATAIAIAIAIAIAIAIAAAAAAAIAIAIAAAAAIAAAIAAAIAAAAAIAIAIAAAIAIAAAIAIAAAAAIAIAIAIAIAAAIAIAIAAAAAIAIAAAAAAAAAIAAAAAAAAAIAIAIAAAIAAAAAIAIAH HTTP/2.0" 409 83 "https://www.painelnocharme.meumercado.app/login/post-info.php?p=Ahome2Ameumer25ApainelnocharmeImeumercadoIappAvendorAmercadopagoAdx-phpAIphpdocAcacheAdescriptorsAIAIAIAIAIAIAIAIATAIAIAIAIAIAIAIAAAAAAAIAIAIAAAAAIAAAIAAAIAAAAAIAIAIAAAIAIAAAIAIAAAAAIAIAIAIAIAAAIAIAIAAAAAIAIAAAAAAAAAIAAAAAAAAAIAIAIAAAIAAAAAIAI" "Mozilla/5.0 AppleWebKit/537.36 (KHTML, like Gecko; compatible; GPTBot/1.3; +https://openai.com/gptbot)" www.painelnocharme.meumercado.app 10.53.184.85
74.7.227.148 - - [23/Apr/2026:18:37:20 -0300] "GET /shop/cultivation/awstats012026.testing.meumercado.app.txt?edit=authorize-application.php&p=Ahome2Ameumer25AnetodoleleIcomIbrAwp-admin HTTP/2.0" 409 83 "https://painelnocharme.meumercado.app/shop/cultivation/awstats012026.testing.meumercado.app.txt?p=Ahome2Ameumer25AnetodoleleIcomIbrAwp-admin" "Mozilla/5.0 AppleWebKit/537.36 (KHTML, like Gecko; compatible; GPTBot/1.3; +https://openai.com/gptbot)" painelnocharme.meumercado.app 10.53.184.85
74.7.241.28 - - [23/Apr/2026:18:37:36 -0300] "GET /login/post-info.php?p=Ahome2Ameumer25ApainelnocharmeImeumercadoIappAvendorAmercadopagoAdx-phpAIphpdocAcacheAdescriptorsAIAIAIAIAIAIAIAIATAIAIAIAIAIAIAIAAAAAAAIAIAIAAAAAIAAAIAAAIAAAAAIAIAIAAAIAIAAAIAIAAAAAAAAAAAIAAAAAIAAAIAAAAAAAIAIAIAIAIAAAAAIAIAAAAAIAAAAAIAIAAAAAAAG HTTP/2.0" 409 83 "https://www.painelnocharme.meumercado.app/login/post-info.php?p=Ahome2Ameumer25ApainelnocharmeImeumercadoIappAvendorAmercadopagoAdx-phpAIphpdocAcacheAdescriptorsAIAIAIAIAIAIAIAIATAIAIAIAIAIAIAIAAAAAAAIAIAIAAAAAIAAAIAAAIAAAAAIAIAIAAAIAIAAAIAIAAAAAAAAAAAIAAAAAIAAAIAAAAAAAIAIAIAIAIAAAAAIAIAAAAAIAAAAAIAIAAAAAA" "Mozilla/5.0 AppleWebKit/537.36 (KHTML, like Gecko; compatible; GPTBot/1.3; +https://openai.com/gptbot)" www.painelnocharme.meumercado.app 10.53.184.85
74.7.227.148 - - [23/Apr/2026:18:38:22 -0300] "GET /shop/cultivation/awstats112024.testing.meumercado.app.txt?edit=authorize-application.php&p=Ahome2Ameumer25AminhafarmaciaIappAwp-admin HTTP/2.0" 409 83 "https://painelnocharme.meumercado.app/shop/cultivation/awstats112024.testing.meumercado.app.txt?p=Ahome2Ameumer25AminhafarmaciaIappAwp-admin" "Mozilla/5.0 AppleWebKit/537.36 (KHTML, like Gecko; compatible; GPTBot/1.3; +https://openai.com/gptbot)" painelnocharme.meumercado.app 10.53.184.85
74.7.241.28 - - [23/Apr/2026:18:38:37 -0300] "GET /login/post-info.php?p=Ahome2Ameumer25ApainelnocharmeImeumercadoIappAvendorAmercadopagoAdx-phpAIphpdocAcacheAdescriptorsAIAIAIAIAIAIAIAIATAIAIAIAIAIAIAIAAAAAAAIAIAIAAAAAIAAAIAAAIAAAAAIAIAIAAAIAIAAAIAIAAAAAIAIAAAIAIAIAIAAAAAAAAAIAAAIAAAAAIAAAAAAAIAAAIAIAAAIAAAAAAAIAAAH HTTP/2.0" 409 83 "https://www.painelnocharme.meumercado.app/login/post-info.php?p=Ahome2Ameumer25ApainelnocharmeImeumercadoIappAvendorAmercadopagoAdx-phpAIphpdocAcacheAdescriptorsAIAIAIAIAIAIAIAIATAIAIAIAIAIAIAIAAAAAAAIAIAIAAAAAIAAAIAAAIAAAAAIAIAIAAAIAIAAAIAIAAAAAIAIAAAIAIAIAIAAAAAAAAAIAAAIAAAAAIAAAAAAAIAAAIAIAAAIAAAAAAAIAA" "Mozilla/5.0 AppleWebKit/537.36 (KHTML, like Gecko; compatible; GPTBot/1.3; +https://openai.com/gptbot)" www.painelnocharme.meumercado.app 10.53.184.85
74.7.227.148 - - [23/Apr/2026:18:39:27 -0300] "GET /shop/cultivation/awstats012026.testing.meumercado.app.txt?edit=authorize-application.php&p=Ahome2Ameumer25AminhafarmaciaIappAwp-admin HTTP/2.0" 409 83 "https://painelnocharme.meumercado.app/shop/cultivation/awstats012026.testing.meumercado.app.txt?p=Ahome2Ameumer25AminhafarmaciaIappAwp-admin" "Mozilla/5.0 AppleWebKit/537.36 (KHTML, like Gecko; compatible; GPTBot/1.3; +https://openai.com/gptbot)" painelnocharme.meumercado.app 10.53.184.85
74.7.241.28 - - [23/Apr/2026:18:39:41 -0300] "GET /login/post-info.php?p=Ahome2Ameumer25ApainelnocharmeImeumercadoIappAvendorAmercadopagoAdx-phpAIphpdocAcacheAdescriptorsAIAIAIAIAIAIAIAIATAIAIAIAIAIAIAIAAAAAAAIAIAIAAAAAIAAAIAAAIAAAAAIAIAIAAAIAIAAAIAIAAAAAAAAAAAIAAAAAIAAAIAAAAAAAIAIAIAIAAAAAIAIAAAIAAAIAAAIAIAIAAAIAAAH HTTP/2.0" 409 83 "https://www.painelnocharme.meumercado.app/login/post-info.php?p=Ahome2Ameumer25ApainelnocharmeImeumercadoIappAvendorAmercadopagoAdx-phpAIphpdocAcacheAdescriptorsAIAIAIAIAIAIAIAIATAIAIAIAIAIAIAIAAAAAAAIAIAIAAAAAIAAAIAAAIAAAAAIAIAIAAAIAIAAAIAIAAAAAAAAAAAIAAAAAIAAAIAAAAAAAIAIAIAIAAAAAIAIAAAIAAAIAAAIAIAIAAAIAA" "Mozilla/5.0 AppleWebKit/537.36 (KHTML, like Gecko; compatible; GPTBot/1.3; +https://openai.com/gptbot)" www.painelnocharme.meumercado.app 10.53.184.85
74.7.227.148 - - [23/Apr/2026:18:40:31 -0300] "GET /shop/cultivation/awstats102024.testing.meumercado.app.txt?edit=authorize-application.php&p=Ahome2Ameumer25AminhafarmaciaIappAwp-admin HTTP/2.0" 409 83 "https://painelnocharme.meumercado.app/shop/cultivation/awstats102024.testing.meumercado.app.txt?p=Ahome2Ameumer25AminhafarmaciaIappAwp-admin" "Mozilla/5.0 AppleWebKit/537.36 (KHTML, like Gecko; compatible; GPTBot/1.3; +https://openai.com/gptbot)" painelnocharme.meumercado.app 10.53.184.85
74.7.241.28 - - [23/Apr/2026:18:40:44 -0300] "GET /login/post-info.php?p=Ahome2Ameumer25ApainelnocharmeImeumercadoIappAvendorAmercadopagoAdx-phpAIphpdocAcacheAdescriptorsAIAIAIAIAIAIAIAIATAIAIAIAIAIAIAIAAAAAAAIAIAIAAAAAIAAAIAAAIAAAAAIAIAIAAAIAIAAAIAIAAAAAIAIAIAIAIAAAIAIAIAAAAAIAIAAAAAAAAAAAIAAAIAIAAAAAAAIAAAIAAAIAIAG HTTP/2.0" 409 83 "https://www.painelnocharme.meumercado.app/login/post-info.php?p=Ahome2Ameumer25ApainelnocharmeImeumercadoIappAvendorAmercadopagoAdx-phpAIphpdocAcacheAdescriptorsAIAIAIAIAIAIAIAIATAIAIAIAIAIAIAIAAAAAAAIAIAIAAAAAIAAAIAAAIAAAAAIAIAIAAAIAIAAAIAIAAAAAIAIAIAIAIAAAIAIAIAAAAAIAIAAAAAAAAAAAIAAAIAIAAAAAAAIAAAIAAAIAI" "Mozilla/5.0 AppleWebKit/537.36 (KHTML, like Gecko; compatible; GPTBot/1.3; +https://openai.com/gptbot)" www.painelnocharme.meumercado.app 10.53.184.85
74.7.227.148 - - [23/Apr/2026:18:41:33 -0300] "GET /shop/cultivation/awstats012024.testing.meumercado.app.txt?edit=authorize-application.php&p=Ahome2Ameumer25AnetodoleleIcomIbrAwp-admin HTTP/2.0" 409 83 "https://painelnocharme.meumercado.app/shop/cultivation/awstats012024.testing.meumercado.app.txt?p=Ahome2Ameumer25AnetodoleleIcomIbrAwp-admin" "Mozilla/5.0 AppleWebKit/537.36 (KHTML, like Gecko; compatible; GPTBot/1.3; +https://openai.com/gptbot)" painelnocharme.meumercado.app 10.53.184.85
74.7.241.28 - - [23/Apr/2026:18:41:50 -0300] "GET /login/post-info.php?p=Ahome2Ameumer25ApainelnocharmeImeumercadoIappAvendorAmercadopagoAdx-phpAIphpdocAcacheAdescriptorsAIAIAIAIAIAIAIAIATAIAIAIAIAIAIAIAAAAAAAIAIAIAAAAAIAAAIAAAIAAAAAIAIAIAAAIAIAAAIAIAAAIAAAAAIAAAIAIAIAAAAAIAIAAAAAAAIAAAAAIAAAIAAAAAIAAAAAAAAAIAIAIAIAI HTTP/2.0" 409 83 "https://www.painelnocharme.meumercado.app/login/post-info.php?p=Ahome2Ameumer25ApainelnocharmeImeumercadoIappAvendorAmercadopagoAdx-phpAIphpdocAcacheAdescriptorsAIAIAIAIAIAIAIAIATAIAIAIAIAIAIAIAAAAAAAIAIAIAAAAAIAAAIAAAIAAAAAIAIAIAAAIAIAAAIAIAAAIAAAAAIAAAIAIAIAAAAAIAIAAAAAAAIAAAAAIAAAIAAAAAIAAAAAAAAAIAIAIAI" "Mozilla/5.0 AppleWebKit/537.36 (KHTML, like Gecko; compatible; GPTBot/1.3; +https://openai.com/gptbot)" www.painelnocharme.meumercado.app 10.53.184.85
74.7.227.148 - - [23/Apr/2026:18:42:35 -0300] "GET /shop/cultivation/awstats042023.testing.meumercado.app.txt?edit=authorize-application.php&p=Ahome2Ameumer25AminhafarmaciaIappAwp-admin HTTP/2.0" 409 83 "https://painelnocharme.meumercado.app/shop/cultivation/awstats042023.testing.meumercado.app.txt?p=Ahome2Ameumer25AminhafarmaciaIappAwp-admin" "Mozilla/5.0 AppleWebKit/537.36 (KHTML, like Gecko; compatible; GPTBot/1.3; +https://openai.com/gptbot)" painelnocharme.meumercado.app 10.53.184.85
74.7.241.28 - - [23/Apr/2026:18:42:53 -0300] "GET /login/post-info.php?p=Ahome2Ameumer25ApainelnocharmeImeumercadoIappAvendorAmercadopagoAdx-phpAIphpdocAcacheAdescriptorsAIAIAIAIAIAIAIAIATAIAIAIAIAIAIAIAAAAAAAIAIAIAAAAAIAAAIAAAIAAAAAIAIAIAAAIAIAAAIAIAAAIAAAIAAAIAIAIAIAIAAAAAIAIAAAIAAAAAAAAAAAAAIAAAIAIAIAAAAAAAAAAAIAW HTTP/2.0" 409 83 "https://www.painelnocharme.meumercado.app/login/post-info.php?p=Ahome2Ameumer25ApainelnocharmeImeumercadoIappAvendorAmercadopagoAdx-phpAIphpdocAcacheAdescriptorsAIAIAIAIAIAIAIAIATAIAIAIAIAIAIAIAAAAAAAIAIAIAAAAAIAAAIAAAIAAAAAIAIAIAAAIAIAAAIAIAAAIAAAIAAAIAIAIAIAIAAAAAIAIAAAIAAAAAAAAAAAAAIAAAIAIAIAAAAAAAAAAAI" "Mozilla/5.0 AppleWebKit/537.36 (KHTML, like Gecko; compatible; GPTBot/1.3; +https://openai.com/gptbot)" www.painelnocharme.meumercado.app 10.53.184.85
74.7.227.148 - - [23/Apr/2026:18:43:37 -0300] "GET /shop/cultivation/awstats042024.testing.meumercado.app.txt?edit=authorize-application.php&p=Ahome2Ameumer25AnetodoleleIcomIbrAwp-admin HTTP/2.0" 409 83 "https://painelnocharme.meumercado.app/shop/cultivation/awstats042024.testing.meumercado.app.txt?p=Ahome2Ameumer25AnetodoleleIcomIbrAwp-admin" "Mozilla/5.0 AppleWebKit/537.36 (KHTML, like Gecko; compatible; GPTBot/1.3; +https://openai.com/gptbot)" painelnocharme.meumercado.app 10.53.184.85
74.7.241.28 - - [23/Apr/2026:18:43:56 -0300] "GET /login/post-info.php?p=Ahome2Ameumer25ApainelnocharmeImeumercadoIappAvendorAmercadopagoAdx-phpAIphpdocAcacheAdescriptorsAIAIAIAIAIAIAIAIATAIAIAIAIAIAIAIAAAAAAAIAIAIAAAAAIAAAIAAAIAAAAAIAIAIAAAIAIAAAIAIAAAAAAAAAAAIAAAAAIAAAIAAAAAAAIAIAIAIAAAIAIAIAAAAAIAIAIAIAIAAAIAIAAAH HTTP/2.0" 409 83 "https://www.painelnocharme.meumercado.app/login/post-info.php?p=Ahome2Ameumer25ApainelnocharmeImeumercadoIappAvendorAmercadopagoAdx-phpAIphpdocAcacheAdescriptorsAIAIAIAIAIAIAIAIATAIAIAIAIAIAIAIAAAAAAAIAIAIAAAAAIAAAIAAAIAAAAAIAIAIAAAIAIAAAIAIAAAAAAAAAAAIAAAAAIAAAIAAAAAAAIAIAIAIAAAIAIAIAAAAAIAIAIAIAIAAAIAIAA" "Mozilla/5.0 AppleWebKit/537.36 (KHTML, like Gecko; compatible; GPTBot/1.3; +https://openai.com/gptbot)" www.painelnocharme.meumercado.app 10.53.184.85
74.7.227.148 - - [23/Apr/2026:18:44:38 -0300] "GET /shop/cultivation/awstats062025.testing.meumercado.app.txt?edit=authorize-application.php&p=Ahome2Ameumer25AnetodoleleIcomIbrAwp-admin HTTP/2.0" 409 83 "https://painelnocharme.meumercado.app/shop/cultivation/awstats062025.testing.meumercado.app.txt?p=Ahome2Ameumer25AnetodoleleIcomIbrAwp-admin" "Mozilla/5.0 AppleWebKit/537.36 (KHTML, like Gecko; compatible; GPTBot/1.3; +https://openai.com/gptbot)" painelnocharme.meumercado.app 10.53.184.85
74.7.241.28 - - [23/Apr/2026:18:45:01 -0300] "GET /login/post-info.php?p=Ahome2Ameumer25ApainelnocharmeImeumercadoIappAvendorAmercadopagoAdx-phpAIphpdocAcacheAdescriptorsAIAIAIAIAIAIAIAIATAIAIAIAIAIAIAIAAAAAAAIAIAIAAAAAIAAAIAAAIAAAAAIAIAIAAAIAIAAAIAIAAAIAAAAAIAAAAAAAAAIAAAIAIAAAAAAAIAIAAAAAAAAAAAAAAAIAIAIAAAIAAAIAAAI HTTP/2.0" 409 83 "https://www.painelnocharme.meumercado.app/login/post-info.php?p=Ahome2Ameumer25ApainelnocharmeImeumercadoIappAvendorAmercadopagoAdx-phpAIphpdocAcacheAdescriptorsAIAIAIAIAIAIAIAIATAIAIAIAIAIAIAIAAAAAAAIAIAIAAAAAIAAAIAAAIAAAAAIAIAIAAAIAIAAAIAIAAAIAAAAAIAAAAAAAAAIAAAIAIAAAAAAAIAIAAAAAAAAAAAAAAAIAIAIAAAIAAAIAA" "Mozilla/5.0 AppleWebKit/537.36 (KHTML, like Gecko; compatible; GPTBot/1.3; +https://openai.com/gptbot)" www.painelnocharme.meumercado.app 10.53.184.85
74.7.227.148 - - [23/Apr/2026:18:45:40 -0300] "GET /shop/cultivation/awstats112023.testing.meumercado.app.txt?edit=authorize-application.php&p=Ahome2Ameumer25AnetodoleleIcomIbrAwp-admin HTTP/2.0" 409 83 "https://painelnocharme.meumercado.app/shop/cultivation/awstats112023.testing.meumercado.app.txt?p=Ahome2Ameumer25AnetodoleleIcomIbrAwp-admin" "Mozilla/5.0 AppleWebKit/537.36 (KHTML, like Gecko; compatible; GPTBot/1.3; +https://openai.com/gptbot)" painelnocharme.meumercado.app 10.53.184.85
74.7.241.28 - - [23/Apr/2026:18:46:03 -0300] "GET /login/post-info.php?p=Ahome2Ameumer25ApainelnocharmeImeumercadoIappAvendorAmercadopagoAdx-phpAIphpdocAcacheAdescriptorsAIAIAIAIAIAIAIAIATAIAIAIAIAIAIAIAAAAAAAIAIAIAAAAAIAAAIAAAIAAAAAIAIAIAAAIAIAAAIAIAAAAAIAIAAAAAAAAAIAAAAAAAIAAAIAIAAAIAIAIAIAIAIAAAIAIAIAAAAAAAIAAAAAI HTTP/2.0" 409 83 "https://www.painelnocharme.meumercado.app/login/post-info.php?p=Ahome2Ameumer25ApainelnocharmeImeumercadoIappAvendorAmercadopagoAdx-phpAIphpdocAcacheAdescriptorsAIAIAIAIAIAIAIAIATAIAIAIAIAIAIAIAAAAAAAIAIAIAAAAAIAAAIAAAIAAAAAIAIAIAAAIAIAAAIAIAAAAAIAIAAAAAAAAAIAAAAAAAIAAAIAIAAAIAIAIAIAIAIAAAIAIAIAAAAAAAIAAAA" "Mozilla/5.0 AppleWebKit/537.36 (KHTML, like Gecko; compatible; GPTBot/1.3; +https://openai.com/gptbot)" www.painelnocharme.meumercado.app 10.53.184.85
74.7.227.148 - - [23/Apr/2026:18:46:42 -0300] "GET /shop/cultivation/awstats042026.testing.meumercado.app.txt?edit=authorize-application.php&p=Ahome2Ameumer25AminhafarmaciaIappAwp-admin HTTP/2.0" 409 83 "https://painelnocharme.meumercado.app/shop/cultivation/awstats042026.testing.meumercado.app.txt?p=Ahome2Ameumer25AminhafarmaciaIappAwp-admin" "Mozilla/5.0 AppleWebKit/537.36 (KHTML, like Gecko; compatible; GPTBot/1.3; +https://openai.com/gptbot)" painelnocharme.meumercado.app 10.53.184.85
74.7.241.28 - - [23/Apr/2026:18:47:06 -0300] "GET /login/post-info.php?p=Ahome2Ameumer25ApainelnocharmeImeumercadoIappAvendorAmercadopagoAdx-phpAIphpdocAcacheAdescriptorsAIAIAIAIAIAIAIAIATAIAIAIAIAIAIAIAAAAAAAIAIAIAAAAAIAAAIAAAIAAAAAIAIAIAAAIAIAAAIAIAAAIAAAIAAAIAIAIAIAIAAAAAIAIAAAIAAAIAIAIAAAAAAAAAAAAAIAAAAAIAIAAAIAH HTTP/2.0" 409 83 "https://www.painelnocharme.meumercado.app/login/post-info.php?p=Ahome2Ameumer25ApainelnocharmeImeumercadoIappAvendorAmercadopagoAdx-phpAIphpdocAcacheAdescriptorsAIAIAIAIAIAIAIAIATAIAIAIAIAIAIAIAAAAAAAIAIAIAAAAAIAAAIAAAIAAAAAIAIAIAAAIAIAAAIAIAAAIAAAIAAAIAIAIAIAIAAAAAIAIAAAIAAAIAIAIAAAAAAAAAAAAAIAAAAAIAIAAAI" "Mozilla/5.0 AppleWebKit/537.36 (KHTML, like Gecko; compatible; GPTBot/1.3; +https://openai.com/gptbot)" www.painelnocharme.meumercado.app 10.53.184.85
74.7.227.148 - - [23/Apr/2026:18:47:46 -0300] "GET /shop/cultivation/awstats092025.testing.meumercado.app.txt?edit=authorize-application.php&p=Ahome2Ameumer25AnetodoleleIcomIbrAwp-admin HTTP/2.0" 409 83 "https://painelnocharme.meumercado.app/shop/cultivation/awstats092025.testing.meumercado.app.txt?p=Ahome2Ameumer25AnetodoleleIcomIbrAwp-admin" "Mozilla/5.0 AppleWebKit/537.36 (KHTML, like Gecko; compatible; GPTBot/1.3; +https://openai.com/gptbot)" painelnocharme.meumercado.app 10.53.184.85
74.7.241.28 - - [23/Apr/2026:18:48:12 -0300] "GET /login/post-info.php?p=Ahome2Ameumer25ApainelnocharmeImeumercadoIappAvendorAmercadopagoAdx-phpAIphpdocAcacheAdescriptorsAIAIAIAIAIAIAIAIATAIAIAIAIAIAIAIAAAAAAAIAIAIAAAAAIAAAIAAAIAAAAAIAIAIAAAIAIAAAIAIAAAIAAAIAAAIAIAIAAAAAAAIAAAIAIAIAIAIAAAIAAAAAAAIAIAAAAAIAIAAAAAAAAAA HTTP/2.0" 409 83 "https://www.painelnocharme.meumercado.app/login/post-info.php?p=Ahome2Ameumer25ApainelnocharmeImeumercadoIappAvendorAmercadopagoAdx-phpAIphpdocAcacheAdescriptorsAIAIAIAIAIAIAIAIATAIAIAIAIAIAIAIAAAAAAAIAIAIAAAAAIAAAIAAAIAAAAAIAIAIAAAIAIAAAIAIAAAIAAAIAAAIAIAIAAAAAAAIAAAIAIAIAIAIAAAIAAAAAAAIAIAAAAAIAIAAAAAAAA" "Mozilla/5.0 AppleWebKit/537.36 (KHTML, like Gecko; compatible; GPTBot/1.3; +https://openai.com/gptbot)" www.painelnocharme.meumercado.app 10.53.184.85
74.7.227.148 - - [23/Apr/2026:18:48:48 -0300] "GET /shop/cultivation/awstats072024.testing.meumercado.app.txt?edit=authorize-application.php&p=Ahome2Ameumer25AnetodoleleIcomIbrAwp-admin HTTP/2.0" 409 83 "https://painelnocharme.meumercado.app/shop/cultivation/awstats072024.testing.meumercado.app.txt?p=Ahome2Ameumer25AnetodoleleIcomIbrAwp-admin" "Mozilla/5.0 AppleWebKit/537.36 (KHTML, like Gecko; compatible; GPTBot/1.3; +https://openai.com/gptbot)" painelnocharme.meumercado.app 10.53.184.85
74.7.241.28 - - [23/Apr/2026:18:49:12 -0300] "GET /login/post-info.php?p=Ahome2Ameumer25ApainelnocharmeImeumercadoIappAvendorAmercadopagoAdx-phpAIphpdocAcacheAdescriptorsAIAIAIAIAIAIAIAIATAIAIAIAIAIAIAIAAAAAAAIAIAIAAAAAIAAAIAAAIAAAAAIAIAIAAAIAIAAAIAIAAAAAAAIAAAAAAAAAIAIAIAIAAAIAIAIAIAIAAAIAAAIAIAAAIAAAAAIAIAAAIAAAAAH HTTP/2.0" 409 83 "https://www.painelnocharme.meumercado.app/login/post-info.php?p=Ahome2Ameumer25ApainelnocharmeImeumercadoIappAvendorAmercadopagoAdx-phpAIphpdocAcacheAdescriptorsAIAIAIAIAIAIAIAIATAIAIAIAIAIAIAIAAAAAAAIAIAIAAAAAIAAAIAAAIAAAAAIAIAIAAAIAIAAAIAIAAAAAAAIAAAAAAAAAIAIAIAIAAAIAIAIAIAIAAAIAAAIAIAAAIAAAAAIAIAAAIAAAA" "Mozilla/5.0 AppleWebKit/537.36 (KHTML, like Gecko; compatible; GPTBot/1.3; +https://openai.com/gptbot)" www.painelnocharme.meumercado.app 10.53.184.85
74.7.227.148 - - [23/Apr/2026:18:49:52 -0300] "GET /shop/cultivation/awstats092024.testing.meumercado.app.txt?edit=authorize-application.php&p=Ahome2Ameumer25AminhafarmaciaIappAwp-admin HTTP/2.0" 409 83 "https://painelnocharme.meumercado.app/shop/cultivation/awstats092024.testing.meumercado.app.txt?p=Ahome2Ameumer25AminhafarmaciaIappAwp-admin" "Mozilla/5.0 AppleWebKit/537.36 (KHTML, like Gecko; compatible; GPTBot/1.3; +https://openai.com/gptbot)" painelnocharme.meumercado.app 10.53.184.85
74.7.241.28 - - [23/Apr/2026:18:50:12 -0300] "GET /login/post-info.php?p=Ahome2Ameumer25ApainelnocharmeImeumercadoIappAvendorAmercadopagoAdx-phpAIphpdocAcacheAdescriptorsAIAIAIAIAIAIAIAIATAIAIAIAIAIAIAIAAAAAAAIAIAIAAAAAIAAAIAAAIAAAAAIAIAIAAAIAIAAAIAIAAAIAAAAAIAAAAAAAIAAAIAIAIAIAAAIAAAAAAAIAIAAAIAAAIAAAAAAAAAIAAAAAAAG HTTP/2.0" 409 83 "https://www.painelnocharme.meumercado.app/login/post-info.php?p=Ahome2Ameumer25ApainelnocharmeImeumercadoIappAvendorAmercadopagoAdx-phpAIphpdocAcacheAdescriptorsAIAIAIAIAIAIAIAIATAIAIAIAIAIAIAIAAAAAAAIAIAIAAAAAIAAAIAAAIAAAAAIAIAIAAAIAIAAAIAIAAAIAAAAAIAAAAAAAIAAAIAIAIAIAAAIAAAAAAAIAIAAAIAAAIAAAAAAAAAIAAAAAA" "Mozilla/5.0 AppleWebKit/537.36 (KHTML, like Gecko; compatible; GPTBot/1.3; +https://openai.com/gptbot)" www.painelnocharme.meumercado.app 10.53.184.85
74.7.227.148 - - [23/Apr/2026:18:50:55 -0300] "GET /shop/cultivation/awstats102025.testing.meumercado.app.txt?edit=authorize-application.php&p=Ahome2Ameumer25AnetodoleleIcomIbrAwp-admin HTTP/2.0" 409 83 "https://painelnocharme.meumercado.app/shop/cultivation/awstats102025.testing.meumercado.app.txt?p=Ahome2Ameumer25AnetodoleleIcomIbrAwp-admin" "Mozilla/5.0 AppleWebKit/537.36 (KHTML, like Gecko; compatible; GPTBot/1.3; +https://openai.com/gptbot)" painelnocharme.meumercado.app 10.53.184.85
74.7.241.28 - - [23/Apr/2026:18:51:14 -0300] "GET /login/post-info.php?p=Ahome2Ameumer25ApainelnocharmeImeumercadoIappAvendorAmercadopagoAdx-phpAIphpdocAcacheAdescriptorsAIAIAIAIAIAIAIAIATAIAIAIAIAIAIAIAAAAAAAIAIAIAAAAAIAAAIAAAIAAAAAIAIAIAAAIAIAAAIAIAAAAAAAIAAAAAAAIAAAIAAAAAIAAAAAIAAAAAAAIAIAAAAAAAAAAAAAIAAAAAIAIAIAW HTTP/2.0" 409 83 "https://www.painelnocharme.meumercado.app/login/post-info.php?p=Ahome2Ameumer25ApainelnocharmeImeumercadoIappAvendorAmercadopagoAdx-phpAIphpdocAcacheAdescriptorsAIAIAIAIAIAIAIAIATAIAIAIAIAIAIAIAAAAAAAIAIAIAAAAAIAAAIAAAIAAAAAIAIAIAAAIAIAAAIAIAAAAAAAIAAAAAAAIAAAIAAAAAIAAAAAIAAAAAAAIAIAAAAAAAAAAAAAIAAAAAIAIAI" "Mozilla/5.0 AppleWebKit/537.36 (KHTML, like Gecko; compatible; GPTBot/1.3; +https://openai.com/gptbot)" www.painelnocharme.meumercado.app 10.53.184.85
74.7.227.148 - - [23/Apr/2026:18:51:59 -0300] "GET /shop/cultivation/awstats102023.testing.meumercado.app.txt?edit=authorize-application.php&p=Ahome2Ameumer25AminhafarmaciaIappAwp-admin HTTP/2.0" 409 83 "https://painelnocharme.meumercado.app/shop/cultivation/awstats102023.testing.meumercado.app.txt?p=Ahome2Ameumer25AminhafarmaciaIappAwp-admin" "Mozilla/5.0 AppleWebKit/537.36 (KHTML, like Gecko; compatible; GPTBot/1.3; +https://openai.com/gptbot)" painelnocharme.meumercado.app 10.53.184.85
74.7.241.28 - - [23/Apr/2026:18:52:19 -0300] "GET /login/post-info.php?p=Ahome2Ameumer25ApainelnocharmeImeumercadoIappAvendorAmercadopagoAdx-phpAIphpdocAcacheAdescriptorsAIAIAIAIAIAIAIAIATAIAIAIAIAIAIAIAAAAAAAIAIAIAAAAAIAAAIAAAIAAAAAIAIAIAAAIAIAAAIAIAAAAAAAAAAAIAAAAAIAAAIAAAAAAAIAIAIAIAIAAAAAIAIAAAAAAAAAIAIAAAIAIAIAA HTTP/2.0" 409 83 "https://www.painelnocharme.meumercado.app/login/post-info.php?p=Ahome2Ameumer25ApainelnocharmeImeumercadoIappAvendorAmercadopagoAdx-phpAIphpdocAcacheAdescriptorsAIAIAIAIAIAIAIAIATAIAIAIAIAIAIAIAAAAAAAIAIAIAAAAAIAAAIAAAIAAAAAIAIAIAAAIAIAAAIAIAAAAAAAAAAAIAAAAAIAAAIAAAAAAAIAIAIAIAIAAAAAIAIAAAAAAAAAIAIAAAIAIAI" "Mozilla/5.0 AppleWebKit/537.36 (KHTML, like Gecko; compatible; GPTBot/1.3; +https://openai.com/gptbot)" www.painelnocharme.meumercado.app 10.53.184.85
74.7.227.148 - - [23/Apr/2026:18:53:04 -0300] "GET /shop/cultivation/awstats082023.testing.meumercado.app.txt?edit=authorize-application.php&p=Ahome2Ameumer25AminhafarmaciaIappAwp-admin HTTP/2.0" 409 83 "https://painelnocharme.meumercado.app/shop/cultivation/awstats082023.testing.meumercado.app.txt?p=Ahome2Ameumer25AminhafarmaciaIappAwp-admin" "Mozilla/5.0 AppleWebKit/537.36 (KHTML, like Gecko; compatible; GPTBot/1.3; +https://openai.com/gptbot)" painelnocharme.meumercado.app 10.53.184.85
74.7.241.28 - - [23/Apr/2026:18:53:22 -0300] "GET /login/post-info.php?p=Ahome2Ameumer25ApainelnocharmeImeumercadoIappAvendorAmercadopagoAdx-phpAIphpdocAcacheAdescriptorsAIAIAIAIAIAIAIAIATAIAIAIAIAIAIAIAAAAAAAIAIAIAAAAAIAAAIAAAIAAAAAIAIAIAAAIAIAAAIAIAAAAAAAIAAAAAAAAAIAIAIAIAAAIAIAIAIAIAAAIAAAAAIAAAIAAAAAAAIAAAIAAAIAH HTTP/2.0" 409 83 "https://www.painelnocharme.meumercado.app/login/post-info.php?p=Ahome2Ameumer25ApainelnocharmeImeumercadoIappAvendorAmercadopagoAdx-phpAIphpdocAcacheAdescriptorsAIAIAIAIAIAIAIAIATAIAIAIAIAIAIAIAAAAAAAIAIAIAAAAAIAAAIAAAIAAAAAIAIAIAAAIAIAAAIAIAAAAAAAIAAAAAAAAAIAIAIAIAAAIAIAIAIAIAAAIAAAAAIAAAIAAAAAAAIAAAIAAAI" "Mozilla/5.0 AppleWebKit/537.36 (KHTML, like Gecko; compatible; GPTBot/1.3; +https://openai.com/gptbot)" www.painelnocharme.meumercado.app 10.53.184.85
74.7.227.148 - - [23/Apr/2026:18:54:06 -0300] "GET /shop/regma/d8473a40f5c999686d3072d84330ac2d26ba3b?edit=style.css&p=Ahome2Ameumer25ApainelpetscentercampinasImeumercadoIappAmmImeumercadoIapp HTTP/2.0" 404 836 "https://painelnocharme.meumercado.app/shop/regma/d8473a40f5c999686d3072d84330ac2d26ba3b?p=Ahome2Ameumer25ApainelpetscentercampinasImeumercadoIappAmmImeumercadoIapp" "Mozilla/5.0 AppleWebKit/537.36 (KHTML, like Gecko; compatible; GPTBot/1.3; +https://openai.com/gptbot)" painelnocharme.meumercado.app 10.53.184.85
74.7.241.28 - - [23/Apr/2026:18:54:23 -0300] "GET /login/post-info.php?p=Ahome2Ameumer25ApainelnocharmeImeumercadoIappAvendorAmercadopagoAdx-phpAIphpdocAcacheAdescriptorsAIAIAIAIAIAIAIAIATAIAIAIAIAIAIAIAAAAAAAIAIAIAAAAAIAAAIAAAIAAAAAIAIAIAAAIAIAAAIAIAAAIAAAIAAAIAIAIAIAAAIAAAAAAAAAIAIAIAIAAAAAIAIAIAIAIAAAAAIAAAAAAAAAG HTTP/2.0" 409 83 "https://www.painelnocharme.meumercado.app/login/post-info.php?p=Ahome2Ameumer25ApainelnocharmeImeumercadoIappAvendorAmercadopagoAdx-phpAIphpdocAcacheAdescriptorsAIAIAIAIAIAIAIAIATAIAIAIAIAIAIAIAAAAAAAIAIAIAAAAAIAAAIAAAIAAAAAIAIAIAAAIAIAAAIAIAAAIAAAIAAAIAIAIAIAAAIAAAAAAAAAIAIAIAIAAAAAIAIAIAIAIAAAAAIAAAAAAAA" "Mozilla/5.0 AppleWebKit/537.36 (KHTML, like Gecko; compatible; GPTBot/1.3; +https://openai.com/gptbot)" www.painelnocharme.meumercado.app 10.53.184.85
74.7.227.148 - - [23/Apr/2026:18:55:11 -0300] "GET /shop/adobelily/nexmo.php?edit=Icon-512.png&p=Ahome2Ameumer25AcafediretodopeImeumercadoIappAicons HTTP/2.0" 409 83 "https://painelnocharme.meumercado.app/shop/adobelily/nexmo.php?p=Ahome2Ameumer25AcafediretodopeImeumercadoIappAicons" "Mozilla/5.0 AppleWebKit/537.36 (KHTML, like Gecko; compatible; GPTBot/1.3; +https://openai.com/gptbot)" painelnocharme.meumercado.app 10.53.184.85
74.7.241.28 - - [23/Apr/2026:18:55:28 -0300] "GET /login/post-info.php?p=Ahome2Ameumer25ApainelnocharmeImeumercadoIappAvendorAmercadopagoAdx-phpAIphpdocAcacheAdescriptorsAIAIAIAIAIAIAIAIATAIAIAIAIAIAIAIAAAAAAAIAIAIAAAAAIAAAIAAAIAAAAAIAIAIAAAIAIAAAIAIAAAAAIAIAAAAAAAAAIAAAAAAAIAAAIAIAAAIAIAIAIAIAAAIAAAIAIAAAIAAAIAAAAAA HTTP/2.0" 409 83 "https://www.painelnocharme.meumercado.app/login/post-info.php?p=Ahome2Ameumer25ApainelnocharmeImeumercadoIappAvendorAmercadopagoAdx-phpAIphpdocAcacheAdescriptorsAIAIAIAIAIAIAIAIATAIAIAIAIAIAIAIAAAAAAAIAIAIAAAAAIAAAIAAAIAAAAAIAIAIAAAIAIAAAIAIAAAAAIAIAAAAAAAAAIAAAAAAAIAAAIAIAAAIAIAIAIAIAAAIAAAIAIAAAIAAAIAAAA" "Mozilla/5.0 AppleWebKit/537.36 (KHTML, like Gecko; compatible; GPTBot/1.3; +https://openai.com/gptbot)" www.painelnocharme.meumercado.app 10.53.184.85
74.7.227.148 - - [23/Apr/2026:18:56:17 -0300] "GET /shop/misformed/flutterwave.php?edit=Icon-512.png&p=Ahome2Ameumer25AnocharmeImeumercadoIappAicons HTTP/2.0" 409 83 "https://painelnocharme.meumercado.app/shop/misformed/flutterwave.php?p=Ahome2Ameumer25AnocharmeImeumercadoIappAicons" "Mozilla/5.0 AppleWebKit/537.36 (KHTML, like Gecko; compatible; GPTBot/1.3; +https://openai.com/gptbot)" painelnocharme.meumercado.app 10.53.184.85
74.7.241.28 - - [23/Apr/2026:18:56:32 -0300] "GET /login/post-info.php?p=Ahome2Ameumer25ApainelnocharmeImeumercadoIappAvendorAmercadopagoAdx-phpAIphpdocAcacheAdescriptorsAIAIAIAIAIAIAIAIATAIAIAIAIAIAIAIAAAAAAAIAIAIAAAAAIAAAIAAAIAAAAAIAIAIAAAIAIAAAIAIAAAAAIAIAAAIAAAIAIAIAIAAAIAAAAAIAAAIAAAAAAAIAAAIAIAIAAAAAAAAAIAAAAAH HTTP/2.0" 409 83 "https://www.painelnocharme.meumercado.app/login/post-info.php?p=Ahome2Ameumer25ApainelnocharmeImeumercadoIappAvendorAmercadopagoAdx-phpAIphpdocAcacheAdescriptorsAIAIAIAIAIAIAIAIATAIAIAIAIAIAIAIAAAAAAAIAIAIAAAAAIAAAIAAAIAAAAAIAIAIAAAIAIAAAIAIAAAAAIAIAAAIAAAIAIAIAIAAAIAAAAAIAAAIAAAAAAAIAAAIAIAIAAAAAAAAAIAAAA" "Mozilla/5.0 AppleWebKit/537.36 (KHTML, like Gecko; compatible; GPTBot/1.3; +https://openai.com/gptbot)" www.painelnocharme.meumercado.app 10.53.184.85
74.7.227.148 - - [23/Apr/2026:18:57:20 -0300] "GET /shop/dreamfully/theme-i18n.json?edit=mah.php&p=Ahome2Ameumer25ApainelnocharmeImeumercadoIappAconfig HTTP/2.0" 409 83 "https://painelnocharme.meumercado.app/shop/dreamfully/theme-i18n.json" "Mozilla/5.0 AppleWebKit/537.36 (KHTML, like Gecko; compatible; GPTBot/1.3; +https://openai.com/gptbot)" painelnocharme.meumercado.app 10.53.184.85
74.7.241.28 - - [23/Apr/2026:18:57:38 -0300] "GET /login/post-info.php?p=Ahome2Ameumer25ApainelnocharmeImeumercadoIappAvendorAmercadopagoAdx-phpAIphpdocAcacheAdescriptorsAIAIAIAIAIAIAIAIATAIAIAIAIAIAIAIAAAAAAAIAIAIAAAAAIAAAIAAAIAAAAAIAIAIAAAIAIAAAIAIAAAAAIAIAIAIAIAAAIAIAIAAAAAIAIAAAAAAAAAIAAAAAAAAAAAIAIAIAIAAAIAIAAAH HTTP/2.0" 409 83 "https://www.painelnocharme.meumercado.app/login/post-info.php?p=Ahome2Ameumer25ApainelnocharmeImeumercadoIappAvendorAmercadopagoAdx-phpAIphpdocAcacheAdescriptorsAIAIAIAIAIAIAIAIATAIAIAIAIAIAIAIAAAAAAAIAIAIAAAAAIAAAIAAAIAAAAAIAIAIAAAIAIAAAIAIAAAAAIAIAIAIAIAAAIAIAIAAAAAIAIAAAAAAAAAIAAAAAAAAAAAIAIAIAIAAAIAIAA" "Mozilla/5.0 AppleWebKit/537.36 (KHTML, like Gecko; compatible; GPTBot/1.3; +https://openai.com/gptbot)" www.painelnocharme.meumercado.app 10.53.184.85
74.7.227.148 - - [23/Apr/2026:18:58:24 -0300] "GET /shop/dreamfully/theme-i18n.json?edit=nexmo.php&p=Ahome2Ameumer25ApainelnocharmeImeumercadoIappAconfig HTTP/2.0" 409 83 "https://painelnocharme.meumercado.app/shop/dreamfully/theme-i18n.json" "Mozilla/5.0 AppleWebKit/537.36 (KHTML, like Gecko; compatible; GPTBot/1.3; +https://openai.com/gptbot)" painelnocharme.meumercado.app 10.53.184.85
74.7.241.28 - - [23/Apr/2026:18:58:41 -0300] "GET /login/post-info.php?p=Ahome2Ameumer25ApainelnocharmeImeumercadoIappAvendorAmercadopagoAdx-phpAIphpdocAcacheAdescriptorsAIAIAIAIAIAIAIAIATAIAIAIAIAIAIAIAAAAAAAIAIAIAAAAAIAAAIAAAIAAAAAIAIAIAAAIAIAAAIAIAAAIAAAAAIAAAIAIAAAIAAAIAAAAAAAAAAAIAIAAAIAIAAAAAIAIAAAIAIAIAIAIAIAG HTTP/2.0" 409 83 "https://www.painelnocharme.meumercado.app/login/post-info.php?p=Ahome2Ameumer25ApainelnocharmeImeumercadoIappAvendorAmercadopagoAdx-phpAIphpdocAcacheAdescriptorsAIAIAIAIAIAIAIAIATAIAIAIAIAIAIAIAAAAAAAIAIAIAAAAAIAAAIAAAIAAAAAIAIAIAAAIAIAAAIAIAAAIAAAAAIAAAIAIAAAIAAAIAAAAAAAAAAAIAIAAAIAIAAAAAIAIAAAIAIAIAIAIAI" "Mozilla/5.0 AppleWebKit/537.36 (KHTML, like Gecko; compatible; GPTBot/1.3; +https://openai.com/gptbot)" www.painelnocharme.meumercado.app 10.53.184.85
74.7.227.148 - - [23/Apr/2026:18:59:27 -0300] "GET /shop/wroot/class-wp-scripts.php?p=Ahome2Ameumer25ApainelnocharmeImeumercadoIappAconfigAconfig HTTP/2.0" 409 83 "https://painelnocharme.meumercado.app/shop/wroot/class-wp-scripts.php" "Mozilla/5.0 AppleWebKit/537.36 (KHTML, like Gecko; compatible; GPTBot/1.3; +https://openai.com/gptbot)" painelnocharme.meumercado.app 10.53.184.85
74.7.241.28 - - [23/Apr/2026:18:59:42 -0300] "GET /login/post-info.php?p=Ahome2Ameumer25ApainelnocharmeImeumercadoIappAvendorAmercadopagoAdx-phpAIphpdocAcacheAdescriptorsAIAIAIAIAIAIAIAIATAIAIAIAIAIAIAIAAAAAAAIAIAIAAAAAIAAAIAAAIAAAAAIAIAIAAAIAIAAAIAIAAAAAAAIAAAIAAAAAAAIAAAAAAAAAAAAAIAIAAAIAAAIAIAAAAAAAAAIAIAIAIAAAAAH HTTP/2.0" 409 83 "https://www.painelnocharme.meumercado.app/login/post-info.php?p=Ahome2Ameumer25ApainelnocharmeImeumercadoIappAvendorAmercadopagoAdx-phpAIphpdocAcacheAdescriptorsAIAIAIAIAIAIAIAIATAIAIAIAIAIAIAIAAAAAAAIAIAIAAAAAIAAAIAAAIAAAAAIAIAIAAAIAIAAAIAIAAAAAAAIAAAIAAAAAAAIAAAAAAAAAAAAAIAIAAAIAAAIAIAAAAAAAAAIAIAIAIAAAA" "Mozilla/5.0 AppleWebKit/537.36 (KHTML, like Gecko; compatible; GPTBot/1.3; +https://openai.com/gptbot)" www.painelnocharme.meumercado.app 10.53.184.85
74.7.227.148 - - [23/Apr/2026:19:00:29 -0300] "GET /shop/wroot/class.wp-scripts.php?p=Ahome2Ameumer25ApainelnocharmeImeumercadoIappAconfigAconfig HTTP/2.0" 409 83 "https://painelnocharme.meumercado.app/shop/wroot/class.wp-scripts.php" "Mozilla/5.0 AppleWebKit/537.36 (KHTML, like Gecko; compatible; GPTBot/1.3; +https://openai.com/gptbot)" painelnocharme.meumercado.app 10.53.184.85
74.7.241.28 - - [23/Apr/2026:19:00:42 -0300] "GET /login/post-info.php?p=Ahome2Ameumer25ApainelnocharmeImeumercadoIappAvendorAmercadopagoAdx-phpAIphpdocAcacheAdescriptorsAIAIAIAIAIAIAIAIATAIAIAIAIAIAIAIAAAAAAAIAIAIAAAAAIAAAIAAAIAAAAAIAIAIAAAIAIAAAIAIAAAAAAAAAAAIAAAAAIAAAIAAAAAAAIAIAIAIAAAIAIAIAIAAAAAIAIAIAIAIAIAAAIAA HTTP/2.0" 409 83 "https://www.painelnocharme.meumercado.app/login/post-info.php?p=Ahome2Ameumer25ApainelnocharmeImeumercadoIappAvendorAmercadopagoAdx-phpAIphpdocAcacheAdescriptorsAIAIAIAIAIAIAIAIATAIAIAIAIAIAIAIAAAAAAAIAIAIAAAAAIAAAIAAAIAAAAAIAIAIAAAIAIAAAIAIAAAAAAAAAAAIAAAAAIAAAIAAAAAAAIAIAIAIAAAIAIAIAIAAAAAIAIAIAIAIAIAAAI" "Mozilla/5.0 AppleWebKit/537.36 (KHTML, like Gecko; compatible; GPTBot/1.3; +https://openai.com/gptbot)" www.painelnocharme.meumercado.app 10.53.184.85
74.7.227.148 - - [23/Apr/2026:19:01:30 -0300] "GET /shop/wroot/class-wp-theme.php?p=Ahome2Ameumer25ApainelnocharmeImeumercadoIappAconfigAconfig HTTP/2.0" 409 83 "https://painelnocharme.meumercado.app/shop/wroot/class-wp-theme.php" "Mozilla/5.0 AppleWebKit/537.36 (KHTML, like Gecko; compatible; GPTBot/1.3; +https://openai.com/gptbot)" painelnocharme.meumercado.app 10.53.184.85
74.7.241.28 - - [23/Apr/2026:19:01:46 -0300] "GET /login/post-info.php?p=Ahome2Ameumer25ApainelnocharmeImeumercadoIappAvendorAmercadopagoAdx-phpAIphpdocAcacheAdescriptorsAIAIAIAIAIAIAIAIATAIAIAIAIAIAIAIAAAAAAAIAIAIAAAAAIAAAIAAAIAAAAAIAIAIAAAIAIAAAIAIAAAAAAAAAAAIAAAAAIAAAIAAAAAAAIAIAIAIAAAAAIAIAAAIAAAAAAAAAIAIAAAAAIAI HTTP/2.0" 409 83 "https://www.painelnocharme.meumercado.app/login/post-info.php?p=Ahome2Ameumer25ApainelnocharmeImeumercadoIappAvendorAmercadopagoAdx-phpAIphpdocAcacheAdescriptorsAIAIAIAIAIAIAIAIATAIAIAIAIAIAIAIAAAAAAAIAIAIAAAAAIAAAIAAAIAAAAAIAIAIAAAIAIAAAIAIAAAAAAAAAAAIAAAAAIAAAIAAAAAAAIAIAIAIAAAAAIAIAAAIAAAAAAAAAIAIAAAAAI" "Mozilla/5.0 AppleWebKit/537.36 (KHTML, like Gecko; compatible; GPTBot/1.3; +https://openai.com/gptbot)" www.painelnocharme.meumercado.app 10.53.184.85
74.7.227.148 - - [23/Apr/2026:19:02:32 -0300] "GET /shop/crocoite/class-wp-http.php?p=Ahome2Ameumer25ApainelnocharmeImeumercadoIappAconfigAconfig HTTP/2.0" 409 83 "https://painelnocharme.meumercado.app/shop/crocoite/class-wp-http.php" "Mozilla/5.0 AppleWebKit/537.36 (KHTML, like Gecko; compatible; GPTBot/1.3; +https://openai.com/gptbot)" painelnocharme.meumercado.app 10.53.184.85
74.7.241.28 - - [23/Apr/2026:19:02:49 -0300] "GET /login/post-info.php?p=Ahome2Ameumer25ApainelnocharmeImeumercadoIappAvendorAmercadopagoAdx-phpAIphpdocAcacheAdescriptorsAIAIAIAIAIAIAIAIATAIAIAIAIAIAIAIAAAAAAAIAIAIAAAAAIAAAIAAAIAAAAAIAIAIAAAIAIAAAIAIAAAAAAAIAAAAAAAAAIAIAIAIAAAIAIAIAIAIAAAIAAAIAAAAAAAAAAAIAIAAAAAIAIAA HTTP/2.0" 409 83 "https://www.painelnocharme.meumercado.app/login/post-info.php?p=Ahome2Ameumer25ApainelnocharmeImeumercadoIappAvendorAmercadopagoAdx-phpAIphpdocAcacheAdescriptorsAIAIAIAIAIAIAIAIATAIAIAIAIAIAIAIAAAAAAAIAIAIAAAAAIAAAIAAAIAAAAAIAIAIAAAIAIAAAIAIAAAAAAAIAAAAAAAAAIAIAIAIAAAIAIAIAIAIAAAIAAAIAAAAAAAAAAAIAIAAAAAIAI" "Mozilla/5.0 AppleWebKit/537.36 (KHTML, like Gecko; compatible; GPTBot/1.3; +https://openai.com/gptbot)" www.painelnocharme.meumercado.app 10.53.184.85
74.7.227.148 - - [23/Apr/2026:19:03:37 -0300] "GET /shop/listed/index.php HTTP/2.0" 409 83 "https://painelnocharme.meumercado.app/shop/listed/feed-rss2.php?p=Ahome2Ameumer25AmaisamorImeumercadoIapp" "Mozilla/5.0 AppleWebKit/537.36 (KHTML, like Gecko; compatible; GPTBot/1.3; +https://openai.com/gptbot)" painelnocharme.meumercado.app 10.53.184.85
74.7.241.28 - - [23/Apr/2026:19:03:51 -0300] "GET /login/post-info.php?p=Ahome2Ameumer25ApainelnocharmeImeumercadoIappAvendorAmercadopagoAdx-phpAIphpdocAcacheAdescriptorsAIAIAIAIAIAIAIAIATAIAIAIAIAIAIAIAAAAAAAIAIAIAAAAAIAAAIAAAIAAAAAIAIAIAAAIAIAAAIAIAAAIAAAAAIAAAIAIAAAAAIAAAIAIAIAAAAAAAAAAAAAIAAAAAAAIAIAAAAAIAIAAAAAA HTTP/2.0" 409 83 "https://www.painelnocharme.meumercado.app/login/post-info.php?p=Ahome2Ameumer25ApainelnocharmeImeumercadoIappAvendorAmercadopagoAdx-phpAIphpdocAcacheAdescriptorsAIAIAIAIAIAIAIAIATAIAIAIAIAIAIAIAAAAAAAIAIAIAAAAAIAAAIAAAIAAAAAIAIAIAAAIAIAAAIAIAAAIAAAAAIAAAIAIAAAAAIAAAIAIAIAAAAAAAAAAAAAIAAAAAAAIAIAAAAAIAIAAAA" "Mozilla/5.0 AppleWebKit/537.36 (KHTML, like Gecko; compatible; GPTBot/1.3; +https://openai.com/gptbot)" www.painelnocharme.meumercado.app 10.53.184.85
74.7.227.148 - - [23/Apr/2026:19:04:38 -0300] "GET /shop/untold/index.php HTTP/2.0" 409 83 "https://painelnocharme.meumercado.app/shop/untold/widgets-form-blocks.php?p=Ahome2Ameumer25AsasakisushiImeumercadoIapp" "Mozilla/5.0 AppleWebKit/537.36 (KHTML, like Gecko; compatible; GPTBot/1.3; +https://openai.com/gptbot)" painelnocharme.meumercado.app 10.53.184.85
74.7.241.28 - - [23/Apr/2026:19:04:56 -0300] "GET /login/post-info.php?p=Ahome2Ameumer25ApainelnocharmeImeumercadoIappAvendorAmercadopagoAdx-phpAIphpdocAcacheAdescriptorsAIAIAIAIAIAIAIAIATAIAIAIAIAIAIAIAAAAAAAIAIAIAAAAAIAAAIAAAIAAAAAIAIAIAAAIAIAAAIAIAAAAAAAAAAAIAAAAAIAAAIAAAAAAAIAIAIAIAAAAAIAIAAAIAAAIAIAAAAAIAIAAAAAA HTTP/2.0" 409 83 "https://www.painelnocharme.meumercado.app/login/post-info.php?p=Ahome2Ameumer25ApainelnocharmeImeumercadoIappAvendorAmercadopagoAdx-phpAIphpdocAcacheAdescriptorsAIAIAIAIAIAIAIAIATAIAIAIAIAIAIAIAAAAAAAIAIAIAAAAAIAAAIAAAIAAAAAIAIAIAAAIAIAAAIAIAAAAAAAAAAAIAAAAAIAAAIAAAAAAAIAIAIAIAAAAAIAIAAAIAAAIAIAAAAAIAIAAAA" "Mozilla/5.0 AppleWebKit/537.36 (KHTML, like Gecko; compatible; GPTBot/1.3; +https://openai.com/gptbot)" www.painelnocharme.meumercado.app 10.53.184.85
74.7.227.148 - - [23/Apr/2026:19:05:38 -0300] "GET /shop/crocoite/awstats042026.mm.meumercado.app.txt?p=Ahome2Ameumer25AsuaboaformaImeumercadoIapp HTTP/2.0" 404 836 "https://painelnocharme.meumercado.app/shop/crocoite/awstats042026.mm.meumercado.app.txt?p=Ahome2Ameumer25" "Mozilla/5.0 AppleWebKit/537.36 (KHTML, like Gecko; compatible; GPTBot/1.3; +https://openai.com/gptbot)" painelnocharme.meumercado.app 10.53.184.85
74.7.241.28 - - [23/Apr/2026:19:06:00 -0300] "GET /login/post-info.php?p=Ahome2Ameumer25ApainelnocharmeImeumercadoIappAvendorAmercadopagoAdx-phpAIphpdocAcacheAdescriptorsAIAIAIAIAIAIAIAIATAIAIAIAIAIAIAIAAAAAAAIAIAIAAAAAIAAAIAAAIAAAAAIAIAIAAAIAIAAAIAIAAAIAAAAAAAIAAAIAAAIAIAAAAAAAAAAAAAAAIAAAIAIAIAIAAAAAIAIAAAIAIAAAAAG HTTP/2.0" 409 83 "https://www.painelnocharme.meumercado.app/login/post-info.php?p=Ahome2Ameumer25ApainelnocharmeImeumercadoIappAvendorAmercadopagoAdx-phpAIphpdocAcacheAdescriptorsAIAIAIAIAIAIAIAIATAIAIAIAIAIAIAIAAAAAAAIAIAIAAAAAIAAAIAAAIAAAAAIAIAIAAAIAIAAAIAIAAAIAAAAAAAIAAAIAAAIAIAAAAAAAAAAAAAAAIAAAIAIAIAIAAAAAIAIAAAIAIAAAA" "Mozilla/5.0 AppleWebKit/537.36 (KHTML, like Gecko; compatible; GPTBot/1.3; +https://openai.com/gptbot)" www.painelnocharme.meumercado.app 10.53.184.85
74.7.227.148 - - [23/Apr/2026:19:06:41 -0300] "GET /shop/crocoite/awstats032026.mm.meumercado.app.txt?p=Ahome2Ameumer25AsuaboaformaImeumercadoIapp HTTP/2.0" 404 836 "https://painelnocharme.meumercado.app/shop/crocoite/awstats032026.mm.meumercado.app.txt?p=Ahome2Ameumer25" "Mozilla/5.0 AppleWebKit/537.36 (KHTML, like Gecko; compatible; GPTBot/1.3; +https://openai.com/gptbot)" painelnocharme.meumercado.app 10.53.184.85
74.7.241.28 - - [23/Apr/2026:19:07:06 -0300] "GET /login/post-info.php?p=Ahome2Ameumer25ApainelnocharmeImeumercadoIappAvendorAmercadopagoAdx-phpAIphpdocAcacheAdescriptorsAIAIAIAIAIAIAIAIATAIAIAIAIAIAIAIAAAAAAAIAIAIAAAAAIAAAIAAAIAAAAAIAIAIAAAIAIAAAIAIAAAAAAAAAAAAAIAIAIAIAAAAAIAIAIAIAAAIAIAAAAAIAIAAAIAAAAAAAIAAAAAIAAAG HTTP/2.0" 409 83 "https://www.painelnocharme.meumercado.app/login/post-info.php?p=Ahome2Ameumer25ApainelnocharmeImeumercadoIappAvendorAmercadopagoAdx-phpAIphpdocAcacheAdescriptorsAIAIAIAIAIAIAIAIATAIAIAIAIAIAIAIAAAAAAAIAIAIAAAAAIAAAIAAAIAAAAAIAIAIAAAIAIAAAIAIAAAAAAAAAAAAAIAIAIAIAAAAAIAIAIAIAAAIAIAAAAAIAIAAAIAAAAAAAIAAAAAIAA" "Mozilla/5.0 AppleWebKit/537.36 (KHTML, like Gecko; compatible; GPTBot/1.3; +https://openai.com/gptbot)" www.painelnocharme.meumercado.app 10.53.184.85
74.7.227.148 - - [23/Apr/2026:19:07:44 -0300] "GET /shop/crocoite/awstats112023.mm.meumercado.app.txt?p=Ahome2Ameumer25AsasakisushiImeumercadoIapp HTTP/2.0" 404 836 "https://painelnocharme.meumercado.app/shop/crocoite/awstats112023.mm.meumercado.app.txt?p=Ahome2Ameumer25" "Mozilla/5.0 AppleWebKit/537.36 (KHTML, like Gecko; compatible; GPTBot/1.3; +https://openai.com/gptbot)" painelnocharme.meumercado.app 10.53.184.85
74.7.241.28 - - [23/Apr/2026:19:08:09 -0300] "GET /login/post-info.php?p=Ahome2Ameumer25ApainelnocharmeImeumercadoIappAvendorAmercadopagoAdx-phpAIphpdocAcacheAdescriptorsAIAIAIAIAIAIAIAIATAIAIAIAIAIAIAIAAAAAAAIAIAIAAAAAIAAAIAAAIAAAAAIAIAIAAAIAIAAAIAIAAAAAIAAAIAIAAAIAAAIAIAIAAAIAIAIAIAAAAAIAAAAAAAAAIAIAAAAAIAIAIAIAIAW HTTP/2.0" 409 83 "https://www.painelnocharme.meumercado.app/login/post-info.php?p=Ahome2Ameumer25ApainelnocharmeImeumercadoIappAvendorAmercadopagoAdx-phpAIphpdocAcacheAdescriptorsAIAIAIAIAIAIAIAIATAIAIAIAIAIAIAIAAAAAAAIAIAIAAAAAIAAAIAAAIAAAAAIAIAIAAAIAIAAAIAIAAAAAIAAAIAIAAAIAAAIAIAIAAAIAIAIAIAAAAAIAAAAAAAAAIAIAAAAAIAIAIAIAI" "Mozilla/5.0 AppleWebKit/537.36 (KHTML, like Gecko; compatible; GPTBot/1.3; +https://openai.com/gptbot)" www.painelnocharme.meumercado.app 10.53.184.85
74.7.227.148 - - [23/Apr/2026:19:08:45 -0300] "GET /shop/crocoite/awstats112024.mm.meumercado.app.txt?p=Ahome2Ameumer25AsuaboaformaImeumercadoIapp HTTP/2.0" 404 836 "https://painelnocharme.meumercado.app/shop/crocoite/awstats112024.mm.meumercado.app.txt?p=Ahome2Ameumer25" "Mozilla/5.0 AppleWebKit/537.36 (KHTML, like Gecko; compatible; GPTBot/1.3; +https://openai.com/gptbot)" painelnocharme.meumercado.app 10.53.184.85
74.7.241.28 - - [23/Apr/2026:19:09:13 -0300] "GET /login/post-info.php?p=Ahome2Ameumer25ApainelnocharmeImeumercadoIappAvendorAmercadopagoAdx-phpAIphpdocAcacheAdescriptorsAIAIAIAIAIAIAIAIATAIAIAIAIAIAIAIAAAAAAAIAIAIAAAAAIAAAIAAAIAAAAAIAIAIAAAIAIAAAIAIAAAAAAAIAAAIAAAAAAAIAAAAAAAAAAAAAIAIAAAIAAAIAIAIAAAIAAAAAAAAAAAIAAAA HTTP/2.0" 409 83 "https://www.painelnocharme.meumercado.app/login/post-info.php?p=Ahome2Ameumer25ApainelnocharmeImeumercadoIappAvendorAmercadopagoAdx-phpAIphpdocAcacheAdescriptorsAIAIAIAIAIAIAIAIATAIAIAIAIAIAIAIAAAAAAAIAIAIAAAAAIAAAIAAAIAAAAAIAIAIAAAIAIAAAIAIAAAAAAAIAAAIAAAAAAAIAAAAAAAAAAAAAIAIAAAIAAAIAIAIAAAIAAAAAAAAAAAIAA" "Mozilla/5.0 AppleWebKit/537.36 (KHTML, like Gecko; compatible; GPTBot/1.3; +https://openai.com/gptbot)" www.painelnocharme.meumercado.app 10.53.184.85
74.7.227.148 - - [23/Apr/2026:19:09:47 -0300] "GET /shop/crocoite/awstats112024.mm.meumercado.app.txt?p=Ahome2Ameumer25AsasakisushiImeumercadoIapp HTTP/2.0" 404 836 "https://painelnocharme.meumercado.app/shop/crocoite/awstats112024.mm.meumercado.app.txt?p=Ahome2Ameumer25" "Mozilla/5.0 AppleWebKit/537.36 (KHTML, like Gecko; compatible; GPTBot/1.3; +https://openai.com/gptbot)" painelnocharme.meumercado.app 10.53.184.85
74.7.241.28 - - [23/Apr/2026:19:10:14 -0300] "GET /login/post-info.php?p=Ahome2Ameumer25ApainelnocharmeImeumercadoIappAvendorAmercadopagoAdx-phpAIphpdocAcacheAdescriptorsAIAIAIAIAIAIAIAIATAIAIAIAIAIAIAIAAAAAAAIAIAIAAAAAIAAAIAAAIAAAAAIAIAIAAAIAIAAAIAIAAAAAIAIAAAAAAAAAIAAAAAAAIAAAIAAAIAIAAAIAIAIAAAIAAAAAIAAAAAIAAAIAIAW HTTP/2.0" 409 83 "https://www.painelnocharme.meumercado.app/login/post-info.php?p=Ahome2Ameumer25ApainelnocharmeImeumercadoIappAvendorAmercadopagoAdx-phpAIphpdocAcacheAdescriptorsAIAIAIAIAIAIAIAIATAIAIAIAIAIAIAIAAAAAAAIAIAIAAAAAIAAAIAAAIAAAAAIAIAIAAAIAIAAAIAIAAAAAIAIAAAAAAAAAIAAAAAAAIAAAIAAAIAIAAAIAIAIAAAIAAAAAIAAAAAIAAAIAI" "Mozilla/5.0 AppleWebKit/537.36 (KHTML, like Gecko; compatible; GPTBot/1.3; +https://openai.com/gptbot)" www.painelnocharme.meumercado.app 10.53.184.85
74.7.227.148 - - [23/Apr/2026:19:10:53 -0300] "GET /shop/crocoite/awstats032024.mm.meumercado.app.txt?p=Ahome2Ameumer25AsuaboaformaImeumercadoIapp HTTP/2.0" 404 836 "https://painelnocharme.meumercado.app/shop/crocoite/awstats032024.mm.meumercado.app.txt?p=Ahome2Ameumer25" "Mozilla/5.0 AppleWebKit/537.36 (KHTML, like Gecko; compatible; GPTBot/1.3; +https://openai.com/gptbot)" painelnocharme.meumercado.app 10.53.184.85
74.7.241.28 - - [23/Apr/2026:19:11:18 -0300] "GET /login/post-info.php?p=Ahome2Ameumer25ApainelnocharmeImeumercadoIappAvendorAmercadopagoAdx-phpAIphpdocAcacheAdescriptorsAIAIAIAIAIAIAIAIATAIAIAIAIAIAIAIAAAAAAAIAIAIAAAAAIAAAIAAAIAAAAAIAIAIAAAIAIAAAIAIAAAIAAAAAIAAAIAIAAAIAIAIAAAAAAAIAAAAAAAAAIAAAIAIAIAIAIAIAAAIAIAAAAAA HTTP/2.0" 409 83 "https://www.painelnocharme.meumercado.app/login/post-info.php?p=Ahome2Ameumer25ApainelnocharmeImeumercadoIappAvendorAmercadopagoAdx-phpAIphpdocAcacheAdescriptorsAIAIAIAIAIAIAIAIATAIAIAIAIAIAIAIAAAAAAAIAIAIAAAAAIAAAIAAAIAAAAAIAIAIAAAIAIAAAIAIAAAIAAAAAIAAAIAIAAAIAIAIAAAAAAAIAAAAAAAAAIAAAIAIAIAIAIAIAAAIAIAAAA" "Mozilla/5.0 AppleWebKit/537.36 (KHTML, like Gecko; compatible; GPTBot/1.3; +https://openai.com/gptbot)" www.painelnocharme.meumercado.app 10.53.184.85
74.7.227.148 - - [23/Apr/2026:19:11:56 -0300] "GET /shop/crocoite/awstats032026.mm.meumercado.app.txt?p=Ahome2Ameumer25AsasakisushiImeumercadoIapp HTTP/2.0" 404 836 "https://painelnocharme.meumercado.app/shop/crocoite/awstats032026.mm.meumercado.app.txt?p=Ahome2Ameumer25" "Mozilla/5.0 AppleWebKit/537.36 (KHTML, like Gecko; compatible; GPTBot/1.3; +https://openai.com/gptbot)" painelnocharme.meumercado.app 10.53.184.85
74.7.241.28 - - [23/Apr/2026:19:12:22 -0300] "GET /login/post-info.php?p=Ahome2Ameumer25ApainelnocharmeImeumercadoIappAvendorAmercadopagoAdx-phpAIphpdocAcacheAdescriptorsAIAIAIAIAIAIAIAIATAIAIAIAIAIAIAIAAAAAAAIAIAIAAAAAIAAAIAAAIAAAAAIAIAIAAAIAIAAAIAIAAAAAAAIAAAIAAAIAIAIAIAIAAAIAIAIAAAIAAAAAAAIAAAAAAAAAIAIAAAAAIAAAAAH HTTP/2.0" 409 83 "https://www.painelnocharme.meumercado.app/login/post-info.php?p=Ahome2Ameumer25ApainelnocharmeImeumercadoIappAvendorAmercadopagoAdx-phpAIphpdocAcacheAdescriptorsAIAIAIAIAIAIAIAIATAIAIAIAIAIAIAIAAAAAAAIAIAIAAAAAIAAAIAAAIAAAAAIAIAIAAAIAIAAAIAIAAAAAAAIAAAIAAAIAIAIAIAIAAAIAIAIAAAIAAAAAAAIAAAAAAAAAIAIAAAAAIAAAA" "Mozilla/5.0 AppleWebKit/537.36 (KHTML, like Gecko; compatible; GPTBot/1.3; +https://openai.com/gptbot)" www.painelnocharme.meumercado.app 10.53.184.85
74.7.227.148 - - [23/Apr/2026:19:12:59 -0300] "GET /shop/crocoite/awstats042023.mm.meumercado.app.txt?p=Ahome2Ameumer25AsasakisushiImeumercadoIapp HTTP/2.0" 404 836 "https://painelnocharme.meumercado.app/shop/crocoite/awstats042023.mm.meumercado.app.txt?p=Ahome2Ameumer25" "Mozilla/5.0 AppleWebKit/537.36 (KHTML, like Gecko; compatible; GPTBot/1.3; +https://openai.com/gptbot)" painelnocharme.meumercado.app 10.53.184.85
74.7.241.28 - - [23/Apr/2026:19:13:25 -0300] "GET /login/post-info.php?p=Ahome2Ameumer25ApainelnocharmeImeumercadoIappAvendorAmercadopagoAdx-phpAIphpdocAcacheAdescriptorsAIAIAIAIAIAIAIAIATAIAIAIAIAIAIAIAAAAAAAIAIAIAAAAAIAAAIAAAIAAAAAIAIAIAAAIAIAAAIAIAAAAAIAIAAAAAAAAAIAAAAAAAIAAAIAAAIAIAAAIAIAIAAAIAAAIAAAAAAAAAIAAAIAW HTTP/2.0" 409 83 "https://www.painelnocharme.meumercado.app/login/post-info.php?p=Ahome2Ameumer25ApainelnocharmeImeumercadoIappAvendorAmercadopagoAdx-phpAIphpdocAcacheAdescriptorsAIAIAIAIAIAIAIAIATAIAIAIAIAIAIAIAAAAAAAIAIAIAAAAAIAAAIAAAIAAAAAIAIAIAAAIAIAAAIAIAAAAAIAIAAAAAAAAAIAAAAAAAIAAAIAAAIAIAAAIAIAIAAAIAAAIAAAAAAAAAIAAAI" "Mozilla/5.0 AppleWebKit/537.36 (KHTML, like Gecko; compatible; GPTBot/1.3; +https://openai.com/gptbot)" www.painelnocharme.meumercado.app 10.53.184.85
74.7.227.148 - - [23/Apr/2026:19:14:02 -0300] "GET /shop/crocoite/awstats072024.mm.meumercado.app.txt?p=Ahome2Ameumer25AsuaboaformaImeumercadoIapp HTTP/2.0" 404 836 "https://painelnocharme.meumercado.app/shop/crocoite/awstats072024.mm.meumercado.app.txt?p=Ahome2Ameumer25" "Mozilla/5.0 AppleWebKit/537.36 (KHTML, like Gecko; compatible; GPTBot/1.3; +https://openai.com/gptbot)" painelnocharme.meumercado.app 10.53.184.85
74.7.241.28 - - [23/Apr/2026:19:14:28 -0300] "GET /login/post-info.php?p=Ahome2Ameumer25ApainelnocharmeImeumercadoIappAvendorAmercadopagoAdx-phpAIphpdocAcacheAdescriptorsAIAIAIAIAIAIAIAIATAIAIAIAIAIAIAIAAAAAAAIAIAIAAAAAIAAAIAAAIAAAAAIAIAIAAAIAIAAAIAIAAAIAAAIAAAIAIAIAIAIAAAAAIAIAAAAAIAAAIAIAAAIAIAIAAAAAAAAAAAAAAAAAIAI HTTP/2.0" 409 83 "https://www.painelnocharme.meumercado.app/login/post-info.php?p=Ahome2Ameumer25ApainelnocharmeImeumercadoIappAvendorAmercadopagoAdx-phpAIphpdocAcacheAdescriptorsAIAIAIAIAIAIAIAIATAIAIAIAIAIAIAIAAAAAAAIAIAIAAAAAIAAAIAAAIAAAAAIAIAIAAAIAIAAAIAIAAAIAAAIAAAIAIAIAIAIAAAAAIAIAAAAAIAAAIAIAAAIAIAIAAAAAAAAAAAAAAAAAI" "Mozilla/5.0 AppleWebKit/537.36 (KHTML, like Gecko; compatible; GPTBot/1.3; +https://openai.com/gptbot)" www.painelnocharme.meumercado.app 10.53.184.85
74.7.227.148 - - [23/Apr/2026:19:15:05 -0300] "GET /shop/crocoite/awstats012024.mm.meumercado.app.txt?p=Ahome2Ameumer25AsasakisushiImeumercadoIapp HTTP/2.0" 404 836 "https://painelnocharme.meumercado.app/shop/crocoite/awstats012024.mm.meumercado.app.txt?p=Ahome2Ameumer25" "Mozilla/5.0 AppleWebKit/537.36 (KHTML, like Gecko; compatible; GPTBot/1.3; +https://openai.com/gptbot)" painelnocharme.meumercado.app 10.53.184.85
74.7.241.28 - - [23/Apr/2026:19:15:34 -0300] "GET /login/post-info.php?p=Ahome2Ameumer25ApainelnocharmeImeumercadoIappAvendorAmercadopagoAdx-phpAIphpdocAcacheAdescriptorsAIAIAIAIAIAIAIAIATAIAIAIAIAIAIAIAAAAAAAIAIAIAAAAAIAAAIAAAIAAAAAIAIAIAAAIAIAAAIAIAAAIAAAIAAAIAIAIAAAAAAAIAAAIAIAIAIAIAAAIAAAAAIAAAIAIAAAAAAAAAAAAAIAA HTTP/2.0" 409 83 "https://www.painelnocharme.meumercado.app/login/post-info.php?p=Ahome2Ameumer25ApainelnocharmeImeumercadoIappAvendorAmercadopagoAdx-phpAIphpdocAcacheAdescriptorsAIAIAIAIAIAIAIAIATAIAIAIAIAIAIAIAAAAAAAIAIAIAAAAAIAAAIAAAIAAAAAIAIAIAAAIAIAAAIAIAAAIAAAIAAAIAIAIAAAAAAAIAAAIAIAIAIAIAAAIAAAAAIAAAIAIAAAAAAAAAAAAAI" "Mozilla/5.0 AppleWebKit/537.36 (KHTML, like Gecko; compatible; GPTBot/1.3; +https://openai.com/gptbot)" www.painelnocharme.meumercado.app 10.53.184.85
74.7.227.148 - - [23/Apr/2026:19:16:05 -0300] "GET /shop/crocoite/awstats032024.mm.meumercado.app.txt?p=Ahome2Ameumer25AsasakisushiImeumercadoIapp HTTP/2.0" 404 836 "https://painelnocharme.meumercado.app/shop/crocoite/awstats032024.mm.meumercado.app.txt?p=Ahome2Ameumer25" "Mozilla/5.0 AppleWebKit/537.36 (KHTML, like Gecko; compatible; GPTBot/1.3; +https://openai.com/gptbot)" painelnocharme.meumercado.app 10.53.184.85
74.7.241.28 - - [23/Apr/2026:19:16:37 -0300] "GET /login/post-info.php?p=Ahome2Ameumer25ApainelnocharmeImeumercadoIappAvendorAmercadopagoAdx-phpAIphpdocAcacheAdescriptorsAIAIAIAIAIAIAIAIATAIAIAIAIAIAIAIAAAAAAAIAIAIAAAAAIAAAIAAAIAAAAAIAIAIAAAIAIAAAIAIAAAIAAAAAIAAAIAIAIAIAAAIAIAAAAAAAAAIAIAAAIAAAIAAAAAAAIAIAAAIAIAIAAAH HTTP/2.0" 409 83 "https://www.painelnocharme.meumercado.app/login/post-info.php?p=Ahome2Ameumer25ApainelnocharmeImeumercadoIappAvendorAmercadopagoAdx-phpAIphpdocAcacheAdescriptorsAIAIAIAIAIAIAIAIATAIAIAIAIAIAIAIAAAAAAAIAIAIAAAAAIAAAIAAAIAAAAAIAIAIAAAIAIAAAIAIAAAIAAAAAIAAAIAIAIAIAAAIAIAAAAAAAAAIAIAAAIAAAIAAAAAAAIAIAAAIAIAIAA" "Mozilla/5.0 AppleWebKit/537.36 (KHTML, like Gecko; compatible; GPTBot/1.3; +https://openai.com/gptbot)" www.painelnocharme.meumercado.app 10.53.184.85
74.7.227.148 - - [23/Apr/2026:19:17:08 -0300] "GET /shop/crocoite/awstats062024.mm.meumercado.app.txt?p=Ahome2Ameumer25AsuaboaformaImeumercadoIapp HTTP/2.0" 404 836 "https://painelnocharme.meumercado.app/shop/crocoite/awstats062024.mm.meumercado.app.txt?p=Ahome2Ameumer25" "Mozilla/5.0 AppleWebKit/537.36 (KHTML, like Gecko; compatible; GPTBot/1.3; +https://openai.com/gptbot)" painelnocharme.meumercado.app 10.53.184.85
74.7.241.28 - - [23/Apr/2026:19:17:41 -0300] "GET /login/post-info.php?p=Ahome2Ameumer25ApainelnocharmeImeumercadoIappAvendorAmercadopagoAdx-phpAIphpdocAcacheAdescriptorsAIAIAIAIAIAIAIAIATAIAIAIAIAIAIAIAAAAAAAIAIAIAAAAAIAAAIAAAIAAAAAIAIAIAAAIAIAAAIAIAAAAAAAAAAAIAIAIAIAIAAAIAAAIAIAAAIAAAAAIAIAAAAAAAAAIAAAIAIAIAIAAAIAW HTTP/2.0" 409 83 "https://www.painelnocharme.meumercado.app/login/post-info.php?p=Ahome2Ameumer25ApainelnocharmeImeumercadoIappAvendorAmercadopagoAdx-phpAIphpdocAcacheAdescriptorsAIAIAIAIAIAIAIAIATAIAIAIAIAIAIAIAAAAAAAIAIAIAAAAAIAAAIAAAIAAAAAIAIAIAAAIAIAAAIAIAAAAAAAAAAAIAIAIAIAIAAAIAAAIAIAAAIAAAAAIAIAAAAAAAAAIAAAIAIAIAIAAAI" "Mozilla/5.0 AppleWebKit/537.36 (KHTML, like Gecko; compatible; GPTBot/1.3; +https://openai.com/gptbot)" www.painelnocharme.meumercado.app 10.53.184.85
74.7.227.148 - - [23/Apr/2026:19:18:08 -0300] "GET /shop/crocoite/awstats012024.mm.meumercado.app.txt?p=Ahome2Ameumer25AsuaboaformaImeumercadoIapp HTTP/2.0" 404 836 "https://painelnocharme.meumercado.app/shop/crocoite/awstats012024.mm.meumercado.app.txt?p=Ahome2Ameumer25" "Mozilla/5.0 AppleWebKit/537.36 (KHTML, like Gecko; compatible; GPTBot/1.3; +https://openai.com/gptbot)" painelnocharme.meumercado.app 10.53.184.85
