74.7.227.16 - - [23/Apr/2026:18:11:43 -0300] "GET /info/ceratopsia/053917197813 HTTP/2.0" 404 23016 "https://meupet.app/sitemap-subitems-1779.xml" "Mozilla/5.0 AppleWebKit/537.36 (KHTML, like Gecko; compatible; GPTBot/1.3; +https://openai.com/gptbot)" meupet.app 10.53.184.85
74.7.227.16 - - [23/Apr/2026:18:11:48 -0300] "GET /info/hotlivered/052154034468 HTTP/2.0" 404 23016 "https://meupet.app/sitemap-subitems-1105.xml" "Mozilla/5.0 AppleWebKit/537.36 (KHTML, like Gecko; compatible; GPTBot/1.3; +https://openai.com/gptbot)" meupet.app 10.53.184.85
74.7.227.16 - - [23/Apr/2026:18:11:53 -0300] "GET /info/lipomatous/053312557082 HTTP/2.0" 404 23015 "https://meupet.app/sitemap-subitems-2614.xml" "Mozilla/5.0 AppleWebKit/537.36 (KHTML, like Gecko; compatible; GPTBot/1.3; +https://openai.com/gptbot)" meupet.app 10.53.184.85
74.7.227.16 - - [23/Apr/2026:18:11:58 -0300] "GET /info/compartner/053125750736 HTTP/2.0" 404 23014 "https://meupet.app/sitemap-subitems-2284.xml" "Mozilla/5.0 AppleWebKit/537.36 (KHTML, like Gecko; compatible; GPTBot/1.3; +https://openai.com/gptbot)" meupet.app 10.53.184.85
74.7.227.16 - - [23/Apr/2026:18:12:03 -0300] "GET /info/controller/052531767407 HTTP/2.0" 404 23014 "https://meupet.app/sitemap-subitems-2006.xml" "Mozilla/5.0 AppleWebKit/537.36 (KHTML, like Gecko; compatible; GPTBot/1.3; +https://openai.com/gptbot)" meupet.app 10.53.184.85
162.241.203.72 - - [23/Apr/2026:18:12:10 -0300] "POST /wp-cron.php?doing_wp_cron=1776978730.6294751167297363281250 HTTP/1.1" 200 - "-" "WordPress/6.9.4; https://meupet.app" meupet.app 10.53.184.85
74.7.227.16 - - [23/Apr/2026:18:12:08 -0300] "GET /info/revokement/053526850475 HTTP/2.0" 404 23014 "https://meupet.app/sitemap-subitems-1105.xml" "Mozilla/5.0 AppleWebKit/537.36 (KHTML, like Gecko; compatible; GPTBot/1.3; +https://openai.com/gptbot)" meupet.app 10.53.184.85
74.7.227.16 - - [23/Apr/2026:18:12:13 -0300] "GET /info/anacamptic/052170163539 HTTP/2.0" 404 23016 "https://meupet.app/sitemap-subitems-2669.xml" "Mozilla/5.0 AppleWebKit/537.36 (KHTML, like Gecko; compatible; GPTBot/1.3; +https://openai.com/gptbot)" meupet.app 10.53.184.85
74.7.227.16 - - [23/Apr/2026:18:12:18 -0300] "GET /info/lenticular/051369070100 HTTP/2.0" 404 23016 "https://meupet.app/sitemap-subitems-1749.xml" "Mozilla/5.0 AppleWebKit/537.36 (KHTML, like Gecko; compatible; GPTBot/1.3; +https://openai.com/gptbot)" meupet.app 10.53.184.85
74.7.227.16 - - [23/Apr/2026:18:12:23 -0300] "GET /info/twotongued/051970827424 HTTP/2.0" 404 23015 "https://meupet.app/sitemap-subitems-2284.xml" "Mozilla/5.0 AppleWebKit/537.36 (KHTML, like Gecko; compatible; GPTBot/1.3; +https://openai.com/gptbot)" meupet.app 10.53.184.85
74.7.227.16 - - [23/Apr/2026:18:12:28 -0300] "GET /info/monarchies/052564634339 HTTP/2.0" 404 23013 "https://meupet.app/sitemap-subitems-2157.xml" "Mozilla/5.0 AppleWebKit/537.36 (KHTML, like Gecko; compatible; GPTBot/1.3; +https://openai.com/gptbot)" meupet.app 10.53.184.85
74.7.227.16 - - [23/Apr/2026:18:12:33 -0300] "GET /info/eparterial/051597002541 HTTP/2.0" 404 23014 "https://meupet.app/sitemap-subitems-3060.xml" "Mozilla/5.0 AppleWebKit/537.36 (KHTML, like Gecko; compatible; GPTBot/1.3; +https://openai.com/gptbot)" meupet.app 10.53.184.85
74.7.227.16 - - [23/Apr/2026:18:12:38 -0300] "GET /info/thalassema/052572118892 HTTP/2.0" 404 23014 "https://meupet.app/sitemap-subitems-2284.xml" "Mozilla/5.0 AppleWebKit/537.36 (KHTML, like Gecko; compatible; GPTBot/1.3; +https://openai.com/gptbot)" meupet.app 10.53.184.85
74.7.227.16 - - [23/Apr/2026:18:12:44 -0300] "GET /info/witchhazel/052890756224 HTTP/2.0" 404 23017 "https://meupet.app/sitemap-subitems-3060.xml" "Mozilla/5.0 AppleWebKit/537.36 (KHTML, like Gecko; compatible; GPTBot/1.3; +https://openai.com/gptbot)" meupet.app 10.53.184.85
74.7.227.16 - - [23/Apr/2026:18:12:49 -0300] "GET /info/cuirassier/051166787483 HTTP/2.0" 404 23017 "https://meupet.app/sitemap-subitems-1779.xml" "Mozilla/5.0 AppleWebKit/537.36 (KHTML, like Gecko; compatible; GPTBot/1.3; +https://openai.com/gptbot)" meupet.app 10.53.184.85
74.7.227.16 - - [23/Apr/2026:18:12:53 -0300] "GET /info/polygenous/052654902708 HTTP/2.0" 404 23016 "https://meupet.app/sitemap-subitems-1105.xml" "Mozilla/5.0 AppleWebKit/537.36 (KHTML, like Gecko; compatible; GPTBot/1.3; +https://openai.com/gptbot)" meupet.app 10.53.184.85
74.7.227.16 - - [23/Apr/2026:18:12:58 -0300] "GET /info/cartwright/051235486153 HTTP/2.0" 404 23015 "https://meupet.app/sitemap-subitems-1779.xml" "Mozilla/5.0 AppleWebKit/537.36 (KHTML, like Gecko; compatible; GPTBot/1.3; +https://openai.com/gptbot)" meupet.app 10.53.184.85
74.7.227.16 - - [23/Apr/2026:18:13:03 -0300] "GET /info/phraseless/051747015449 HTTP/2.0" 404 23015 "https://meupet.app/sitemap-subitems-2006.xml" "Mozilla/5.0 AppleWebKit/537.36 (KHTML, like Gecko; compatible; GPTBot/1.3; +https://openai.com/gptbot)" meupet.app 10.53.184.85
162.241.203.72 - - [23/Apr/2026:18:13:09 -0300] "POST /wp-cron.php?doing_wp_cron=1776978789.5119109153747558593750 HTTP/1.1" 200 - "-" "WordPress/6.9.4; https://meupet.app" meupet.app 10.53.184.85
74.7.227.16 - - [23/Apr/2026:18:13:08 -0300] "GET /info/nipplewort/052629915834 HTTP/2.0" 404 23015 "https://meupet.app/sitemap-subitems-2669.xml" "Mozilla/5.0 AppleWebKit/537.36 (KHTML, like Gecko; compatible; GPTBot/1.3; +https://openai.com/gptbot)" meupet.app 10.53.184.85
74.7.227.16 - - [23/Apr/2026:18:13:14 -0300] "GET /info/handcuffed/054025863143 HTTP/2.0" 404 23018 "https://meupet.app/sitemap-subitems-2669.xml" "Mozilla/5.0 AppleWebKit/537.36 (KHTML, like Gecko; compatible; GPTBot/1.3; +https://openai.com/gptbot)" meupet.app 10.53.184.85
74.7.227.16 - - [23/Apr/2026:18:13:19 -0300] "GET /info/orientated/052771678283 HTTP/2.0" 404 23016 "https://meupet.app/sitemap-subitems-3060.xml" "Mozilla/5.0 AppleWebKit/537.36 (KHTML, like Gecko; compatible; GPTBot/1.3; +https://openai.com/gptbot)" meupet.app 10.53.184.85
74.7.227.16 - - [23/Apr/2026:18:13:23 -0300] "GET /info/pulmonacea/051283864341 HTTP/2.0" 404 23017 "https://meupet.app/sitemap-subitems-1779.xml" "Mozilla/5.0 AppleWebKit/537.36 (KHTML, like Gecko; compatible; GPTBot/1.3; +https://openai.com/gptbot)" meupet.app 10.53.184.85
74.7.227.16 - - [23/Apr/2026:18:13:28 -0300] "GET /info/paroxytone/051523221741 HTTP/2.0" 404 23016 "https://meupet.app/sitemap-subitems-2614.xml" "Mozilla/5.0 AppleWebKit/537.36 (KHTML, like Gecko; compatible; GPTBot/1.3; +https://openai.com/gptbot)" meupet.app 10.53.184.85
74.7.227.16 - - [23/Apr/2026:18:13:33 -0300] "GET /info/restharrow/051784297358 HTTP/2.0" 404 23017 "https://meupet.app/sitemap-subitems-2669.xml" "Mozilla/5.0 AppleWebKit/537.36 (KHTML, like Gecko; compatible; GPTBot/1.3; +https://openai.com/gptbot)" meupet.app 10.53.184.85
74.7.227.16 - - [23/Apr/2026:18:13:38 -0300] "GET /info/colliquate/053761751484 HTTP/2.0" 404 23017 "https://meupet.app/sitemap-subitems-3060.xml" "Mozilla/5.0 AppleWebKit/537.36 (KHTML, like Gecko; compatible; GPTBot/1.3; +https://openai.com/gptbot)" meupet.app 10.53.184.85
74.7.227.16 - - [23/Apr/2026:18:13:43 -0300] "GET /info/blackguard/052299088244 HTTP/2.0" 404 23014 "https://meupet.app/sitemap-subitems-3060.xml" "Mozilla/5.0 AppleWebKit/537.36 (KHTML, like Gecko; compatible; GPTBot/1.3; +https://openai.com/gptbot)" meupet.app 10.53.184.85
74.7.227.16 - - [23/Apr/2026:18:13:48 -0300] "GET /info/norvegicus/053592724375 HTTP/2.0" 404 23016 "https://meupet.app/sitemap-subitems-1749.xml" "Mozilla/5.0 AppleWebKit/537.36 (KHTML, like Gecko; compatible; GPTBot/1.3; +https://openai.com/gptbot)" meupet.app 10.53.184.85
74.7.227.16 - - [23/Apr/2026:18:13:53 -0300] "GET /info/greenstall/051014081747 HTTP/2.0" 404 23015 "https://meupet.app/sitemap-subitems-2614.xml" "Mozilla/5.0 AppleWebKit/537.36 (KHTML, like Gecko; compatible; GPTBot/1.3; +https://openai.com/gptbot)" meupet.app 10.53.184.85
74.7.227.16 - - [23/Apr/2026:18:13:59 -0300] "GET /info/whiggishly/053618649872 HTTP/2.0" 404 23019 "https://meupet.app/sitemap-subitems-1749.xml" "Mozilla/5.0 AppleWebKit/537.36 (KHTML, like Gecko; compatible; GPTBot/1.3; +https://openai.com/gptbot)" meupet.app 10.53.184.85
74.7.227.16 - - [23/Apr/2026:18:14:04 -0300] "GET /info/agonistics/053701142469 HTTP/2.0" 404 23013 "https://meupet.app/sitemap-subitems-2312.xml" "Mozilla/5.0 AppleWebKit/537.36 (KHTML, like Gecko; compatible; GPTBot/1.3; +https://openai.com/gptbot)" meupet.app 10.53.184.85
162.241.203.72 - - [23/Apr/2026:18:14:09 -0300] "POST /wp-cron.php?doing_wp_cron=1776978849.8857700824737548828125 HTTP/1.1" 200 - "-" "WordPress/6.9.4; https://meupet.app" meupet.app 10.53.184.85
74.7.227.16 - - [23/Apr/2026:18:14:09 -0300] "GET /info/epistolary/053378504540 HTTP/2.0" 404 23015 "https://meupet.app/sitemap-subitems-2614.xml" "Mozilla/5.0 AppleWebKit/537.36 (KHTML, like Gecko; compatible; GPTBot/1.3; +https://openai.com/gptbot)" meupet.app 10.53.184.85
74.7.227.16 - - [23/Apr/2026:18:14:14 -0300] "GET /info/lovemonger/052467308554 HTTP/2.0" 404 23015 "https://meupet.app/sitemap-subitems-2614.xml" "Mozilla/5.0 AppleWebKit/537.36 (KHTML, like Gecko; compatible; GPTBot/1.3; +https://openai.com/gptbot)" meupet.app 10.53.184.85
74.7.227.16 - - [23/Apr/2026:18:14:19 -0300] "GET /info/hippophagy/052627173859 HTTP/2.0" 404 23018 "https://meupet.app/sitemap-subitems-2614.xml" "Mozilla/5.0 AppleWebKit/537.36 (KHTML, like Gecko; compatible; GPTBot/1.3; +https://openai.com/gptbot)" meupet.app 10.53.184.85
74.7.227.16 - - [23/Apr/2026:18:14:24 -0300] "GET /info/perbromide/053511238916 HTTP/2.0" 404 23016 "https://meupet.app/sitemap-subitems-2006.xml" "Mozilla/5.0 AppleWebKit/537.36 (KHTML, like Gecko; compatible; GPTBot/1.3; +https://openai.com/gptbot)" meupet.app 10.53.184.85
74.7.227.16 - - [23/Apr/2026:18:14:29 -0300] "GET /info/competitor/052487970192 HTTP/2.0" 404 23014 "https://meupet.app/sitemap-subitems-2157.xml" "Mozilla/5.0 AppleWebKit/537.36 (KHTML, like Gecko; compatible; GPTBot/1.3; +https://openai.com/gptbot)" meupet.app 10.53.184.85
51.95.17.241 - - [23/Apr/2026:18:14:29 -0300] "GET / HTTP/1.1" 200 36460 "-" "Mozilla/5.0 (Linux; Android 11; Nokia G50) AppleWebKit/537.36 (KHTML, like Gecko) Chrome/123.0.6312.61 Mobile Safari/537.36" meupet.app 10.53.184.85
51.95.17.241 - - [23/Apr/2026:18:14:34 -0300] "GET /?rest_route=/wp/v2/users HTTP/1.1" 200 338 "-" "Mozilla/5.0 (Macintosh; Intel Mac OS X 14_6_1) AppleWebKit/537.36 (KHTML, like Gecko) Chrome/128.0.0.0 Safari/537.36 OPR/114.0.0.0" meupet.app 10.53.184.85
74.7.227.16 - - [23/Apr/2026:18:14:34 -0300] "GET /info/defeasible/052513724331 HTTP/2.0" 404 23015 "https://meupet.app/sitemap-subitems-2312.xml" "Mozilla/5.0 AppleWebKit/537.36 (KHTML, like Gecko; compatible; GPTBot/1.3; +https://openai.com/gptbot)" meupet.app 10.53.184.85
74.7.227.16 - - [23/Apr/2026:18:14:39 -0300] "GET /info/paleaceous/051770894750 HTTP/2.0" 404 23016 "https://meupet.app/sitemap-subitems-2284.xml" "Mozilla/5.0 AppleWebKit/537.36 (KHTML, like Gecko; compatible; GPTBot/1.3; +https://openai.com/gptbot)" meupet.app 10.53.184.85
74.7.227.16 - - [23/Apr/2026:18:14:44 -0300] "GET /info/commixture/051914160364 HTTP/2.0" 404 23014 "https://meupet.app/sitemap-subitems-1779.xml" "Mozilla/5.0 AppleWebKit/537.36 (KHTML, like Gecko; compatible; GPTBot/1.3; +https://openai.com/gptbot)" meupet.app 10.53.184.85
74.7.227.16 - - [23/Apr/2026:18:14:49 -0300] "GET /info/bipartitus/051561078442 HTTP/2.0" 404 23015 "https://meupet.app/sitemap-subitems-1105.xml" "Mozilla/5.0 AppleWebKit/537.36 (KHTML, like Gecko; compatible; GPTBot/1.3; +https://openai.com/gptbot)" meupet.app 10.53.184.85
74.7.227.16 - - [23/Apr/2026:18:14:54 -0300] "GET /info/frustrated/051286562353 HTTP/2.0" 404 23016 "https://meupet.app/sitemap-subitems-3060.xml" "Mozilla/5.0 AppleWebKit/537.36 (KHTML, like Gecko; compatible; GPTBot/1.3; +https://openai.com/gptbot)" meupet.app 10.53.184.85
51.95.17.241 - - [23/Apr/2026:18:14:57 -0300] "POST /xmlrpc.php HTTP/1.1" 409 83 "-" "Mozilla/5.0 (Linux; Android 11; Nokia G50) AppleWebKit/537.36 (KHTML, like Gecko) Chrome/123.0.6312.61 Mobile Safari/537.36" meupet.app 10.53.184.85
51.95.17.241 - - [23/Apr/2026:18:14:58 -0300] "POST /xmlrpc.php HTTP/1.1" 409 83 "-" "Mozilla/5.0 (Linux; Android 11; Nokia G50) AppleWebKit/537.36 (KHTML, like Gecko) Chrome/123.0.6312.61 Mobile Safari/537.36" meupet.app 10.53.184.85
51.95.17.241 - - [23/Apr/2026:18:14:59 -0300] "POST /xmlrpc.php HTTP/1.1" 409 83 "-" "Mozilla/5.0 (Linux; Android 11; Nokia G50) AppleWebKit/537.36 (KHTML, like Gecko) Chrome/123.0.6312.61 Mobile Safari/537.36" meupet.app 10.53.184.85
74.7.227.16 - - [23/Apr/2026:18:14:59 -0300] "GET /info/perigynous/052215362793 HTTP/2.0" 404 23016 "https://meupet.app/sitemap-subitems-2006.xml" "Mozilla/5.0 AppleWebKit/537.36 (KHTML, like Gecko; compatible; GPTBot/1.3; +https://openai.com/gptbot)" meupet.app 10.53.184.85
51.95.17.241 - - [23/Apr/2026:18:15:00 -0300] "POST /xmlrpc.php HTTP/1.1" 409 83 "-" "Mozilla/5.0 (Macintosh; Intel Mac OS X 14_6_1) AppleWebKit/537.36 (KHTML, like Gecko) Chrome/128.0.0.0 Safari/537.36 OPR/114.0.0.0" meupet.app 10.53.184.85
74.7.227.16 - - [23/Apr/2026:18:15:04 -0300] "GET /info/saponacity/052377210869 HTTP/2.0" 404 23016 "https://meupet.app/sitemap-subitems-2006.xml" "Mozilla/5.0 AppleWebKit/537.36 (KHTML, like Gecko; compatible; GPTBot/1.3; +https://openai.com/gptbot)" meupet.app 10.53.184.85
162.241.203.72 - - [23/Apr/2026:18:15:10 -0300] "POST /wp-cron.php?doing_wp_cron=1776978910.5745921134948730468750 HTTP/1.1" 200 - "-" "WordPress/6.9.4; https://meupet.app" meupet.app 10.53.184.85
74.7.227.16 - - [23/Apr/2026:18:15:09 -0300] "GET /info/declaredly/053214233591 HTTP/2.0" 404 23016 "https://meupet.app/sitemap-subitems-2157.xml" "Mozilla/5.0 AppleWebKit/537.36 (KHTML, like Gecko; compatible; GPTBot/1.3; +https://openai.com/gptbot)" meupet.app 10.53.184.85
74.7.227.16 - - [23/Apr/2026:18:15:15 -0300] "GET /info/auctioneer/052976495387 HTTP/2.0" 404 23014 "https://meupet.app/sitemap-subitems-2614.xml" "Mozilla/5.0 AppleWebKit/537.36 (KHTML, like Gecko; compatible; GPTBot/1.3; +https://openai.com/gptbot)" meupet.app 10.53.184.85
74.7.227.16 - - [23/Apr/2026:18:15:19 -0300] "GET /info/ecthlipsis/051876131273 HTTP/2.0" 404 23015 "https://meupet.app/sitemap-subitems-1105.xml" "Mozilla/5.0 AppleWebKit/537.36 (KHTML, like Gecko; compatible; GPTBot/1.3; +https://openai.com/gptbot)" meupet.app 10.53.184.85
51.95.17.241 - - [23/Apr/2026:18:15:22 -0300] "POST /xmlrpc.php HTTP/1.1" 409 83 "-" "Mozilla/5.0 (Macintosh; Intel Mac OS X 14_6_1) AppleWebKit/537.36 (KHTML, like Gecko) Chrome/128.0.0.0 Safari/537.36 OPR/114.0.0.0" meupet.app 10.53.184.85
51.95.17.241 - - [23/Apr/2026:18:15:23 -0300] "POST /xmlrpc.php HTTP/1.1" 409 83 "-" "Mozilla/5.0 (Macintosh; Intel Mac OS X 14_6_1) AppleWebKit/537.36 (KHTML, like Gecko) Chrome/128.0.0.0 Safari/537.36 OPR/114.0.0.0" meupet.app 10.53.184.85
51.95.17.241 - - [23/Apr/2026:18:15:24 -0300] "POST /xmlrpc.php HTTP/1.1" 409 83 "-" "Mozilla/5.0 (Linux; Android 11; Nokia G50) AppleWebKit/537.36 (KHTML, like Gecko) Chrome/123.0.6312.61 Mobile Safari/537.36" meupet.app 10.53.184.85
74.7.227.16 - - [23/Apr/2026:18:15:24 -0300] "GET /info/sarcoblast/051823709100 HTTP/2.0" 404 23015 "https://meupet.app/sitemap-subitems-2669.xml" "Mozilla/5.0 AppleWebKit/537.36 (KHTML, like Gecko; compatible; GPTBot/1.3; +https://openai.com/gptbot)" meupet.app 10.53.184.85
51.95.17.241 - - [23/Apr/2026:18:15:25 -0300] "POST /xmlrpc.php HTTP/1.1" 409 83 "-" "Mozilla/5.0 (Linux; Android 11; Nokia G50) AppleWebKit/537.36 (KHTML, like Gecko) Chrome/123.0.6312.61 Mobile Safari/537.36" meupet.app 10.53.184.85
74.7.227.16 - - [23/Apr/2026:18:15:29 -0300] "GET /info/preconsign/052347284613 HTTP/2.0" 404 23014 "https://meupet.app/sitemap-subitems-3060.xml" "Mozilla/5.0 AppleWebKit/537.36 (KHTML, like Gecko; compatible; GPTBot/1.3; +https://openai.com/gptbot)" meupet.app 10.53.184.85
74.7.227.16 - - [23/Apr/2026:18:15:35 -0300] "GET /info/chassecafe/053782746019 HTTP/2.0" 404 23017 "https://meupet.app/sitemap-subitems-2669.xml" "Mozilla/5.0 AppleWebKit/537.36 (KHTML, like Gecko; compatible; GPTBot/1.3; +https://openai.com/gptbot)" meupet.app 10.53.184.85
74.7.227.16 - - [23/Apr/2026:18:15:39 -0300] "GET /info/drakestone/051438948504 HTTP/2.0" 404 23016 "https://meupet.app/sitemap-subitems-1749.xml" "Mozilla/5.0 AppleWebKit/537.36 (KHTML, like Gecko; compatible; GPTBot/1.3; +https://openai.com/gptbot)" meupet.app 10.53.184.85
74.7.227.16 - - [23/Apr/2026:18:15:44 -0300] "GET /info/rhizotaxis/054161309924 HTTP/2.0" 404 23016 "https://meupet.app/sitemap-subitems-1105.xml" "Mozilla/5.0 AppleWebKit/537.36 (KHTML, like Gecko; compatible; GPTBot/1.3; +https://openai.com/gptbot)" meupet.app 10.53.184.85
66.249.79.129 - - [23/Apr/2026:18:15:46 -0300] "GET /info/hectare/1263781332 HTTP/1.1" 200 55298 "-" "Mozilla/5.0 (Linux; Android 6.0.1; Nexus 5X Build/MMB29P) AppleWebKit/537.36 (KHTML, like Gecko) Chrome/146.0.7680.177 Mobile Safari/537.36 (compatible; Googlebot/2.1; +http://www.google.com/bot.html)" meupet.app 10.53.184.85
51.95.17.241 - - [23/Apr/2026:18:15:47 -0300] "POST /xmlrpc.php HTTP/1.1" 409 83 "-" "Mozilla/5.0 (Macintosh; Intel Mac OS X 14_6_1) AppleWebKit/537.36 (KHTML, like Gecko) Chrome/128.0.0.0 Safari/537.36 OPR/114.0.0.0" meupet.app 10.53.184.85
95.108.213.221 - - [23/Apr/2026:18:15:48 -0300] "GET /robots.txt HTTP/1.1" 200 108 "-" "Mozilla/5.0 (compatible; YandexBot/3.0; +http://yandex.com/bots)" meupet.app 10.53.184.85
51.95.17.241 - - [23/Apr/2026:18:15:48 -0300] "POST /xmlrpc.php HTTP/1.1" 409 83 "-" "Mozilla/5.0 (Macintosh; Intel Mac OS X 14_6_1) AppleWebKit/537.36 (KHTML, like Gecko) Chrome/128.0.0.0 Safari/537.36 OPR/114.0.0.0" meupet.app 10.53.184.85
51.95.17.241 - - [23/Apr/2026:18:15:49 -0300] "POST /xmlrpc.php HTTP/1.1" 409 83 "-" "Mozilla/5.0 (Linux; Android 11; Nokia G50) AppleWebKit/537.36 (KHTML, like Gecko) Chrome/123.0.6312.61 Mobile Safari/537.36" meupet.app 10.53.184.85
95.108.213.160 - - [23/Apr/2026:18:15:49 -0300] "GET /info/stradometrical/06479135450 HTTP/1.1" 404 22990 "-" "Mozilla/5.0 (compatible; YandexBot/3.0; +http://yandex.com/bots)" meupet.app 10.53.184.85
74.7.227.16 - - [23/Apr/2026:18:15:49 -0300] "GET /info/ammocoeles/052882419396 HTTP/2.0" 404 23016 "https://meupet.app/sitemap-subitems-2284.xml" "Mozilla/5.0 AppleWebKit/537.36 (KHTML, like Gecko; compatible; GPTBot/1.3; +https://openai.com/gptbot)" meupet.app 10.53.184.85
51.95.17.241 - - [23/Apr/2026:18:15:50 -0300] "POST /xmlrpc.php HTTP/1.1" 409 83 "-" "Mozilla/5.0 (Linux; Android 11; Nokia G50) AppleWebKit/537.36 (KHTML, like Gecko) Chrome/123.0.6312.61 Mobile Safari/537.36" meupet.app 10.53.184.85
51.95.17.241 - - [23/Apr/2026:18:15:51 -0300] "POST /xmlrpc.php HTTP/1.1" 409 83 "-" "Mozilla/5.0 (Linux; Android 11; Nokia G50) AppleWebKit/537.36 (KHTML, like Gecko) Chrome/123.0.6312.61 Mobile Safari/537.36" meupet.app 10.53.184.85
74.7.227.16 - - [23/Apr/2026:18:15:55 -0300] "GET /info/sertularia/051857820164 HTTP/2.0" 404 23014 "https://meupet.app/sitemap-subitems-2157.xml" "Mozilla/5.0 AppleWebKit/537.36 (KHTML, like Gecko; compatible; GPTBot/1.3; +https://openai.com/gptbot)" meupet.app 10.53.184.85
74.7.227.16 - - [23/Apr/2026:18:16:00 -0300] "GET /info/spermacoce/051340197425 HTTP/2.0" 404 23015 "https://meupet.app/sitemap-subitems-2614.xml" "Mozilla/5.0 AppleWebKit/537.36 (KHTML, like Gecko; compatible; GPTBot/1.3; +https://openai.com/gptbot)" meupet.app 10.53.184.85
74.7.227.16 - - [23/Apr/2026:18:16:05 -0300] "GET /info/unprizable/052536356179 HTTP/2.0" 404 23016 "https://meupet.app/sitemap-subitems-2006.xml" "Mozilla/5.0 AppleWebKit/537.36 (KHTML, like Gecko; compatible; GPTBot/1.3; +https://openai.com/gptbot)" meupet.app 10.53.184.85
162.241.203.72 - - [23/Apr/2026:18:16:10 -0300] "POST /wp-cron.php?doing_wp_cron=1776978970.9748809337615966796875 HTTP/1.1" 200 - "-" "WordPress/6.9.4; https://meupet.app" meupet.app 10.53.184.85
74.7.227.16 - - [23/Apr/2026:18:16:10 -0300] "GET /info/hypogynous/052658442920 HTTP/2.0" 404 23017 "https://meupet.app/sitemap-subitems-1105.xml" "Mozilla/5.0 AppleWebKit/537.36 (KHTML, like Gecko; compatible; GPTBot/1.3; +https://openai.com/gptbot)" meupet.app 10.53.184.85
51.95.17.241 - - [23/Apr/2026:18:16:13 -0300] "POST /xmlrpc.php HTTP/1.1" 409 83 "-" "Mozilla/5.0 (Linux; Android 11; Nokia G50) AppleWebKit/537.36 (KHTML, like Gecko) Chrome/123.0.6312.61 Mobile Safari/537.36" meupet.app 10.53.184.85
51.95.17.241 - - [23/Apr/2026:18:16:14 -0300] "POST /xmlrpc.php HTTP/1.1" 409 83 "-" "Mozilla/5.0 (Macintosh; Intel Mac OS X 14_6_1) AppleWebKit/537.36 (KHTML, like Gecko) Chrome/128.0.0.0 Safari/537.36 OPR/114.0.0.0" meupet.app 10.53.184.85
51.95.17.241 - - [23/Apr/2026:18:16:15 -0300] "POST /xmlrpc.php HTTP/1.1" 409 83 "-" "Mozilla/5.0 (Macintosh; Intel Mac OS X 14_6_1) AppleWebKit/537.36 (KHTML, like Gecko) Chrome/128.0.0.0 Safari/537.36 OPR/114.0.0.0" meupet.app 10.53.184.85
74.7.227.16 - - [23/Apr/2026:18:16:15 -0300] "GET /info/aquiparous/053026654094 HTTP/2.0" 404 23014 "https://meupet.app/sitemap-subitems-1749.xml" "Mozilla/5.0 AppleWebKit/537.36 (KHTML, like Gecko; compatible; GPTBot/1.3; +https://openai.com/gptbot)" meupet.app 10.53.184.85
51.95.17.241 - - [23/Apr/2026:18:16:16 -0300] "POST /xmlrpc.php HTTP/1.1" 409 83 "-" "Mozilla/5.0 (Macintosh; Intel Mac OS X 14_6_1) AppleWebKit/537.36 (KHTML, like Gecko) Chrome/128.0.0.0 Safari/537.36 OPR/114.0.0.0" meupet.app 10.53.184.85
74.7.227.16 - - [23/Apr/2026:18:16:20 -0300] "GET /info/bluishness/052368711626 HTTP/2.0" 404 23016 "https://meupet.app/sitemap-subitems-1749.xml" "Mozilla/5.0 AppleWebKit/537.36 (KHTML, like Gecko; compatible; GPTBot/1.3; +https://openai.com/gptbot)" meupet.app 10.53.184.85
74.7.227.16 - - [23/Apr/2026:18:16:25 -0300] "GET /info/cliffbrake/054258755968 HTTP/2.0" 404 23017 "https://meupet.app/sitemap-subitems-2312.xml" "Mozilla/5.0 AppleWebKit/537.36 (KHTML, like Gecko; compatible; GPTBot/1.3; +https://openai.com/gptbot)" meupet.app 10.53.184.85
74.7.227.16 - - [23/Apr/2026:18:16:30 -0300] "GET /info/spleenwort/052857308892 HTTP/2.0" 404 23015 "https://meupet.app/sitemap-subitems-3060.xml" "Mozilla/5.0 AppleWebKit/537.36 (KHTML, like Gecko; compatible; GPTBot/1.3; +https://openai.com/gptbot)" meupet.app 10.53.184.85
74.7.227.16 - - [23/Apr/2026:18:16:35 -0300] "GET /info/unhumanize/051410789743 HTTP/2.0" 404 23016 "https://meupet.app/sitemap-subitems-2284.xml" "Mozilla/5.0 AppleWebKit/537.36 (KHTML, like Gecko; compatible; GPTBot/1.3; +https://openai.com/gptbot)" meupet.app 10.53.184.85
51.95.17.241 - - [23/Apr/2026:18:16:38 -0300] "POST /xmlrpc.php HTTP/1.1" 409 83 "-" "Mozilla/5.0 (Macintosh; Intel Mac OS X 14_6_1) AppleWebKit/537.36 (KHTML, like Gecko) Chrome/128.0.0.0 Safari/537.36 OPR/114.0.0.0" meupet.app 10.53.184.85
51.95.17.241 - - [23/Apr/2026:18:16:39 -0300] "POST /xmlrpc.php HTTP/1.1" 409 83 "-" "Mozilla/5.0 (Macintosh; Intel Mac OS X 14_6_1) AppleWebKit/537.36 (KHTML, like Gecko) Chrome/128.0.0.0 Safari/537.36 OPR/114.0.0.0" meupet.app 10.53.184.85
51.95.17.241 - - [23/Apr/2026:18:16:40 -0300] "POST /xmlrpc.php HTTP/1.1" 409 83 "-" "Mozilla/5.0 (Linux; Android 11; Nokia G50) AppleWebKit/537.36 (KHTML, like Gecko) Chrome/123.0.6312.61 Mobile Safari/537.36" meupet.app 10.53.184.85
74.7.227.16 - - [23/Apr/2026:18:16:40 -0300] "GET /info/rubicundus/051439842824 HTTP/2.0" 404 23015 "https://meupet.app/sitemap-subitems-2312.xml" "Mozilla/5.0 AppleWebKit/537.36 (KHTML, like Gecko; compatible; GPTBot/1.3; +https://openai.com/gptbot)" meupet.app 10.53.184.85
51.95.17.241 - - [23/Apr/2026:18:16:41 -0300] "POST /xmlrpc.php HTTP/1.1" 409 83 "-" "Mozilla/5.0 (Macintosh; Intel Mac OS X 14_6_1) AppleWebKit/537.36 (KHTML, like Gecko) Chrome/128.0.0.0 Safari/537.36 OPR/114.0.0.0" meupet.app 10.53.184.85
51.95.17.241 - - [23/Apr/2026:18:16:42 -0300] "POST /xmlrpc.php HTTP/1.1" 409 83 "-" "Mozilla/5.0 (Macintosh; Intel Mac OS X 14_6_1) AppleWebKit/537.36 (KHTML, like Gecko) Chrome/128.0.0.0 Safari/537.36 OPR/114.0.0.0" meupet.app 10.53.184.85
74.7.227.16 - - [23/Apr/2026:18:16:45 -0300] "GET /info/decubation/051636657375 HTTP/2.0" 404 23013 "https://meupet.app/sitemap-subitems-2312.xml" "Mozilla/5.0 AppleWebKit/537.36 (KHTML, like Gecko; compatible; GPTBot/1.3; +https://openai.com/gptbot)" meupet.app 10.53.184.85
213.180.203.139 - - [23/Apr/2026:18:16:48 -0300] "GET /robots.txt HTTP/1.1" 200 108 "-" "Mozilla/5.0 (compatible; YandexBot/3.0; +http://yandex.com/bots)" meupet.app 10.53.184.85
74.7.227.16 - - [23/Apr/2026:18:16:50 -0300] "GET /info/sexangular/051494293060 HTTP/2.0" 404 23014 "https://meupet.app/sitemap-subitems-2157.xml" "Mozilla/5.0 AppleWebKit/537.36 (KHTML, like Gecko; compatible; GPTBot/1.3; +https://openai.com/gptbot)" meupet.app 10.53.184.85
152.233.20.80 - - [23/Apr/2026:18:16:53 -0300] "POST /xmlrpc.php HTTP/1.1" 200 213 "-" "Mozilla/5.0 (Linux; Android 11; Nokia G50) AppleWebKit/537.36 (KHTML, like Gecko) Chrome/123.0.6312.61 Mobile Safari/537.36" meupet.app 10.53.184.85
74.7.227.16 - - [23/Apr/2026:18:16:55 -0300] "GET /info/saponified/052910806389 HTTP/2.0" 404 23016 "https://meupet.app/sitemap-subitems-2157.xml" "Mozilla/5.0 AppleWebKit/537.36 (KHTML, like Gecko; compatible; GPTBot/1.3; +https://openai.com/gptbot)" meupet.app 10.53.184.85
74.7.227.16 - - [23/Apr/2026:18:17:00 -0300] "GET /info/reexchange/051733919954 HTTP/2.0" 404 23015 "https://meupet.app/sitemap-subitems-2006.xml" "Mozilla/5.0 AppleWebKit/537.36 (KHTML, like Gecko; compatible; GPTBot/1.3; +https://openai.com/gptbot)" meupet.app 10.53.184.85
162.241.203.72 - - [23/Apr/2026:18:17:06 -0300] "POST /wp-cron.php?doing_wp_cron=1776979026.3000240325927734375000 HTTP/1.1" 200 - "-" "WordPress/6.9.4; https://meupet.app" meupet.app 10.53.184.85
74.7.227.16 - - [23/Apr/2026:18:17:05 -0300] "GET /info/pediculati/051659246026 HTTP/2.0" 404 23016 "https://meupet.app/sitemap-subitems-1749.xml" "Mozilla/5.0 AppleWebKit/537.36 (KHTML, like Gecko; compatible; GPTBot/1.3; +https://openai.com/gptbot)" meupet.app 10.53.184.85
74.7.227.16 - - [23/Apr/2026:18:17:10 -0300] "GET /info/nonscripta/052338486727 HTTP/2.0" 404 23011 "https://meupet.app/sitemap-subitems-2312.xml" "Mozilla/5.0 AppleWebKit/537.36 (KHTML, like Gecko; compatible; GPTBot/1.3; +https://openai.com/gptbot)" meupet.app 10.53.184.85
74.7.227.16 - - [23/Apr/2026:18:17:15 -0300] "GET /info/resumption/053512992556 HTTP/2.0" 404 23012 "https://meupet.app/sitemap-subitems-2284.xml" "Mozilla/5.0 AppleWebKit/537.36 (KHTML, like Gecko; compatible; GPTBot/1.3; +https://openai.com/gptbot)" meupet.app 10.53.184.85
74.7.227.16 - - [23/Apr/2026:18:17:20 -0300] "GET /info/wiggletail/052704198068 HTTP/2.0" 404 23016 "https://meupet.app/sitemap-subitems-2284.xml" "Mozilla/5.0 AppleWebKit/537.36 (KHTML, like Gecko; compatible; GPTBot/1.3; +https://openai.com/gptbot)" meupet.app 10.53.184.85
74.7.227.16 - - [23/Apr/2026:18:17:25 -0300] "GET /info/epicureous/052843445732 HTTP/2.0" 404 23015 "https://meupet.app/sitemap-subitems-2006.xml" "Mozilla/5.0 AppleWebKit/537.36 (KHTML, like Gecko; compatible; GPTBot/1.3; +https://openai.com/gptbot)" meupet.app 10.53.184.85
74.7.227.16 - - [23/Apr/2026:18:17:30 -0300] "GET /info/columbaria/052508972004 HTTP/2.0" 404 23014 "https://meupet.app/sitemap-subitems-2312.xml" "Mozilla/5.0 AppleWebKit/537.36 (KHTML, like Gecko; compatible; GPTBot/1.3; +https://openai.com/gptbot)" meupet.app 10.53.184.85
74.7.227.16 - - [23/Apr/2026:18:17:35 -0300] "GET /info/belectured/051813353641 HTTP/2.0" 404 23016 "https://meupet.app/sitemap-subitems-2006.xml" "Mozilla/5.0 AppleWebKit/537.36 (KHTML, like Gecko; compatible; GPTBot/1.3; +https://openai.com/gptbot)" meupet.app 10.53.184.85
74.7.227.16 - - [23/Apr/2026:18:17:40 -0300] "GET /info/unbelieved/053617119978 HTTP/2.0" 404 23016 "https://meupet.app/sitemap-subitems-2312.xml" "Mozilla/5.0 AppleWebKit/537.36 (KHTML, like Gecko; compatible; GPTBot/1.3; +https://openai.com/gptbot)" meupet.app 10.53.184.85
74.7.227.16 - - [23/Apr/2026:18:17:45 -0300] "GET /info/obstructer/052282479153 HTTP/2.0" 404 23016 "https://meupet.app/sitemap-subitems-1749.xml" "Mozilla/5.0 AppleWebKit/537.36 (KHTML, like Gecko; compatible; GPTBot/1.3; +https://openai.com/gptbot)" meupet.app 10.53.184.85
74.7.227.16 - - [23/Apr/2026:18:17:50 -0300] "GET /info/reciprocal/053297914810 HTTP/2.0" 404 23016 "https://meupet.app/sitemap-subitems-2284.xml" "Mozilla/5.0 AppleWebKit/537.36 (KHTML, like Gecko; compatible; GPTBot/1.3; +https://openai.com/gptbot)" meupet.app 10.53.184.85
74.7.227.16 - - [23/Apr/2026:18:17:55 -0300] "GET /info/mesenchyma/053473954100 HTTP/2.0" 404 23013 "https://meupet.app/sitemap-subitems-2312.xml" "Mozilla/5.0 AppleWebKit/537.36 (KHTML, like Gecko; compatible; GPTBot/1.3; +https://openai.com/gptbot)" meupet.app 10.53.184.85
74.7.227.16 - - [23/Apr/2026:18:18:00 -0300] "GET /info/meerschaum/053585441233 HTTP/2.0" 404 23012 "https://meupet.app/sitemap-subitems-2312.xml" "Mozilla/5.0 AppleWebKit/537.36 (KHTML, like Gecko; compatible; GPTBot/1.3; +https://openai.com/gptbot)" meupet.app 10.53.184.85
162.241.203.72 - - [23/Apr/2026:18:18:06 -0300] "POST /wp-cron.php?doing_wp_cron=1776979086.4340069293975830078125 HTTP/1.1" 200 - "-" "WordPress/6.9.4; https://meupet.app" meupet.app 10.53.184.85
74.7.227.16 - - [23/Apr/2026:18:18:05 -0300] "GET /info/drowsihead/051984546165 HTTP/2.0" 404 23016 "https://meupet.app/sitemap-subitems-2284.xml" "Mozilla/5.0 AppleWebKit/537.36 (KHTML, like Gecko; compatible; GPTBot/1.3; +https://openai.com/gptbot)" meupet.app 10.53.184.85
74.7.227.16 - - [23/Apr/2026:18:18:10 -0300] "GET /info/precocious/054210984929 HTTP/2.0" 404 23015 "https://meupet.app/sitemap-subitems-2312.xml" "Mozilla/5.0 AppleWebKit/537.36 (KHTML, like Gecko; compatible; GPTBot/1.3; +https://openai.com/gptbot)" meupet.app 10.53.184.85
74.7.227.16 - - [23/Apr/2026:18:18:15 -0300] "GET /info/adjectives/053750145254 HTTP/2.0" 404 23013 "https://meupet.app/sitemap-subitems-2284.xml" "Mozilla/5.0 AppleWebKit/537.36 (KHTML, like Gecko; compatible; GPTBot/1.3; +https://openai.com/gptbot)" meupet.app 10.53.184.85
74.7.227.16 - - [23/Apr/2026:18:18:20 -0300] "GET /info/oscillancy/051342981096 HTTP/2.0" 404 23017 "https://meupet.app/sitemap-subitems-1749.xml" "Mozilla/5.0 AppleWebKit/537.36 (KHTML, like Gecko; compatible; GPTBot/1.3; +https://openai.com/gptbot)" meupet.app 10.53.184.85
95.108.213.114 - - [23/Apr/2026:18:19:48 -0300] "GET /robots.txt HTTP/1.1" 200 108 "-" "Mozilla/5.0 (compatible; YandexBot/3.0; +http://yandex.com/bots)" meupet.app 10.53.184.85
162.241.203.72 - - [23/Apr/2026:18:21:36 -0300] "POST /wp-cron.php?doing_wp_cron=1776979296.7955360412597656250000 HTTP/1.1" 200 - "-" "WordPress/6.9.4; https://meupet.app" meupet.app 10.53.184.85
213.180.203.119 - - [23/Apr/2026:18:21:36 -0300] "GET /info/univalence/06714968778 HTTP/1.1" 404 22987 "-" "Mozilla/5.0 (compatible; YandexBot/3.0; +http://yandex.com/bots)" meupet.app 10.53.184.85
66.249.79.128 - - [23/Apr/2026:18:23:26 -0300] "GET /info/xiphisterna/122535960685 HTTP/1.1" 200 57291 "-" "Mozilla/5.0 (Linux; Android 6.0.1; Nexus 5X Build/MMB29P) AppleWebKit/537.36 (KHTML, like Gecko) Chrome/146.0.7680.177 Mobile Safari/537.36 (compatible; Googlebot/2.1; +http://www.google.com/bot.html)" meupet.app 10.53.184.85
66.249.79.129 - - [23/Apr/2026:18:24:29 -0300] "GET /info/piteous/123936760972 HTTP/1.1" 200 55924 "-" "Mozilla/5.0 (Linux; Android 6.0.1; Nexus 5X Build/MMB29P) AppleWebKit/537.36 (KHTML, like Gecko) Chrome/146.0.7680.177 Mobile Safari/537.36 (compatible; Googlebot/2.1; +http://www.google.com/bot.html)" meupet.app 10.53.184.85
66.249.79.128 - - [23/Apr/2026:18:24:35 -0300] "GET /info/convoy/123977469035 HTTP/1.1" 200 61967 "-" "Mozilla/5.0 (Linux; Android 6.0.1; Nexus 5X Build/MMB29P) AppleWebKit/537.36 (KHTML, like Gecko) Chrome/146.0.7680.177 Mobile Safari/537.36 (compatible; Googlebot/2.1; +http://www.google.com/bot.html)" meupet.app 10.53.184.85
66.249.79.129 - - [23/Apr/2026:18:25:33 -0300] "GET /odr/order/apiGetCartItems/ HTTP/1.1" 200 56588 "https://meupet.app/info/convoy/123977469035" "Mozilla/5.0 (Linux; Android 6.0.1; Nexus 5X Build/MMB29P) AppleWebKit/537.36 (KHTML, like Gecko) Chrome/146.0.7680.177 Mobile Safari/537.36 (compatible; Googlebot/2.1; +http://www.google.com/bot.html)" meupet.app 10.53.184.85
66.249.79.130 - - [23/Apr/2026:18:25:36 -0300] "GET /ctg/apiAllLCate/ HTTP/1.1" 200 59168 "https://meupet.app/info/convoy/123977469035" "Mozilla/5.0 (Linux; Android 6.0.1; Nexus 5X Build/MMB29P) AppleWebKit/537.36 (KHTML, like Gecko) Chrome/146.0.7680.177 Mobile Safari/537.36 (compatible; Googlebot/2.1; +http://www.google.com/bot.html)" meupet.app 10.53.184.85
66.249.79.128 - - [23/Apr/2026:18:25:40 -0300] "GET /resource/js/json/megadrop_2015new.json HTTP/1.1" 200 56048 "https://meupet.app/info/convoy/123977469035" "Mozilla/5.0 (Linux; Android 6.0.1; Nexus 5X Build/MMB29P) AppleWebKit/537.36 (KHTML, like Gecko) Chrome/146.0.7680.177 Mobile Safari/537.36 (compatible; Googlebot/2.1; +http://www.google.com/bot.html)" meupet.app 10.53.184.85
74.7.227.128 - - [23/Apr/2026:18:27:12 -0300] "GET /info/lustration/053854789013 HTTP/2.0" 404 23013 "https://meupet.app/sitemap-subitems-2669.xml" "Mozilla/5.0 AppleWebKit/537.36 (KHTML, like Gecko; compatible; GPTBot/1.3; +https://openai.com/gptbot)" meupet.app 10.53.184.85
74.7.227.128 - - [23/Apr/2026:18:27:15 -0300] "GET /info/wretchless/052280907565 HTTP/2.0" 404 23015 "https://meupet.app/sitemap-subitems-2614.xml" "Mozilla/5.0 AppleWebKit/537.36 (KHTML, like Gecko; compatible; GPTBot/1.3; +https://openai.com/gptbot)" meupet.app 10.53.184.85
74.7.227.128 - - [23/Apr/2026:18:27:20 -0300] "GET /info/bunchberry/052688678096 HTTP/2.0" 404 23018 "https://meupet.app/sitemap-subitems-2006.xml" "Mozilla/5.0 AppleWebKit/537.36 (KHTML, like Gecko; compatible; GPTBot/1.3; +https://openai.com/gptbot)" meupet.app 10.53.184.85
74.7.227.128 - - [23/Apr/2026:18:27:25 -0300] "GET /info/hippobosca/051936709140 HTTP/2.0" 404 23017 "https://meupet.app/sitemap-subitems-1779.xml" "Mozilla/5.0 AppleWebKit/537.36 (KHTML, like Gecko; compatible; GPTBot/1.3; +https://openai.com/gptbot)" meupet.app 10.53.184.85
74.7.227.128 - - [23/Apr/2026:18:27:30 -0300] "GET /info/oscillated/052262947545 HTTP/2.0" 404 23016 "https://meupet.app/sitemap-subitems-2614.xml" "Mozilla/5.0 AppleWebKit/537.36 (KHTML, like Gecko; compatible; GPTBot/1.3; +https://openai.com/gptbot)" meupet.app 10.53.184.85
74.7.227.128 - - [23/Apr/2026:18:27:35 -0300] "GET /info/retractile/053358948366 HTTP/2.0" 404 23014 "https://meupet.app/sitemap-subitems-1749.xml" "Mozilla/5.0 AppleWebKit/537.36 (KHTML, like Gecko; compatible; GPTBot/1.3; +https://openai.com/gptbot)" meupet.app 10.53.184.85
74.7.227.128 - - [23/Apr/2026:18:27:40 -0300] "GET /info/bolshevise/054288682735 HTTP/2.0" 404 23017 "https://meupet.app/sitemap-subitems-2284.xml" "Mozilla/5.0 AppleWebKit/537.36 (KHTML, like Gecko; compatible; GPTBot/1.3; +https://openai.com/gptbot)" meupet.app 10.53.184.85
74.7.227.128 - - [23/Apr/2026:18:27:45 -0300] "GET /info/nobilitate/053945629312 HTTP/2.0" 404 23016 "https://meupet.app/sitemap-subitems-2006.xml" "Mozilla/5.0 AppleWebKit/537.36 (KHTML, like Gecko; compatible; GPTBot/1.3; +https://openai.com/gptbot)" meupet.app 10.53.184.85
74.7.227.128 - - [23/Apr/2026:18:27:50 -0300] "GET /info/discardure/051595524327 HTTP/2.0" 404 23015 "https://meupet.app/sitemap-subitems-2614.xml" "Mozilla/5.0 AppleWebKit/537.36 (KHTML, like Gecko; compatible; GPTBot/1.3; +https://openai.com/gptbot)" meupet.app 10.53.184.85
74.7.227.128 - - [23/Apr/2026:18:27:55 -0300] "GET /info/jackbooted/051299101144 HTTP/2.0" 404 23016 "https://meupet.app/sitemap-subitems-2312.xml" "Mozilla/5.0 AppleWebKit/537.36 (KHTML, like Gecko; compatible; GPTBot/1.3; +https://openai.com/gptbot)" meupet.app 10.53.184.85
74.7.227.128 - - [23/Apr/2026:18:28:00 -0300] "GET /info/sigaultian/053317567869 HTTP/2.0" 404 23013 "https://meupet.app/sitemap-subitems-2157.xml" "Mozilla/5.0 AppleWebKit/537.36 (KHTML, like Gecko; compatible; GPTBot/1.3; +https://openai.com/gptbot)" meupet.app 10.53.184.85
162.241.203.72 - - [23/Apr/2026:18:28:06 -0300] "POST /wp-cron.php?doing_wp_cron=1776979686.1767799854278564453125 HTTP/1.1" 200 - "-" "WordPress/6.9.4; https://meupet.app" meupet.app 10.53.184.85
74.7.227.128 - - [23/Apr/2026:18:28:05 -0300] "GET /info/debonairly/051758235919 HTTP/2.0" 404 23017 "https://meupet.app/sitemap-subitems-2614.xml" "Mozilla/5.0 AppleWebKit/537.36 (KHTML, like Gecko; compatible; GPTBot/1.3; +https://openai.com/gptbot)" meupet.app 10.53.184.85
74.7.227.128 - - [23/Apr/2026:18:28:10 -0300] "GET /info/gopherwood/052736513171 HTTP/2.0" 404 23017 "https://meupet.app/sitemap-subitems-2669.xml" "Mozilla/5.0 AppleWebKit/537.36 (KHTML, like Gecko; compatible; GPTBot/1.3; +https://openai.com/gptbot)" meupet.app 10.53.184.85
74.7.227.128 - - [23/Apr/2026:18:28:15 -0300] "GET /info/bowcompass/052545841681 HTTP/2.0" 404 23015 "https://meupet.app/sitemap-subitems-3060.xml" "Mozilla/5.0 AppleWebKit/537.36 (KHTML, like Gecko; compatible; GPTBot/1.3; +https://openai.com/gptbot)" meupet.app 10.53.184.85
74.7.227.128 - - [23/Apr/2026:18:28:20 -0300] "GET /info/dictatress/053158011946 HTTP/2.0" 404 23015 "https://meupet.app/sitemap-subitems-3060.xml" "Mozilla/5.0 AppleWebKit/537.36 (KHTML, like Gecko; compatible; GPTBot/1.3; +https://openai.com/gptbot)" meupet.app 10.53.184.85
74.7.227.128 - - [23/Apr/2026:18:28:25 -0300] "GET /info/myriologue/054202759828 HTTP/2.0" 404 23013 "https://meupet.app/sitemap-subitems-2312.xml" "Mozilla/5.0 AppleWebKit/537.36 (KHTML, like Gecko; compatible; GPTBot/1.3; +https://openai.com/gptbot)" meupet.app 10.53.184.85
74.7.227.128 - - [23/Apr/2026:18:28:30 -0300] "GET /info/dimocarpus/051541466964 HTTP/2.0" 404 23015 "https://meupet.app/sitemap-subitems-2006.xml" "Mozilla/5.0 AppleWebKit/537.36 (KHTML, like Gecko; compatible; GPTBot/1.3; +https://openai.com/gptbot)" meupet.app 10.53.184.85
74.7.227.128 - - [23/Apr/2026:18:28:35 -0300] "GET /info/drepanodes/052619037160 HTTP/2.0" 404 23016 "https://meupet.app/sitemap-subitems-1779.xml" "Mozilla/5.0 AppleWebKit/537.36 (KHTML, like Gecko; compatible; GPTBot/1.3; +https://openai.com/gptbot)" meupet.app 10.53.184.85
74.7.227.128 - - [23/Apr/2026:18:28:40 -0300] "GET /info/aphorismer/051157739302 HTTP/2.0" 404 23015 "https://meupet.app/sitemap-subitems-2006.xml" "Mozilla/5.0 AppleWebKit/537.36 (KHTML, like Gecko; compatible; GPTBot/1.3; +https://openai.com/gptbot)" meupet.app 10.53.184.85
74.7.227.128 - - [23/Apr/2026:18:28:45 -0300] "GET /info/hyponastic/052501419123 HTTP/2.0" 404 23016 "https://meupet.app/sitemap-subitems-2284.xml" "Mozilla/5.0 AppleWebKit/537.36 (KHTML, like Gecko; compatible; GPTBot/1.3; +https://openai.com/gptbot)" meupet.app 10.53.184.85
74.7.227.128 - - [23/Apr/2026:18:28:50 -0300] "GET /info/outstretch/051197608916 HTTP/2.0" 404 23016 "https://meupet.app/sitemap-subitems-2669.xml" "Mozilla/5.0 AppleWebKit/537.36 (KHTML, like Gecko; compatible; GPTBot/1.3; +https://openai.com/gptbot)" meupet.app 10.53.184.85
74.7.227.128 - - [23/Apr/2026:18:28:55 -0300] "GET /info/persuasory/052596923813 HTTP/2.0" 404 23017 "https://meupet.app/sitemap-subitems-1105.xml" "Mozilla/5.0 AppleWebKit/537.36 (KHTML, like Gecko; compatible; GPTBot/1.3; +https://openai.com/gptbot)" meupet.app 10.53.184.85
74.7.227.128 - - [23/Apr/2026:18:29:01 -0300] "GET /info/egocentric/054170393483 HTTP/2.0" 404 23016 "https://meupet.app/sitemap-subitems-2006.xml" "Mozilla/5.0 AppleWebKit/537.36 (KHTML, like Gecko; compatible; GPTBot/1.3; +https://openai.com/gptbot)" meupet.app 10.53.184.85
162.241.203.72 - - [23/Apr/2026:18:29:06 -0300] "POST /wp-cron.php?doing_wp_cron=1776979746.7206718921661376953125 HTTP/1.1" 200 - "-" "WordPress/6.9.4; https://meupet.app" meupet.app 10.53.184.85
74.7.227.128 - - [23/Apr/2026:18:29:06 -0300] "GET /info/sadducized/051291040866 HTTP/2.0" 404 23017 "https://meupet.app/sitemap-subitems-1779.xml" "Mozilla/5.0 AppleWebKit/537.36 (KHTML, like Gecko; compatible; GPTBot/1.3; +https://openai.com/gptbot)" meupet.app 10.53.184.85
74.7.227.128 - - [23/Apr/2026:18:29:11 -0300] "GET /info/manicheist/053326887472 HTTP/2.0" 404 23012 "https://meupet.app/sitemap-subitems-2006.xml" "Mozilla/5.0 AppleWebKit/537.36 (KHTML, like Gecko; compatible; GPTBot/1.3; +https://openai.com/gptbot)" meupet.app 10.53.184.85
74.7.227.128 - - [23/Apr/2026:18:29:16 -0300] "GET /info/marshalsea/052799060828 HTTP/2.0" 404 23012 "https://meupet.app/sitemap-subitems-2614.xml" "Mozilla/5.0 AppleWebKit/537.36 (KHTML, like Gecko; compatible; GPTBot/1.3; +https://openai.com/gptbot)" meupet.app 10.53.184.85
74.7.227.128 - - [23/Apr/2026:18:29:21 -0300] "GET /info/expeditive/051688748249 HTTP/2.0" 404 23018 "https://meupet.app/sitemap-subitems-2614.xml" "Mozilla/5.0 AppleWebKit/537.36 (KHTML, like Gecko; compatible; GPTBot/1.3; +https://openai.com/gptbot)" meupet.app 10.53.184.85
74.7.227.128 - - [23/Apr/2026:18:29:26 -0300] "GET /info/umbrageous/054001465910 HTTP/2.0" 404 23013 "https://meupet.app/sitemap-subitems-2284.xml" "Mozilla/5.0 AppleWebKit/537.36 (KHTML, like Gecko; compatible; GPTBot/1.3; +https://openai.com/gptbot)" meupet.app 10.53.184.85
74.7.227.128 - - [23/Apr/2026:18:29:31 -0300] "GET /info/angulosity/054248496972 HTTP/2.0" 404 23015 "https://meupet.app/sitemap-subitems-2006.xml" "Mozilla/5.0 AppleWebKit/537.36 (KHTML, like Gecko; compatible; GPTBot/1.3; +https://openai.com/gptbot)" meupet.app 10.53.184.85
74.7.227.128 - - [23/Apr/2026:18:29:36 -0300] "GET /info/overabound/053098161033 HTTP/2.0" 404 23015 "https://meupet.app/sitemap-subitems-2614.xml" "Mozilla/5.0 AppleWebKit/537.36 (KHTML, like Gecko; compatible; GPTBot/1.3; +https://openai.com/gptbot)" meupet.app 10.53.184.85
74.7.227.128 - - [23/Apr/2026:18:29:41 -0300] "GET /info/accordance/052532291484 HTTP/2.0" 404 23015 "https://meupet.app/sitemap-subitems-2312.xml" "Mozilla/5.0 AppleWebKit/537.36 (KHTML, like Gecko; compatible; GPTBot/1.3; +https://openai.com/gptbot)" meupet.app 10.53.184.85
74.7.227.128 - - [23/Apr/2026:18:29:46 -0300] "GET /info/anthriscus/052048372110 HTTP/2.0" 404 23013 "https://meupet.app/sitemap-subitems-1105.xml" "Mozilla/5.0 AppleWebKit/537.36 (KHTML, like Gecko; compatible; GPTBot/1.3; +https://openai.com/gptbot)" meupet.app 10.53.184.85
74.7.227.128 - - [23/Apr/2026:18:29:51 -0300] "GET /info/katabolism/051369087202 HTTP/2.0" 404 23016 "https://meupet.app/sitemap-subitems-2157.xml" "Mozilla/5.0 AppleWebKit/537.36 (KHTML, like Gecko; compatible; GPTBot/1.3; +https://openai.com/gptbot)" meupet.app 10.53.184.85
74.7.227.128 - - [23/Apr/2026:18:29:56 -0300] "GET /info/oligarchic/051462276933 HTTP/2.0" 404 23017 "https://meupet.app/sitemap-subitems-2669.xml" "Mozilla/5.0 AppleWebKit/537.36 (KHTML, like Gecko; compatible; GPTBot/1.3; +https://openai.com/gptbot)" meupet.app 10.53.184.85
74.7.227.128 - - [23/Apr/2026:18:30:01 -0300] "GET /info/carpophyll/052364750653 HTTP/2.0" 404 23017 "https://meupet.app/sitemap-subitems-1105.xml" "Mozilla/5.0 AppleWebKit/537.36 (KHTML, like Gecko; compatible; GPTBot/1.3; +https://openai.com/gptbot)" meupet.app 10.53.184.85
162.241.203.72 - - [23/Apr/2026:18:30:07 -0300] "POST /wp-cron.php?doing_wp_cron=1776979807.3011720180511474609375 HTTP/1.1" 200 - "-" "WordPress/6.9.4; https://meupet.app" meupet.app 10.53.184.85
74.7.227.128 - - [23/Apr/2026:18:30:06 -0300] "GET /info/aerobiotic/053067691040 HTTP/2.0" 404 23016 "https://meupet.app/sitemap-subitems-2157.xml" "Mozilla/5.0 AppleWebKit/537.36 (KHTML, like Gecko; compatible; GPTBot/1.3; +https://openai.com/gptbot)" meupet.app 10.53.184.85
74.7.227.128 - - [23/Apr/2026:18:30:11 -0300] "GET /info/battailous/051315742487 HTTP/2.0" 404 23014 "https://meupet.app/sitemap-subitems-2157.xml" "Mozilla/5.0 AppleWebKit/537.36 (KHTML, like Gecko; compatible; GPTBot/1.3; +https://openai.com/gptbot)" meupet.app 10.53.184.85
74.7.227.128 - - [23/Apr/2026:18:30:16 -0300] "GET /info/chalcidian/053071678426 HTTP/2.0" 404 23017 "https://meupet.app/sitemap-subitems-1105.xml" "Mozilla/5.0 AppleWebKit/537.36 (KHTML, like Gecko; compatible; GPTBot/1.3; +https://openai.com/gptbot)" meupet.app 10.53.184.85
74.7.227.128 - - [23/Apr/2026:18:30:21 -0300] "GET /info/positively/053382044752 HTTP/2.0" 404 23014 "https://meupet.app/sitemap-subitems-2614.xml" "Mozilla/5.0 AppleWebKit/537.36 (KHTML, like Gecko; compatible; GPTBot/1.3; +https://openai.com/gptbot)" meupet.app 10.53.184.85
74.7.227.128 - - [23/Apr/2026:18:30:26 -0300] "GET /info/changeover/053096158834 HTTP/2.0" 404 23015 "https://meupet.app/sitemap-subitems-2157.xml" "Mozilla/5.0 AppleWebKit/537.36 (KHTML, like Gecko; compatible; GPTBot/1.3; +https://openai.com/gptbot)" meupet.app 10.53.184.85
74.7.227.128 - - [23/Apr/2026:18:30:31 -0300] "GET /info/humorously/051166246320 HTTP/2.0" 404 23017 "https://meupet.app/sitemap-subitems-2284.xml" "Mozilla/5.0 AppleWebKit/537.36 (KHTML, like Gecko; compatible; GPTBot/1.3; +https://openai.com/gptbot)" meupet.app 10.53.184.85
74.7.227.128 - - [23/Apr/2026:18:30:36 -0300] "GET /info/manumitted/053546029475 HTTP/2.0" 404 23013 "https://meupet.app/sitemap-subitems-2312.xml" "Mozilla/5.0 AppleWebKit/537.36 (KHTML, like Gecko; compatible; GPTBot/1.3; +https://openai.com/gptbot)" meupet.app 10.53.184.85
74.7.227.128 - - [23/Apr/2026:18:30:41 -0300] "GET /info/commanders/051186730258 HTTP/2.0" 404 23014 "https://meupet.app/sitemap-subitems-1779.xml" "Mozilla/5.0 AppleWebKit/537.36 (KHTML, like Gecko; compatible; GPTBot/1.3; +https://openai.com/gptbot)" meupet.app 10.53.184.85
74.7.227.128 - - [23/Apr/2026:18:30:46 -0300] "GET /info/nemoricola/052837789248 HTTP/2.0" 404 23017 "https://meupet.app/sitemap-subitems-3060.xml" "Mozilla/5.0 AppleWebKit/537.36 (KHTML, like Gecko; compatible; GPTBot/1.3; +https://openai.com/gptbot)" meupet.app 10.53.184.85
74.7.227.128 - - [23/Apr/2026:18:30:52 -0300] "GET /info/bulbaceous/051270319021 HTTP/2.0" 404 23016 "https://meupet.app/sitemap-subitems-2614.xml" "Mozilla/5.0 AppleWebKit/537.36 (KHTML, like Gecko; compatible; GPTBot/1.3; +https://openai.com/gptbot)" meupet.app 10.53.184.85
74.7.227.128 - - [23/Apr/2026:18:30:57 -0300] "GET /info/pistillida/053421399720 HTTP/2.0" 404 23015 "https://meupet.app/sitemap-subitems-2284.xml" "Mozilla/5.0 AppleWebKit/537.36 (KHTML, like Gecko; compatible; GPTBot/1.3; +https://openai.com/gptbot)" meupet.app 10.53.184.85
74.7.227.128 - - [23/Apr/2026:18:31:02 -0300] "GET /info/punctuator/052980457582 HTTP/2.0" 404 23016 "https://meupet.app/sitemap-subitems-2157.xml" "Mozilla/5.0 AppleWebKit/537.36 (KHTML, like Gecko; compatible; GPTBot/1.3; +https://openai.com/gptbot)" meupet.app 10.53.184.85
74.7.227.128 - - [23/Apr/2026:18:31:07 -0300] "GET /info/hesitatory/052443321834 HTTP/2.0" 404 23014 "https://meupet.app/sitemap-subitems-2006.xml" "Mozilla/5.0 AppleWebKit/537.36 (KHTML, like Gecko; compatible; GPTBot/1.3; +https://openai.com/gptbot)" meupet.app 10.53.184.85
216.73.216.255 - - [23/Apr/2026:18:31:09 -0300] "GET / HTTP/2.0" 200 36462 "http://meupet.app/" "Mozilla/5.0 AppleWebKit/537.36 (KHTML, like Gecko; compatible; ClaudeBot/1.0; +claudebot@anthropic.com)" meupet.app 10.53.184.85
74.7.227.128 - - [23/Apr/2026:18:31:12 -0300] "GET /info/nephrology/051879901581 HTTP/2.0" 404 23016 "https://meupet.app/sitemap-subitems-2614.xml" "Mozilla/5.0 AppleWebKit/537.36 (KHTML, like Gecko; compatible; GPTBot/1.3; +https://openai.com/gptbot)" meupet.app 10.53.184.85
74.7.227.128 - - [23/Apr/2026:18:31:17 -0300] "GET /info/stylopodia/051606593073 HTTP/2.0" 404 23016 "https://meupet.app/sitemap-subitems-2006.xml" "Mozilla/5.0 AppleWebKit/537.36 (KHTML, like Gecko; compatible; GPTBot/1.3; +https://openai.com/gptbot)" meupet.app 10.53.184.85
74.7.227.128 - - [23/Apr/2026:18:31:22 -0300] "GET /info/squamellae/051908930315 HTTP/2.0" 404 23016 "https://meupet.app/sitemap-subitems-2006.xml" "Mozilla/5.0 AppleWebKit/537.36 (KHTML, like Gecko; compatible; GPTBot/1.3; +https://openai.com/gptbot)" meupet.app 10.53.184.85
74.7.227.128 - - [23/Apr/2026:18:31:27 -0300] "GET /info/radiophone/053473687595 HTTP/2.0" 404 23015 "https://meupet.app/sitemap-subitems-1105.xml" "Mozilla/5.0 AppleWebKit/537.36 (KHTML, like Gecko; compatible; GPTBot/1.3; +https://openai.com/gptbot)" meupet.app 10.53.184.85
74.7.227.128 - - [23/Apr/2026:18:31:32 -0300] "GET /info/matterhorn/054086207469 HTTP/2.0" 404 23013 "https://meupet.app/sitemap-subitems-2006.xml" "Mozilla/5.0 AppleWebKit/537.36 (KHTML, like Gecko; compatible; GPTBot/1.3; +https://openai.com/gptbot)" meupet.app 10.53.184.85
74.7.227.128 - - [23/Apr/2026:18:31:38 -0300] "GET /info/aerometric/053011261583 HTTP/2.0" 404 23015 "https://meupet.app/sitemap-subitems-2284.xml" "Mozilla/5.0 AppleWebKit/537.36 (KHTML, like Gecko; compatible; GPTBot/1.3; +https://openai.com/gptbot)" meupet.app 10.53.184.85
74.7.227.128 - - [23/Apr/2026:18:31:43 -0300] "GET /info/epigraphic/051739686609 HTTP/2.0" 404 23015 "https://meupet.app/sitemap-subitems-2669.xml" "Mozilla/5.0 AppleWebKit/537.36 (KHTML, like Gecko; compatible; GPTBot/1.3; +https://openai.com/gptbot)" meupet.app 10.53.184.85
74.7.227.128 - - [23/Apr/2026:18:31:48 -0300] "GET /info/cadaverous/051159965761 HTTP/2.0" 404 23016 "https://meupet.app/sitemap-subitems-2669.xml" "Mozilla/5.0 AppleWebKit/537.36 (KHTML, like Gecko; compatible; GPTBot/1.3; +https://openai.com/gptbot)" meupet.app 10.53.184.85
74.7.227.128 - - [23/Apr/2026:18:31:52 -0300] "GET /info/campestric/054252956349 HTTP/2.0" 404 23017 "https://meupet.app/sitemap-subitems-1779.xml" "Mozilla/5.0 AppleWebKit/537.36 (KHTML, like Gecko; compatible; GPTBot/1.3; +https://openai.com/gptbot)" meupet.app 10.53.184.85
74.7.227.128 - - [23/Apr/2026:18:31:57 -0300] "GET /info/childermas/051173971691 HTTP/2.0" 404 23017 "https://meupet.app/sitemap-subitems-2614.xml" "Mozilla/5.0 AppleWebKit/537.36 (KHTML, like Gecko; compatible; GPTBot/1.3; +https://openai.com/gptbot)" meupet.app 10.53.184.85
