57.141.18.60 - - [23/Apr/2026:12:10:18 -0300] "GET /info/sinter/073670006604 HTTP/2.0" 404 90886 "-" "meta-externalagent/1.1 (+https://developers.facebook.com/docs/sharing/webmasters/crawler)" meupet.app 10.53.184.85
162.241.203.72 - - [23/Apr/2026:12:10:20 -0300] "POST /wp-cron.php?doing_wp_cron=1776957020.8577439785003662109375 HTTP/1.1" 200 - "-" "WordPress/6.9.4; https://meupet.app" meupet.app 10.53.184.85
74.7.227.59 - - [23/Apr/2026:12:10:27 -0300] "GET /info/pyramidia/05786713975 HTTP/2.0" 404 23014 "https://meupet.app/sitemap-subitems-1105.xml" "Mozilla/5.0 AppleWebKit/537.36 (KHTML, like Gecko; compatible; GPTBot/1.3; +https://openai.com/gptbot)" meupet.app 10.53.184.85
57.141.18.87 - - [23/Apr/2026:12:10:41 -0300] "GET /info/loaded/011638951302 HTTP/2.0" 404 90886 "-" "meta-externalagent/1.1 (+https://developers.facebook.com/docs/sharing/webmasters/crawler)" meupet.app 10.53.184.85
57.141.18.111 - - [23/Apr/2026:12:10:45 -0300] "GET /info/affamish/01233356367 HTTP/2.0" 404 90893 "-" "meta-externalagent/1.1 (+https://developers.facebook.com/docs/sharing/webmasters/crawler)" meupet.app 10.53.184.85
57.141.18.35 - - [23/Apr/2026:12:11:12 -0300] "GET /info/pyrexiae/05556331303 HTTP/2.0" 404 90893 "-" "meta-externalagent/1.1 (+https://developers.facebook.com/docs/sharing/webmasters/crawler)" meupet.app 10.53.184.85
74.7.227.59 - - [23/Apr/2026:12:11:30 -0300] "GET /info/autotroph/04945112275 HTTP/2.0" 404 23012 "https://meupet.app/sitemap-subitems-787.xml" "Mozilla/5.0 AppleWebKit/537.36 (KHTML, like Gecko; compatible; GPTBot/1.3; +https://openai.com/gptbot)" meupet.app 10.53.184.85
74.7.227.59 - - [23/Apr/2026:12:12:30 -0300] "GET /info/coachwhip/03959627668 HTTP/2.0" 404 23011 "https://meupet.app/sitemap-subitems-856.xml" "Mozilla/5.0 AppleWebKit/537.36 (KHTML, like Gecko; compatible; GPTBot/1.3; +https://openai.com/gptbot)" meupet.app 10.53.184.85
162.241.203.72 - - [23/Apr/2026:12:12:33 -0300] "POST /wp-cron.php?doing_wp_cron=1776957153.3036119937896728515625 HTTP/1.1" 200 - "-" "WordPress/6.9.4; https://meupet.app" meupet.app 10.53.184.85
57.141.18.24 - - [23/Apr/2026:12:13:31 -0300] "GET /info/scatteredness/044173221718 HTTP/2.0" 404 90935 "-" "meta-externalagent/1.1 (+https://developers.facebook.com/docs/sharing/webmasters/crawler)" meupet.app 10.53.184.85
74.7.227.59 - - [23/Apr/2026:12:13:34 -0300] "GET /info/cornstalk/03909763018 HTTP/2.0" 404 23013 "https://meupet.app/sitemap-subitems-972.xml" "Mozilla/5.0 AppleWebKit/537.36 (KHTML, like Gecko; compatible; GPTBot/1.3; +https://openai.com/gptbot)" meupet.app 10.53.184.85
162.241.203.72 - - [23/Apr/2026:12:13:35 -0300] "POST /wp-cron.php?doing_wp_cron=1776957215.2851200103759765625000 HTTP/1.1" 200 - "-" "WordPress/6.9.4; https://meupet.app" meupet.app 10.53.184.85
66.249.68.69 - - [23/Apr/2026:12:14:01 -0300] "GET /info/stockinet/10504088150 HTTP/1.1" 200 59026 "-" "Mozilla/5.0 (Linux; Android 6.0.1; Nexus 5X Build/MMB29P) AppleWebKit/537.36 (KHTML, like Gecko) Chrome/146.0.7680.177 Mobile Safari/537.36 (compatible; GoogleOther)" www.meupet.app 10.53.184.85
66.249.68.67 - - [23/Apr/2026:12:14:30 -0300] "GET /info/professorial/101662897779 HTTP/1.1" 200 55048 "-" "Mozilla/5.0 (Linux; Android 6.0.1; Nexus 5X Build/MMB29P) AppleWebKit/537.36 (KHTML, like Gecko) Chrome/146.0.7680.177 Mobile Safari/537.36 (compatible; GoogleOther)" www.meupet.app 10.53.184.85
74.7.227.59 - - [23/Apr/2026:12:14:35 -0300] "GET /info/dressedup/03487807679 HTTP/2.0" 404 23009 "https://meupet.app/sitemap-subitems-632.xml" "Mozilla/5.0 AppleWebKit/537.36 (KHTML, like Gecko; compatible; GPTBot/1.3; +https://openai.com/gptbot)" meupet.app 10.53.184.85
162.241.203.72 - - [23/Apr/2026:12:14:39 -0300] "POST /wp-cron.php?doing_wp_cron=1776957279.7769770622253417968750 HTTP/1.1" 200 - "-" "WordPress/6.9.4; https://meupet.app" meupet.app 10.53.184.85
66.249.68.67 - - [23/Apr/2026:12:15:07 -0300] "GET /info/stockinet/10504088150 HTTP/1.1" 200 59026 "-" "Mozilla/5.0 (Linux; Android 6.0.1; Nexus 5X Build/MMB29P) AppleWebKit/537.36 (KHTML, like Gecko) Chrome/146.0.7680.177 Mobile Safari/537.36 (compatible; Googlebot/2.1; +http://www.google.com/bot.html)" www.meupet.app 10.53.184.85
74.7.227.59 - - [23/Apr/2026:12:15:38 -0300] "GET /info/ceruleous/03129596233 HTTP/2.0" 404 23011 "https://meupet.app/sitemap-subitems-760.xml" "Mozilla/5.0 AppleWebKit/537.36 (KHTML, like Gecko; compatible; GPTBot/1.3; +https://openai.com/gptbot)" meupet.app 10.53.184.85
162.241.203.72 - - [23/Apr/2026:12:15:39 -0300] "POST /wp-cron.php?doing_wp_cron=1776957339.9686899185180664062500 HTTP/1.1" 200 - "-" "WordPress/6.9.4; https://meupet.app" meupet.app 10.53.184.85
74.7.227.59 - - [23/Apr/2026:12:16:41 -0300] "GET /info/arsenious/05248967530 HTTP/2.0" 404 23012 "https://meupet.app/sitemap-subitems-2006.xml" "Mozilla/5.0 AppleWebKit/537.36 (KHTML, like Gecko; compatible; GPTBot/1.3; +https://openai.com/gptbot)" meupet.app 10.53.184.85
162.241.203.72 - - [23/Apr/2026:12:16:43 -0300] "POST /wp-cron.php?doing_wp_cron=1776957403.4350299835205078125000 HTTP/1.1" 200 - "-" "WordPress/6.9.4; https://meupet.app" meupet.app 10.53.184.85
74.7.227.59 - - [23/Apr/2026:12:17:43 -0300] "GET /info/grizzlies/04382756525 HTTP/2.0" 404 23012 "https://meupet.app/sitemap-subitems-383.xml" "Mozilla/5.0 AppleWebKit/537.36 (KHTML, like Gecko; compatible; GPTBot/1.3; +https://openai.com/gptbot)" meupet.app 10.53.184.85
162.241.203.72 - - [23/Apr/2026:12:17:45 -0300] "POST /wp-cron.php?doing_wp_cron=1776957465.3445909023284912109375 HTTP/1.1" 200 - "-" "WordPress/6.9.4; https://meupet.app" meupet.app 10.53.184.85
74.7.227.59 - - [23/Apr/2026:12:18:44 -0300] "GET /info/subpoenal/03362445499 HTTP/2.0" 404 23010 "https://meupet.app/sitemap-subitems-367.xml" "Mozilla/5.0 AppleWebKit/537.36 (KHTML, like Gecko; compatible; GPTBot/1.3; +https://openai.com/gptbot)" meupet.app 10.53.184.85
162.241.203.72 - - [23/Apr/2026:12:18:47 -0300] "POST /wp-cron.php?doing_wp_cron=1776957527.4018659591674804687500 HTTP/1.1" 200 - "-" "WordPress/6.9.4; https://meupet.app" meupet.app 10.53.184.85
74.7.227.59 - - [23/Apr/2026:12:19:48 -0300] "GET /info/empidonax/03169404197 HTTP/2.0" 404 23012 "https://meupet.app/sitemap-subitems-632.xml" "Mozilla/5.0 AppleWebKit/537.36 (KHTML, like Gecko; compatible; GPTBot/1.3; +https://openai.com/gptbot)" meupet.app 10.53.184.85
162.241.203.72 - - [23/Apr/2026:12:19:52 -0300] "POST /wp-cron.php?doing_wp_cron=1776957592.0742568969726562500000 HTTP/1.1" 200 - "-" "WordPress/6.9.4; https://meupet.app" meupet.app 10.53.184.85
183.177.110.9 - - [23/Apr/2026:12:20:50 -0300] "POST /xmlrpc.php HTTP/1.1" 409 83 "-" "Mozilla/5.0 (Macintosh; Intel Mac OS X 10_15_7; arm64) AppleWebKit/537.36 (KHTML, like Gecko) Firefox/77.0.0.0 Safari/537.36" meupet.app 10.53.184.85
74.7.227.59 - - [23/Apr/2026:12:20:50 -0300] "GET /info/misrecite/03218249819 HTTP/2.0" 404 23009 "https://meupet.app/sitemap-subitems-793.xml" "Mozilla/5.0 AppleWebKit/537.36 (KHTML, like Gecko; compatible; GPTBot/1.3; +https://openai.com/gptbot)" meupet.app 10.53.184.85
162.241.203.72 - - [23/Apr/2026:12:20:53 -0300] "POST /wp-cron.php?doing_wp_cron=1776957653.0113549232482910156250 HTTP/1.1" 200 - "-" "WordPress/6.9.4; https://meupet.app" meupet.app 10.53.184.85
74.7.227.59 - - [23/Apr/2026:12:21:55 -0300] "GET /info/segnitude/03148371399 HTTP/2.0" 404 23011 "https://meupet.app/sitemap-subitems-793.xml" "Mozilla/5.0 AppleWebKit/537.36 (KHTML, like Gecko; compatible; GPTBot/1.3; +https://openai.com/gptbot)" meupet.app 10.53.184.85
162.241.203.72 - - [23/Apr/2026:12:21:58 -0300] "POST /wp-cron.php?doing_wp_cron=1776957718.2082688808441162109375 HTTP/1.1" 200 - "-" "WordPress/6.9.4; https://meupet.app" meupet.app 10.53.184.85
74.7.227.59 - - [23/Apr/2026:12:22:56 -0300] "GET /info/transpose/03791120844 HTTP/2.0" 404 23010 "https://meupet.app/sitemap-subitems-935.xml" "Mozilla/5.0 AppleWebKit/537.36 (KHTML, like Gecko; compatible; GPTBot/1.3; +https://openai.com/gptbot)" meupet.app 10.53.184.85
162.241.203.72 - - [23/Apr/2026:12:23:00 -0300] "POST /wp-cron.php?doing_wp_cron=1776957780.7445580959320068359375 HTTP/1.1" 200 - "-" "WordPress/6.9.4; https://meupet.app" meupet.app 10.53.184.85
74.7.227.59 - - [23/Apr/2026:12:23:57 -0300] "GET /info/discalced/05664429479 HTTP/2.0" 404 23013 "https://meupet.app/sitemap-subitems-2669.xml" "Mozilla/5.0 AppleWebKit/537.36 (KHTML, like Gecko; compatible; GPTBot/1.3; +https://openai.com/gptbot)" meupet.app 10.53.184.85
74.7.227.59 - - [23/Apr/2026:12:25:02 -0300] "GET /info/chafeweed/05695940321 HTTP/2.0" 404 23013 "https://meupet.app/sitemap-subitems-1105.xml" "Mozilla/5.0 AppleWebKit/537.36 (KHTML, like Gecko; compatible; GPTBot/1.3; +https://openai.com/gptbot)" meupet.app 10.53.184.85
162.241.203.72 - - [23/Apr/2026:12:25:06 -0300] "POST /wp-cron.php?doing_wp_cron=1776957906.0728049278259277343750 HTTP/1.1" 200 - "-" "WordPress/6.9.4; https://meupet.app" meupet.app 10.53.184.85
74.7.227.59 - - [23/Apr/2026:12:26:03 -0300] "GET /info/applauded/05112307587 HTTP/2.0" 404 23011 "https://meupet.app/sitemap-subitems-2284.xml" "Mozilla/5.0 AppleWebKit/537.36 (KHTML, like Gecko; compatible; GPTBot/1.3; +https://openai.com/gptbot)" meupet.app 10.53.184.85
162.241.203.72 - - [23/Apr/2026:12:26:06 -0300] "POST /wp-cron.php?doing_wp_cron=1776957966.1023929119110107421875 HTTP/1.1" 200 - "-" "WordPress/6.9.4; https://meupet.app" meupet.app 10.53.184.85
74.7.227.59 - - [23/Apr/2026:12:27:05 -0300] "GET /info/callosoma/03892476730 HTTP/2.0" 404 23012 "https://meupet.app/sitemap-subitems-409.xml" "Mozilla/5.0 AppleWebKit/537.36 (KHTML, like Gecko; compatible; GPTBot/1.3; +https://openai.com/gptbot)" meupet.app 10.53.184.85
162.241.203.72 - - [23/Apr/2026:12:27:08 -0300] "POST /wp-cron.php?doing_wp_cron=1776958028.3093481063842773437500 HTTP/1.1" 200 - "-" "WordPress/6.9.4; https://meupet.app" meupet.app 10.53.184.85
162.241.203.72 - - [23/Apr/2026:12:28:10 -0300] "POST /wp-cron.php?doing_wp_cron=1776958090.7881031036376953125000 HTTP/1.1" 200 - "-" "WordPress/6.9.4; https://meupet.app" meupet.app 10.53.184.85
74.7.227.59 - - [23/Apr/2026:12:28:09 -0300] "GET /info/fabaceous/03727953887 HTTP/2.0" 404 23013 "https://meupet.app/sitemap-subitems-972.xml" "Mozilla/5.0 AppleWebKit/537.36 (KHTML, like Gecko; compatible; GPTBot/1.3; +https://openai.com/gptbot)" meupet.app 10.53.184.85
162.241.203.72 - - [23/Apr/2026:12:29:12 -0300] "POST /wp-cron.php?doing_wp_cron=1776958152.2484819889068603515625 HTTP/1.1" 200 - "-" "WordPress/6.9.4; https://meupet.app" meupet.app 10.53.184.85
74.7.227.59 - - [23/Apr/2026:12:29:11 -0300] "GET /info/gentleman/03287978291 HTTP/2.0" 404 23013 "https://meupet.app/sitemap-subitems-367.xml" "Mozilla/5.0 AppleWebKit/537.36 (KHTML, like Gecko; compatible; GPTBot/1.3; +https://openai.com/gptbot)" meupet.app 10.53.184.85
162.241.203.72 - - [23/Apr/2026:12:30:18 -0300] "POST /wp-cron.php?doing_wp_cron=1776958218.2812509536743164062500 HTTP/1.1" 200 - "-" "WordPress/6.9.4; https://meupet.app" meupet.app 10.53.184.85
74.7.227.59 - - [23/Apr/2026:12:30:17 -0300] "GET /info/stoppered/03121096946 HTTP/2.0" 404 23011 "https://meupet.app/sitemap-subitems-367.xml" "Mozilla/5.0 AppleWebKit/537.36 (KHTML, like Gecko; compatible; GPTBot/1.3; +https://openai.com/gptbot)" meupet.app 10.53.184.85
95.108.213.246 - - [23/Apr/2026:12:30:31 -0300] "GET /robots.txt HTTP/1.1" 200 108 "-" "Mozilla/5.0 (compatible; YandexBot/3.0; +http://yandex.com/bots)" meupet.app 10.53.184.85
5.255.231.116 - - [23/Apr/2026:12:30:34 -0300] "GET /info/trojan/031233319105 HTTP/1.1" 404 22978 "-" "Mozilla/5.0 (compatible; YandexBot/3.0; +http://yandex.com/bots)" meupet.app 10.53.184.85
162.241.203.72 - - [23/Apr/2026:12:31:18 -0300] "POST /wp-cron.php?doing_wp_cron=1776958278.8632929325103759765625 HTTP/1.1" 200 - "-" "WordPress/6.9.4; https://meupet.app" meupet.app 10.53.184.85
74.7.227.59 - - [23/Apr/2026:12:31:17 -0300] "GET /info/descanted/05250867245 HTTP/2.0" 404 23012 "https://meupet.app/sitemap-subitems-2312.xml" "Mozilla/5.0 AppleWebKit/537.36 (KHTML, like Gecko; compatible; GPTBot/1.3; +https://openai.com/gptbot)" meupet.app 10.53.184.85
74.7.227.59 - - [23/Apr/2026:12:32:18 -0300] "GET /info/monkeycup/03771532056 HTTP/2.0" 404 23008 "https://meupet.app/sitemap-subitems-683.xml" "Mozilla/5.0 AppleWebKit/537.36 (KHTML, like Gecko; compatible; GPTBot/1.3; +https://openai.com/gptbot)" meupet.app 10.53.184.85
74.7.227.59 - - [23/Apr/2026:12:33:20 -0300] "GET /info/callously/03314948662 HTTP/2.0" 404 23013 "https://meupet.app/sitemap-subitems-760.xml" "Mozilla/5.0 AppleWebKit/537.36 (KHTML, like Gecko; compatible; GPTBot/1.3; +https://openai.com/gptbot)" meupet.app 10.53.184.85
5.255.231.122 - - [23/Apr/2026:12:34:16 -0300] "GET /robots.txt HTTP/1.1" 200 108 "-" "Mozilla/5.0 (compatible; YandexBot/3.0; +http://yandex.com/bots)" meupet.app 10.53.184.85
213.180.203.178 - - [23/Apr/2026:12:34:17 -0300] "GET /info/langued/023856387235 HTTP/1.1" 404 22978 "-" "Mozilla/5.0 (compatible; YandexBot/3.0; +http://yandex.com/bots)" meupet.app 10.53.184.85
74.7.227.59 - - [23/Apr/2026:12:34:22 -0300] "GET /info/rigsdaler/03234112295 HTTP/2.0" 404 23011 "https://meupet.app/sitemap-subitems-935.xml" "Mozilla/5.0 AppleWebKit/537.36 (KHTML, like Gecko; compatible; GPTBot/1.3; +https://openai.com/gptbot)" meupet.app 10.53.184.85
74.7.230.33 - - [23/Apr/2026:12:34:41 -0300] "GET /robots.txt HTTP/2.0" 200 90 "-" "Mozilla/5.0 (Macintosh; Intel Mac OS X 10_15_7) AppleWebKit/537.36 (KHTML, like Gecko) Chrome/131.0.0.0 Safari/537.36; compatible; OAI-SearchBot/1.3; robots.txt; +https://openai.com/searchbot" www.meupet.meumercado.app 10.53.184.85
74.7.227.153 - - [23/Apr/2026:12:34:42 -0300] "GET / HTTP/2.0" 301 - "-" "Mozilla/5.0 AppleWebKit/537.36 (KHTML, like Gecko; compatible; GPTBot/1.3; +https://openai.com/gptbot)" www.meupet.meumercado.app 10.53.184.85
104.210.140.138 - - [23/Apr/2026:12:34:57 -0300] "GET /robots.txt HTTP/2.0" 200 90 "-" "Mozilla/5.0 (Macintosh; Intel Mac OS X 10_15_7) AppleWebKit/537.36 (KHTML, like Gecko) Chrome/131.0.0.0 Safari/537.36; compatible; OAI-SearchBot/1.0; +https://openai.com/searchbot" meupet.app 10.53.184.85
74.7.227.59 - - [23/Apr/2026:12:35:24 -0300] "GET /info/lusitania/05477368014 HTTP/2.0" 404 23012 "https://meupet.app/sitemap-subitems-2006.xml" "Mozilla/5.0 AppleWebKit/537.36 (KHTML, like Gecko; compatible; GPTBot/1.3; +https://openai.com/gptbot)" meupet.app 10.53.184.85
74.7.227.59 - - [23/Apr/2026:12:36:24 -0300] "GET /info/crampbark/05564166947 HTTP/2.0" 404 23014 "https://meupet.app/sitemap-subitems-3060.xml" "Mozilla/5.0 AppleWebKit/537.36 (KHTML, like Gecko; compatible; GPTBot/1.3; +https://openai.com/gptbot)" meupet.app 10.53.184.85
213.180.203.90 - - [23/Apr/2026:12:36:32 -0300] "GET /info/catasetum/023375601454 HTTP/1.1" 404 22986 "-" "Mozilla/5.0 (compatible; YandexBot/3.0; +http://yandex.com/bots)" meupet.app 10.53.184.85
96.9.125.116 - - [23/Apr/2026:12:36:58 -0300] "POST /wp-login.php HTTP/1.1" 409 83 "-" "Mozilla/5.0 (Windows NT 10.0; WOW64) AppleWebKit/537.36 (KHTML, like Gecko) Chrome/138.0.0.0 Safari/537.36 Edg/138.0.0.0" meupet.app 10.53.184.85
74.7.227.59 - - [23/Apr/2026:12:37:30 -0300] "GET /info/sleightly/05321300477 HTTP/2.0" 404 23010 "https://meupet.app/sitemap-subitems-1105.xml" "Mozilla/5.0 AppleWebKit/537.36 (KHTML, like Gecko; compatible; GPTBot/1.3; +https://openai.com/gptbot)" meupet.app 10.53.184.85
45.131.193.222 - - [23/Apr/2026:12:38:19 -0300] "POST /wp-login.php HTTP/1.1" 409 83 "-" "Mozilla/5.0 (Macintosh; Intel Mac OS X 10_15_7) AppleWebKit/605.1.15 Version/17.0 Safari/605.1.15" meupet.app 10.53.184.85
162.241.203.72 - - [23/Apr/2026:12:38:31 -0300] "POST /wp-cron.php?doing_wp_cron=1776958711.5657660961151123046875 HTTP/1.1" 200 - "-" "WordPress/6.9.4; https://meupet.app" meupet.app 10.53.184.85
74.7.227.59 - - [23/Apr/2026:12:38:30 -0300] "GET /info/semipagan/03850677452 HTTP/2.0" 404 23010 "https://meupet.app/sitemap-subitems-738.xml" "Mozilla/5.0 AppleWebKit/537.36 (KHTML, like Gecko; compatible; GPTBot/1.3; +https://openai.com/gptbot)" meupet.app 10.53.184.85
74.7.227.59 - - [23/Apr/2026:12:39:33 -0300] "GET /info/haggadoth/03348070956 HTTP/2.0" 404 23013 "https://meupet.app/sitemap-subitems-409.xml" "Mozilla/5.0 AppleWebKit/537.36 (KHTML, like Gecko; compatible; GPTBot/1.3; +https://openai.com/gptbot)" meupet.app 10.53.184.85
74.7.227.59 - - [23/Apr/2026:12:40:33 -0300] "GET /info/scriptory/04538714707 HTTP/2.0" 404 23004 "https://meupet.app/sitemap-subitems-383.xml" "Mozilla/5.0 AppleWebKit/537.36 (KHTML, like Gecko; compatible; GPTBot/1.3; +https://openai.com/gptbot)" meupet.app 10.53.184.85
216.73.217.20 - - [23/Apr/2026:12:40:38 -0300] "GET / HTTP/2.0" 200 36462 "http://meupet.app/" "Mozilla/5.0 AppleWebKit/537.36 (KHTML, like Gecko; compatible; ClaudeBot/1.0; +claudebot@anthropic.com)" meupet.app 10.53.184.85
162.241.203.72 - - [23/Apr/2026:12:41:36 -0300] "POST /wp-cron.php?doing_wp_cron=1776958896.5013139247894287109375 HTTP/1.1" 200 - "-" "WordPress/6.9.4; https://meupet.app" meupet.app 10.53.184.85
74.7.227.59 - - [23/Apr/2026:12:41:35 -0300] "GET /info/violaceus/03849309513 HTTP/2.0" 404 23012 "https://meupet.app/sitemap-subitems-850.xml" "Mozilla/5.0 AppleWebKit/537.36 (KHTML, like Gecko; compatible; GPTBot/1.3; +https://openai.com/gptbot)" meupet.app 10.53.184.85
74.7.227.59 - - [23/Apr/2026:12:42:38 -0300] "GET /info/curwillet/03948076384 HTTP/2.0" 404 23012 "https://meupet.app/sitemap-subitems-821.xml" "Mozilla/5.0 AppleWebKit/537.36 (KHTML, like Gecko; compatible; GPTBot/1.3; +https://openai.com/gptbot)" meupet.app 10.53.184.85
162.241.203.72 - - [23/Apr/2026:12:42:39 -0300] "POST /wp-cron.php?doing_wp_cron=1776958959.1118240356445312500000 HTTP/1.1" 200 - "-" "WordPress/6.9.4; https://meupet.app" meupet.app 10.53.184.85
162.241.203.72 - - [23/Apr/2026:12:43:44 -0300] "POST /wp-cron.php?doing_wp_cron=1776959024.8487319946289062500000 HTTP/1.1" 200 - "-" "WordPress/6.9.4; https://meupet.app" meupet.app 10.53.184.85
74.7.227.59 - - [23/Apr/2026:12:43:44 -0300] "GET /info/ptarmigan/03568541694 HTTP/2.0" 404 23010 "https://meupet.app/sitemap-subitems-856.xml" "Mozilla/5.0 AppleWebKit/537.36 (KHTML, like Gecko; compatible; GPTBot/1.3; +https://openai.com/gptbot)" meupet.app 10.53.184.85
68.183.13.1 - - [23/Apr/2026:12:44:14 -0300] "POST /wp-login.php HTTP/1.1" 409 83 "-" "Mozilla/5.0 (Windows NT 10.0; WOW64) AppleWebKit/537.36 (KHTML, like Gecko) Chrome/137.0.0.0 Safari/537.36 Edg/137.0.0.0" meupet.app 10.53.184.85
162.241.203.72 - - [23/Apr/2026:12:44:48 -0300] "POST /wp-cron.php?doing_wp_cron=1776959088.6641080379486083984375 HTTP/1.1" 200 - "-" "WordPress/6.9.4; https://meupet.app" meupet.app 10.53.184.85
74.7.227.59 - - [23/Apr/2026:12:44:47 -0300] "GET /info/crematory/04270809669 HTTP/2.0" 404 23012 "https://meupet.app/sitemap-subitems-383.xml" "Mozilla/5.0 AppleWebKit/537.36 (KHTML, like Gecko; compatible; GPTBot/1.3; +https://openai.com/gptbot)" meupet.app 10.53.184.85
74.7.227.59 - - [23/Apr/2026:12:45:52 -0300] "GET /info/congruity/03634983246 HTTP/2.0" 404 23012 "https://meupet.app/sitemap-subitems-972.xml" "Mozilla/5.0 AppleWebKit/537.36 (KHTML, like Gecko; compatible; GPTBot/1.3; +https://openai.com/gptbot)" meupet.app 10.53.184.85
162.241.203.72 - - [23/Apr/2026:12:45:56 -0300] "POST /wp-cron.php?doing_wp_cron=1776959156.0199890136718750000000 HTTP/1.1" 200 - "-" "WordPress/6.9.4; https://meupet.app" meupet.app 10.53.184.85
74.7.227.59 - - [23/Apr/2026:12:46:52 -0300] "GET /info/pachytene/04503373611 HTTP/2.0" 404 23011 "https://meupet.app/sitemap-subitems-383.xml" "Mozilla/5.0 AppleWebKit/537.36 (KHTML, like Gecko; compatible; GPTBot/1.3; +https://openai.com/gptbot)" meupet.app 10.53.184.85
162.241.203.72 - - [23/Apr/2026:12:46:55 -0300] "POST /wp-cron.php?doing_wp_cron=1776959215.4963200092315673828125 HTTP/1.1" 200 - "-" "WordPress/6.9.4; https://meupet.app" meupet.app 10.53.184.85
74.7.227.59 - - [23/Apr/2026:12:47:56 -0300] "GET /info/julaceous/03846198939 HTTP/2.0" 404 23013 "https://meupet.app/sitemap-subitems-367.xml" "Mozilla/5.0 AppleWebKit/537.36 (KHTML, like Gecko; compatible; GPTBot/1.3; +https://openai.com/gptbot)" meupet.app 10.53.184.85
162.241.203.72 - - [23/Apr/2026:12:48:00 -0300] "POST /wp-cron.php?doing_wp_cron=1776959280.9616138935089111328125 HTTP/1.1" 200 - "-" "WordPress/6.9.4; https://meupet.app" meupet.app 10.53.184.85
74.7.227.59 - - [23/Apr/2026:12:49:01 -0300] "GET /info/occupancy/03983478560 HTTP/2.0" 404 23007 "https://meupet.app/?sitemap.xml" "Mozilla/5.0 AppleWebKit/537.36 (KHTML, like Gecko; compatible; GPTBot/1.3; +https://openai.com/gptbot)" meupet.app 10.53.184.85
74.7.227.59 - - [23/Apr/2026:12:50:05 -0300] "GET /info/mayflower/05236679002 HTTP/2.0" 404 23011 "https://meupet.app/sitemap-subitems-1779.xml" "Mozilla/5.0 AppleWebKit/537.36 (KHTML, like Gecko; compatible; GPTBot/1.3; +https://openai.com/gptbot)" meupet.app 10.53.184.85
162.241.203.72 - - [23/Apr/2026:12:50:09 -0300] "POST /wp-cron.php?doing_wp_cron=1776959409.6662468910217285156250 HTTP/1.1" 200 - "-" "WordPress/6.9.4; https://meupet.app" meupet.app 10.53.184.85
74.7.227.59 - - [23/Apr/2026:12:51:06 -0300] "GET /info/chaparral/03216144608 HTTP/2.0" 404 23005 "https://meupet.app/?sitemap.xml" "Mozilla/5.0 AppleWebKit/537.36 (KHTML, like Gecko; compatible; GPTBot/1.3; +https://openai.com/gptbot)" meupet.app 10.53.184.85
162.241.203.72 - - [23/Apr/2026:12:51:09 -0300] "POST /wp-cron.php?doing_wp_cron=1776959469.2348248958587646484375 HTTP/1.1" 200 - "-" "WordPress/6.9.4; https://meupet.app" meupet.app 10.53.184.85
74.7.227.59 - - [23/Apr/2026:12:52:12 -0300] "GET /info/threecard/03376423848 HTTP/2.0" 404 23012 "https://meupet.app/sitemap-subitems-367.xml" "Mozilla/5.0 AppleWebKit/537.36 (KHTML, like Gecko; compatible; GPTBot/1.3; +https://openai.com/gptbot)" meupet.app 10.53.184.85
162.241.203.72 - - [23/Apr/2026:12:52:15 -0300] "POST /wp-cron.php?doing_wp_cron=1776959535.5344130992889404296875 HTTP/1.1" 200 - "-" "WordPress/6.9.4; https://meupet.app" meupet.app 10.53.184.85
74.7.227.59 - - [23/Apr/2026:12:53:14 -0300] "GET /info/wakefully/04997615951 HTTP/2.0" 404 23014 "https://meupet.app/sitemap-subitems-585.xml" "Mozilla/5.0 AppleWebKit/537.36 (KHTML, like Gecko; compatible; GPTBot/1.3; +https://openai.com/gptbot)" meupet.app 10.53.184.85
162.241.203.72 - - [23/Apr/2026:12:53:19 -0300] "POST /wp-cron.php?doing_wp_cron=1776959599.5193200111389160156250 HTTP/1.1" 200 - "-" "WordPress/6.9.4; https://meupet.app" meupet.app 10.53.184.85
74.7.227.59 - - [23/Apr/2026:12:54:19 -0300] "GET /info/amblyomma/03441572089 HTTP/2.0" 404 23013 "https://meupet.app/sitemap-subitems-935.xml" "Mozilla/5.0 AppleWebKit/537.36 (KHTML, like Gecko; compatible; GPTBot/1.3; +https://openai.com/gptbot)" meupet.app 10.53.184.85
162.241.203.72 - - [23/Apr/2026:12:54:22 -0300] "POST /wp-cron.php?doing_wp_cron=1776959662.8431630134582519531250 HTTP/1.1" 200 - "-" "WordPress/6.9.4; https://meupet.app" meupet.app 10.53.184.85
74.7.227.59 - - [23/Apr/2026:12:55:22 -0300] "GET /info/slavophil/03591721152 HTTP/2.0" 404 23011 "https://meupet.app/sitemap-subitems-753.xml" "Mozilla/5.0 AppleWebKit/537.36 (KHTML, like Gecko; compatible; GPTBot/1.3; +https://openai.com/gptbot)" meupet.app 10.53.184.85
162.241.203.72 - - [23/Apr/2026:12:55:25 -0300] "POST /wp-cron.php?doing_wp_cron=1776959725.4155828952789306640625 HTTP/1.1" 200 - "-" "WordPress/6.9.4; https://meupet.app" meupet.app 10.53.184.85
74.7.227.59 - - [23/Apr/2026:12:56:25 -0300] "GET /info/pestiduct/03817518443 HTTP/2.0" 404 23012 "https://meupet.app/sitemap-subitems-683.xml" "Mozilla/5.0 AppleWebKit/537.36 (KHTML, like Gecko; compatible; GPTBot/1.3; +https://openai.com/gptbot)" meupet.app 10.53.184.85
162.241.203.72 - - [23/Apr/2026:12:56:29 -0300] "POST /wp-cron.php?doing_wp_cron=1776959789.7641899585723876953125 HTTP/1.1" 200 - "-" "WordPress/6.9.4; https://meupet.app" meupet.app 10.53.184.85
74.7.227.59 - - [23/Apr/2026:12:57:31 -0300] "GET /info/devilfish/03421519945 HTTP/2.0" 404 23012 "https://meupet.app/sitemap-subitems-760.xml" "Mozilla/5.0 AppleWebKit/537.36 (KHTML, like Gecko; compatible; GPTBot/1.3; +https://openai.com/gptbot)" meupet.app 10.53.184.85
162.241.203.72 - - [23/Apr/2026:12:57:36 -0300] "POST /wp-cron.php?doing_wp_cron=1776959856.2598590850830078125000 HTTP/1.1" 200 - "-" "WordPress/6.9.4; https://meupet.app" meupet.app 10.53.184.85
74.7.227.59 - - [23/Apr/2026:12:58:34 -0300] "GET /info/trivalent/03495987153 HTTP/2.0" 404 23011 "https://meupet.app/sitemap-subitems-760.xml" "Mozilla/5.0 AppleWebKit/537.36 (KHTML, like Gecko; compatible; GPTBot/1.3; +https://openai.com/gptbot)" meupet.app 10.53.184.85
87.250.224.91 - - [23/Apr/2026:12:58:40 -0300] "GET /robots.txt HTTP/1.1" 200 108 "-" "Mozilla/5.0 (compatible; YandexBot/3.0; +http://yandex.com/bots)" meupet.app 10.53.184.85
162.241.203.72 - - [23/Apr/2026:12:58:38 -0300] "POST /wp-cron.php?doing_wp_cron=1776959918.0543980598449707031250 HTTP/1.1" 200 - "-" "WordPress/6.9.4; https://meupet.app" meupet.app 10.53.184.85
87.250.224.31 - - [23/Apr/2026:12:58:41 -0300] "GET /info/scrub/033716840608 HTTP/1.1" 404 22974 "-" "Mozilla/5.0 (compatible; YandexBot/3.0; +http://yandex.com/bots)" meupet.app 10.53.184.85
211.21.61.245 - - [23/Apr/2026:12:59:15 -0300] "POST /wp-login.php HTTP/1.1" 409 83 "-" "Mozilla/5.0 (Windows NT 10.0; WOW64) AppleWebKit/537.36 (KHTML, like Gecko) Chrome/137.0.0.0 Safari/537.36" meupet.app 10.53.184.85
74.7.227.59 - - [23/Apr/2026:12:59:36 -0300] "GET /info/northwest/03257105089 HTTP/2.0" 404 23012 "https://meupet.app/sitemap-subitems-793.xml" "Mozilla/5.0 AppleWebKit/537.36 (KHTML, like Gecko; compatible; GPTBot/1.3; +https://openai.com/gptbot)" meupet.app 10.53.184.85
162.241.203.72 - - [23/Apr/2026:12:59:38 -0300] "POST /wp-cron.php?doing_wp_cron=1776959978.8409199714660644531250 HTTP/1.1" 200 - "-" "WordPress/6.9.4; https://meupet.app" meupet.app 10.53.184.85
74.7.227.59 - - [23/Apr/2026:13:00:40 -0300] "GET /info/lactifuge/05521574929 HTTP/2.0" 404 23011 "https://meupet.app/sitemap-subitems-2157.xml" "Mozilla/5.0 AppleWebKit/537.36 (KHTML, like Gecko; compatible; GPTBot/1.3; +https://openai.com/gptbot)" meupet.app 10.53.184.85
162.241.203.72 - - [23/Apr/2026:13:00:44 -0300] "POST /wp-cron.php?doing_wp_cron=1776960044.1239519119262695312500 HTTP/1.1" 200 - "-" "WordPress/6.9.4; https://meupet.app" meupet.app 10.53.184.85
162.241.203.72 - - [23/Apr/2026:13:01:45 -0300] "POST /wp-cron.php?doing_wp_cron=1776960105.1533100605010986328125 HTTP/1.1" 200 - "-" "WordPress/6.9.4; https://meupet.app" meupet.app 10.53.184.85
162.241.203.72 - - [23/Apr/2026:13:01:45 -0300] "POST /wp-cron.php?doing_wp_cron=1776960105.2364869117736816406250 HTTP/1.1" 200 - "-" "WordPress/6.9.4; https://meupet.app" meupet.app 10.53.184.85
74.7.227.59 - - [23/Apr/2026:13:01:43 -0300] "GET /info/debauched/05876082042 HTTP/2.0" 404 23013 "https://meupet.app/sitemap-subitems-2669.xml" "Mozilla/5.0 AppleWebKit/537.36 (KHTML, like Gecko; compatible; GPTBot/1.3; +https://openai.com/gptbot)" meupet.app 10.53.184.85
162.241.203.72 - - [23/Apr/2026:13:02:45 -0300] "POST /wp-cron.php?doing_wp_cron=1776960165.2961831092834472656250 HTTP/1.1" 200 - "-" "WordPress/6.9.4; https://meupet.app" meupet.app 10.53.184.85
74.7.227.59 - - [23/Apr/2026:13:02:44 -0300] "GET /info/juratrias/05747858721 HTTP/2.0" 404 23013 "https://meupet.app/sitemap-subitems-1105.xml" "Mozilla/5.0 AppleWebKit/537.36 (KHTML, like Gecko; compatible; GPTBot/1.3; +https://openai.com/gptbot)" meupet.app 10.53.184.85
162.241.203.72 - - [23/Apr/2026:13:03:50 -0300] "POST /wp-cron.php?doing_wp_cron=1776960230.8221321105957031250000 HTTP/1.1" 200 - "-" "WordPress/6.9.4; https://meupet.app" meupet.app 10.53.184.85
74.7.227.59 - - [23/Apr/2026:13:03:50 -0300] "GET /info/oniscidae/03586319077 HTTP/2.0" 404 23013 "https://meupet.app/sitemap-subitems-2228.xml" "Mozilla/5.0 AppleWebKit/537.36 (KHTML, like Gecko; compatible; GPTBot/1.3; +https://openai.com/gptbot)" meupet.app 10.53.184.85
162.241.203.72 - - [23/Apr/2026:13:04:54 -0300] "POST /wp-cron.php?doing_wp_cron=1776960294.9157710075378417968750 HTTP/1.1" 200 - "-" "WordPress/6.9.4; https://meupet.app" meupet.app 10.53.184.85
74.7.227.59 - - [23/Apr/2026:13:04:54 -0300] "GET /info/enchanter/04951756240 HTTP/2.0" 404 23010 "https://meupet.app/sitemap-subitems-939.xml" "Mozilla/5.0 AppleWebKit/537.36 (KHTML, like Gecko; compatible; GPTBot/1.3; +https://openai.com/gptbot)" meupet.app 10.53.184.85
162.241.203.72 - - [23/Apr/2026:13:05:59 -0300] "POST /wp-cron.php?doing_wp_cron=1776960359.9431900978088378906250 HTTP/1.1" 200 - "-" "WordPress/6.9.4; https://meupet.app" meupet.app 10.53.184.85
74.7.227.59 - - [23/Apr/2026:13:05:59 -0300] "GET /info/leucosoid/05372850686 HTTP/2.0" 404 23014 "https://meupet.app/sitemap-subitems-1749.xml" "Mozilla/5.0 AppleWebKit/537.36 (KHTML, like Gecko; compatible; GPTBot/1.3; +https://openai.com/gptbot)" meupet.app 10.53.184.85
162.241.203.72 - - [23/Apr/2026:13:07:06 -0300] "POST /wp-cron.php?doing_wp_cron=1776960426.0402150154113769531250 HTTP/1.1" 200 - "-" "WordPress/6.9.4; https://meupet.app" meupet.app 10.53.184.85
74.7.227.59 - - [23/Apr/2026:13:07:05 -0300] "GET /info/fanciless/05634983652 HTTP/2.0" 404 23013 "https://meupet.app/sitemap-subitems-1779.xml" "Mozilla/5.0 AppleWebKit/537.36 (KHTML, like Gecko; compatible; GPTBot/1.3; +https://openai.com/gptbot)" meupet.app 10.53.184.85
162.241.203.72 - - [23/Apr/2026:13:08:06 -0300] "POST /wp-cron.php?doing_wp_cron=1776960486.1494429111480712890625 HTTP/1.1" 200 - "-" "WordPress/6.9.4; https://meupet.app" meupet.app 10.53.184.85
74.7.227.59 - - [23/Apr/2026:13:08:05 -0300] "GET /info/creekfish/05755437231 HTTP/2.0" 404 23014 "https://meupet.app/sitemap-subitems-1779.xml" "Mozilla/5.0 AppleWebKit/537.36 (KHTML, like Gecko; compatible; GPTBot/1.3; +https://openai.com/gptbot)" meupet.app 10.53.184.85
162.241.203.72 - - [23/Apr/2026:13:09:10 -0300] "POST /wp-cron.php?doing_wp_cron=1776960550.8686840534210205078125 HTTP/1.1" 200 - "-" "WordPress/6.9.4; https://meupet.app" meupet.app 10.53.184.85
74.7.227.59 - - [23/Apr/2026:13:09:10 -0300] "GET /info/pricksong/03827202148 HTTP/2.0" 404 23012 "https://meupet.app/sitemap-subitems-850.xml" "Mozilla/5.0 AppleWebKit/537.36 (KHTML, like Gecko; compatible; GPTBot/1.3; +https://openai.com/gptbot)" meupet.app 10.53.184.85
87.250.224.15 - - [23/Apr/2026:13:09:51 -0300] "GET /info/brave/021789435792 HTTP/1.1" 404 22978 "-" "Mozilla/5.0 (compatible; YandexBot/3.0; +http://yandex.com/bots)" meupet.app 10.53.184.85
162.241.203.72 - - [23/Apr/2026:13:10:12 -0300] "POST /wp-cron.php?doing_wp_cron=1776960612.5154891014099121093750 HTTP/1.1" 200 - "-" "WordPress/6.9.4; https://meupet.app" meupet.app 10.53.184.85
74.7.227.59 - - [23/Apr/2026:13:10:11 -0300] "GET /info/euphotide/03726861390 HTTP/2.0" 404 23011 "https://meupet.app/sitemap-subitems-367.xml" "Mozilla/5.0 AppleWebKit/537.36 (KHTML, like Gecko; compatible; GPTBot/1.3; +https://openai.com/gptbot)" meupet.app 10.53.184.85
162.241.203.72 - - [23/Apr/2026:13:11:17 -0300] "POST /wp-cron.php?doing_wp_cron=1776960677.2342939376831054687500 HTTP/1.1" 200 - "-" "WordPress/6.9.4; https://meupet.app" meupet.app 10.53.184.85
74.7.227.59 - - [23/Apr/2026:13:11:16 -0300] "GET /info/escapable/04391151202 HTTP/2.0" 404 23009 "https://meupet.app/sitemap-subitems-787.xml" "Mozilla/5.0 AppleWebKit/537.36 (KHTML, like Gecko; compatible; GPTBot/1.3; +https://openai.com/gptbot)" meupet.app 10.53.184.85
87.250.224.214 - - [23/Apr/2026:13:11:45 -0300] "GET /info/glissando/061766742905 HTTP/1.1" 404 22985 "-" "Mozilla/5.0 (compatible; YandexBot/3.0; +http://yandex.com/bots)" meupet.app 10.53.184.85
162.241.203.72 - - [23/Apr/2026:13:12:19 -0300] "POST /wp-cron.php?doing_wp_cron=1776960739.5621941089630126953125 HTTP/1.1" 200 - "-" "WordPress/6.9.4; https://meupet.app" meupet.app 10.53.184.85
74.7.227.59 - - [23/Apr/2026:13:12:18 -0300] "GET /info/mortgaged/03977102324 HTTP/2.0" 404 23008 "https://meupet.app/sitemap-subitems-753.xml" "Mozilla/5.0 AppleWebKit/537.36 (KHTML, like Gecko; compatible; GPTBot/1.3; +https://openai.com/gptbot)" meupet.app 10.53.184.85
162.241.203.72 - - [23/Apr/2026:13:13:19 -0300] "POST /wp-cron.php?doing_wp_cron=1776960799.8635909557342529296875 HTTP/1.1" 200 - "-" "WordPress/6.9.4; https://meupet.app" meupet.app 10.53.184.85
74.7.227.59 - - [23/Apr/2026:13:13:19 -0300] "GET /info/typograph/04331001648 HTTP/2.0" 404 23009 "https://meupet.app/sitemap-subitems-383.xml" "Mozilla/5.0 AppleWebKit/537.36 (KHTML, like Gecko; compatible; GPTBot/1.3; +https://openai.com/gptbot)" meupet.app 10.53.184.85
74.7.227.59 - - [23/Apr/2026:13:14:20 -0300] "GET /info/devilries/05570364988 HTTP/2.0" 404 23012 "https://meupet.app/sitemap-subitems-2284.xml" "Mozilla/5.0 AppleWebKit/537.36 (KHTML, like Gecko; compatible; GPTBot/1.3; +https://openai.com/gptbot)" meupet.app 10.53.184.85
162.241.203.72 - - [23/Apr/2026:13:15:25 -0300] "POST /wp-cron.php?doing_wp_cron=1776960925.7292881011962890625000 HTTP/1.1" 200 - "-" "WordPress/6.9.4; https://meupet.app" meupet.app 10.53.184.85
74.7.227.59 - - [23/Apr/2026:13:15:24 -0300] "GET /info/premotion/03127369806 HTTP/2.0" 404 23003 "https://meupet.app/?sitemap.xml" "Mozilla/5.0 AppleWebKit/537.36 (KHTML, like Gecko; compatible; GPTBot/1.3; +https://openai.com/gptbot)" meupet.app 10.53.184.85
162.241.203.72 - - [23/Apr/2026:13:18:29 -0300] "POST /wp-cron.php?doing_wp_cron=1776961109.1584990024566650390625 HTTP/1.1" 200 - "-" "WordPress/6.9.4; https://meupet.app" meupet.app 10.53.184.85
74.7.227.7 - - [23/Apr/2026:13:18:28 -0300] "GET /info/arboreous/05774167891 HTTP/2.0" 404 23013 "https://meupet.app/sitemap-subitems-1779.xml" "Mozilla/5.0 AppleWebKit/537.36 (KHTML, like Gecko; compatible; GPTBot/1.3; +https://openai.com/gptbot)" meupet.app 10.53.184.85
74.7.227.7 - - [23/Apr/2026:13:19:30 -0300] "GET /info/botanized/05492215782 HTTP/2.0" 404 23013 "https://meupet.app/sitemap-subitems-2312.xml" "Mozilla/5.0 AppleWebKit/537.36 (KHTML, like Gecko; compatible; GPTBot/1.3; +https://openai.com/gptbot)" meupet.app 10.53.184.85
74.7.227.7 - - [23/Apr/2026:13:20:35 -0300] "GET /info/exequious/05680031722 HTTP/2.0" 404 23013 "https://meupet.app/sitemap-subitems-3060.xml" "Mozilla/5.0 AppleWebKit/537.36 (KHTML, like Gecko; compatible; GPTBot/1.3; +https://openai.com/gptbot)" meupet.app 10.53.184.85
74.7.227.7 - - [23/Apr/2026:13:21:37 -0300] "GET /info/firebrand/05128324349 HTTP/2.0" 404 23013 "https://meupet.app/sitemap-subitems-2157.xml" "Mozilla/5.0 AppleWebKit/537.36 (KHTML, like Gecko; compatible; GPTBot/1.3; +https://openai.com/gptbot)" meupet.app 10.53.184.85
162.241.203.72 - - [23/Apr/2026:13:22:41 -0300] "POST /wp-cron.php?doing_wp_cron=1776961361.2029559612274169921875 HTTP/1.1" 200 - "-" "WordPress/6.9.4; https://meupet.app" meupet.app 10.53.184.85
74.7.227.7 - - [23/Apr/2026:13:22:40 -0300] "GET /info/depascent/03382498953 HTTP/2.0" 404 23012 "https://meupet.app/sitemap-subitems-760.xml" "Mozilla/5.0 AppleWebKit/537.36 (KHTML, like Gecko; compatible; GPTBot/1.3; +https://openai.com/gptbot)" meupet.app 10.53.184.85
216.73.217.20 - - [23/Apr/2026:13:23:26 -0300] "GET / HTTP/2.0" 200 36462 "http://meupet.app/" "Mozilla/5.0 AppleWebKit/537.36 (KHTML, like Gecko; compatible; ClaudeBot/1.0; +claudebot@anthropic.com)" meupet.app 10.53.184.85
74.7.227.7 - - [23/Apr/2026:13:23:45 -0300] "GET /info/panegyric/03152838053 HTTP/2.0" 404 23012 "https://meupet.app/sitemap-subitems-753.xml" "Mozilla/5.0 AppleWebKit/537.36 (KHTML, like Gecko; compatible; GPTBot/1.3; +https://openai.com/gptbot)" meupet.app 10.53.184.85
74.7.227.7 - - [23/Apr/2026:13:24:50 -0300] "GET /info/waxworker/05749337341 HTTP/2.0" 404 23015 "https://meupet.app/sitemap-subitems-2312.xml" "Mozilla/5.0 AppleWebKit/537.36 (KHTML, like Gecko; compatible; GPTBot/1.3; +https://openai.com/gptbot)" meupet.app 10.53.184.85
162.241.203.72 - - [23/Apr/2026:13:25:52 -0300] "POST /wp-cron.php?doing_wp_cron=1776961552.8193409442901611328125 HTTP/1.1" 200 - "-" "WordPress/6.9.4; https://meupet.app" meupet.app 10.53.184.85
74.7.227.7 - - [23/Apr/2026:13:25:52 -0300] "GET /info/mechanics/04733908954 HTTP/2.0" 404 23007 "https://meupet.app/sitemap-subitems-939.xml" "Mozilla/5.0 AppleWebKit/537.36 (KHTML, like Gecko; compatible; GPTBot/1.3; +https://openai.com/gptbot)" meupet.app 10.53.184.85
162.241.203.72 - - [23/Apr/2026:13:26:58 -0300] "POST /wp-cron.php?doing_wp_cron=1776961618.0546131134033203125000 HTTP/1.1" 200 - "-" "WordPress/6.9.4; https://meupet.app" meupet.app 10.53.184.85
74.7.227.7 - - [23/Apr/2026:13:26:57 -0300] "GET /info/rectorial/03952692911 HTTP/2.0" 404 23012 "https://meupet.app/sitemap-subitems-793.xml" "Mozilla/5.0 AppleWebKit/537.36 (KHTML, like Gecko; compatible; GPTBot/1.3; +https://openai.com/gptbot)" meupet.app 10.53.184.85
162.241.203.72 - - [23/Apr/2026:13:28:00 -0300] "POST /wp-cron.php?doing_wp_cron=1776961680.2229120731353759765625 HTTP/1.1" 200 - "-" "WordPress/6.9.4; https://meupet.app" meupet.app 10.53.184.85
74.7.227.7 - - [23/Apr/2026:13:27:59 -0300] "GET /info/manoscopy/03292344117 HTTP/2.0" 404 23010 "https://meupet.app/sitemap-subitems-856.xml" "Mozilla/5.0 AppleWebKit/537.36 (KHTML, like Gecko; compatible; GPTBot/1.3; +https://openai.com/gptbot)" meupet.app 10.53.184.85
162.241.203.72 - - [23/Apr/2026:13:29:03 -0300] "POST /wp-cron.php?doing_wp_cron=1776961743.3802509307861328125000 HTTP/1.1" 200 - "-" "WordPress/6.9.4; https://meupet.app" meupet.app 10.53.184.85
74.7.227.7 - - [23/Apr/2026:13:29:02 -0300] "GET /info/whealworm/03171621253 HTTP/2.0" 404 23013 "https://meupet.app/sitemap-subitems-409.xml" "Mozilla/5.0 AppleWebKit/537.36 (KHTML, like Gecko; compatible; GPTBot/1.3; +https://openai.com/gptbot)" meupet.app 10.53.184.85
66.249.68.69 - - [23/Apr/2026:13:29:34 -0300] "GET /info/trivant/051442881040 HTTP/1.1" 200 59882 "-" "Mozilla/5.0 (Linux; Android 6.0.1; Nexus 5X Build/MMB29P) AppleWebKit/537.36 (KHTML, like Gecko) Chrome/146.0.7680.177 Mobile Safari/537.36 (compatible; GoogleOther)" www.meupet.app 10.53.184.85
162.241.203.72 - - [23/Apr/2026:13:30:04 -0300] "POST /wp-cron.php?doing_wp_cron=1776961804.5357680320739746093750 HTTP/1.1" 200 - "-" "WordPress/6.9.4; https://meupet.app" meupet.app 10.53.184.85
74.7.227.7 - - [23/Apr/2026:13:30:03 -0300] "GET /info/tophamper/04610260521 HTTP/2.0" 404 23011 "https://meupet.app/sitemap-subitems-939.xml" "Mozilla/5.0 AppleWebKit/537.36 (KHTML, like Gecko; compatible; GPTBot/1.3; +https://openai.com/gptbot)" meupet.app 10.53.184.85
34.122.147.229 - - [23/Apr/2026:13:31:04 -0300] "GET / HTTP/2.0" 200 36453 "-" "Mozilla/5.0 (X11; Linux x86_64) AppleWebKit/537.36 (KHTML, like Gecko) Chrome/125.0.0.0 Safari/537.36" meupet.app 10.53.184.85
34.122.147.229 - - [23/Apr/2026:13:31:06 -0300] "GET /wp-content/plugins/exclusive-addons-elementor-pro/assets/css/exad-header-footer.css?ver=1.1.9 HTTP/2.0" 200 334 "https://meupet.app/" "Mozilla/5.0 (X11; Linux x86_64) AppleWebKit/537.36 (KHTML, like Gecko) Chrome/125.0.0.0 Safari/537.36" meupet.app 10.53.184.85
34.122.147.229 - - [23/Apr/2026:13:31:06 -0300] "GET /wp-content/plugins/elementor/assets/lib/eicons/css/elementor-icons.min.css?ver=5.43.0 HTTP/2.0" 200 4412 "https://meupet.app/" "Mozilla/5.0 (X11; Linux x86_64) AppleWebKit/537.36 (KHTML, like Gecko) Chrome/125.0.0.0 Safari/537.36" meupet.app 10.53.184.85
34.122.147.229 - - [23/Apr/2026:13:31:06 -0300] "GET /wp-content/uploads/elementor/css/post-5.css?ver=1729193180 HTTP/2.0" 200 504 "https://meupet.app/" "Mozilla/5.0 (X11; Linux x86_64) AppleWebKit/537.36 (KHTML, like Gecko) Chrome/125.0.0.0 Safari/537.36" meupet.app 10.53.184.85
34.122.147.229 - - [23/Apr/2026:13:31:06 -0300] "GET /wp-content/themes/astra/assets/css/minified/menu-animation.min.css?ver=3.7.10 HTTP/2.0" 200 468 "https://meupet.app/" "Mozilla/5.0 (X11; Linux x86_64) AppleWebKit/537.36 (KHTML, like Gecko) Chrome/125.0.0.0 Safari/537.36" meupet.app 10.53.184.85
34.122.147.229 - - [23/Apr/2026:13:31:06 -0300] "GET /wp-content/plugins/elementor/assets/css/frontend.min.css?ver=3.30.3 HTTP/2.0" 200 9936 "https://meupet.app/" "Mozilla/5.0 (X11; Linux x86_64) AppleWebKit/537.36 (KHTML, like Gecko) Chrome/125.0.0.0 Safari/537.36" meupet.app 10.53.184.85
34.122.147.229 - - [23/Apr/2026:13:31:06 -0300] "GET /wp-content/themes/astra/assets/css/minified/frontend.min.css?ver=3.7.10 HTTP/2.0" 200 13042 "https://meupet.app/" "Mozilla/5.0 (X11; Linux x86_64) AppleWebKit/537.36 (KHTML, like Gecko) Chrome/125.0.0.0 Safari/537.36" meupet.app 10.53.184.85
34.122.147.229 - - [23/Apr/2026:13:31:06 -0300] "GET /wp-content/plugins/elementor/assets/css/widget-icon-list.min.css?ver=3.30.3 HTTP/2.0" 200 1545 "https://meupet.app/" "Mozilla/5.0 (X11; Linux x86_64) AppleWebKit/537.36 (KHTML, like Gecko) Chrome/125.0.0.0 Safari/537.36" meupet.app 10.53.184.85
34.122.147.229 - - [23/Apr/2026:13:31:06 -0300] "GET /wp-content/plugins/elementor/assets/css/widget-image.min.css?ver=3.30.3 HTTP/2.0" 200 164 "https://meupet.app/" "Mozilla/5.0 (X11; Linux x86_64) AppleWebKit/537.36 (KHTML, like Gecko) Chrome/125.0.0.0 Safari/537.36" meupet.app 10.53.184.85
34.122.147.229 - - [23/Apr/2026:13:31:06 -0300] "GET /wp-content/plugins/elementor/assets/css/widget-heading.min.css?ver=3.30.3 HTTP/2.0" 200 188 "https://meupet.app/" "Mozilla/5.0 (X11; Linux x86_64) AppleWebKit/537.36 (KHTML, like Gecko) Chrome/125.0.0.0 Safari/537.36" meupet.app 10.53.184.85
34.122.147.229 - - [23/Apr/2026:13:31:06 -0300] "GET /wp-content/plugins/elementor/assets/lib/animations/styles/e-animation-grow.min.css?ver=3.30.3 HTTP/2.0" 200 118 "https://meupet.app/" "Mozilla/5.0 (X11; Linux x86_64) AppleWebKit/537.36 (KHTML, like Gecko) Chrome/125.0.0.0 Safari/537.36" meupet.app 10.53.184.85
34.122.147.229 - - [23/Apr/2026:13:31:06 -0300] "GET /wp-content/plugins/elementor/assets/css/widget-text-editor.min.css?ver=3.30.3 HTTP/2.0" 200 275 "https://meupet.app/" "Mozilla/5.0 (X11; Linux x86_64) AppleWebKit/537.36 (KHTML, like Gecko) Chrome/125.0.0.0 Safari/537.36" meupet.app 10.53.184.85
34.122.147.229 - - [23/Apr/2026:13:31:06 -0300] "GET /wp-content/plugins/elementor/assets/css/widget-social-icons.min.css?ver=3.30.3 HTTP/2.0" 200 1153 "https://meupet.app/" "Mozilla/5.0 (X11; Linux x86_64) AppleWebKit/537.36 (KHTML, like Gecko) Chrome/125.0.0.0 Safari/537.36" meupet.app 10.53.184.85
34.122.147.229 - - [23/Apr/2026:13:31:06 -0300] "GET /wp-content/plugins/elementor/assets/css/conditionals/apple-webkit.min.css?ver=3.30.3 HTTP/2.0" 200 861 "https://meupet.app/" "Mozilla/5.0 (X11; Linux x86_64) AppleWebKit/537.36 (KHTML, like Gecko) Chrome/125.0.0.0 Safari/537.36" meupet.app 10.53.184.85
34.122.147.229 - - [23/Apr/2026:13:31:06 -0300] "GET /wp-content/plugins/elementor/assets/css/widget-icon-box.min.css?ver=3.30.3 HTTP/2.0" 200 1349 "https://meupet.app/" "Mozilla/5.0 (X11; Linux x86_64) AppleWebKit/537.36 (KHTML, like Gecko) Chrome/125.0.0.0 Safari/537.36" meupet.app 10.53.184.85
34.122.147.229 - - [23/Apr/2026:13:31:06 -0300] "GET /wp-content/plugins/elementor-pro/assets/css/frontend.min.css?ver=3.6.5 HTTP/2.0" 200 71182 "https://meupet.app/" "Mozilla/5.0 (X11; Linux x86_64) AppleWebKit/537.36 (KHTML, like Gecko) Chrome/125.0.0.0 Safari/537.36" meupet.app 10.53.184.85
34.122.147.229 - - [23/Apr/2026:13:31:06 -0300] "GET /wp-content/plugins/elementor/assets/css/conditionals/shapes.min.css?ver=3.30.3 HTTP/2.0" 200 288 "https://meupet.app/" "Mozilla/5.0 (X11; Linux x86_64) AppleWebKit/537.36 (KHTML, like Gecko) Chrome/125.0.0.0 Safari/537.36" meupet.app 10.53.184.85
34.122.147.229 - - [23/Apr/2026:13:31:06 -0300] "GET /wp-content/uploads/elementor/css/post-302.css?ver=1729193181 HTTP/2.0" 200 4919 "https://meupet.app/" "Mozilla/5.0 (X11; Linux x86_64) AppleWebKit/537.36 (KHTML, like Gecko) Chrome/125.0.0.0 Safari/537.36" meupet.app 10.53.184.85
34.122.147.229 - - [23/Apr/2026:13:31:06 -0300] "GET /wp-content/plugins/exclusive-addons-elementor-pro/assets/css/exad-pro-styles.min.css?ver=6.9.4 HTTP/2.0" 200 30391 "https://meupet.app/" "Mozilla/5.0 (X11; Linux x86_64) AppleWebKit/537.36 (KHTML, like Gecko) Chrome/125.0.0.0 Safari/537.36" meupet.app 10.53.184.85
34.122.147.229 - - [23/Apr/2026:13:31:06 -0300] "GET /wp-content/uploads/elementor/google-fonts/css/roboto.css?ver=1775134856 HTTP/2.0" 200 28996 "https://meupet.app/" "Mozilla/5.0 (X11; Linux x86_64) AppleWebKit/537.36 (KHTML, like Gecko) Chrome/125.0.0.0 Safari/537.36" meupet.app 10.53.184.85
34.122.147.229 - - [23/Apr/2026:13:31:06 -0300] "GET /wp-content/plugins/elementor/assets/lib/font-awesome/css/solid.min.css?ver=5.15.3 HTTP/2.0" 200 309 "https://meupet.app/" "Mozilla/5.0 (X11; Linux x86_64) AppleWebKit/537.36 (KHTML, like Gecko) Chrome/125.0.0.0 Safari/537.36" meupet.app 10.53.184.85
34.122.147.229 - - [23/Apr/2026:13:31:06 -0300] "GET /wp-content/plugins/elementor/assets/lib/font-awesome/css/brands.min.css?ver=5.15.3 HTTP/2.0" 200 308 "https://meupet.app/" "Mozilla/5.0 (X11; Linux x86_64) AppleWebKit/537.36 (KHTML, like Gecko) Chrome/125.0.0.0 Safari/537.36" meupet.app 10.53.184.85
34.122.147.229 - - [23/Apr/2026:13:31:06 -0300] "GET /wp-content/plugins/elementor/assets/lib/font-awesome/css/regular.min.css?ver=5.15.3 HTTP/2.0" 200 308 "https://meupet.app/" "Mozilla/5.0 (X11; Linux x86_64) AppleWebKit/537.36 (KHTML, like Gecko) Chrome/125.0.0.0 Safari/537.36" meupet.app 10.53.184.85
34.122.147.229 - - [23/Apr/2026:13:31:06 -0300] "GET /wp-content/plugins/exclusive-addons-for-elementor/assets/vendor/css/slick.min.css?ver=6.9.4 HTTP/2.0" 200 473 "https://meupet.app/" "Mozilla/5.0 (X11; Linux x86_64) AppleWebKit/537.36 (KHTML, like Gecko) Chrome/125.0.0.0 Safari/537.36" meupet.app 10.53.184.85
34.122.147.229 - - [23/Apr/2026:13:31:06 -0300] "GET /wp-content/plugins/exclusive-addons-for-elementor/assets/fonts/remix-icon/remixicon.min.css?ver=2.7.9.5 HTTP/2.0" 200 12817 "https://meupet.app/" "Mozilla/5.0 (X11; Linux x86_64) AppleWebKit/537.36 (KHTML, like Gecko) Chrome/125.0.0.0 Safari/537.36" meupet.app 10.53.184.85
34.122.147.229 - - [23/Apr/2026:13:31:06 -0300] "GET /wp-content/uploads/2022/05/Imagem3-e1651763394224.png HTTP/2.0" 200 126330 "https://meupet.app/" "Mozilla/5.0 (X11; Linux x86_64) AppleWebKit/537.36 (KHTML, like Gecko) Chrome/125.0.0.0 Safari/537.36" meupet.app 10.53.184.85
34.122.147.229 - - [23/Apr/2026:13:31:06 -0300] "GET /wp-content/uploads/2022/04/Imagem7-927x1536.png HTTP/2.0" 200 243573 "https://meupet.app/" "Mozilla/5.0 (X11; Linux x86_64) AppleWebKit/537.36 (KHTML, like Gecko) Chrome/125.0.0.0 Safari/537.36" meupet.app 10.53.184.85
34.122.147.229 - - [23/Apr/2026:13:31:06 -0300] "GET /wp-content/plugins/exclusive-addons-for-elementor/assets/vendor/css/slick-theme.min.css?ver=6.9.4 HTTP/2.0" 200 1035 "https://meupet.app/" "Mozilla/5.0 (X11; Linux x86_64) AppleWebKit/537.36 (KHTML, like Gecko) Chrome/125.0.0.0 Safari/537.36" meupet.app 10.53.184.85
34.122.147.229 - - [23/Apr/2026:13:31:06 -0300] "GET /wp-content/plugins/exclusive-addons-for-elementor/assets/vendor/css/imagehover.css?ver=6.9.4 HTTP/2.0" 200 17247 "https://meupet.app/" "Mozilla/5.0 (X11; Linux x86_64) AppleWebKit/537.36 (KHTML, like Gecko) Chrome/125.0.0.0 Safari/537.36" meupet.app 10.53.184.85
34.122.147.229 - - [23/Apr/2026:13:31:06 -0300] "GET /wp-content/plugins/exclusive-addons-for-elementor/assets/vendor/css/swiper.min.css?ver=2.7.9.5 HTTP/2.0" 200 3188 "https://meupet.app/" "Mozilla/5.0 (X11; Linux x86_64) AppleWebKit/537.36 (KHTML, like Gecko) Chrome/125.0.0.0 Safari/537.36" meupet.app 10.53.184.85
34.122.147.229 - - [23/Apr/2026:13:31:06 -0300] "GET /wp-content/plugins/exclusive-addons-for-elementor/assets/css/exad-styles.min.css?ver=6.9.4 HTTP/2.0" 200 26789 "https://meupet.app/" "Mozilla/5.0 (X11; Linux x86_64) AppleWebKit/537.36 (KHTML, like Gecko) Chrome/125.0.0.0 Safari/537.36" meupet.app 10.53.184.85
34.122.147.229 - - [23/Apr/2026:13:31:06 -0300] "GET /wp-content/uploads/elementor/google-fonts/css/robotoslab.css?ver=1775134890 HTTP/2.0" 200 3452 "https://meupet.app/" "Mozilla/5.0 (X11; Linux x86_64) AppleWebKit/537.36 (KHTML, like Gecko) Chrome/125.0.0.0 Safari/537.36" meupet.app 10.53.184.85
34.122.147.229 - - [23/Apr/2026:13:31:06 -0300] "GET /wp-content/plugins/elementor/assets/lib/font-awesome/css/fontawesome.min.css?ver=5.15.3 HTTP/2.0" 200 12618 "https://meupet.app/" "Mozilla/5.0 (X11; Linux x86_64) AppleWebKit/537.36 (KHTML, like Gecko) Chrome/125.0.0.0 Safari/537.36" meupet.app 10.53.184.85
34.122.147.229 - - [23/Apr/2026:13:31:06 -0300] "GET /wp-content/plugins/exclusive-addons-for-elementor/assets/fonts/teeny-icon/teeny-icon-style.min.css?ver=2.7.9.5 HTTP/2.0" 200 4374 "https://meupet.app/" "Mozilla/5.0 (X11; Linux x86_64) AppleWebKit/537.36 (KHTML, like Gecko) Chrome/125.0.0.0 Safari/537.36" meupet.app 10.53.184.85
34.122.147.229 - - [23/Apr/2026:13:31:06 -0300] "GET /wp-content/plugins/exclusive-addons-for-elementor/assets/fonts/feather-icon/feather-icon-style.min.css?ver=2.7.9.5 HTTP/2.0" 200 4434 "https://meupet.app/" "Mozilla/5.0 (X11; Linux x86_64) AppleWebKit/537.36 (KHTML, like Gecko) Chrome/125.0.0.0 Safari/537.36" meupet.app 10.53.184.85
34.122.147.229 - - [23/Apr/2026:13:31:06 -0300] "GET /wp-includes/js/jquery/jquery.min.js?ver=3.7.1 HTTP/2.0" 200 38349 "https://meupet.app/" "Mozilla/5.0 (X11; Linux x86_64) AppleWebKit/537.36 (KHTML, like Gecko) Chrome/125.0.0.0 Safari/537.36" meupet.app 10.53.184.85
34.122.147.229 - - [23/Apr/2026:13:31:06 -0300] "GET /wp-includes/js/jquery/jquery-migrate.min.js?ver=3.4.1 HTTP/2.0" 200 5422 "https://meupet.app/" "Mozilla/5.0 (X11; Linux x86_64) AppleWebKit/537.36 (KHTML, like Gecko) Chrome/125.0.0.0 Safari/537.36" meupet.app 10.53.184.85
34.122.147.229 - - [23/Apr/2026:13:31:06 -0300] "GET /wp-content/plugins/all-in-one-seo-pack/dist/Lite/assets/table-of-contents.95d0dfce.js?ver=4.9.2 HTTP/2.0" 200 280 "https://meupet.app/" "Mozilla/5.0 (X11; Linux x86_64) AppleWebKit/537.36 (KHTML, like Gecko) Chrome/125.0.0.0 Safari/537.36" meupet.app 10.53.184.85
