74.7.227.128 - - [23/Apr/2026:19:49:12 -0300] "GET /info/trews/052586733599 HTTP/2.0" 404 23004 "https://meupet.app/sitemap-subitems-2669.xml" "Mozilla/5.0 AppleWebKit/537.36 (KHTML, like Gecko; compatible; GPTBot/1.3; +https://openai.com/gptbot)" meupet.app 10.53.184.85
162.241.203.72 - - [23/Apr/2026:19:49:15 -0300] "POST /wp-cron.php?doing_wp_cron=1776984555.0082790851593017578125 HTTP/1.1" 200 - "-" "WordPress/6.9.4; https://meupet.app" meupet.app 10.53.184.85
165.245.219.231 - - [23/Apr/2026:19:49:26 -0300] "GET /wp-admin/ HTTP/1.1" 302 - "-" "Mozilla/5.0 (X11; Linux x86_64) AppleWebKit/537.36 (KHTML, like Gecko) Chrome/118.0.0.0 Safari/537.36" meupet.app 10.53.184.85
165.245.219.231 - - [23/Apr/2026:19:49:31 -0300] "GET /wp-login.php?redirect_to=https%3A%2F%2Fmeupet.app%2Fwp-admin%2F&reauth=1 HTTP/1.1" 409 83 "-" "Mozilla/5.0 (X11; Linux x86_64) AppleWebKit/537.36 (KHTML, like Gecko) Chrome/118.0.0.0 Safari/537.36" meupet.app 10.53.184.85
74.7.227.128 - - [23/Apr/2026:19:49:30 -0300] "GET /info/jewry/052798460330 HTTP/2.0" 404 23006 "https://meupet.app/sitemap-subitems-2006.xml" "Mozilla/5.0 AppleWebKit/537.36 (KHTML, like Gecko; compatible; GPTBot/1.3; +https://openai.com/gptbot)" meupet.app 10.53.184.85
74.7.227.128 - - [23/Apr/2026:19:49:48 -0300] "GET /info/spray/051237205681 HTTP/2.0" 404 23003 "https://meupet.app/sitemap-subitems-2284.xml" "Mozilla/5.0 AppleWebKit/537.36 (KHTML, like Gecko; compatible; GPTBot/1.3; +https://openai.com/gptbot)" meupet.app 10.53.184.85
74.7.227.128 - - [23/Apr/2026:19:50:05 -0300] "GET /info/sweat/053436809317 HTTP/2.0" 404 23003 "https://meupet.app/sitemap-subitems-2157.xml" "Mozilla/5.0 AppleWebKit/537.36 (KHTML, like Gecko; compatible; GPTBot/1.3; +https://openai.com/gptbot)" meupet.app 10.53.184.85
162.241.203.72 - - [23/Apr/2026:19:50:10 -0300] "POST /wp-cron.php?doing_wp_cron=1776984610.1246719360351562500000 HTTP/1.1" 200 - "-" "WordPress/6.9.4; https://meupet.app" meupet.app 10.53.184.85
66.249.79.128 - - [23/Apr/2026:19:50:23 -0300] "GET /info/orderless/122678619194 HTTP/1.1" 200 60074 "-" "Mozilla/5.0 (Linux; Android 6.0.1; Nexus 5X Build/MMB29P) AppleWebKit/537.36 (KHTML, like Gecko) Chrome/146.0.7680.177 Mobile Safari/537.36 (compatible; Googlebot/2.1; +http://www.google.com/bot.html)" meupet.app 10.53.184.85
74.7.227.128 - - [23/Apr/2026:19:50:23 -0300] "GET /info/beaut/051326370114 HTTP/2.0" 404 23003 "https://meupet.app/sitemap-subitems-3060.xml" "Mozilla/5.0 AppleWebKit/537.36 (KHTML, like Gecko; compatible; GPTBot/1.3; +https://openai.com/gptbot)" meupet.app 10.53.184.85
74.7.227.128 - - [23/Apr/2026:19:50:41 -0300] "GET /info/shake/052141641930 HTTP/2.0" 404 23003 "https://meupet.app/sitemap-subitems-2284.xml" "Mozilla/5.0 AppleWebKit/537.36 (KHTML, like Gecko; compatible; GPTBot/1.3; +https://openai.com/gptbot)" meupet.app 10.53.184.85
74.7.227.128 - - [23/Apr/2026:19:50:59 -0300] "GET /info/glode/052043691751 HTTP/2.0" 404 23004 "https://meupet.app/sitemap-subitems-2284.xml" "Mozilla/5.0 AppleWebKit/537.36 (KHTML, like Gecko; compatible; GPTBot/1.3; +https://openai.com/gptbot)" meupet.app 10.53.184.85
74.7.227.128 - - [23/Apr/2026:19:51:17 -0300] "GET /info/zapus/052735369416 HTTP/2.0" 404 23005 "https://meupet.app/sitemap-subitems-1779.xml" "Mozilla/5.0 AppleWebKit/537.36 (KHTML, like Gecko; compatible; GPTBot/1.3; +https://openai.com/gptbot)" meupet.app 10.53.184.85
162.241.203.72 - - [23/Apr/2026:19:51:20 -0300] "POST /wp-cron.php?doing_wp_cron=1776984680.0716280937194824218750 HTTP/1.1" 200 - "-" "WordPress/6.9.4; https://meupet.app" meupet.app 10.53.184.85
74.7.227.128 - - [23/Apr/2026:19:51:35 -0300] "GET /info/creak/053258821649 HTTP/2.0" 404 23003 "https://meupet.app/sitemap-subitems-2614.xml" "Mozilla/5.0 AppleWebKit/537.36 (KHTML, like Gecko; compatible; GPTBot/1.3; +https://openai.com/gptbot)" meupet.app 10.53.184.85
74.7.227.128 - - [23/Apr/2026:19:51:53 -0300] "GET /info/gager/054273851615 HTTP/2.0" 404 23003 "https://meupet.app/sitemap-subitems-1779.xml" "Mozilla/5.0 AppleWebKit/537.36 (KHTML, like Gecko; compatible; GPTBot/1.3; +https://openai.com/gptbot)" meupet.app 10.53.184.85
74.7.227.128 - - [23/Apr/2026:19:52:10 -0300] "GET /info/pecul/053139758278 HTTP/2.0" 404 23005 "https://meupet.app/sitemap-subitems-2669.xml" "Mozilla/5.0 AppleWebKit/537.36 (KHTML, like Gecko; compatible; GPTBot/1.3; +https://openai.com/gptbot)" meupet.app 10.53.184.85
162.241.203.72 - - [23/Apr/2026:19:52:14 -0300] "POST /wp-cron.php?doing_wp_cron=1776984734.0770900249481201171875 HTTP/1.1" 200 - "-" "WordPress/6.9.4; https://meupet.app" meupet.app 10.53.184.85
74.7.227.128 - - [23/Apr/2026:19:52:28 -0300] "GET /info/whurt/051324318677 HTTP/2.0" 404 23005 "https://meupet.app/sitemap-subitems-1105.xml" "Mozilla/5.0 AppleWebKit/537.36 (KHTML, like Gecko; compatible; GPTBot/1.3; +https://openai.com/gptbot)" meupet.app 10.53.184.85
74.7.227.128 - - [23/Apr/2026:19:52:45 -0300] "GET /info/salar/052436841892 HTTP/2.0" 404 23003 "https://meupet.app/sitemap-subitems-2614.xml" "Mozilla/5.0 AppleWebKit/537.36 (KHTML, like Gecko; compatible; GPTBot/1.3; +https://openai.com/gptbot)" meupet.app 10.53.184.85
87.250.224.28 - - [23/Apr/2026:19:52:49 -0300] "GET /robots.txt HTTP/1.1" 200 108 "-" "Mozilla/5.0 (compatible; YandexBot/3.0; +http://yandex.com/bots)" meupet.app 10.53.184.85
74.7.227.128 - - [23/Apr/2026:19:53:03 -0300] "GET /info/bague/054108037193 HTTP/2.0" 404 23004 "https://meupet.app/sitemap-subitems-2284.xml" "Mozilla/5.0 AppleWebKit/537.36 (KHTML, like Gecko; compatible; GPTBot/1.3; +https://openai.com/gptbot)" meupet.app 10.53.184.85
162.241.203.72 - - [23/Apr/2026:19:53:07 -0300] "POST /wp-cron.php?doing_wp_cron=1776984787.7893869876861572265625 HTTP/1.1" 200 - "-" "WordPress/6.9.4; https://meupet.app" meupet.app 10.53.184.85
74.7.227.128 - - [23/Apr/2026:19:53:20 -0300] "GET /info/party/052164997366 HTTP/2.0" 404 23005 "https://meupet.app/sitemap-subitems-2614.xml" "Mozilla/5.0 AppleWebKit/537.36 (KHTML, like Gecko; compatible; GPTBot/1.3; +https://openai.com/gptbot)" meupet.app 10.53.184.85
74.7.227.128 - - [23/Apr/2026:19:53:38 -0300] "GET /info/trash/052756485927 HTTP/2.0" 404 23004 "https://meupet.app/sitemap-subitems-1105.xml" "Mozilla/5.0 AppleWebKit/537.36 (KHTML, like Gecko; compatible; GPTBot/1.3; +https://openai.com/gptbot)" meupet.app 10.53.184.85
74.7.227.128 - - [23/Apr/2026:19:53:56 -0300] "GET /info/wrack/051127928283 HTTP/2.0" 404 23002 "https://meupet.app/sitemap-subitems-2006.xml" "Mozilla/5.0 AppleWebKit/537.36 (KHTML, like Gecko; compatible; GPTBot/1.3; +https://openai.com/gptbot)" meupet.app 10.53.184.85
74.7.227.128 - - [23/Apr/2026:19:54:14 -0300] "GET /info/brast/054251203087 HTTP/2.0" 404 23003 "https://meupet.app/sitemap-subitems-2284.xml" "Mozilla/5.0 AppleWebKit/537.36 (KHTML, like Gecko; compatible; GPTBot/1.3; +https://openai.com/gptbot)" meupet.app 10.53.184.85
162.241.203.72 - - [23/Apr/2026:19:54:17 -0300] "POST /wp-cron.php?doing_wp_cron=1776984857.0166199207305908203125 HTTP/1.1" 200 - "-" "WordPress/6.9.4; https://meupet.app" meupet.app 10.53.184.85
74.7.227.128 - - [23/Apr/2026:19:54:31 -0300] "GET /info/malum/052642709681 HTTP/2.0" 404 23001 "https://meupet.app/sitemap-subitems-2614.xml" "Mozilla/5.0 AppleWebKit/537.36 (KHTML, like Gecko; compatible; GPTBot/1.3; +https://openai.com/gptbot)" meupet.app 10.53.184.85
74.7.227.128 - - [23/Apr/2026:19:54:48 -0300] "GET /info/buyer/052823344731 HTTP/2.0" 404 23004 "https://meupet.app/sitemap-subitems-1749.xml" "Mozilla/5.0 AppleWebKit/537.36 (KHTML, like Gecko; compatible; GPTBot/1.3; +https://openai.com/gptbot)" meupet.app 10.53.184.85
45.146.54.13 - - [23/Apr/2026:19:55:00 -0300] "POST /wp-login.php HTTP/1.1" 409 83 "-" "Mozilla/5.0 (Macintosh; Intel Mac OS X 10_15_7) AppleWebKit/605.1.15 Version/17.0 Safari/605.1.15" meupet.app 10.53.184.85
74.7.227.128 - - [23/Apr/2026:19:55:05 -0300] "GET /info/cynae/052794876921 HTTP/2.0" 404 23005 "https://meupet.app/sitemap-subitems-1749.xml" "Mozilla/5.0 AppleWebKit/537.36 (KHTML, like Gecko; compatible; GPTBot/1.3; +https://openai.com/gptbot)" meupet.app 10.53.184.85
162.241.203.72 - - [23/Apr/2026:19:55:08 -0300] "POST /wp-cron.php?doing_wp_cron=1776984908.3295080661773681640625 HTTP/1.1" 200 - "-" "WordPress/6.9.4; https://meupet.app" meupet.app 10.53.184.85
74.7.227.128 - - [23/Apr/2026:19:55:23 -0300] "GET /info/dryth/051438639708 HTTP/2.0" 404 23005 "https://meupet.app/sitemap-subitems-2614.xml" "Mozilla/5.0 AppleWebKit/537.36 (KHTML, like Gecko; compatible; GPTBot/1.3; +https://openai.com/gptbot)" meupet.app 10.53.184.85
74.7.227.128 - - [23/Apr/2026:19:55:40 -0300] "GET /info/leady/053817965008 HTTP/2.0" 404 23004 "https://meupet.app/sitemap-subitems-2669.xml" "Mozilla/5.0 AppleWebKit/537.36 (KHTML, like Gecko; compatible; GPTBot/1.3; +https://openai.com/gptbot)" meupet.app 10.53.184.85
74.7.227.128 - - [23/Apr/2026:19:55:58 -0300] "GET /info/ampul/053619544192 HTTP/2.0" 404 23004 "https://meupet.app/sitemap-subitems-2312.xml" "Mozilla/5.0 AppleWebKit/537.36 (KHTML, like Gecko; compatible; GPTBot/1.3; +https://openai.com/gptbot)" meupet.app 10.53.184.85
74.7.227.128 - - [23/Apr/2026:19:56:15 -0300] "GET /info/ascus/052478112393 HTTP/2.0" 404 23003 "https://meupet.app/sitemap-subitems-2312.xml" "Mozilla/5.0 AppleWebKit/537.36 (KHTML, like Gecko; compatible; GPTBot/1.3; +https://openai.com/gptbot)" meupet.app 10.53.184.85
162.241.203.72 - - [23/Apr/2026:19:56:18 -0300] "POST /wp-cron.php?doing_wp_cron=1776984978.6283700466156005859375 HTTP/1.1" 200 - "-" "WordPress/6.9.4; https://meupet.app" meupet.app 10.53.184.85
74.7.227.128 - - [23/Apr/2026:19:56:32 -0300] "GET /info/acerb/052419459273 HTTP/2.0" 404 23004 "https://meupet.app/sitemap-subitems-2669.xml" "Mozilla/5.0 AppleWebKit/537.36 (KHTML, like Gecko; compatible; GPTBot/1.3; +https://openai.com/gptbot)" meupet.app 10.53.184.85
74.7.227.128 - - [23/Apr/2026:19:56:50 -0300] "GET /info/aztec/052813910242 HTTP/2.0" 404 23005 "https://meupet.app/sitemap-subitems-3060.xml" "Mozilla/5.0 AppleWebKit/537.36 (KHTML, like Gecko; compatible; GPTBot/1.3; +https://openai.com/gptbot)" meupet.app 10.53.184.85
74.7.227.128 - - [23/Apr/2026:19:57:08 -0300] "GET /info/shoat/051993792463 HTTP/2.0" 404 23003 "https://meupet.app/sitemap-subitems-1749.xml" "Mozilla/5.0 AppleWebKit/537.36 (KHTML, like Gecko; compatible; GPTBot/1.3; +https://openai.com/gptbot)" meupet.app 10.53.184.85
162.241.203.72 - - [23/Apr/2026:19:57:11 -0300] "POST /wp-cron.php?doing_wp_cron=1776985031.2695150375366210937500 HTTP/1.1" 200 - "-" "WordPress/6.9.4; https://meupet.app" meupet.app 10.53.184.85
74.7.227.128 - - [23/Apr/2026:19:57:25 -0300] "GET /info/padme/051083272126 HTTP/2.0" 404 23004 "https://meupet.app/sitemap-subitems-2006.xml" "Mozilla/5.0 AppleWebKit/537.36 (KHTML, like Gecko; compatible; GPTBot/1.3; +https://openai.com/gptbot)" meupet.app 10.53.184.85
74.7.227.128 - - [23/Apr/2026:19:57:42 -0300] "GET /info/shirk/053691714268 HTTP/2.0" 404 23004 "https://meupet.app/sitemap-subitems-2614.xml" "Mozilla/5.0 AppleWebKit/537.36 (KHTML, like Gecko; compatible; GPTBot/1.3; +https://openai.com/gptbot)" meupet.app 10.53.184.85
74.7.227.128 - - [23/Apr/2026:19:58:00 -0300] "GET /info/suede/053674184062 HTTP/2.0" 404 23003 "https://meupet.app/sitemap-subitems-2006.xml" "Mozilla/5.0 AppleWebKit/537.36 (KHTML, like Gecko; compatible; GPTBot/1.3; +https://openai.com/gptbot)" meupet.app 10.53.184.85
74.7.227.128 - - [23/Apr/2026:19:58:17 -0300] "GET /info/meter/051846837284 HTTP/2.0" 404 23000 "https://meupet.app/sitemap-subitems-1779.xml" "Mozilla/5.0 AppleWebKit/537.36 (KHTML, like Gecko; compatible; GPTBot/1.3; +https://openai.com/gptbot)" meupet.app 10.53.184.85
162.241.203.72 - - [23/Apr/2026:19:58:20 -0300] "POST /wp-cron.php?doing_wp_cron=1776985100.9023480415344238281250 HTTP/1.1" 200 - "-" "WordPress/6.9.4; https://meupet.app" meupet.app 10.53.184.85
74.7.227.128 - - [23/Apr/2026:19:58:35 -0300] "GET /info/vetch/052462170904 HTTP/2.0" 404 23004 "https://meupet.app/sitemap-subitems-2284.xml" "Mozilla/5.0 AppleWebKit/537.36 (KHTML, like Gecko; compatible; GPTBot/1.3; +https://openai.com/gptbot)" meupet.app 10.53.184.85
74.7.227.128 - - [23/Apr/2026:19:58:52 -0300] "GET /info/tupai/051074367986 HTTP/2.0" 404 23004 "https://meupet.app/sitemap-subitems-2614.xml" "Mozilla/5.0 AppleWebKit/537.36 (KHTML, like Gecko; compatible; GPTBot/1.3; +https://openai.com/gptbot)" meupet.app 10.53.184.85
74.7.227.128 - - [23/Apr/2026:19:59:09 -0300] "GET /info/psalm/051242417436 HTTP/2.0" 404 23004 "https://meupet.app/sitemap-subitems-2006.xml" "Mozilla/5.0 AppleWebKit/537.36 (KHTML, like Gecko; compatible; GPTBot/1.3; +https://openai.com/gptbot)" meupet.app 10.53.184.85
95.108.213.99 - - [23/Apr/2026:19:59:11 -0300] "GET /info/smothering/06905511875 HTTP/1.1" 404 22986 "-" "Mozilla/5.0 (compatible; YandexBot/3.0; +http://yandex.com/bots)" meupet.app 10.53.184.85
66.249.79.129 - - [23/Apr/2026:19:59:12 -0300] "GET /info/ulcerable/083262792793 HTTP/1.1" 200 60101 "-" "Mozilla/5.0 (Linux; Android 6.0.1; Nexus 5X Build/MMB29P) AppleWebKit/537.36 (KHTML, like Gecko) Chrome/146.0.7680.177 Mobile Safari/537.36 (compatible; Googlebot/2.1; +http://www.google.com/bot.html)" meupet.app 10.53.184.85
66.249.79.129 - - [23/Apr/2026:19:59:12 -0300] "GET /info/insteeping/124230854747 HTTP/1.1" 200 56942 "-" "Mozilla/5.0 (Linux; Android 6.0.1; Nexus 5X Build/MMB29P) AppleWebKit/537.36 (KHTML, like Gecko) Chrome/146.0.7680.177 Mobile Safari/537.36 (compatible; Googlebot/2.1; +http://www.google.com/bot.html)" meupet.app 10.53.184.85
162.241.203.72 - - [23/Apr/2026:19:59:13 -0300] "POST /wp-cron.php?doing_wp_cron=1776985153.2702810764312744140625 HTTP/1.1" 200 - "-" "WordPress/6.9.4; https://meupet.app" meupet.app 10.53.184.85
66.249.79.128 - - [23/Apr/2026:19:59:13 -0300] "GET /info/crossdays/122188180564 HTTP/1.1" 200 58693 "-" "Mozilla/5.0 (Linux; Android 6.0.1; Nexus 5X Build/MMB29P) AppleWebKit/537.36 (KHTML, like Gecko) Chrome/146.0.7680.177 Mobile Safari/537.36 (compatible; Googlebot/2.1; +http://www.google.com/bot.html)" meupet.app 10.53.184.85
66.249.79.129 - - [23/Apr/2026:19:59:19 -0300] "GET /info/appendicectomy/121501315011 HTTP/1.1" 200 56757 "-" "Mozilla/5.0 (Linux; Android 6.0.1; Nexus 5X Build/MMB29P) AppleWebKit/537.36 (KHTML, like Gecko) Chrome/146.0.7680.177 Mobile Safari/537.36 (compatible; Googlebot/2.1; +http://www.google.com/bot.html)" meupet.app 10.53.184.85
74.7.227.128 - - [23/Apr/2026:19:59:26 -0300] "GET /info/mirky/054286397683 HTTP/2.0" 404 23003 "https://meupet.app/sitemap-subitems-1105.xml" "Mozilla/5.0 AppleWebKit/537.36 (KHTML, like Gecko; compatible; GPTBot/1.3; +https://openai.com/gptbot)" meupet.app 10.53.184.85
74.7.227.128 - - [23/Apr/2026:19:59:44 -0300] "GET /info/grade/051088943602 HTTP/2.0" 404 23004 "https://meupet.app/sitemap-subitems-1779.xml" "Mozilla/5.0 AppleWebKit/537.36 (KHTML, like Gecko; compatible; GPTBot/1.3; +https://openai.com/gptbot)" meupet.app 10.53.184.85
74.7.227.128 - - [23/Apr/2026:20:00:02 -0300] "GET /info/skeel/052968366371 HTTP/2.0" 404 23002 "https://meupet.app/sitemap-subitems-2614.xml" "Mozilla/5.0 AppleWebKit/537.36 (KHTML, like Gecko; compatible; GPTBot/1.3; +https://openai.com/gptbot)" meupet.app 10.53.184.85
74.7.227.128 - - [23/Apr/2026:20:00:20 -0300] "GET /info/track/052966441903 HTTP/2.0" 404 23000 "https://meupet.app/sitemap-subitems-2284.xml" "Mozilla/5.0 AppleWebKit/537.36 (KHTML, like Gecko; compatible; GPTBot/1.3; +https://openai.com/gptbot)" meupet.app 10.53.184.85
162.241.203.72 - - [23/Apr/2026:20:00:22 -0300] "POST /wp-cron.php?doing_wp_cron=1776985222.9483399391174316406250 HTTP/1.1" 200 - "-" "WordPress/6.9.4; https://meupet.app" meupet.app 10.53.184.85
74.7.227.128 - - [23/Apr/2026:20:00:38 -0300] "GET /info/jural/051832953736 HTTP/2.0" 404 23005 "https://meupet.app/sitemap-subitems-2312.xml" "Mozilla/5.0 AppleWebKit/537.36 (KHTML, like Gecko; compatible; GPTBot/1.3; +https://openai.com/gptbot)" meupet.app 10.53.184.85
74.7.227.128 - - [23/Apr/2026:20:00:56 -0300] "GET /info/lusty/051833478251 HTTP/2.0" 404 23004 "https://meupet.app/sitemap-subitems-2006.xml" "Mozilla/5.0 AppleWebKit/537.36 (KHTML, like Gecko; compatible; GPTBot/1.3; +https://openai.com/gptbot)" meupet.app 10.53.184.85
74.7.227.128 - - [23/Apr/2026:20:01:14 -0300] "GET /info/earsh/051635926578 HTTP/2.0" 404 23004 "https://meupet.app/sitemap-subitems-1749.xml" "Mozilla/5.0 AppleWebKit/537.36 (KHTML, like Gecko; compatible; GPTBot/1.3; +https://openai.com/gptbot)" meupet.app 10.53.184.85
162.241.203.72 - - [23/Apr/2026:20:01:19 -0300] "POST /wp-cron.php?doing_wp_cron=1776985279.8396430015563964843750 HTTP/1.1" 503 4191 "-" "WordPress/6.9.4; https://meupet.app" meupet.app 10.53.184.85
74.7.227.128 - - [23/Apr/2026:20:01:32 -0300] "GET /info/teach/053173196645 HTTP/2.0" 404 23004 "https://meupet.app/sitemap-subitems-1749.xml" "Mozilla/5.0 AppleWebKit/537.36 (KHTML, like Gecko; compatible; GPTBot/1.3; +https://openai.com/gptbot)" meupet.app 10.53.184.85
74.7.227.128 - - [23/Apr/2026:20:01:50 -0300] "GET /info/teras/052057833639 HTTP/2.0" 404 23003 "https://meupet.app/sitemap-subitems-2284.xml" "Mozilla/5.0 AppleWebKit/537.36 (KHTML, like Gecko; compatible; GPTBot/1.3; +https://openai.com/gptbot)" meupet.app 10.53.184.85
74.7.227.128 - - [23/Apr/2026:20:02:08 -0300] "GET /info/unsew/053853346271 HTTP/2.0" 404 23003 "https://meupet.app/sitemap-subitems-2312.xml" "Mozilla/5.0 AppleWebKit/537.36 (KHTML, like Gecko; compatible; GPTBot/1.3; +https://openai.com/gptbot)" meupet.app 10.53.184.85
162.241.203.72 - - [23/Apr/2026:20:02:26 -0300] "POST /wp-cron.php?doing_wp_cron=1776985346.1852180957794189453125 HTTP/1.1" 200 - "-" "WordPress/6.9.4; https://meupet.app" meupet.app 10.53.184.85
74.7.227.128 - - [23/Apr/2026:20:02:25 -0300] "GET /info/tarry/051169382887 HTTP/2.0" 404 23005 "https://meupet.app/sitemap-subitems-2614.xml" "Mozilla/5.0 AppleWebKit/537.36 (KHTML, like Gecko; compatible; GPTBot/1.3; +https://openai.com/gptbot)" meupet.app 10.53.184.85
162.241.203.72 - - [23/Apr/2026:20:02:43 -0300] "POST /wp-cron.php?doing_wp_cron=1776985363.0448861122131347656250 HTTP/1.1" 200 - "-" "WordPress/6.9.4; https://meupet.app" meupet.app 10.53.184.85
74.7.227.128 - - [23/Apr/2026:20:02:42 -0300] "GET /info/bague/051437427593 HTTP/2.0" 404 23004 "https://meupet.app/sitemap-subitems-2614.xml" "Mozilla/5.0 AppleWebKit/537.36 (KHTML, like Gecko; compatible; GPTBot/1.3; +https://openai.com/gptbot)" meupet.app 10.53.184.85
74.7.227.128 - - [23/Apr/2026:20:02:59 -0300] "GET /info/bruit/053742162329 HTTP/2.0" 404 23004 "https://meupet.app/sitemap-subitems-2312.xml" "Mozilla/5.0 AppleWebKit/537.36 (KHTML, like Gecko; compatible; GPTBot/1.3; +https://openai.com/gptbot)" meupet.app 10.53.184.85
66.249.79.128 - - [23/Apr/2026:20:03:09 -0300] "GET /info/costar/024090048358 HTTP/1.1" 200 54511 "-" "Mozilla/5.0 (Linux; Android 6.0.1; Nexus 5X Build/MMB29P) AppleWebKit/537.36 (KHTML, like Gecko) Chrome/146.0.7680.177 Mobile Safari/537.36 (compatible; Googlebot/2.1; +http://www.google.com/bot.html)" meupet.app 10.53.184.85
162.241.203.72 - - [23/Apr/2026:20:03:16 -0300] "POST /wp-cron.php?doing_wp_cron=1776985396.9762589931488037109375 HTTP/1.1" 200 - "-" "WordPress/6.9.4; https://meupet.app" meupet.app 10.53.184.85
74.7.227.128 - - [23/Apr/2026:20:03:16 -0300] "GET /info/epact/051902613880 HTTP/2.0" 404 23003 "https://meupet.app/sitemap-subitems-2614.xml" "Mozilla/5.0 AppleWebKit/537.36 (KHTML, like Gecko; compatible; GPTBot/1.3; +https://openai.com/gptbot)" meupet.app 10.53.184.85
74.7.227.128 - - [23/Apr/2026:20:03:33 -0300] "GET /info/strap/052710538866 HTTP/2.0" 404 23000 "https://meupet.app/sitemap-subitems-2312.xml" "Mozilla/5.0 AppleWebKit/537.36 (KHTML, like Gecko; compatible; GPTBot/1.3; +https://openai.com/gptbot)" meupet.app 10.53.184.85
74.7.227.128 - - [23/Apr/2026:20:03:50 -0300] "GET /info/eddas/052480276983 HTTP/2.0" 404 23004 "https://meupet.app/sitemap-subitems-2312.xml" "Mozilla/5.0 AppleWebKit/537.36 (KHTML, like Gecko; compatible; GPTBot/1.3; +https://openai.com/gptbot)" meupet.app 10.53.184.85
162.241.203.72 - - [23/Apr/2026:20:04:09 -0300] "POST /wp-cron.php?doing_wp_cron=1776985449.6515700817108154296875 HTTP/1.1" 200 - "-" "WordPress/6.9.4; https://meupet.app" meupet.app 10.53.184.85
74.7.227.128 - - [23/Apr/2026:20:04:08 -0300] "GET /info/latus/053642123981 HTTP/2.0" 404 23003 "https://meupet.app/sitemap-subitems-2614.xml" "Mozilla/5.0 AppleWebKit/537.36 (KHTML, like Gecko; compatible; GPTBot/1.3; +https://openai.com/gptbot)" meupet.app 10.53.184.85
66.249.79.128 - - [23/Apr/2026:20:04:12 -0300] "GET /info/downiness/052191866851 HTTP/1.1" 200 59040 "-" "Mozilla/5.0 (Linux; Android 6.0.1; Nexus 5X Build/MMB29P) AppleWebKit/537.36 (KHTML, like Gecko) Chrome/146.0.7680.177 Mobile Safari/537.36 (compatible; Googlebot/2.1; +http://www.google.com/bot.html)" meupet.app 10.53.184.85
66.249.79.128 - - [23/Apr/2026:20:04:16 -0300] "GET /info/history/122663083404 HTTP/1.1" 200 60462 "-" "Mozilla/5.0 (Linux; Android 6.0.1; Nexus 5X Build/MMB29P) AppleWebKit/537.36 (KHTML, like Gecko) Chrome/146.0.7680.177 Mobile Safari/537.36 (compatible; Googlebot/2.1; +http://www.google.com/bot.html)" meupet.app 10.53.184.85
66.249.79.128 - - [23/Apr/2026:20:04:22 -0300] "GET /info/uniserial/011282362220 HTTP/1.1" 200 58710 "-" "Mozilla/5.0 (Linux; Android 6.0.1; Nexus 5X Build/MMB29P) AppleWebKit/537.36 (KHTML, like Gecko) Chrome/146.0.7680.177 Mobile Safari/537.36 (compatible; Googlebot/2.1; +http://www.google.com/bot.html)" meupet.app 10.53.184.85
74.7.227.128 - - [23/Apr/2026:20:04:26 -0300] "GET /info/braze/053986137932 HTTP/2.0" 404 23005 "https://meupet.app/sitemap-subitems-3060.xml" "Mozilla/5.0 AppleWebKit/537.36 (KHTML, like Gecko; compatible; GPTBot/1.3; +https://openai.com/gptbot)" meupet.app 10.53.184.85
74.7.227.128 - - [23/Apr/2026:20:04:44 -0300] "GET /info/unlap/051394726658 HTTP/2.0" 404 23000 "https://meupet.app/sitemap-subitems-2669.xml" "Mozilla/5.0 AppleWebKit/537.36 (KHTML, like Gecko; compatible; GPTBot/1.3; +https://openai.com/gptbot)" meupet.app 10.53.184.85
74.7.227.128 - - [23/Apr/2026:20:05:01 -0300] "GET /info/chela/052396608817 HTTP/2.0" 404 23004 "https://meupet.app/sitemap-subitems-2614.xml" "Mozilla/5.0 AppleWebKit/537.36 (KHTML, like Gecko; compatible; GPTBot/1.3; +https://openai.com/gptbot)" meupet.app 10.53.184.85
66.249.79.128 - - [23/Apr/2026:20:05:08 -0300] "GET /info/tussis/014185441074 HTTP/1.1" 200 54682 "-" "Mozilla/5.0 (Linux; Android 6.0.1; Nexus 5X Build/MMB29P) AppleWebKit/537.36 (KHTML, like Gecko) Chrome/146.0.7680.177 Mobile Safari/537.36 (compatible; Googlebot/2.1; +http://www.google.com/bot.html)" meupet.app 10.53.184.85
162.241.203.72 - - [23/Apr/2026:20:05:19 -0300] "POST /wp-cron.php?doing_wp_cron=1776985519.1556990146636962890625 HTTP/1.1" 200 - "-" "WordPress/6.9.4; https://meupet.app" meupet.app 10.53.184.85
74.7.227.128 - - [23/Apr/2026:20:05:18 -0300] "GET /info/harry/053468591802 HTTP/2.0" 404 23004 "https://meupet.app/sitemap-subitems-3060.xml" "Mozilla/5.0 AppleWebKit/537.36 (KHTML, like Gecko; compatible; GPTBot/1.3; +https://openai.com/gptbot)" meupet.app 10.53.184.85
74.7.227.128 - - [23/Apr/2026:20:05:36 -0300] "GET /info/poker/052396874900 HTTP/2.0" 404 23004 "https://meupet.app/sitemap-subitems-3060.xml" "Mozilla/5.0 AppleWebKit/537.36 (KHTML, like Gecko; compatible; GPTBot/1.3; +https://openai.com/gptbot)" meupet.app 10.53.184.85
66.249.79.128 - - [23/Apr/2026:20:05:53 -0300] "GET /info/monoplegia/121838677330 HTTP/1.1" 200 58006 "-" "Mozilla/5.0 (Linux; Android 6.0.1; Nexus 5X Build/MMB29P) AppleWebKit/537.36 (KHTML, like Gecko) Chrome/146.0.7680.177 Mobile Safari/537.36 (compatible; Googlebot/2.1; +http://www.google.com/bot.html)" meupet.app 10.53.184.85
66.249.79.129 - - [23/Apr/2026:20:05:57 -0300] "GET /info/subsidies/023262792793 HTTP/1.1" 200 58554 "-" "Mozilla/5.0 (Linux; Android 6.0.1; Nexus 5X Build/MMB29P) AppleWebKit/537.36 (KHTML, like Gecko) Chrome/146.0.7680.177 Mobile Safari/537.36 (compatible; Googlebot/2.1; +http://www.google.com/bot.html)" meupet.app 10.53.184.85
74.7.227.128 - - [23/Apr/2026:20:05:54 -0300] "GET /info/jaggy/052973118682 HTTP/2.0" 404 23006 "https://meupet.app/sitemap-subitems-2614.xml" "Mozilla/5.0 AppleWebKit/537.36 (KHTML, like Gecko; compatible; GPTBot/1.3; +https://openai.com/gptbot)" meupet.app 10.53.184.85
162.241.203.72 - - [23/Apr/2026:20:06:12 -0300] "POST /wp-cron.php?doing_wp_cron=1776985572.7950630187988281250000 HTTP/1.1" 200 - "-" "WordPress/6.9.4; https://meupet.app" meupet.app 10.53.184.85
74.7.227.128 - - [23/Apr/2026:20:06:12 -0300] "GET /info/perch/052742819739 HTTP/2.0" 404 23004 "https://meupet.app/sitemap-subitems-3060.xml" "Mozilla/5.0 AppleWebKit/537.36 (KHTML, like Gecko; compatible; GPTBot/1.3; +https://openai.com/gptbot)" meupet.app 10.53.184.85
74.7.227.128 - - [23/Apr/2026:20:06:29 -0300] "GET /info/mease/053476859616 HTTP/2.0" 404 23000 "https://meupet.app/sitemap-subitems-1749.xml" "Mozilla/5.0 AppleWebKit/537.36 (KHTML, like Gecko; compatible; GPTBot/1.3; +https://openai.com/gptbot)" meupet.app 10.53.184.85
87.250.224.28 - - [23/Apr/2026:20:06:44 -0300] "GET /info/nobles/02580517422 HTTP/1.1" 404 22974 "-" "Mozilla/5.0 (compatible; YandexBot/3.0; +http://yandex.com/bots)" meupet.app 10.53.184.85
74.7.227.128 - - [23/Apr/2026:20:06:47 -0300] "GET /info/paths/053438632145 HTTP/2.0" 404 23003 "https://meupet.app/sitemap-subitems-1105.xml" "Mozilla/5.0 AppleWebKit/537.36 (KHTML, like Gecko; compatible; GPTBot/1.3; +https://openai.com/gptbot)" meupet.app 10.53.184.85
74.7.227.128 - - [23/Apr/2026:20:07:05 -0300] "GET /info/harpy/051583528749 HTTP/2.0" 404 23005 "https://meupet.app/sitemap-subitems-2614.xml" "Mozilla/5.0 AppleWebKit/537.36 (KHTML, like Gecko; compatible; GPTBot/1.3; +https://openai.com/gptbot)" meupet.app 10.53.184.85
162.241.203.72 - - [23/Apr/2026:20:07:23 -0300] "POST /wp-cron.php?doing_wp_cron=1776985643.1008329391479492187500 HTTP/1.1" 200 - "-" "WordPress/6.9.4; https://meupet.app" meupet.app 10.53.184.85
74.7.227.128 - - [23/Apr/2026:20:07:22 -0300] "GET /info/berry/053760394982 HTTP/2.0" 404 23004 "https://meupet.app/sitemap-subitems-2006.xml" "Mozilla/5.0 AppleWebKit/537.36 (KHTML, like Gecko; compatible; GPTBot/1.3; +https://openai.com/gptbot)" meupet.app 10.53.184.85
74.7.227.128 - - [23/Apr/2026:20:07:39 -0300] "GET /info/pykar/051985758264 HTTP/2.0" 404 23005 "https://meupet.app/sitemap-subitems-2284.xml" "Mozilla/5.0 AppleWebKit/537.36 (KHTML, like Gecko; compatible; GPTBot/1.3; +https://openai.com/gptbot)" meupet.app 10.53.184.85
74.7.227.128 - - [23/Apr/2026:20:07:57 -0300] "GET /info/tudor/052886167436 HTTP/2.0" 404 23005 "https://meupet.app/sitemap-subitems-3060.xml" "Mozilla/5.0 AppleWebKit/537.36 (KHTML, like Gecko; compatible; GPTBot/1.3; +https://openai.com/gptbot)" meupet.app 10.53.184.85
162.241.203.72 - - [23/Apr/2026:20:08:16 -0300] "POST /wp-cron.php?doing_wp_cron=1776985696.2152130603790283203125 HTTP/1.1" 200 - "-" "WordPress/6.9.4; https://meupet.app" meupet.app 10.53.184.85
74.7.227.128 - - [23/Apr/2026:20:08:14 -0300] "GET /info/dryth/054109249308 HTTP/2.0" 404 23004 "https://meupet.app/sitemap-subitems-2284.xml" "Mozilla/5.0 AppleWebKit/537.36 (KHTML, like Gecko; compatible; GPTBot/1.3; +https://openai.com/gptbot)" meupet.app 10.53.184.85
74.7.227.128 - - [23/Apr/2026:20:08:33 -0300] "GET /info/bagel/053533216870 HTTP/2.0" 404 23004 "https://meupet.app/sitemap-subitems-1779.xml" "Mozilla/5.0 AppleWebKit/537.36 (KHTML, like Gecko; compatible; GPTBot/1.3; +https://openai.com/gptbot)" meupet.app 10.53.184.85
74.7.227.128 - - [23/Apr/2026:20:08:51 -0300] "GET /info/plash/052399341811 HTTP/2.0" 404 23004 "https://meupet.app/sitemap-subitems-1749.xml" "Mozilla/5.0 AppleWebKit/537.36 (KHTML, like Gecko; compatible; GPTBot/1.3; +https://openai.com/gptbot)" meupet.app 10.53.184.85
162.241.203.72 - - [23/Apr/2026:20:09:08 -0300] "POST /wp-cron.php?doing_wp_cron=1776985748.8772230148315429687500 HTTP/1.1" 200 - "-" "WordPress/6.9.4; https://meupet.app" meupet.app 10.53.184.85
74.7.227.128 - - [23/Apr/2026:20:09:08 -0300] "GET /info/swelt/051465851393 HTTP/2.0" 404 23003 "https://meupet.app/sitemap-subitems-2006.xml" "Mozilla/5.0 AppleWebKit/537.36 (KHTML, like Gecko; compatible; GPTBot/1.3; +https://openai.com/gptbot)" meupet.app 10.53.184.85
66.249.79.128 - - [23/Apr/2026:20:09:15 -0300] "GET /info/circumferential/122152710542 HTTP/1.1" 200 54540 "-" "Mozilla/5.0 (Linux; Android 6.0.1; Nexus 5X Build/MMB29P) AppleWebKit/537.36 (KHTML, like Gecko) Chrome/146.0.7680.177 Mobile Safari/537.36 (compatible; Googlebot/2.1; +http://www.google.com/bot.html)" meupet.app 10.53.184.85
66.249.79.128 - - [23/Apr/2026:20:09:23 -0300] "GET /info/petrifactive/043435391358 HTTP/1.1" 200 60690 "-" "Mozilla/5.0 (Linux; Android 6.0.1; Nexus 5X Build/MMB29P) AppleWebKit/537.36 (KHTML, like Gecko) Chrome/146.0.7680.177 Mobile Safari/537.36 (compatible; Googlebot/2.1; +http://www.google.com/bot.html)" meupet.app 10.53.184.85
74.7.227.128 - - [23/Apr/2026:20:09:26 -0300] "GET /info/maser/051841985237 HTTP/2.0" 404 23002 "https://meupet.app/sitemap-subitems-2284.xml" "Mozilla/5.0 AppleWebKit/537.36 (KHTML, like Gecko; compatible; GPTBot/1.3; +https://openai.com/gptbot)" meupet.app 10.53.184.85
74.7.227.128 - - [23/Apr/2026:20:09:43 -0300] "GET /info/clung/054268180139 HTTP/2.0" 404 23004 "https://meupet.app/sitemap-subitems-2006.xml" "Mozilla/5.0 AppleWebKit/537.36 (KHTML, like Gecko; compatible; GPTBot/1.3; +https://openai.com/gptbot)" meupet.app 10.53.184.85
74.7.227.128 - - [23/Apr/2026:20:10:01 -0300] "GET /info/ictus/052468676493 HTTP/2.0" 404 23002 "https://meupet.app/sitemap-subitems-1779.xml" "Mozilla/5.0 AppleWebKit/537.36 (KHTML, like Gecko; compatible; GPTBot/1.3; +https://openai.com/gptbot)" meupet.app 10.53.184.85
162.241.203.72 - - [23/Apr/2026:20:10:19 -0300] "POST /wp-cron.php?doing_wp_cron=1776985819.7946479320526123046875 HTTP/1.1" 200 - "-" "WordPress/6.9.4; https://meupet.app" meupet.app 10.53.184.85
74.7.227.128 - - [23/Apr/2026:20:10:19 -0300] "GET /info/apert/052770466168 HTTP/2.0" 404 23004 "https://meupet.app/sitemap-subitems-3060.xml" "Mozilla/5.0 AppleWebKit/537.36 (KHTML, like Gecko; compatible; GPTBot/1.3; +https://openai.com/gptbot)" meupet.app 10.53.184.85
74.7.227.128 - - [23/Apr/2026:20:10:37 -0300] "GET /info/mawky/053796920087 HTTP/2.0" 404 23004 "https://meupet.app/sitemap-subitems-1105.xml" "Mozilla/5.0 AppleWebKit/537.36 (KHTML, like Gecko; compatible; GPTBot/1.3; +https://openai.com/gptbot)" meupet.app 10.53.184.85
74.7.227.128 - - [23/Apr/2026:20:10:54 -0300] "GET /info/ruber/053629785445 HTTP/2.0" 404 23004 "https://meupet.app/sitemap-subitems-1105.xml" "Mozilla/5.0 AppleWebKit/537.36 (KHTML, like Gecko; compatible; GPTBot/1.3; +https://openai.com/gptbot)" meupet.app 10.53.184.85
162.241.203.72 - - [23/Apr/2026:20:11:13 -0300] "POST /wp-cron.php?doing_wp_cron=1776985873.2092270851135253906250 HTTP/1.1" 200 - "-" "WordPress/6.9.4; https://meupet.app" meupet.app 10.53.184.85
74.7.227.128 - - [23/Apr/2026:20:11:12 -0300] "GET /info/pause/051724466936 HTTP/2.0" 404 23004 "https://meupet.app/sitemap-subitems-2284.xml" "Mozilla/5.0 AppleWebKit/537.36 (KHTML, like Gecko; compatible; GPTBot/1.3; +https://openai.com/gptbot)" meupet.app 10.53.184.85
74.7.227.128 - - [23/Apr/2026:20:11:30 -0300] "GET /info/usher/052938686494 HTTP/2.0" 404 23003 "https://meupet.app/sitemap-subitems-2614.xml" "Mozilla/5.0 AppleWebKit/537.36 (KHTML, like Gecko; compatible; GPTBot/1.3; +https://openai.com/gptbot)" meupet.app 10.53.184.85
74.7.227.128 - - [23/Apr/2026:20:11:47 -0300] "GET /info/sexto/053479651989 HTTP/2.0" 404 23001 "https://meupet.app/sitemap-subitems-1105.xml" "Mozilla/5.0 AppleWebKit/537.36 (KHTML, like Gecko; compatible; GPTBot/1.3; +https://openai.com/gptbot)" meupet.app 10.53.184.85
74.7.227.128 - - [23/Apr/2026:20:12:04 -0300] "GET /info/shude/053246948901 HTTP/2.0" 404 23003 "https://meupet.app/sitemap-subitems-2284.xml" "Mozilla/5.0 AppleWebKit/537.36 (KHTML, like Gecko; compatible; GPTBot/1.3; +https://openai.com/gptbot)" meupet.app 10.53.184.85
162.241.203.72 - - [23/Apr/2026:20:12:23 -0300] "POST /wp-cron.php?doing_wp_cron=1776985943.1711220741271972656250 HTTP/1.1" 200 - "-" "WordPress/6.9.4; https://meupet.app" meupet.app 10.53.184.85
74.7.227.128 - - [23/Apr/2026:20:12:22 -0300] "GET /info/pauxi/052169749693 HTTP/2.0" 404 23005 "https://meupet.app/sitemap-subitems-2614.xml" "Mozilla/5.0 AppleWebKit/537.36 (KHTML, like Gecko; compatible; GPTBot/1.3; +https://openai.com/gptbot)" meupet.app 10.53.184.85
74.7.227.128 - - [23/Apr/2026:20:12:39 -0300] "GET /info/querl/052356088671 HTTP/2.0" 404 23006 "https://meupet.app/sitemap-subitems-2284.xml" "Mozilla/5.0 AppleWebKit/537.36 (KHTML, like Gecko; compatible; GPTBot/1.3; +https://openai.com/gptbot)" meupet.app 10.53.184.85
74.7.227.128 - - [23/Apr/2026:20:12:57 -0300] "GET /info/snath/052989261637 HTTP/2.0" 404 23002 "https://meupet.app/sitemap-subitems-2614.xml" "Mozilla/5.0 AppleWebKit/537.36 (KHTML, like Gecko; compatible; GPTBot/1.3; +https://openai.com/gptbot)" meupet.app 10.53.184.85
162.241.203.72 - - [23/Apr/2026:20:13:16 -0300] "POST /wp-cron.php?doing_wp_cron=1776985996.0386660099029541015625 HTTP/1.1" 200 - "-" "WordPress/6.9.4; https://meupet.app" meupet.app 10.53.184.85
74.7.227.128 - - [23/Apr/2026:20:13:15 -0300] "GET /info/palmy/053189356702 HTTP/2.0" 404 23004 "https://meupet.app/sitemap-subitems-2157.xml" "Mozilla/5.0 AppleWebKit/537.36 (KHTML, like Gecko; compatible; GPTBot/1.3; +https://openai.com/gptbot)" meupet.app 10.53.184.85
74.7.227.128 - - [23/Apr/2026:20:13:33 -0300] "GET /info/abram/053462790915 HTTP/2.0" 404 23004 "https://meupet.app/sitemap-subitems-3060.xml" "Mozilla/5.0 AppleWebKit/537.36 (KHTML, like Gecko; compatible; GPTBot/1.3; +https://openai.com/gptbot)" meupet.app 10.53.184.85
74.7.227.128 - - [23/Apr/2026:20:13:50 -0300] "GET /info/slade/053664894567 HTTP/2.0" 404 23002 "https://meupet.app/sitemap-subitems-2284.xml" "Mozilla/5.0 AppleWebKit/537.36 (KHTML, like Gecko; compatible; GPTBot/1.3; +https://openai.com/gptbot)" meupet.app 10.53.184.85
162.241.203.72 - - [23/Apr/2026:20:14:08 -0300] "POST /wp-cron.php?doing_wp_cron=1776986048.0268440246582031250000 HTTP/1.1" 200 - "-" "WordPress/6.9.4; https://meupet.app" meupet.app 10.53.184.85
74.7.227.128 - - [23/Apr/2026:20:14:07 -0300] "GET /info/coals/051278262839 HTTP/2.0" 404 23003 "https://meupet.app/sitemap-subitems-2157.xml" "Mozilla/5.0 AppleWebKit/537.36 (KHTML, like Gecko; compatible; GPTBot/1.3; +https://openai.com/gptbot)" meupet.app 10.53.184.85
66.249.79.128 - - [23/Apr/2026:20:14:19 -0300] "GET /info/sharpest/121794308971 HTTP/1.1" 200 61763 "-" "Mozilla/5.0 (Linux; Android 6.0.1; Nexus 5X Build/MMB29P) AppleWebKit/537.36 (KHTML, like Gecko) Chrome/146.0.7680.177 Mobile Safari/537.36 (compatible; Googlebot/2.1; +http://www.google.com/bot.html)" meupet.app 10.53.184.85
74.7.227.128 - - [23/Apr/2026:20:14:24 -0300] "GET /info/trade/052998165793 HTTP/2.0" 404 23003 "https://meupet.app/sitemap-subitems-2006.xml" "Mozilla/5.0 AppleWebKit/537.36 (KHTML, like Gecko; compatible; GPTBot/1.3; +https://openai.com/gptbot)" meupet.app 10.53.184.85
66.249.79.128 - - [23/Apr/2026:20:14:32 -0300] "GET /info/slakeless/12850849562 HTTP/1.1" 200 55200 "-" "Mozilla/5.0 (Linux; Android 6.0.1; Nexus 5X Build/MMB29P) AppleWebKit/537.36 (KHTML, like Gecko) Chrome/146.0.7680.177 Mobile Safari/537.36 (compatible; Googlebot/2.1; +http://www.google.com/bot.html)" meupet.app 10.53.184.85
74.7.227.128 - - [23/Apr/2026:20:14:41 -0300] "GET /info/aheap/052335436798 HTTP/2.0" 404 23001 "https://meupet.app/sitemap-subitems-2669.xml" "Mozilla/5.0 AppleWebKit/537.36 (KHTML, like Gecko; compatible; GPTBot/1.3; +https://openai.com/gptbot)" meupet.app 10.53.184.85
74.7.227.128 - - [23/Apr/2026:20:14:59 -0300] "GET /info/dated/052016813779 HTTP/2.0" 404 23004 "https://meupet.app/sitemap-subitems-2284.xml" "Mozilla/5.0 AppleWebKit/537.36 (KHTML, like Gecko; compatible; GPTBot/1.3; +https://openai.com/gptbot)" meupet.app 10.53.184.85
66.249.79.128 - - [23/Apr/2026:20:15:03 -0300] "GET /info/frabbit/12308771901 HTTP/1.1" 200 60630 "-" "Mozilla/5.0 (Linux; Android 6.0.1; Nexus 5X Build/MMB29P) AppleWebKit/537.36 (KHTML, like Gecko) Chrome/146.0.7680.177 Mobile Safari/537.36 (compatible; Googlebot/2.1; +http://www.google.com/bot.html)" meupet.app 10.53.184.85
162.241.203.72 - - [23/Apr/2026:20:15:16 -0300] "POST /wp-cron.php?doing_wp_cron=1776986116.7431290149688720703125 HTTP/1.1" 200 - "-" "WordPress/6.9.4; https://meupet.app" meupet.app 10.53.184.85
74.7.227.128 - - [23/Apr/2026:20:15:16 -0300] "GET /info/steer/053962473110 HTTP/2.0" 404 23002 "https://meupet.app/sitemap-subitems-3060.xml" "Mozilla/5.0 AppleWebKit/537.36 (KHTML, like Gecko; compatible; GPTBot/1.3; +https://openai.com/gptbot)" meupet.app 10.53.184.85
87.250.224.85 - - [23/Apr/2026:20:15:23 -0300] "GET /info/minimus/02360479492 HTTP/1.1" 404 22975 "-" "Mozilla/5.0 (compatible; YandexBot/3.0; +http://yandex.com/bots)" meupet.app 10.53.184.85
66.249.79.128 - - [23/Apr/2026:20:15:30 -0300] "GET /info/stuccoing/112892855350 HTTP/1.1" 200 63990 "-" "Mozilla/5.0 (Linux; Android 6.0.1; Nexus 5X Build/MMB29P) AppleWebKit/537.36 (KHTML, like Gecko) Chrome/146.0.7680.177 Mobile Safari/537.36 (compatible; Googlebot/2.1; +http://www.google.com/bot.html)" meupet.app 10.53.184.85
74.7.227.128 - - [23/Apr/2026:20:15:34 -0300] "GET /info/duped/052512838976 HTTP/2.0" 404 23004 "https://meupet.app/sitemap-subitems-2669.xml" "Mozilla/5.0 AppleWebKit/537.36 (KHTML, like Gecko; compatible; GPTBot/1.3; +https://openai.com/gptbot)" meupet.app 10.53.184.85
74.7.227.128 - - [23/Apr/2026:20:15:51 -0300] "GET /info/lethe/052946025378 HTTP/2.0" 404 23004 "https://meupet.app/sitemap-subitems-2157.xml" "Mozilla/5.0 AppleWebKit/537.36 (KHTML, like Gecko; compatible; GPTBot/1.3; +https://openai.com/gptbot)" meupet.app 10.53.184.85
162.241.203.72 - - [23/Apr/2026:20:16:10 -0300] "POST /wp-cron.php?doing_wp_cron=1776986170.5013239383697509765625 HTTP/1.1" 200 - "-" "WordPress/6.9.4; https://meupet.app" meupet.app 10.53.184.85
74.7.227.128 - - [23/Apr/2026:20:16:09 -0300] "GET /info/dream/052615492842 HTTP/2.0" 404 23003 "https://meupet.app/sitemap-subitems-3060.xml" "Mozilla/5.0 AppleWebKit/537.36 (KHTML, like Gecko; compatible; GPTBot/1.3; +https://openai.com/gptbot)" meupet.app 10.53.184.85
74.7.227.128 - - [23/Apr/2026:20:16:27 -0300] "GET /info/gnarl/053761409342 HTTP/2.0" 404 23004 "https://meupet.app/sitemap-subitems-2669.xml" "Mozilla/5.0 AppleWebKit/537.36 (KHTML, like Gecko; compatible; GPTBot/1.3; +https://openai.com/gptbot)" meupet.app 10.53.184.85
74.7.227.128 - - [23/Apr/2026:20:16:44 -0300] "GET /info/freak/051760823624 HTTP/2.0" 404 23003 "https://meupet.app/sitemap-subitems-2614.xml" "Mozilla/5.0 AppleWebKit/537.36 (KHTML, like Gecko; compatible; GPTBot/1.3; +https://openai.com/gptbot)" meupet.app 10.53.184.85
74.7.227.128 - - [23/Apr/2026:20:17:02 -0300] "GET /info/anuum/053815627914 HTTP/2.0" 404 23004 "https://meupet.app/sitemap-subitems-1749.xml" "Mozilla/5.0 AppleWebKit/537.36 (KHTML, like Gecko; compatible; GPTBot/1.3; +https://openai.com/gptbot)" meupet.app 10.53.184.85
162.241.203.72 - - [23/Apr/2026:20:17:20 -0300] "POST /wp-cron.php?doing_wp_cron=1776986240.8174800872802734375000 HTTP/1.1" 200 - "-" "WordPress/6.9.4; https://meupet.app" meupet.app 10.53.184.85
74.7.227.128 - - [23/Apr/2026:20:17:20 -0300] "GET /info/chronologic/0594555395 HTTP/2.0" 404 23014 "https://meupet.app/sitemap-subitems-3060.xml" "Mozilla/5.0 AppleWebKit/537.36 (KHTML, like Gecko; compatible; GPTBot/1.3; +https://openai.com/gptbot)" meupet.app 10.53.184.85
66.249.79.129 - - [23/Apr/2026:20:17:23 -0300] "GET /info/stereoplasm/121539352018 HTTP/1.1" 200 59175 "-" "Mozilla/5.0 (Linux; Android 6.0.1; Nexus 5X Build/MMB29P) AppleWebKit/537.36 (KHTML, like Gecko) Chrome/146.0.7680.177 Mobile Safari/537.36 (compatible; Googlebot/2.1; +http://www.google.com/bot.html)" meupet.app 10.53.184.85
74.7.227.128 - - [23/Apr/2026:20:17:37 -0300] "GET /info/tabored/0584708631 HTTP/2.0" 404 23003 "https://meupet.app/sitemap-subitems-2669.xml" "Mozilla/5.0 AppleWebKit/537.36 (KHTML, like Gecko; compatible; GPTBot/1.3; +https://openai.com/gptbot)" meupet.app 10.53.184.85
74.7.227.128 - - [23/Apr/2026:20:17:55 -0300] "GET /wp-json/wp/v2/users/1 HTTP/2.0" 200 337 "https://meupet.app/author/admin/" "Mozilla/5.0 AppleWebKit/537.36 (KHTML, like Gecko; compatible; GPTBot/1.3; +https://openai.com/gptbot)" meupet.app 10.53.184.85
162.241.203.72 - - [23/Apr/2026:20:18:14 -0300] "POST /wp-cron.php?doing_wp_cron=1776986294.2022030353546142578125 HTTP/1.1" 200 - "-" "WordPress/6.9.4; https://meupet.app" meupet.app 10.53.184.85
74.7.227.128 - - [23/Apr/2026:20:18:13 -0300] "GET /info/indelicate/044265780304 HTTP/2.0" 404 23008 "https://meupet.app/sitemap-subitems-939.xml" "Mozilla/5.0 AppleWebKit/537.36 (KHTML, like Gecko; compatible; GPTBot/1.3; +https://openai.com/gptbot)" meupet.app 10.53.184.85
216.73.216.255 - - [23/Apr/2026:20:18:19 -0300] "GET / HTTP/2.0" 200 36462 "http://meupet.app/" "Mozilla/5.0 AppleWebKit/537.36 (KHTML, like Gecko; compatible; ClaudeBot/1.0; +claudebot@anthropic.com)" meupet.app 10.53.184.85
74.7.227.128 - - [23/Apr/2026:20:18:28 -0300] "GET /info/experiencer/121801113185 HTTP/2.0" 404 23009 "https://meupet.app/sitemap.xml" "Mozilla/5.0 AppleWebKit/537.36 (KHTML, like Gecko; compatible; GPTBot/1.3; +https://openai.com/gptbot)" meupet.app 10.53.184.85
45.146.54.3 - - [23/Apr/2026:20:18:38 -0300] "POST /wp-login.php HTTP/1.1" 409 83 "-" "Mozilla/5.0 (Windows NT 10.0; Win64; rv:143.0) Gecko/20100101 Firefox/143.0" meupet.app 10.53.184.85
74.7.227.128 - - [23/Apr/2026:20:18:43 -0300] "GET /info/protracting/041229220222 HTTP/2.0" 404 23012 "https://meupet.app/sitemap-subitems-383.xml" "Mozilla/5.0 AppleWebKit/537.36 (KHTML, like Gecko; compatible; GPTBot/1.3; +https://openai.com/gptbot)" meupet.app 10.53.184.85
74.7.227.128 - - [23/Apr/2026:20:18:59 -0300] "GET /info/undignified/022379133377 HTTP/2.0" 404 23007 "https://meupet.app/sitemap.xml" "Mozilla/5.0 AppleWebKit/537.36 (KHTML, like Gecko; compatible; GPTBot/1.3; +https://openai.com/gptbot)" meupet.app 10.53.184.85
162.241.203.72 - - [23/Apr/2026:20:19:15 -0300] "POST /wp-cron.php?doing_wp_cron=1776986355.9178121089935302734375 HTTP/1.1" 200 - "-" "WordPress/6.9.4; https://meupet.app" meupet.app 10.53.184.85
74.7.227.128 - - [23/Apr/2026:20:19:15 -0300] "GET /info/condonation/033999695580 HTTP/2.0" 404 23012 "https://meupet.app/sitemap-subitems-850.xml" "Mozilla/5.0 AppleWebKit/537.36 (KHTML, like Gecko; compatible; GPTBot/1.3; +https://openai.com/gptbot)" meupet.app 10.53.184.85
66.249.79.130 - - [23/Apr/2026:20:19:25 -0300] "GET /info/fathomed/0243175392 HTTP/1.1" 200 60021 "-" "Mozilla/5.0 (Linux; Android 6.0.1; Nexus 5X Build/MMB29P) AppleWebKit/537.36 (KHTML, like Gecko) Chrome/146.0.7680.177 Mobile Safari/537.36 (compatible; Googlebot/2.1; +http://www.google.com/bot.html)" meupet.app 10.53.184.85
74.7.227.128 - - [23/Apr/2026:20:19:31 -0300] "GET /info/santinbanco/111841101512 HTTP/2.0" 404 23006 "https://meupet.app/?sitemap.xml" "Mozilla/5.0 AppleWebKit/537.36 (KHTML, like Gecko; compatible; GPTBot/1.3; +https://openai.com/gptbot)" meupet.app 10.53.184.85
74.7.227.128 - - [23/Apr/2026:20:19:46 -0300] "GET /info/candescence/033376331813 HTTP/2.0" 404 23016 "https://meupet.app/sitemap-subitems-972.xml" "Mozilla/5.0 AppleWebKit/537.36 (KHTML, like Gecko; compatible; GPTBot/1.3; +https://openai.com/gptbot)" meupet.app 10.53.184.85
74.7.227.128 - - [23/Apr/2026:20:20:02 -0300] "GET /info/prefinition/033394080703 HTTP/2.0" 404 23012 "https://meupet.app/sitemap-subitems-760.xml" "Mozilla/5.0 AppleWebKit/537.36 (KHTML, like Gecko; compatible; GPTBot/1.3; +https://openai.com/gptbot)" meupet.app 10.53.184.85
162.241.203.72 - - [23/Apr/2026:20:20:18 -0300] "POST /wp-cron.php?doing_wp_cron=1776986418.1292979717254638671875 HTTP/1.1" 200 - "-" "WordPress/6.9.4; https://meupet.app" meupet.app 10.53.184.85
74.7.227.128 - - [23/Apr/2026:20:20:17 -0300] "GET /info/synosteosis/032276000636 HTTP/2.0" 404 23014 "https://meupet.app/sitemap-subitems-850.xml" "Mozilla/5.0 AppleWebKit/537.36 (KHTML, like Gecko; compatible; GPTBot/1.3; +https://openai.com/gptbot)" meupet.app 10.53.184.85
66.249.79.128 - - [23/Apr/2026:20:20:34 -0300] "GET /info/unmercied/123619466867 HTTP/1.1" 200 62211 "-" "Mozilla/5.0 (Linux; Android 6.0.1; Nexus 5X Build/MMB29P) AppleWebKit/537.36 (KHTML, like Gecko) Chrome/146.0.7680.177 Mobile Safari/537.36 (compatible; Googlebot/2.1; +http://www.google.com/bot.html)" meupet.app 10.53.184.85
74.7.227.128 - - [23/Apr/2026:20:20:32 -0300] "GET /info/trutination/022288081803 HTTP/2.0" 404 23004 "https://meupet.app/sitemap.xml" "Mozilla/5.0 AppleWebKit/537.36 (KHTML, like Gecko; compatible; GPTBot/1.3; +https://openai.com/gptbot)" meupet.app 10.53.184.85
74.7.227.128 - - [23/Apr/2026:20:20:48 -0300] "GET /info/suitability/011180911019 HTTP/2.0" 404 23009 "https://meupet.app/?sitemap.xml" "Mozilla/5.0 AppleWebKit/537.36 (KHTML, like Gecko; compatible; GPTBot/1.3; +https://openai.com/gptbot)" meupet.app 10.53.184.85
66.249.79.129 - - [23/Apr/2026:20:20:50 -0300] "GET /info/pustulation/073041562523 HTTP/1.1" 200 53813 "-" "Mozilla/5.0 (Linux; Android 6.0.1; Nexus 5X Build/MMB29P) AppleWebKit/537.36 (KHTML, like Gecko) Chrome/146.0.7680.177 Mobile Safari/537.36 (compatible; GoogleOther)" meupet.app 10.53.184.85
74.7.227.128 - - [23/Apr/2026:20:21:04 -0300] "GET /info/diradiation/031021600050 HTTP/2.0" 404 23013 "https://meupet.app/sitemap-subitems-367.xml" "Mozilla/5.0 AppleWebKit/537.36 (KHTML, like Gecko; compatible; GPTBot/1.3; +https://openai.com/gptbot)" meupet.app 10.53.184.85
162.241.203.72 - - [23/Apr/2026:20:21:21 -0300] "POST /wp-cron.php?doing_wp_cron=1776986481.6320180892944335937500 HTTP/1.1" 200 - "-" "WordPress/6.9.4; https://meupet.app" meupet.app 10.53.184.85
74.7.227.128 - - [23/Apr/2026:20:21:20 -0300] "GET /info/nitrogenize/121611126560 HTTP/2.0" 404 23009 "https://meupet.app/sitemap.xml" "Mozilla/5.0 AppleWebKit/537.36 (KHTML, like Gecko; compatible; GPTBot/1.3; +https://openai.com/gptbot)" meupet.app 10.53.184.85
66.249.79.128 - - [23/Apr/2026:20:21:28 -0300] "GET /info/nictitans/063829714369 HTTP/1.1" 200 59432 "-" "Mozilla/5.0 (Linux; Android 6.0.1; Nexus 5X Build/MMB29P) AppleWebKit/537.36 (KHTML, like Gecko) Chrome/146.0.7680.177 Mobile Safari/537.36 (compatible; GoogleOther)" meupet.app 10.53.184.85
74.7.227.128 - - [23/Apr/2026:20:21:36 -0300] "GET /info/horrisonous/111955590665 HTTP/2.0" 404 23008 "https://meupet.app/?sitemap.xml" "Mozilla/5.0 AppleWebKit/537.36 (KHTML, like Gecko; compatible; GPTBot/1.3; +https://openai.com/gptbot)" meupet.app 10.53.184.85
74.7.227.128 - - [23/Apr/2026:20:21:52 -0300] "GET /info/infusibleness/052536500566 HTTP/2.0" 404 23015 "https://meupet.app/sitemap-subitems-3060.xml" "Mozilla/5.0 AppleWebKit/537.36 (KHTML, like Gecko; compatible; GPTBot/1.3; +https://openai.com/gptbot)" meupet.app 10.53.184.85
66.249.79.129 - - [23/Apr/2026:20:21:54 -0300] "GET /info/gratissima/12223930244 HTTP/1.1" 200 58043 "-" "Mozilla/5.0 (Linux; Android 6.0.1; Nexus 5X Build/MMB29P) AppleWebKit/537.36 (KHTML, like Gecko) Chrome/146.0.7680.177 Mobile Safari/537.36 (compatible; Googlebot/2.1; +http://www.google.com/bot.html)" meupet.app 10.53.184.85
162.241.203.72 - - [23/Apr/2026:20:22:09 -0300] "POST /wp-cron.php?doing_wp_cron=1776986529.3664340972900390625000 HTTP/1.1" 200 - "-" "WordPress/6.9.4; https://meupet.app" meupet.app 10.53.184.85
74.7.227.128 - - [23/Apr/2026:20:22:08 -0300] "GET /info/oxygenizement/031470790790 HTTP/2.0" 404 23015 "https://meupet.app/sitemap-subitems-304.xml" "Mozilla/5.0 AppleWebKit/537.36 (KHTML, like Gecko; compatible; GPTBot/1.3; +https://openai.com/gptbot)" meupet.app 10.53.184.85
74.7.227.128 - - [23/Apr/2026:20:22:24 -0300] "GET /info/infallibility/051567636117 HTTP/2.0" 404 23016 "https://meupet.app/sitemap-subitems-2669.xml" "Mozilla/5.0 AppleWebKit/537.36 (KHTML, like Gecko; compatible; GPTBot/1.3; +https://openai.com/gptbot)" meupet.app 10.53.184.85
162.241.203.72 - - [23/Apr/2026:20:22:41 -0300] "POST /wp-cron.php?doing_wp_cron=1776986561.6893169879913330078125 HTTP/1.1" 200 - "-" "WordPress/6.9.4; https://meupet.app" meupet.app 10.53.184.85
74.7.227.128 - - [23/Apr/2026:20:22:40 -0300] "GET /info/strigirostris/032588028172 HTTP/2.0" 404 23016 "https://meupet.app/sitemap-subitems-821.xml" "Mozilla/5.0 AppleWebKit/537.36 (KHTML, like Gecko; compatible; GPTBot/1.3; +https://openai.com/gptbot)" meupet.app 10.53.184.85
74.7.227.128 - - [23/Apr/2026:20:22:56 -0300] "GET /info/infraaxillary/051326096316 HTTP/2.0" 404 23017 "https://meupet.app/sitemap-subitems-1779.xml" "Mozilla/5.0 AppleWebKit/537.36 (KHTML, like Gecko; compatible; GPTBot/1.3; +https://openai.com/gptbot)" meupet.app 10.53.184.85
66.249.79.128 - - [23/Apr/2026:20:23:12 -0300] "GET /info/meted/123648098184 HTTP/1.1" 200 59824 "-" "Mozilla/5.0 (Linux; Android 6.0.1; Nexus 5X Build/MMB29P) AppleWebKit/537.36 (KHTML, like Gecko) Chrome/146.0.7680.177 Mobile Safari/537.36 (compatible; Googlebot/2.1; +http://www.google.com/bot.html)" meupet.app 10.53.184.85
162.241.203.72 - - [23/Apr/2026:20:23:13 -0300] "POST /wp-cron.php?doing_wp_cron=1776986593.2359941005706787109375 HTTP/1.1" 200 - "-" "WordPress/6.9.4; https://meupet.app" meupet.app 10.53.184.85
74.7.227.128 - - [23/Apr/2026:20:23:12 -0300] "GET /info/ratiocination/053177467654 HTTP/2.0" 404 23015 "https://meupet.app/sitemap-subitems-2312.xml" "Mozilla/5.0 AppleWebKit/537.36 (KHTML, like Gecko; compatible; GPTBot/1.3; +https://openai.com/gptbot)" meupet.app 10.53.184.85
