74.7.227.128 - - [23/Apr/2026:18:32:02 -0300] "GET /info/miscellane/054142776510 HTTP/2.0" 404 23013 "https://meupet.app/sitemap-subitems-2669.xml" "Mozilla/5.0 AppleWebKit/537.36 (KHTML, like Gecko; compatible; GPTBot/1.3; +https://openai.com/gptbot)" meupet.app 10.53.184.85
162.241.203.72 - - [23/Apr/2026:18:32:08 -0300] "POST /wp-cron.php?doing_wp_cron=1776979928.5855638980865478515625 HTTP/1.1" 200 - "-" "WordPress/6.9.4; https://meupet.app" meupet.app 10.53.184.85
74.7.227.128 - - [23/Apr/2026:18:32:07 -0300] "GET /info/remedially/051820414945 HTTP/2.0" 404 23016 "https://meupet.app/sitemap-subitems-3060.xml" "Mozilla/5.0 AppleWebKit/537.36 (KHTML, like Gecko; compatible; GPTBot/1.3; +https://openai.com/gptbot)" meupet.app 10.53.184.85
74.7.227.128 - - [23/Apr/2026:18:32:13 -0300] "GET /info/spoliation/051937259646 HTTP/2.0" 404 23012 "https://meupet.app/sitemap-subitems-1105.xml" "Mozilla/5.0 AppleWebKit/537.36 (KHTML, like Gecko; compatible; GPTBot/1.3; +https://openai.com/gptbot)" meupet.app 10.53.184.85
74.7.227.128 - - [23/Apr/2026:18:32:18 -0300] "GET /info/acceptancy/053295019061 HTTP/2.0" 404 23017 "https://meupet.app/sitemap-subitems-2157.xml" "Mozilla/5.0 AppleWebKit/537.36 (KHTML, like Gecko; compatible; GPTBot/1.3; +https://openai.com/gptbot)" meupet.app 10.53.184.85
74.7.227.128 - - [23/Apr/2026:18:32:23 -0300] "GET /info/phalangite/052908716212 HTTP/2.0" 404 23015 "https://meupet.app/sitemap-subitems-3060.xml" "Mozilla/5.0 AppleWebKit/537.36 (KHTML, like Gecko; compatible; GPTBot/1.3; +https://openai.com/gptbot)" meupet.app 10.53.184.85
74.7.227.128 - - [23/Apr/2026:18:32:28 -0300] "GET /info/afterimage/054139597560 HTTP/2.0" 404 23015 "https://meupet.app/sitemap-subitems-2006.xml" "Mozilla/5.0 AppleWebKit/537.36 (KHTML, like Gecko; compatible; GPTBot/1.3; +https://openai.com/gptbot)" meupet.app 10.53.184.85
74.7.227.128 - - [23/Apr/2026:18:32:33 -0300] "GET /info/tryoglyhus/053194100892 HTTP/2.0" 404 23016 "https://meupet.app/sitemap-subitems-2669.xml" "Mozilla/5.0 AppleWebKit/537.36 (KHTML, like Gecko; compatible; GPTBot/1.3; +https://openai.com/gptbot)" meupet.app 10.53.184.85
213.180.203.88 - - [23/Apr/2026:18:32:36 -0300] "GET /info/mareca/023197863688 HTTP/1.1" 404 22976 "-" "Mozilla/5.0 (compatible; YandexBot/3.0; +http://yandex.com/bots)" meupet.app 10.53.184.85
74.7.227.128 - - [23/Apr/2026:18:32:38 -0300] "GET /info/demolished/053024960677 HTTP/2.0" 404 23016 "https://meupet.app/sitemap-subitems-2312.xml" "Mozilla/5.0 AppleWebKit/537.36 (KHTML, like Gecko; compatible; GPTBot/1.3; +https://openai.com/gptbot)" meupet.app 10.53.184.85
74.7.227.128 - - [23/Apr/2026:18:32:43 -0300] "GET /info/hendecagon/051986970379 HTTP/2.0" 404 23016 "https://meupet.app/sitemap-subitems-2284.xml" "Mozilla/5.0 AppleWebKit/537.36 (KHTML, like Gecko; compatible; GPTBot/1.3; +https://openai.com/gptbot)" meupet.app 10.53.184.85
74.7.227.128 - - [23/Apr/2026:18:32:48 -0300] "GET /info/complotter/052827933519 HTTP/2.0" 404 23014 "https://meupet.app/sitemap-subitems-1749.xml" "Mozilla/5.0 AppleWebKit/537.36 (KHTML, like Gecko; compatible; GPTBot/1.3; +https://openai.com/gptbot)" meupet.app 10.53.184.85
74.7.227.128 - - [23/Apr/2026:18:32:53 -0300] "GET /info/hypertonic/053517347729 HTTP/2.0" 404 23016 "https://meupet.app/sitemap-subitems-3060.xml" "Mozilla/5.0 AppleWebKit/537.36 (KHTML, like Gecko; compatible; GPTBot/1.3; +https://openai.com/gptbot)" meupet.app 10.53.184.85
74.7.227.128 - - [23/Apr/2026:18:32:58 -0300] "GET /info/shieldtail/051907289786 HTTP/2.0" 404 23016 "https://meupet.app/sitemap-subitems-2312.xml" "Mozilla/5.0 AppleWebKit/537.36 (KHTML, like Gecko; compatible; GPTBot/1.3; +https://openai.com/gptbot)" meupet.app 10.53.184.85
74.7.227.128 - - [23/Apr/2026:18:33:03 -0300] "GET /info/cirrigrade/052722169438 HTTP/2.0" 404 23016 "https://meupet.app/sitemap-subitems-2614.xml" "Mozilla/5.0 AppleWebKit/537.36 (KHTML, like Gecko; compatible; GPTBot/1.3; +https://openai.com/gptbot)" meupet.app 10.53.184.85
162.241.203.72 - - [23/Apr/2026:18:33:09 -0300] "POST /wp-cron.php?doing_wp_cron=1776979989.4575839042663574218750 HTTP/1.1" 200 - "-" "WordPress/6.9.4; https://meupet.app" meupet.app 10.53.184.85
74.7.227.128 - - [23/Apr/2026:18:33:08 -0300] "GET /info/profitable/051745947737 HTTP/2.0" 404 23015 "https://meupet.app/sitemap-subitems-3060.xml" "Mozilla/5.0 AppleWebKit/537.36 (KHTML, like Gecko; compatible; GPTBot/1.3; +https://openai.com/gptbot)" meupet.app 10.53.184.85
74.7.227.128 - - [23/Apr/2026:18:33:13 -0300] "GET /info/polyparies/053502903212 HTTP/2.0" 404 23015 "https://meupet.app/sitemap-subitems-1749.xml" "Mozilla/5.0 AppleWebKit/537.36 (KHTML, like Gecko; compatible; GPTBot/1.3; +https://openai.com/gptbot)" meupet.app 10.53.184.85
74.7.227.128 - - [23/Apr/2026:18:33:18 -0300] "GET /info/spermwhale/052340033707 HTTP/2.0" 404 23015 "https://meupet.app/sitemap-subitems-2157.xml" "Mozilla/5.0 AppleWebKit/537.36 (KHTML, like Gecko; compatible; GPTBot/1.3; +https://openai.com/gptbot)" meupet.app 10.53.184.85
74.7.227.128 - - [23/Apr/2026:18:33:23 -0300] "GET /info/brachmanic/052560028481 HTTP/2.0" 404 23016 "https://meupet.app/sitemap-subitems-1749.xml" "Mozilla/5.0 AppleWebKit/537.36 (KHTML, like Gecko; compatible; GPTBot/1.3; +https://openai.com/gptbot)" meupet.app 10.53.184.85
74.7.227.128 - - [23/Apr/2026:18:33:28 -0300] "GET /info/pultaceous/053085229045 HTTP/2.0" 404 23015 "https://meupet.app/sitemap-subitems-2614.xml" "Mozilla/5.0 AppleWebKit/537.36 (KHTML, like Gecko; compatible; GPTBot/1.3; +https://openai.com/gptbot)" meupet.app 10.53.184.85
74.7.227.128 - - [23/Apr/2026:18:33:33 -0300] "GET /info/kaempferia/052376143157 HTTP/2.0" 404 23017 "https://meupet.app/sitemap-subitems-3060.xml" "Mozilla/5.0 AppleWebKit/537.36 (KHTML, like Gecko; compatible; GPTBot/1.3; +https://openai.com/gptbot)" meupet.app 10.53.184.85
74.7.227.128 - - [23/Apr/2026:18:33:38 -0300] "GET /info/exspuition/052836432746 HTTP/2.0" 404 23014 "https://meupet.app/sitemap-subitems-2006.xml" "Mozilla/5.0 AppleWebKit/537.36 (KHTML, like Gecko; compatible; GPTBot/1.3; +https://openai.com/gptbot)" meupet.app 10.53.184.85
74.7.227.128 - - [23/Apr/2026:18:33:43 -0300] "GET /info/eupatorium/054034782100 HTTP/2.0" 404 23013 "https://meupet.app/sitemap-subitems-2284.xml" "Mozilla/5.0 AppleWebKit/537.36 (KHTML, like Gecko; compatible; GPTBot/1.3; +https://openai.com/gptbot)" meupet.app 10.53.184.85
74.7.227.128 - - [23/Apr/2026:18:33:48 -0300] "GET /info/boatshaped/054093641534 HTTP/2.0" 404 23015 "https://meupet.app/sitemap-subitems-1105.xml" "Mozilla/5.0 AppleWebKit/537.36 (KHTML, like Gecko; compatible; GPTBot/1.3; +https://openai.com/gptbot)" meupet.app 10.53.184.85
74.7.227.128 - - [23/Apr/2026:18:33:53 -0300] "GET /info/maestricht/053459250719 HTTP/2.0" 404 23013 "https://meupet.app/sitemap-subitems-3060.xml" "Mozilla/5.0 AppleWebKit/537.36 (KHTML, like Gecko; compatible; GPTBot/1.3; +https://openai.com/gptbot)" meupet.app 10.53.184.85
74.7.227.128 - - [23/Apr/2026:18:33:58 -0300] "GET /info/antilogous/053562075414 HTTP/2.0" 404 23014 "https://meupet.app/sitemap-subitems-1779.xml" "Mozilla/5.0 AppleWebKit/537.36 (KHTML, like Gecko; compatible; GPTBot/1.3; +https://openai.com/gptbot)" meupet.app 10.53.184.85
74.7.227.128 - - [23/Apr/2026:18:34:03 -0300] "GET /info/dyphylleia/053042284717 HTTP/2.0" 404 23015 "https://meupet.app/sitemap-subitems-2284.xml" "Mozilla/5.0 AppleWebKit/537.36 (KHTML, like Gecko; compatible; GPTBot/1.3; +https://openai.com/gptbot)" meupet.app 10.53.184.85
162.241.203.72 - - [23/Apr/2026:18:34:09 -0300] "POST /wp-cron.php?doing_wp_cron=1776980049.2805399894714355468750 HTTP/1.1" 200 - "-" "WordPress/6.9.4; https://meupet.app" meupet.app 10.53.184.85
74.7.227.128 - - [23/Apr/2026:18:34:08 -0300] "GET /info/competible/052757250836 HTTP/2.0" 404 23014 "https://meupet.app/sitemap-subitems-2157.xml" "Mozilla/5.0 AppleWebKit/537.36 (KHTML, like Gecko; compatible; GPTBot/1.3; +https://openai.com/gptbot)" meupet.app 10.53.184.85
74.7.227.128 - - [23/Apr/2026:18:34:13 -0300] "GET /info/salubrious/053292594879 HTTP/2.0" 404 23015 "https://meupet.app/sitemap-subitems-2157.xml" "Mozilla/5.0 AppleWebKit/537.36 (KHTML, like Gecko; compatible; GPTBot/1.3; +https://openai.com/gptbot)" meupet.app 10.53.184.85
74.7.227.128 - - [23/Apr/2026:18:34:19 -0300] "GET /info/collyriums/052993206746 HTTP/2.0" 404 23016 "https://meupet.app/sitemap-subitems-1749.xml" "Mozilla/5.0 AppleWebKit/537.36 (KHTML, like Gecko; compatible; GPTBot/1.3; +https://openai.com/gptbot)" meupet.app 10.53.184.85
87.250.224.110 - - [23/Apr/2026:18:34:24 -0300] "GET /info/distending/06207550532 HTTP/1.1" 404 22986 "-" "Mozilla/5.0 (compatible; YandexBot/3.0; +http://yandex.com/bots)" meupet.app 10.53.184.85
74.7.227.128 - - [23/Apr/2026:18:34:24 -0300] "GET /info/polyhedron/051403972578 HTTP/2.0" 404 23017 "https://meupet.app/sitemap-subitems-1779.xml" "Mozilla/5.0 AppleWebKit/537.36 (KHTML, like Gecko; compatible; GPTBot/1.3; +https://openai.com/gptbot)" meupet.app 10.53.184.85
87.250.224.117 - - [23/Apr/2026:18:34:26 -0300] "GET /info/takeoff/022847174312 HTTP/1.1" 404 22980 "-" "Mozilla/5.0 (compatible; YandexBot/3.0; +http://yandex.com/bots)" meupet.app 10.53.184.85
74.7.227.128 - - [23/Apr/2026:18:34:28 -0300] "GET /info/bundesversammlung/04823670841 HTTP/2.0" 404 23023 "https://meupet.app/sitemap-subitems-383.xml" "Mozilla/5.0 AppleWebKit/537.36 (KHTML, like Gecko; compatible; GPTBot/1.3; +https://openai.com/gptbot)" meupet.app 10.53.184.85
74.7.227.128 - - [23/Apr/2026:18:34:34 -0300] "GET /info/narinari/041974607262 HTTP/2.0" 404 23011 "https://meupet.app/sitemap-subitems-383.xml" "Mozilla/5.0 AppleWebKit/537.36 (KHTML, like Gecko; compatible; GPTBot/1.3; +https://openai.com/gptbot)" meupet.app 10.53.184.85
74.7.227.128 - - [23/Apr/2026:18:34:39 -0300] "GET /info/gainsome/043938334393 HTTP/2.0" 404 23008 "https://meupet.app/sitemap-subitems-585.xml" "Mozilla/5.0 AppleWebKit/537.36 (KHTML, like Gecko; compatible; GPTBot/1.3; +https://openai.com/gptbot)" meupet.app 10.53.184.85
74.7.227.128 - - [23/Apr/2026:18:34:44 -0300] "GET /info/singsing/031192924543 HTTP/2.0" 404 23009 "https://meupet.app/sitemap-subitems-760.xml" "Mozilla/5.0 AppleWebKit/537.36 (KHTML, like Gecko; compatible; GPTBot/1.3; +https://openai.com/gptbot)" meupet.app 10.53.184.85
66.249.79.128 - - [23/Apr/2026:18:34:47 -0300] "GET /info/renowner/12840012757 HTTP/1.1" 200 54462 "-" "Mozilla/5.0 (Linux; Android 6.0.1; Nexus 5X Build/MMB29P) AppleWebKit/537.36 (KHTML, like Gecko) Chrome/146.0.7680.177 Mobile Safari/537.36 (compatible; Googlebot/2.1; +http://www.google.com/bot.html)" meupet.app 10.53.184.85
74.7.227.128 - - [23/Apr/2026:18:34:49 -0300] "GET /info/cataract/041174117750 HTTP/2.0" 404 23008 "https://meupet.app/sitemap-subitems-939.xml" "Mozilla/5.0 AppleWebKit/537.36 (KHTML, like Gecko; compatible; GPTBot/1.3; +https://openai.com/gptbot)" meupet.app 10.53.184.85
74.7.227.128 - - [23/Apr/2026:18:34:54 -0300] "GET /info/singsing/031037591167 HTTP/2.0" 404 23009 "https://meupet.app/sitemap-subitems-753.xml" "Mozilla/5.0 AppleWebKit/537.36 (KHTML, like Gecko; compatible; GPTBot/1.3; +https://openai.com/gptbot)" meupet.app 10.53.184.85
74.7.227.128 - - [23/Apr/2026:18:34:59 -0300] "GET /info/recovery/031033939398 HTTP/2.0" 404 23009 "https://meupet.app/sitemap-subitems-683.xml" "Mozilla/5.0 AppleWebKit/537.36 (KHTML, like Gecko; compatible; GPTBot/1.3; +https://openai.com/gptbot)" meupet.app 10.53.184.85
74.7.227.128 - - [23/Apr/2026:18:35:04 -0300] "GET /info/choochoo/033880496451 HTTP/2.0" 404 23012 "https://meupet.app/sitemap-subitems-2228.xml" "Mozilla/5.0 AppleWebKit/537.36 (KHTML, like Gecko; compatible; GPTBot/1.3; +https://openai.com/gptbot)" meupet.app 10.53.184.85
74.7.227.128 - - [23/Apr/2026:18:35:09 -0300] "GET /info/skinless/051757275729 HTTP/2.0" 404 23008 "https://meupet.app/sitemap-subitems-1779.xml" "Mozilla/5.0 AppleWebKit/537.36 (KHTML, like Gecko; compatible; GPTBot/1.3; +https://openai.com/gptbot)" meupet.app 10.53.184.85
74.7.227.128 - - [23/Apr/2026:18:35:14 -0300] "GET /info/deprecatory/05746913127 HTTP/2.0" 404 23014 "https://meupet.app/sitemap-subitems-2312.xml" "Mozilla/5.0 AppleWebKit/537.36 (KHTML, like Gecko; compatible; GPTBot/1.3; +https://openai.com/gptbot)" meupet.app 10.53.184.85
66.249.79.130 - - [23/Apr/2026:18:35:15 -0300] "GET /info/rosehead/12328827729 HTTP/1.1" 200 57593 "-" "Mozilla/5.0 (Linux; Android 6.0.1; Nexus 5X Build/MMB29P) AppleWebKit/537.36 (KHTML, like Gecko) Chrome/146.0.7680.177 Mobile Safari/537.36 (compatible; Googlebot/2.1; +http://www.google.com/bot.html)" meupet.app 10.53.184.85
74.7.227.128 - - [23/Apr/2026:18:35:19 -0300] "GET /info/adventurism/05166193449 HTTP/2.0" 404 23017 "https://meupet.app/sitemap-subitems-1779.xml" "Mozilla/5.0 AppleWebKit/537.36 (KHTML, like Gecko; compatible; GPTBot/1.3; +https://openai.com/gptbot)" meupet.app 10.53.184.85
74.7.227.128 - - [23/Apr/2026:18:35:25 -0300] "GET /info/northwardly/05372102863 HTTP/2.0" 404 23016 "https://meupet.app/sitemap-subitems-1105.xml" "Mozilla/5.0 AppleWebKit/537.36 (KHTML, like Gecko; compatible; GPTBot/1.3; +https://openai.com/gptbot)" meupet.app 10.53.184.85
74.7.227.128 - - [23/Apr/2026:18:35:30 -0300] "GET /info/puckermouth/05506373128 HTTP/2.0" 404 23017 "https://meupet.app/sitemap-subitems-3060.xml" "Mozilla/5.0 AppleWebKit/537.36 (KHTML, like Gecko; compatible; GPTBot/1.3; +https://openai.com/gptbot)" meupet.app 10.53.184.85
66.249.79.129 - - [23/Apr/2026:18:35:29 -0300] "GET /info/pyrophane/121177123044 HTTP/1.1" 200 57874 "-" "Mozilla/5.0 (Linux; Android 6.0.1; Nexus 5X Build/MMB29P) AppleWebKit/537.36 (KHTML, like Gecko) Chrome/146.0.7680.177 Mobile Safari/537.36 (compatible; Googlebot/2.1; +http://www.google.com/bot.html)" meupet.app 10.53.184.85
74.7.227.128 - - [23/Apr/2026:18:35:35 -0300] "GET /info/putrifacted/05722660819 HTTP/2.0" 404 23017 "https://meupet.app/sitemap-subitems-2284.xml" "Mozilla/5.0 AppleWebKit/537.36 (KHTML, like Gecko; compatible; GPTBot/1.3; +https://openai.com/gptbot)" meupet.app 10.53.184.85
74.7.227.128 - - [23/Apr/2026:18:35:40 -0300] "GET /info/northwardly/05733762895 HTTP/2.0" 404 23017 "https://meupet.app/sitemap-subitems-2614.xml" "Mozilla/5.0 AppleWebKit/537.36 (KHTML, like Gecko; compatible; GPTBot/1.3; +https://openai.com/gptbot)" meupet.app 10.53.184.85
74.7.227.128 - - [23/Apr/2026:18:35:45 -0300] "GET /info/thunderbolt/05993774186 HTTP/2.0" 404 23016 "https://meupet.app/sitemap-subitems-2157.xml" "Mozilla/5.0 AppleWebKit/537.36 (KHTML, like Gecko; compatible; GPTBot/1.3; +https://openai.com/gptbot)" meupet.app 10.53.184.85
66.249.79.128 - - [23/Apr/2026:18:35:46 -0300] "GET /info/diggers/124289121306 HTTP/1.1" 200 56248 "-" "Mozilla/5.0 (Linux; Android 6.0.1; Nexus 5X Build/MMB29P) AppleWebKit/537.36 (KHTML, like Gecko) Chrome/146.0.7680.177 Mobile Safari/537.36 (compatible; Googlebot/2.1; +http://www.google.com/bot.html)" meupet.app 10.53.184.85
74.7.227.128 - - [23/Apr/2026:18:35:50 -0300] "GET /info/prematurity/05320681643 HTTP/2.0" 404 23016 "https://meupet.app/sitemap-subitems-2669.xml" "Mozilla/5.0 AppleWebKit/537.36 (KHTML, like Gecko; compatible; GPTBot/1.3; +https://openai.com/gptbot)" meupet.app 10.53.184.85
74.7.227.128 - - [23/Apr/2026:18:35:55 -0300] "GET /info/decagrammus/05612942289 HTTP/2.0" 404 23014 "https://meupet.app/sitemap-subitems-2284.xml" "Mozilla/5.0 AppleWebKit/537.36 (KHTML, like Gecko; compatible; GPTBot/1.3; +https://openai.com/gptbot)" meupet.app 10.53.184.85
74.7.227.128 - - [23/Apr/2026:18:36:00 -0300] "GET /info/thaumatrope/05908646174 HTTP/2.0" 404 23015 "https://meupet.app/sitemap-subitems-2312.xml" "Mozilla/5.0 AppleWebKit/537.36 (KHTML, like Gecko; compatible; GPTBot/1.3; +https://openai.com/gptbot)" meupet.app 10.53.184.85
74.7.227.128 - - [23/Apr/2026:18:36:05 -0300] "GET /info/subthalamic/05873665981 HTTP/2.0" 404 23015 "https://meupet.app/sitemap-subitems-2157.xml" "Mozilla/5.0 AppleWebKit/537.36 (KHTML, like Gecko; compatible; GPTBot/1.3; +https://openai.com/gptbot)" meupet.app 10.53.184.85
162.241.203.72 - - [23/Apr/2026:18:36:10 -0300] "POST /wp-cron.php?doing_wp_cron=1776980170.8678190708160400390625 HTTP/1.1" 200 - "-" "WordPress/6.9.4; https://meupet.app" meupet.app 10.53.184.85
74.7.227.128 - - [23/Apr/2026:18:36:10 -0300] "GET /info/prepackaged/05769374817 HTTP/2.0" 404 23015 "https://meupet.app/sitemap-subitems-2614.xml" "Mozilla/5.0 AppleWebKit/537.36 (KHTML, like Gecko; compatible; GPTBot/1.3; +https://openai.com/gptbot)" meupet.app 10.53.184.85
74.7.227.128 - - [23/Apr/2026:18:36:14 -0300] "GET /info/adventurism/05761245801 HTTP/2.0" 404 23017 "https://meupet.app/sitemap-subitems-2614.xml" "Mozilla/5.0 AppleWebKit/537.36 (KHTML, like Gecko; compatible; GPTBot/1.3; +https://openai.com/gptbot)" meupet.app 10.53.184.85
74.7.227.128 - - [23/Apr/2026:18:36:19 -0300] "GET /info/spatterdash/05391780267 HTTP/2.0" 404 23015 "https://meupet.app/sitemap-subitems-2157.xml" "Mozilla/5.0 AppleWebKit/537.36 (KHTML, like Gecko; compatible; GPTBot/1.3; +https://openai.com/gptbot)" meupet.app 10.53.184.85
74.7.227.128 - - [23/Apr/2026:18:36:24 -0300] "GET /info/unshockable/05328174301 HTTP/2.0" 404 23015 "https://meupet.app/sitemap-subitems-2284.xml" "Mozilla/5.0 AppleWebKit/537.36 (KHTML, like Gecko; compatible; GPTBot/1.3; +https://openai.com/gptbot)" meupet.app 10.53.184.85
74.7.227.128 - - [23/Apr/2026:18:36:29 -0300] "GET /info/gladioluses/05419826078 HTTP/2.0" 404 23014 "https://meupet.app/sitemap-subitems-2614.xml" "Mozilla/5.0 AppleWebKit/537.36 (KHTML, like Gecko; compatible; GPTBot/1.3; +https://openai.com/gptbot)" meupet.app 10.53.184.85
66.249.79.129 - - [23/Apr/2026:18:36:30 -0300] "GET /info/karroos/124099134681 HTTP/1.1" 200 58419 "-" "Mozilla/5.0 (Linux; Android 6.0.1; Nexus 5X Build/MMB29P) AppleWebKit/537.36 (KHTML, like Gecko) Chrome/146.0.7680.177 Mobile Safari/537.36 (compatible; Googlebot/2.1; +http://www.google.com/bot.html)" meupet.app 10.53.184.85
74.7.227.128 - - [23/Apr/2026:18:36:34 -0300] "GET /info/respectably/05784891179 HTTP/2.0" 404 23016 "https://meupet.app/sitemap-subitems-2157.xml" "Mozilla/5.0 AppleWebKit/537.36 (KHTML, like Gecko; compatible; GPTBot/1.3; +https://openai.com/gptbot)" meupet.app 10.53.184.85
74.7.227.128 - - [23/Apr/2026:18:36:39 -0300] "GET /info/cytoplasmic/05604435271 HTTP/2.0" 404 23016 "https://meupet.app/sitemap-subitems-2006.xml" "Mozilla/5.0 AppleWebKit/537.36 (KHTML, like Gecko; compatible; GPTBot/1.3; +https://openai.com/gptbot)" meupet.app 10.53.184.85
74.7.227.128 - - [23/Apr/2026:18:36:45 -0300] "GET /info/clavigerous/05484662901 HTTP/2.0" 404 23016 "https://meupet.app/sitemap-subitems-2284.xml" "Mozilla/5.0 AppleWebKit/537.36 (KHTML, like Gecko; compatible; GPTBot/1.3; +https://openai.com/gptbot)" meupet.app 10.53.184.85
74.7.227.128 - - [23/Apr/2026:18:36:49 -0300] "GET /info/untrammeled/05391358284 HTTP/2.0" 404 23013 "https://meupet.app/sitemap-subitems-2614.xml" "Mozilla/5.0 AppleWebKit/537.36 (KHTML, like Gecko; compatible; GPTBot/1.3; +https://openai.com/gptbot)" meupet.app 10.53.184.85
66.249.79.128 - - [23/Apr/2026:18:36:50 -0300] "GET /info/charmless/123217404404 HTTP/1.1" 200 55182 "-" "Mozilla/5.0 (Linux; Android 6.0.1; Nexus 5X Build/MMB29P) AppleWebKit/537.36 (KHTML, like Gecko) Chrome/146.0.7680.177 Mobile Safari/537.36 (compatible; Googlebot/2.1; +http://www.google.com/bot.html)" meupet.app 10.53.184.85
74.7.227.128 - - [23/Apr/2026:18:36:54 -0300] "GET /info/djinnyjinne/052492912121 HTTP/2.0" 404 23015 "https://meupet.app/sitemap-subitems-2006.xml" "Mozilla/5.0 AppleWebKit/537.36 (KHTML, like Gecko; compatible; GPTBot/1.3; +https://openai.com/gptbot)" meupet.app 10.53.184.85
74.7.227.128 - - [23/Apr/2026:18:37:00 -0300] "GET /wp-includes/js/dist/dom-ready.min.js?ver=f77871ff7694fffea381 HTTP/2.0" 200 320 "https://meupet.app/" "Mozilla/5.0 AppleWebKit/537.36 (KHTML, like Gecko; compatible; GPTBot/1.3; +https://openai.com/gptbot)" meupet.app 10.53.184.85
162.241.203.72 - - [23/Apr/2026:18:37:06 -0300] "POST /wp-cron.php?doing_wp_cron=1776980226.2620079517364501953125 HTTP/1.1" 200 - "-" "WordPress/6.9.4; https://meupet.app" meupet.app 10.53.184.85
74.7.227.128 - - [23/Apr/2026:18:37:05 -0300] "GET /info/pectinibranchiate/033339613803 HTTP/2.0" 404 23023 "https://meupet.app/sitemap-subitems-793.xml" "Mozilla/5.0 AppleWebKit/537.36 (KHTML, like Gecko; compatible; GPTBot/1.3; +https://openai.com/gptbot)" meupet.app 10.53.184.85
66.249.79.130 - - [23/Apr/2026:18:37:06 -0300] "GET /info/myceloid/123078038346 HTTP/1.1" 200 53831 "-" "Mozilla/5.0 (Linux; Android 6.0.1; Nexus 5X Build/MMB29P) AppleWebKit/537.36 (KHTML, like Gecko) Chrome/146.0.7680.177 Mobile Safari/537.36 (compatible; Googlebot/2.1; +http://www.google.com/bot.html)" meupet.app 10.53.184.85
74.7.227.128 - - [23/Apr/2026:18:37:09 -0300] "GET /info/discontentedness/033328760682 HTTP/2.0" 404 23020 "https://meupet.app/sitemap-subitems-409.xml" "Mozilla/5.0 AppleWebKit/537.36 (KHTML, like Gecko; compatible; GPTBot/1.3; +https://openai.com/gptbot)" meupet.app 10.53.184.85
74.7.227.128 - - [23/Apr/2026:18:37:14 -0300] "GET /info/undifferentiated/051027555539 HTTP/2.0" 404 23021 "https://meupet.app/sitemap-subitems-3060.xml" "Mozilla/5.0 AppleWebKit/537.36 (KHTML, like Gecko; compatible; GPTBot/1.3; +https://openai.com/gptbot)" meupet.app 10.53.184.85
74.7.227.128 - - [23/Apr/2026:18:37:18 -0300] "GET /info/physicophilosophy/041023439992 HTTP/2.0" 404 23026 "https://meupet.app/sitemap-subitems-383.xml" "Mozilla/5.0 AppleWebKit/537.36 (KHTML, like Gecko; compatible; GPTBot/1.3; +https://openai.com/gptbot)" meupet.app 10.53.184.85
66.249.79.129 - - [23/Apr/2026:18:37:20 -0300] "GET /info/catechumen/123583146008 HTTP/1.1" 200 58875 "-" "Mozilla/5.0 (Linux; Android 6.0.1; Nexus 5X Build/MMB29P) AppleWebKit/537.36 (KHTML, like Gecko) Chrome/146.0.7680.177 Mobile Safari/537.36 (compatible; Googlebot/2.1; +http://www.google.com/bot.html)" meupet.app 10.53.184.85
74.7.227.128 - - [23/Apr/2026:18:37:23 -0300] "GET /info/incognoscibility/033370650544 HTTP/2.0" 404 23020 "https://meupet.app/sitemap-subitems-367.xml" "Mozilla/5.0 AppleWebKit/537.36 (KHTML, like Gecko; compatible; GPTBot/1.3; +https://openai.com/gptbot)" meupet.app 10.53.184.85
66.249.79.129 - - [23/Apr/2026:18:37:23 -0300] "GET /info/audiotape/122577292326 HTTP/1.1" 200 64436 "-" "Mozilla/5.0 (Linux; Android 6.0.1; Nexus 5X Build/MMB29P) AppleWebKit/537.36 (KHTML, like Gecko) Chrome/146.0.7680.177 Mobile Safari/537.36 (compatible; Googlebot/2.1; +http://www.google.com/bot.html)" meupet.app 10.53.184.85
74.7.227.128 - - [23/Apr/2026:18:37:28 -0300] "GET /info/skeldrake/05463357238 HTTP/2.0" 404 23012 "https://meupet.app/sitemap-subitems-2312.xml" "Mozilla/5.0 AppleWebKit/537.36 (KHTML, like Gecko; compatible; GPTBot/1.3; +https://openai.com/gptbot)" meupet.app 10.53.184.85
74.7.227.128 - - [23/Apr/2026:18:37:32 -0300] "GET /info/stepchild/05892339696 HTTP/2.0" 404 23013 "https://meupet.app/sitemap-subitems-2312.xml" "Mozilla/5.0 AppleWebKit/537.36 (KHTML, like Gecko; compatible; GPTBot/1.3; +https://openai.com/gptbot)" meupet.app 10.53.184.85
74.7.227.128 - - [23/Apr/2026:18:37:37 -0300] "GET /info/carpetway/05546973540 HTTP/2.0" 404 23013 "https://meupet.app/sitemap-subitems-1105.xml" "Mozilla/5.0 AppleWebKit/537.36 (KHTML, like Gecko; compatible; GPTBot/1.3; +https://openai.com/gptbot)" meupet.app 10.53.184.85
74.7.227.128 - - [23/Apr/2026:18:37:41 -0300] "GET /info/blathered/05748649741 HTTP/2.0" 404 23013 "https://meupet.app/sitemap-subitems-2006.xml" "Mozilla/5.0 AppleWebKit/537.36 (KHTML, like Gecko; compatible; GPTBot/1.3; +https://openai.com/gptbot)" meupet.app 10.53.184.85
74.7.227.128 - - [23/Apr/2026:18:37:46 -0300] "GET /info/lubricate/05375024241 HTTP/2.0" 404 23012 "https://meupet.app/sitemap-subitems-2669.xml" "Mozilla/5.0 AppleWebKit/537.36 (KHTML, like Gecko; compatible; GPTBot/1.3; +https://openai.com/gptbot)" meupet.app 10.53.184.85
74.7.227.128 - - [23/Apr/2026:18:37:50 -0300] "GET /info/phagocyte/05651563928 HTTP/2.0" 404 23014 "https://meupet.app/sitemap-subitems-3060.xml" "Mozilla/5.0 AppleWebKit/537.36 (KHTML, like Gecko; compatible; GPTBot/1.3; +https://openai.com/gptbot)" meupet.app 10.53.184.85
74.7.227.128 - - [23/Apr/2026:18:37:55 -0300] "GET /info/submedian/05786103278 HTTP/2.0" 404 23012 "https://meupet.app/sitemap-subitems-2157.xml" "Mozilla/5.0 AppleWebKit/537.36 (KHTML, like Gecko; compatible; GPTBot/1.3; +https://openai.com/gptbot)" meupet.app 10.53.184.85
66.249.79.128 - - [23/Apr/2026:18:37:55 -0300] "GET /info/pianograph/121629173260 HTTP/1.1" 200 56657 "-" "Mozilla/5.0 (Linux; Android 6.0.1; Nexus 5X Build/MMB29P) AppleWebKit/537.36 (KHTML, like Gecko) Chrome/146.0.7680.177 Mobile Safari/537.36 (compatible; Googlebot/2.1; +http://www.google.com/bot.html)" meupet.app 10.53.184.85
74.7.227.128 - - [23/Apr/2026:18:37:59 -0300] "GET /info/constantinian/04487522444 HTTP/2.0" 404 23015 "https://meupet.app/sitemap-subitems-939.xml" "Mozilla/5.0 AppleWebKit/537.36 (KHTML, like Gecko; compatible; GPTBot/1.3; +https://openai.com/gptbot)" meupet.app 10.53.184.85
74.7.227.128 - - [23/Apr/2026:18:38:04 -0300] "GET /info/noncondensing/03799000453 HTTP/2.0" 404 23014 "https://meupet.app/sitemap-subitems-367.xml" "Mozilla/5.0 AppleWebKit/537.36 (KHTML, like Gecko; compatible; GPTBot/1.3; +https://openai.com/gptbot)" meupet.app 10.53.184.85
162.241.203.72 - - [23/Apr/2026:18:38:09 -0300] "POST /wp-cron.php?doing_wp_cron=1776980289.7447569370269775390625 HTTP/1.1" 200 - "-" "WordPress/6.9.4; https://meupet.app" meupet.app 10.53.184.85
74.7.227.128 - - [23/Apr/2026:18:38:09 -0300] "GET /info/borderingprenominal/051385840854 HTTP/2.0" 404 23029 "https://meupet.app/sitemap-subitems-1105.xml" "Mozilla/5.0 AppleWebKit/537.36 (KHTML, like Gecko; compatible; GPTBot/1.3; +https://openai.com/gptbot)" meupet.app 10.53.184.85
74.7.227.128 - - [23/Apr/2026:18:38:13 -0300] "GET /wp-content/plugins/exclusive-addons-elementor-pro/assets/js/exad-pro-scripts.min.js?ver=1.1.9 HTTP/2.0" 200 13733 "https://meupet.app/" "Mozilla/5.0 AppleWebKit/537.36 (KHTML, like Gecko; compatible; GPTBot/1.3; +https://openai.com/gptbot)" meupet.app 10.53.184.85
66.249.79.130 - - [23/Apr/2026:18:38:13 -0300] "GET /info/profert/121493923677 HTTP/1.1" 200 54246 "-" "Mozilla/5.0 (Linux; Android 6.0.1; Nexus 5X Build/MMB29P) AppleWebKit/537.36 (KHTML, like Gecko) Chrome/146.0.7680.177 Mobile Safari/537.36 (compatible; Googlebot/2.1; +http://www.google.com/bot.html)" meupet.app 10.53.184.85
74.7.227.128 - - [23/Apr/2026:18:38:18 -0300] "GET /wp-content/plugins/elementor-pro/assets/js/webpack-pro.runtime.min.js?ver=3.6.5 HTTP/2.0" 200 2426 "https://meupet.app/" "Mozilla/5.0 AppleWebKit/537.36 (KHTML, like Gecko; compatible; GPTBot/1.3; +https://openai.com/gptbot)" meupet.app 10.53.184.85
74.7.227.128 - - [23/Apr/2026:18:38:22 -0300] "GET /info/reconcilable/05432484909 HTTP/2.0" 404 23016 "https://meupet.app/sitemap-subitems-2284.xml" "Mozilla/5.0 AppleWebKit/537.36 (KHTML, like Gecko; compatible; GPTBot/1.3; +https://openai.com/gptbot)" meupet.app 10.53.184.85
74.7.227.128 - - [23/Apr/2026:18:38:26 -0300] "GET /info/officebearer/04385799541 HTTP/2.0" 404 23014 "https://meupet.app/sitemap-subitems-939.xml" "Mozilla/5.0 AppleWebKit/537.36 (KHTML, like Gecko; compatible; GPTBot/1.3; +https://openai.com/gptbot)" meupet.app 10.53.184.85
74.7.227.128 - - [23/Apr/2026:18:38:29 -0300] "GET /info/neurocentral/05611482385 HTTP/2.0" 404 23016 "https://meupet.app/sitemap-subitems-1779.xml" "Mozilla/5.0 AppleWebKit/537.36 (KHTML, like Gecko; compatible; GPTBot/1.3; +https://openai.com/gptbot)" meupet.app 10.53.184.85
66.249.79.129 - - [23/Apr/2026:18:38:33 -0300] "GET /info/diorism/122842680417 HTTP/1.1" 200 56009 "-" "Mozilla/5.0 (Linux; Android 6.0.1; Nexus 5X Build/MMB29P) AppleWebKit/537.36 (KHTML, like Gecko) Chrome/146.0.7680.177 Mobile Safari/537.36 (compatible; Googlebot/2.1; +http://www.google.com/bot.html)" meupet.app 10.53.184.85
74.7.227.128 - - [23/Apr/2026:18:38:33 -0300] "GET /info/branchiopoda/05182336404 HTTP/2.0" 404 23016 "https://meupet.app/sitemap-subitems-1779.xml" "Mozilla/5.0 AppleWebKit/537.36 (KHTML, like Gecko; compatible; GPTBot/1.3; +https://openai.com/gptbot)" meupet.app 10.53.184.85
74.7.227.128 - - [23/Apr/2026:18:38:37 -0300] "GET /info/oligostachya/05591533628 HTTP/2.0" 404 23018 "https://meupet.app/sitemap-subitems-1105.xml" "Mozilla/5.0 AppleWebKit/537.36 (KHTML, like Gecko; compatible; GPTBot/1.3; +https://openai.com/gptbot)" meupet.app 10.53.184.85
66.249.79.128 - - [23/Apr/2026:18:38:37 -0300] "GET /odr/order/apiGetCartItems/ HTTP/1.1" 200 56588 "https://meupet.app/info/diorism/122842680417" "Mozilla/5.0 (Linux; Android 6.0.1; Nexus 5X Build/MMB29P) AppleWebKit/537.36 (KHTML, like Gecko) Chrome/146.0.7680.177 Mobile Safari/537.36 (compatible; Googlebot/2.1; +http://www.google.com/bot.html)" meupet.app 10.53.184.85
66.249.79.128 - - [23/Apr/2026:18:38:39 -0300] "GET /info/stolen/1245453515 HTTP/1.1" 200 56794 "-" "Mozilla/5.0 (Linux; Android 6.0.1; Nexus 5X Build/MMB29P) AppleWebKit/537.36 (KHTML, like Gecko) Chrome/146.0.7680.177 Mobile Safari/537.36 (compatible; Googlebot/2.1; +http://www.google.com/bot.html)" meupet.app 10.53.184.85
66.249.79.128 - - [23/Apr/2026:18:38:40 -0300] "GET /ctg/apiAllLCate/ HTTP/1.1" 200 59168 "https://meupet.app/info/diorism/122842680417" "Mozilla/5.0 (Linux; Android 6.0.1; Nexus 5X Build/MMB29P) AppleWebKit/537.36 (KHTML, like Gecko) Chrome/146.0.7680.177 Mobile Safari/537.36 (compatible; Googlebot/2.1; +http://www.google.com/bot.html)" meupet.app 10.53.184.85
74.7.227.128 - - [23/Apr/2026:18:38:40 -0300] "GET /info/intuse/052980647216 HTTP/2.0" 404 23002 "https://meupet.app/sitemap-subitems-2006.xml" "Mozilla/5.0 AppleWebKit/537.36 (KHTML, like Gecko; compatible; GPTBot/1.3; +https://openai.com/gptbot)" meupet.app 10.53.184.85
66.249.79.128 - - [23/Apr/2026:18:38:43 -0300] "GET /resource/js/json/megadrop_2015new.json HTTP/1.1" 200 56048 "https://meupet.app/info/diorism/122842680417" "Mozilla/5.0 (Linux; Android 6.0.1; Nexus 5X Build/MMB29P) AppleWebKit/537.36 (KHTML, like Gecko) Chrome/146.0.7680.177 Mobile Safari/537.36 (compatible; Googlebot/2.1; +http://www.google.com/bot.html)" meupet.app 10.53.184.85
74.7.227.128 - - [23/Apr/2026:18:38:44 -0300] "GET /info/culdee/032179683213 HTTP/2.0" 404 23002 "https://meupet.app/sitemap-subitems-821.xml" "Mozilla/5.0 AppleWebKit/537.36 (KHTML, like Gecko; compatible; GPTBot/1.3; +https://openai.com/gptbot)" meupet.app 10.53.184.85
74.7.227.128 - - [23/Apr/2026:18:38:48 -0300] "GET /info/seraph/051294512356 HTTP/2.0" 404 23001 "https://meupet.app/sitemap-subitems-2312.xml" "Mozilla/5.0 AppleWebKit/537.36 (KHTML, like Gecko; compatible; GPTBot/1.3; +https://openai.com/gptbot)" meupet.app 10.53.184.85
74.7.227.128 - - [23/Apr/2026:18:38:51 -0300] "GET /info/otalgy/021845676021 HTTP/2.0" 404 22993 "https://meupet.app/sitemap.xml" "Mozilla/5.0 AppleWebKit/537.36 (KHTML, like Gecko; compatible; GPTBot/1.3; +https://openai.com/gptbot)" meupet.app 10.53.184.85
74.7.227.128 - - [23/Apr/2026:18:38:55 -0300] "GET /wp-content/plugins/exclusive-addons-elementor-pro/assets/js/'+t(e.$slides[a]).data( HTTP/2.0" 301 - "https://meupet.app/wp-content/plugins/exclusive-addons-elementor-pro/assets/js/exad-pro-scripts.min.js?ver=1.1.9" "Mozilla/5.0 AppleWebKit/537.36 (KHTML, like Gecko; compatible; GPTBot/1.3; +https://openai.com/gptbot)" meupet.app 10.53.184.85
66.249.79.128 - - [23/Apr/2026:18:38:55 -0300] "GET /info/poise/12282840717 HTTP/1.1" 200 57192 "-" "Mozilla/5.0 (Linux; Android 6.0.1; Nexus 5X Build/MMB29P) AppleWebKit/537.36 (KHTML, like Gecko) Chrome/146.0.7680.177 Mobile Safari/537.36 (compatible; Googlebot/2.1; +http://www.google.com/bot.html)" meupet.app 10.53.184.85
74.7.227.128 - - [23/Apr/2026:18:38:56 -0300] "GET /wp-content/plugins/exclusive-addons-elementor-pro/assets/js/+t(e.slides[a]).data HTTP/2.0" 404 23069 "https://meupet.app/wp-content/plugins/exclusive-addons-elementor-pro/assets/js/'+t(e.$slides[a]).data(" "Mozilla/5.0 AppleWebKit/537.36 (KHTML, like Gecko; compatible; GPTBot/1.3; +https://openai.com/gptbot)" meupet.app 10.53.184.85
74.7.227.128 - - [23/Apr/2026:18:38:59 -0300] "GET /info/testes/032681754569 HTTP/2.0" 404 22996 "https://meupet.app/?sitemap.xml" "Mozilla/5.0 AppleWebKit/537.36 (KHTML, like Gecko; compatible; GPTBot/1.3; +https://openai.com/gptbot)" meupet.app 10.53.184.85
74.7.227.128 - - [23/Apr/2026:18:39:02 -0300] "GET /info/incase/031426985876 HTTP/2.0" 404 23002 "https://meupet.app/sitemap-subitems-367.xml" "Mozilla/5.0 AppleWebKit/537.36 (KHTML, like Gecko; compatible; GPTBot/1.3; +https://openai.com/gptbot)" meupet.app 10.53.184.85
162.241.203.72 - - [23/Apr/2026:18:39:07 -0300] "POST /wp-cron.php?doing_wp_cron=1776980347.2686901092529296875000 HTTP/1.1" 200 - "-" "WordPress/6.9.4; https://meupet.app" meupet.app 10.53.184.85
74.7.227.128 - - [23/Apr/2026:18:39:06 -0300] "GET /info/cizars/031289947947 HTTP/2.0" 404 23003 "https://meupet.app/sitemap-subitems-367.xml" "Mozilla/5.0 AppleWebKit/537.36 (KHTML, like Gecko; compatible; GPTBot/1.3; +https://openai.com/gptbot)" meupet.app 10.53.184.85
74.7.227.128 - - [23/Apr/2026:18:39:10 -0300] "GET /info/mushed/031212137860 HTTP/2.0" 404 23000 "https://meupet.app/sitemap-subitems-304.xml" "Mozilla/5.0 AppleWebKit/537.36 (KHTML, like Gecko; compatible; GPTBot/1.3; +https://openai.com/gptbot)" meupet.app 10.53.184.85
66.249.79.130 - - [23/Apr/2026:18:39:12 -0300] "GET /info/propodeum/121230467759 HTTP/1.1" 200 55707 "-" "Mozilla/5.0 (Linux; Android 6.0.1; Nexus 5X Build/MMB29P) AppleWebKit/537.36 (KHTML, like Gecko) Chrome/146.0.7680.177 Mobile Safari/537.36 (compatible; Googlebot/2.1; +http://www.google.com/bot.html)" meupet.app 10.53.184.85
74.7.227.128 - - [23/Apr/2026:18:39:13 -0300] "GET /info/plaguy/031420318366 HTTP/2.0" 404 23003 "https://meupet.app/sitemap-subitems-935.xml" "Mozilla/5.0 AppleWebKit/537.36 (KHTML, like Gecko; compatible; GPTBot/1.3; +https://openai.com/gptbot)" meupet.app 10.53.184.85
74.7.227.128 - - [23/Apr/2026:18:39:17 -0300] "GET /info/carpus/032610783262 HTTP/2.0" 404 23002 "https://meupet.app/sitemap-subitems-304.xml" "Mozilla/5.0 AppleWebKit/537.36 (KHTML, like Gecko; compatible; GPTBot/1.3; +https://openai.com/gptbot)" meupet.app 10.53.184.85
74.7.227.128 - - [23/Apr/2026:18:39:21 -0300] "GET /info/insole/022891745361 HTTP/2.0" 404 22991 "https://meupet.app/sitemap.xml" "Mozilla/5.0 AppleWebKit/537.36 (KHTML, like Gecko; compatible; GPTBot/1.3; +https://openai.com/gptbot)" meupet.app 10.53.184.85
74.7.227.128 - - [23/Apr/2026:18:39:24 -0300] "GET /info/slaked/052586905243 HTTP/2.0" 404 23003 "https://meupet.app/sitemap-subitems-2157.xml" "Mozilla/5.0 AppleWebKit/537.36 (KHTML, like Gecko; compatible; GPTBot/1.3; +https://openai.com/gptbot)" meupet.app 10.53.184.85
74.7.227.128 - - [23/Apr/2026:18:39:28 -0300] "GET /info/milder/051105132896 HTTP/2.0" 404 23000 "https://meupet.app/sitemap-subitems-2312.xml" "Mozilla/5.0 AppleWebKit/537.36 (KHTML, like Gecko; compatible; GPTBot/1.3; +https://openai.com/gptbot)" meupet.app 10.53.184.85
74.7.227.128 - - [23/Apr/2026:18:39:32 -0300] "GET /info/disordered/0374103711 HTTP/2.0" 404 23009 "https://meupet.app/sitemap-subitems-821.xml" "Mozilla/5.0 AppleWebKit/537.36 (KHTML, like Gecko; compatible; GPTBot/1.3; +https://openai.com/gptbot)" meupet.app 10.53.184.85
66.249.79.129 - - [23/Apr/2026:18:39:33 -0300] "GET /info/tartrilic/122683715335 HTTP/1.1" 200 61791 "-" "Mozilla/5.0 (Linux; Android 6.0.1; Nexus 5X Build/MMB29P) AppleWebKit/537.36 (KHTML, like Gecko) Chrome/146.0.7680.177 Mobile Safari/537.36 (compatible; Googlebot/2.1; +http://www.google.com/bot.html)" meupet.app 10.53.184.85
74.7.227.128 - - [23/Apr/2026:18:39:35 -0300] "GET /info/interdicting/032775476111 HTTP/2.0" 404 23015 "https://meupet.app/sitemap-subitems-713.xml" "Mozilla/5.0 AppleWebKit/537.36 (KHTML, like Gecko; compatible; GPTBot/1.3; +https://openai.com/gptbot)" meupet.app 10.53.184.85
74.7.227.128 - - [23/Apr/2026:18:39:39 -0300] "GET /info/incomparably/032854448943 HTTP/2.0" 404 23014 "https://meupet.app/sitemap-subitems-409.xml" "Mozilla/5.0 AppleWebKit/537.36 (KHTML, like Gecko; compatible; GPTBot/1.3; +https://openai.com/gptbot)" meupet.app 10.53.184.85
74.7.227.128 - - [23/Apr/2026:18:39:43 -0300] "GET /info/salutatorily/033046855559 HTTP/2.0" 404 23013 "https://meupet.app/sitemap-subitems-760.xml" "Mozilla/5.0 AppleWebKit/537.36 (KHTML, like Gecko; compatible; GPTBot/1.3; +https://openai.com/gptbot)" meupet.app 10.53.184.85
74.7.227.128 - - [23/Apr/2026:18:39:46 -0300] "GET /info/clamydospore/114047009999 HTTP/2.0" 404 23008 "https://meupet.app/?sitemap.xml" "Mozilla/5.0 AppleWebKit/537.36 (KHTML, like Gecko; compatible; GPTBot/1.3; +https://openai.com/gptbot)" meupet.app 10.53.184.85
66.249.79.128 - - [23/Apr/2026:18:39:48 -0300] "GET /info/copland/123364378148 HTTP/1.1" 200 55812 "-" "Mozilla/5.0 (Linux; Android 6.0.1; Nexus 5X Build/MMB29P) AppleWebKit/537.36 (KHTML, like Gecko) Chrome/146.0.7680.177 Mobile Safari/537.36 (compatible; Googlebot/2.1; +http://www.google.com/bot.html)" meupet.app 10.53.184.85
74.7.227.128 - - [23/Apr/2026:18:39:50 -0300] "GET /info/phytological/051256888848 HTTP/2.0" 404 23017 "https://meupet.app/sitemap-subitems-2284.xml" "Mozilla/5.0 AppleWebKit/537.36 (KHTML, like Gecko; compatible; GPTBot/1.3; +https://openai.com/gptbot)" meupet.app 10.53.184.85
74.7.227.128 - - [23/Apr/2026:18:39:54 -0300] "GET /info/centralities/051649999760 HTTP/2.0" 404 23014 "https://meupet.app/sitemap-subitems-2284.xml" "Mozilla/5.0 AppleWebKit/537.36 (KHTML, like Gecko; compatible; GPTBot/1.3; +https://openai.com/gptbot)" meupet.app 10.53.184.85
74.7.227.128 - - [23/Apr/2026:18:39:58 -0300] "GET /info/ineradicably/033342182750 HTTP/2.0" 404 23015 "https://meupet.app/sitemap-subitems-367.xml" "Mozilla/5.0 AppleWebKit/537.36 (KHTML, like Gecko; compatible; GPTBot/1.3; +https://openai.com/gptbot)" meupet.app 10.53.184.85
74.7.227.128 - - [23/Apr/2026:18:40:01 -0300] "GET /info/clusteringly/084111104240 HTTP/2.0" 404 23006 "https://meupet.app/?sitemap.xml" "Mozilla/5.0 AppleWebKit/537.36 (KHTML, like Gecko; compatible; GPTBot/1.3; +https://openai.com/gptbot)" meupet.app 10.53.184.85
74.7.227.128 - - [23/Apr/2026:18:40:05 -0300] "GET /info/spurlingline/031776668244 HTTP/2.0" 404 23016 "https://meupet.app/sitemap-subitems-304.xml" "Mozilla/5.0 AppleWebKit/537.36 (KHTML, like Gecko; compatible; GPTBot/1.3; +https://openai.com/gptbot)" meupet.app 10.53.184.85
66.249.79.130 - - [23/Apr/2026:18:40:05 -0300] "GET /info/hindered/121748880614 HTTP/1.1" 200 58217 "-" "Mozilla/5.0 (Linux; Android 6.0.1; Nexus 5X Build/MMB29P) AppleWebKit/537.36 (KHTML, like Gecko) Chrome/146.0.7680.177 Mobile Safari/537.36 (compatible; Googlebot/2.1; +http://www.google.com/bot.html)" meupet.app 10.53.184.85
162.241.203.72 - - [23/Apr/2026:18:40:09 -0300] "POST /wp-cron.php?doing_wp_cron=1776980409.7573189735412597656250 HTTP/1.1" 200 - "-" "WordPress/6.9.4; https://meupet.app" meupet.app 10.53.184.85
74.7.227.128 - - [23/Apr/2026:18:40:09 -0300] "GET /info/ineradicable/113271666298 HTTP/2.0" 404 23006 "https://meupet.app/sitemap.xml" "Mozilla/5.0 AppleWebKit/537.36 (KHTML, like Gecko; compatible; GPTBot/1.3; +https://openai.com/gptbot)" meupet.app 10.53.184.85
74.7.227.128 - - [23/Apr/2026:18:40:12 -0300] "GET /info/blanchimeter/032222409485 HTTP/2.0" 404 23015 "https://meupet.app/sitemap-subitems-760.xml" "Mozilla/5.0 AppleWebKit/537.36 (KHTML, like Gecko; compatible; GPTBot/1.3; +https://openai.com/gptbot)" meupet.app 10.53.184.85
74.7.227.128 - - [23/Apr/2026:18:40:16 -0300] "GET /info/cespititious/032417222599 HTTP/2.0" 404 23017 "https://meupet.app/sitemap-subitems-367.xml" "Mozilla/5.0 AppleWebKit/537.36 (KHTML, like Gecko; compatible; GPTBot/1.3; +https://openai.com/gptbot)" meupet.app 10.53.184.85
74.7.227.128 - - [23/Apr/2026:18:40:20 -0300] "GET /info/happygolucky/031111744198 HTTP/2.0" 404 23017 "https://meupet.app/sitemap-subitems-683.xml" "Mozilla/5.0 AppleWebKit/537.36 (KHTML, like Gecko; compatible; GPTBot/1.3; +https://openai.com/gptbot)" meupet.app 10.53.184.85
74.7.227.128 - - [23/Apr/2026:18:40:23 -0300] "GET /info/anticausotic/033391426208 HTTP/2.0" 404 23018 "https://meupet.app/sitemap-subitems-972.xml" "Mozilla/5.0 AppleWebKit/537.36 (KHTML, like Gecko; compatible; GPTBot/1.3; +https://openai.com/gptbot)" meupet.app 10.53.184.85
74.7.227.128 - - [23/Apr/2026:18:40:27 -0300] "GET /info/contrapuntal/043352157777 HTTP/2.0" 404 23012 "https://meupet.app/sitemap-subitems-787.xml" "Mozilla/5.0 AppleWebKit/537.36 (KHTML, like Gecko; compatible; GPTBot/1.3; +https://openai.com/gptbot)" meupet.app 10.53.184.85
74.7.227.128 - - [23/Apr/2026:18:40:31 -0300] "GET /info/pitiable/052383814970 HTTP/2.0" 404 23013 "https://meupet.app/sitemap-subitems-2669.xml" "Mozilla/5.0 AppleWebKit/537.36 (KHTML, like Gecko; compatible; GPTBot/1.3; +https://openai.com/gptbot)" meupet.app 10.53.184.85
74.7.227.128 - - [23/Apr/2026:18:40:35 -0300] "GET /info/supinely/053852469037 HTTP/2.0" 404 23013 "https://meupet.app/sitemap-subitems-2157.xml" "Mozilla/5.0 AppleWebKit/537.36 (KHTML, like Gecko; compatible; GPTBot/1.3; +https://openai.com/gptbot)" meupet.app 10.53.184.85
74.7.227.128 - - [23/Apr/2026:18:40:38 -0300] "GET /info/smutched/051932507319 HTTP/2.0" 404 23012 "https://meupet.app/sitemap-subitems-1105.xml" "Mozilla/5.0 AppleWebKit/537.36 (KHTML, like Gecko; compatible; GPTBot/1.3; +https://openai.com/gptbot)" meupet.app 10.53.184.85
66.249.79.128 - - [23/Apr/2026:18:40:39 -0300] "GET /info/circumrotary/122036001338 HTTP/1.1" 200 60582 "-" "Mozilla/5.0 (Linux; Android 6.0.1; Nexus 5X Build/MMB29P) AppleWebKit/537.36 (KHTML, like Gecko) Chrome/146.0.7680.177 Mobile Safari/537.36 (compatible; Googlebot/2.1; +http://www.google.com/bot.html)" meupet.app 10.53.184.85
20.151.104.6 - - [23/Apr/2026:18:40:41 -0300] "GET /admin.php HTTP/1.1" 409 83 "-" "Mozilla/5.0 (Windows NT 10.0; Win64; x64) AppleWebKit/537.36 (KHTML, like Gecko) Chrome/120.0.0.0 Safari/537.36" meupet.app 10.53.184.85
20.151.104.6 - - [23/Apr/2026:18:40:42 -0300] "GET /inputs.php HTTP/1.1" 409 83 "-" "Mozilla/5.0 (Windows NT 10.0; Win64; x64) AppleWebKit/537.36 (KHTML, like Gecko) Chrome/120.0.0.0 Safari/537.36" meupet.app 10.53.184.85
74.7.227.128 - - [23/Apr/2026:18:40:42 -0300] "GET /info/asperity/053050172463 HTTP/2.0" 404 23013 "https://meupet.app/sitemap-subitems-2157.xml" "Mozilla/5.0 AppleWebKit/537.36 (KHTML, like Gecko; compatible; GPTBot/1.3; +https://openai.com/gptbot)" meupet.app 10.53.184.85
20.151.104.6 - - [23/Apr/2026:18:40:43 -0300] "GET /file.php HTTP/1.1" 409 83 "-" "Mozilla/5.0 (Windows NT 10.0; Win64; x64) AppleWebKit/537.36 (KHTML, like Gecko) Chrome/120.0.0.0 Safari/537.36" meupet.app 10.53.184.85
20.151.104.6 - - [23/Apr/2026:18:40:43 -0300] "GET /goods.php HTTP/1.1" 409 83 "-" "Mozilla/5.0 (Windows NT 10.0; Win64; x64) AppleWebKit/537.36 (KHTML, like Gecko) Chrome/120.0.0.0 Safari/537.36" meupet.app 10.53.184.85
20.151.104.6 - - [23/Apr/2026:18:40:44 -0300] "GET /ms-edit.php HTTP/1.1" 409 83 "-" "Mozilla/5.0 (Windows NT 10.0; Win64; x64) AppleWebKit/537.36 (KHTML, like Gecko) Chrome/120.0.0.0 Safari/537.36" meupet.app 10.53.184.85
74.7.227.128 - - [23/Apr/2026:18:40:45 -0300] "GET /info/bullhead/051281639528 HTTP/2.0" 404 23013 "https://meupet.app/sitemap-subitems-2157.xml" "Mozilla/5.0 AppleWebKit/537.36 (KHTML, like Gecko; compatible; GPTBot/1.3; +https://openai.com/gptbot)" meupet.app 10.53.184.85
20.151.104.6 - - [23/Apr/2026:18:40:46 -0300] "GET /simple.php HTTP/1.1" 409 83 "-" "Mozilla/5.0 (Windows NT 10.0; Win64; x64) AppleWebKit/537.36 (KHTML, like Gecko) Chrome/120.0.0.0 Safari/537.36" meupet.app 10.53.184.85
20.151.104.6 - - [23/Apr/2026:18:40:47 -0300] "GET /bgymj.php HTTP/1.1" 409 83 "-" "Mozilla/5.0 (Windows NT 10.0; Win64; x64) AppleWebKit/537.36 (KHTML, like Gecko) Chrome/120.0.0.0 Safari/537.36" meupet.app 10.53.184.85
20.151.104.6 - - [23/Apr/2026:18:40:47 -0300] "GET /wp-content/plugins/twenty/login.php HTTP/1.1" 409 83 "-" "Mozilla/5.0 (Windows NT 10.0; Win64; x64) AppleWebKit/537.36 (KHTML, like Gecko) Chrome/120.0.0.0 Safari/537.36" meupet.app 10.53.184.85
20.151.104.6 - - [23/Apr/2026:18:40:48 -0300] "GET /404.php HTTP/1.1" 409 83 "-" "Mozilla/5.0 (Windows NT 10.0; Win64; x64) AppleWebKit/537.36 (KHTML, like Gecko) Chrome/120.0.0.0 Safari/537.36" meupet.app 10.53.184.85
74.7.227.128 - - [23/Apr/2026:18:40:49 -0300] "GET /info/blacking/053952416802 HTTP/2.0" 404 23011 "https://meupet.app/sitemap-subitems-1779.xml" "Mozilla/5.0 AppleWebKit/537.36 (KHTML, like Gecko; compatible; GPTBot/1.3; +https://openai.com/gptbot)" meupet.app 10.53.184.85
20.151.104.6 - - [23/Apr/2026:18:40:51 -0300] "GET /file3.php HTTP/1.1" 409 83 "-" "Mozilla/5.0 (Windows NT 10.0; Win64; x64) AppleWebKit/537.36 (KHTML, like Gecko) Chrome/120.0.0.0 Safari/537.36" meupet.app 10.53.184.85
20.151.104.6 - - [23/Apr/2026:18:40:51 -0300] "GET /wp-mail.php HTTP/1.1" 409 83 "-" "Mozilla/5.0 (Windows NT 10.0; Win64; x64) AppleWebKit/537.36 (KHTML, like Gecko) Chrome/120.0.0.0 Safari/537.36" meupet.app 10.53.184.85
20.151.104.6 - - [23/Apr/2026:18:40:52 -0300] "GET /about.php HTTP/1.1" 409 83 "-" "Mozilla/5.0 (Windows NT 10.0; Win64; x64) AppleWebKit/537.36 (KHTML, like Gecko) Chrome/120.0.0.0 Safari/537.36" meupet.app 10.53.184.85
20.151.104.6 - - [23/Apr/2026:18:40:53 -0300] "GET /wp.php HTTP/1.1" 409 83 "-" "Mozilla/5.0 (Windows NT 10.0; Win64; x64) AppleWebKit/537.36 (KHTML, like Gecko) Chrome/120.0.0.0 Safari/537.36" meupet.app 10.53.184.85
74.7.227.128 - - [23/Apr/2026:18:40:53 -0300] "GET /info/bittacle/053979764228 HTTP/2.0" 404 23014 "https://meupet.app/sitemap-subitems-2312.xml" "Mozilla/5.0 AppleWebKit/537.36 (KHTML, like Gecko; compatible; GPTBot/1.3; +https://openai.com/gptbot)" meupet.app 10.53.184.85
20.151.104.6 - - [23/Apr/2026:18:40:55 -0300] "GET /.dj/index.php HTTP/1.1" 409 83 "-" "Mozilla/5.0 (Windows NT 10.0; Win64; x64) AppleWebKit/537.36 (KHTML, like Gecko) Chrome/120.0.0.0 Safari/537.36" meupet.app 10.53.184.85
20.151.104.6 - - [23/Apr/2026:18:40:55 -0300] "GET /adminfuns.php HTTP/1.1" 409 83 "-" "Mozilla/5.0 (Windows NT 10.0; Win64; x64) AppleWebKit/537.36 (KHTML, like Gecko) Chrome/120.0.0.0 Safari/537.36" meupet.app 10.53.184.85
20.151.104.6 - - [23/Apr/2026:18:40:56 -0300] "GET /php8.php HTTP/1.1" 409 83 "-" "Mozilla/5.0 (Windows NT 10.0; Win64; x64) AppleWebKit/537.36 (KHTML, like Gecko) Chrome/120.0.0.0 Safari/537.36" meupet.app 10.53.184.85
66.249.79.128 - - [23/Apr/2026:18:40:56 -0300] "GET /info/conductible/121668234828 HTTP/1.1" 200 58388 "-" "Mozilla/5.0 (Linux; Android 6.0.1; Nexus 5X Build/MMB29P) AppleWebKit/537.36 (KHTML, like Gecko) Chrome/146.0.7680.177 Mobile Safari/537.36 (compatible; Googlebot/2.1; +http://www.google.com/bot.html)" meupet.app 10.53.184.85
74.7.227.128 - - [23/Apr/2026:18:40:57 -0300] "GET /info/headsail/052668193719 HTTP/2.0" 404 23013 "https://meupet.app/sitemap-subitems-2614.xml" "Mozilla/5.0 AppleWebKit/537.36 (KHTML, like Gecko; compatible; GPTBot/1.3; +https://openai.com/gptbot)" meupet.app 10.53.184.85
20.151.104.6 - - [23/Apr/2026:18:40:58 -0300] "GET /classwithtostring.php HTTP/1.1" 409 83 "-" "Mozilla/5.0 (Windows NT 10.0; Win64; x64) AppleWebKit/537.36 (KHTML, like Gecko) Chrome/120.0.0.0 Safari/537.36" meupet.app 10.53.184.85
20.151.104.6 - - [23/Apr/2026:18:40:59 -0300] "GET /info.php HTTP/1.1" 409 83 "-" "Mozilla/5.0 (Windows NT 10.0; Win64; x64) AppleWebKit/537.36 (KHTML, like Gecko) Chrome/120.0.0.0 Safari/537.36" meupet.app 10.53.184.85
20.151.104.6 - - [23/Apr/2026:18:41:00 -0300] "GET /ioxi-o.php HTTP/1.1" 409 83 "-" "Mozilla/5.0 (Windows NT 10.0; Win64; x64) AppleWebKit/537.36 (KHTML, like Gecko) Chrome/120.0.0.0 Safari/537.36" meupet.app 10.53.184.85
20.151.104.6 - - [23/Apr/2026:18:41:01 -0300] "GET /011i.php HTTP/1.1" 409 83 "-" "Mozilla/5.0 (Windows NT 10.0; Win64; x64) AppleWebKit/537.36 (KHTML, like Gecko) Chrome/120.0.0.0 Safari/537.36" meupet.app 10.53.184.85
74.7.227.128 - - [23/Apr/2026:18:41:00 -0300] "GET /info/chambers/052959568079 HTTP/2.0" 404 23014 "https://meupet.app/sitemap-subitems-1105.xml" "Mozilla/5.0 AppleWebKit/537.36 (KHTML, like Gecko; compatible; GPTBot/1.3; +https://openai.com/gptbot)" meupet.app 10.53.184.85
20.151.104.6 - - [23/Apr/2026:18:41:02 -0300] "GET /edit.php HTTP/1.1" 409 83 "-" "Mozilla/5.0 (Windows NT 10.0; Win64; x64) AppleWebKit/537.36 (KHTML, like Gecko) Chrome/120.0.0.0 Safari/537.36" meupet.app 10.53.184.85
20.151.104.6 - - [23/Apr/2026:18:41:04 -0300] "GET /sid3.php HTTP/1.1" 409 83 "-" "Mozilla/5.0 (Windows NT 10.0; Win64; x64) AppleWebKit/537.36 (KHTML, like Gecko) Chrome/120.0.0.0 Safari/537.36" meupet.app 10.53.184.85
74.7.227.128 - - [23/Apr/2026:18:41:04 -0300] "GET /info/isopathy/051440967821 HTTP/2.0" 404 23011 "https://meupet.app/sitemap-subitems-2614.xml" "Mozilla/5.0 AppleWebKit/537.36 (KHTML, like Gecko; compatible; GPTBot/1.3; +https://openai.com/gptbot)" meupet.app 10.53.184.85
20.151.104.6 - - [23/Apr/2026:18:41:05 -0300] "GET /load.php HTTP/1.1" 409 83 "-" "Mozilla/5.0 (Windows NT 10.0; Win64; x64) AppleWebKit/537.36 (KHTML, like Gecko) Chrome/120.0.0.0 Safari/537.36" meupet.app 10.53.184.85
20.151.104.6 - - [23/Apr/2026:18:41:08 -0300] "GET /166.php HTTP/1.1" 409 83 "-" "Mozilla/5.0 (Windows NT 10.0; Win64; x64) AppleWebKit/537.36 (KHTML, like Gecko) Chrome/120.0.0.0 Safari/537.36" meupet.app 10.53.184.85
74.7.227.128 - - [23/Apr/2026:18:41:07 -0300] "GET /info/backward/053149107498 HTTP/2.0" 404 23013 "https://meupet.app/sitemap-subitems-2157.xml" "Mozilla/5.0 AppleWebKit/537.36 (KHTML, like Gecko; compatible; GPTBot/1.3; +https://openai.com/gptbot)" meupet.app 10.53.184.85
20.151.104.6 - - [23/Apr/2026:18:41:08 -0300] "GET /wp-mail.php HTTP/1.1" 409 83 "-" "Mozilla/5.0 (Windows NT 10.0; Win64; x64) AppleWebKit/537.36 (KHTML, like Gecko) Chrome/120.0.0.0 Safari/537.36" meupet.app 10.53.184.85
