74.7.227.128 - - [23/Apr/2026:18:47:36 -0300] "GET /info/folly/054205501821 HTTP/2.0" 404 23003 "https://meupet.app/sitemap-subitems-1749.xml" "Mozilla/5.0 AppleWebKit/537.36 (KHTML, like Gecko; compatible; GPTBot/1.3; +https://openai.com/gptbot)" meupet.app 10.53.184.85
74.7.227.128 - - [23/Apr/2026:18:47:40 -0300] "GET /info/morin/054288304733 HTTP/2.0" 404 23001 "https://meupet.app/sitemap-subitems-2006.xml" "Mozilla/5.0 AppleWebKit/537.36 (KHTML, like Gecko; compatible; GPTBot/1.3; +https://openai.com/gptbot)" meupet.app 10.53.184.85
74.7.227.128 - - [23/Apr/2026:18:47:43 -0300] "GET /info/fusee/051662631696 HTTP/2.0" 404 23005 "https://meupet.app/sitemap-subitems-2669.xml" "Mozilla/5.0 AppleWebKit/537.36 (KHTML, like Gecko; compatible; GPTBot/1.3; +https://openai.com/gptbot)" meupet.app 10.53.184.85
74.7.227.128 - - [23/Apr/2026:18:47:47 -0300] "GET /info/roint/052260937209 HTTP/2.0" 404 23004 "https://meupet.app/sitemap-subitems-2669.xml" "Mozilla/5.0 AppleWebKit/537.36 (KHTML, like Gecko; compatible; GPTBot/1.3; +https://openai.com/gptbot)" meupet.app 10.53.184.85
74.7.227.128 - - [23/Apr/2026:18:47:51 -0300] "GET /info/apion/051002470822 HTTP/2.0" 404 23002 "https://meupet.app/sitemap-subitems-2284.xml" "Mozilla/5.0 AppleWebKit/537.36 (KHTML, like Gecko; compatible; GPTBot/1.3; +https://openai.com/gptbot)" meupet.app 10.53.184.85
74.7.227.128 - - [23/Apr/2026:18:47:54 -0300] "GET /info/knosp/052125005928 HTTP/2.0" 404 23002 "https://meupet.app/sitemap-subitems-2006.xml" "Mozilla/5.0 AppleWebKit/537.36 (KHTML, like Gecko; compatible; GPTBot/1.3; +https://openai.com/gptbot)" meupet.app 10.53.184.85
74.7.227.128 - - [23/Apr/2026:18:47:58 -0300] "GET /info/tooth/053265679577 HTTP/2.0" 404 23003 "https://meupet.app/sitemap-subitems-2284.xml" "Mozilla/5.0 AppleWebKit/537.36 (KHTML, like Gecko; compatible; GPTBot/1.3; +https://openai.com/gptbot)" meupet.app 10.53.184.85
74.7.227.128 - - [23/Apr/2026:18:48:02 -0300] "GET /info/maria/054227645700 HTTP/2.0" 404 23001 "https://meupet.app/sitemap-subitems-2614.xml" "Mozilla/5.0 AppleWebKit/537.36 (KHTML, like Gecko; compatible; GPTBot/1.3; +https://openai.com/gptbot)" meupet.app 10.53.184.85
162.241.203.72 - - [23/Apr/2026:18:48:06 -0300] "POST /wp-cron.php?doing_wp_cron=1776980886.7503120899200439453125 HTTP/1.1" 200 - "-" "WordPress/6.9.4; https://meupet.app" meupet.app 10.53.184.85
74.7.227.128 - - [23/Apr/2026:18:48:06 -0300] "GET /info/cynae/052885488057 HTTP/2.0" 404 23004 "https://meupet.app/sitemap-subitems-2157.xml" "Mozilla/5.0 AppleWebKit/537.36 (KHTML, like Gecko; compatible; GPTBot/1.3; +https://openai.com/gptbot)" meupet.app 10.53.184.85
74.7.227.128 - - [23/Apr/2026:18:48:09 -0300] "GET /info/money/052036207230 HTTP/2.0" 404 23002 "https://meupet.app/sitemap-subitems-2157.xml" "Mozilla/5.0 AppleWebKit/537.36 (KHTML, like Gecko; compatible; GPTBot/1.3; +https://openai.com/gptbot)" meupet.app 10.53.184.85
74.7.227.128 - - [23/Apr/2026:18:48:13 -0300] "GET /info/cando/051014005358 HTTP/2.0" 404 23002 "https://meupet.app/sitemap-subitems-2312.xml" "Mozilla/5.0 AppleWebKit/537.36 (KHTML, like Gecko; compatible; GPTBot/1.3; +https://openai.com/gptbot)" meupet.app 10.53.184.85
74.7.227.128 - - [23/Apr/2026:18:48:17 -0300] "GET /wp-content/themes/astra/assets/css/minified/menu-animation.min.css?ver=3.7.10 HTTP/2.0" 200 468 "https://meupet.app/" "Mozilla/5.0 AppleWebKit/537.36 (KHTML, like Gecko; compatible; GPTBot/1.3; +https://openai.com/gptbot)" meupet.app 10.53.184.85
74.7.227.128 - - [23/Apr/2026:18:48:21 -0300] "GET /info/spotlight/041233215745 HTTP/2.0" 404 23010 "https://meupet.app/sitemap-subitems-939.xml" "Mozilla/5.0 AppleWebKit/537.36 (KHTML, like Gecko; compatible; GPTBot/1.3; +https://openai.com/gptbot)" meupet.app 10.53.184.85
74.7.227.128 - - [23/Apr/2026:18:48:24 -0300] "GET /info/spotlight/054191523456 HTTP/2.0" 404 23012 "https://meupet.app/sitemap-subitems-1749.xml" "Mozilla/5.0 AppleWebKit/537.36 (KHTML, like Gecko; compatible; GPTBot/1.3; +https://openai.com/gptbot)" meupet.app 10.53.184.85
74.7.227.128 - - [23/Apr/2026:18:48:27 -0300] "GET /wp-includes/atom.php HTTP/2.0" 409 83 "https://painelnocharme.meumercado.app" "Mozilla/5.0 AppleWebKit/537.36 (KHTML, like Gecko; compatible; GPTBot/1.3; +https://openai.com/gptbot)" meupet.app 10.53.184.85
74.7.227.128 - - [23/Apr/2026:18:48:31 -0300] "GET /info/inactive/03995998593 HTTP/2.0" 404 23004 "https://meupet.app/sitemap-subitems-972.xml" "Mozilla/5.0 AppleWebKit/537.36 (KHTML, like Gecko; compatible; GPTBot/1.3; +https://openai.com/gptbot)" meupet.app 10.53.184.85
74.7.227.128 - - [23/Apr/2026:18:48:41 -0300] "GET /info/scurvier/04104194001 HTTP/2.0" 404 23002 "https://meupet.app/sitemap-subitems-787.xml" "Mozilla/5.0 AppleWebKit/537.36 (KHTML, like Gecko; compatible; GPTBot/1.3; +https://openai.com/gptbot)" meupet.app 10.53.184.85
74.7.227.128 - - [23/Apr/2026:18:48:50 -0300] "GET /info/anconeus/05208205226 HTTP/2.0" 404 23003 "https://meupet.app/sitemap-subitems-1105.xml" "Mozilla/5.0 AppleWebKit/537.36 (KHTML, like Gecko; compatible; GPTBot/1.3; +https://openai.com/gptbot)" meupet.app 10.53.184.85
74.7.227.128 - - [23/Apr/2026:18:49:00 -0300] "GET /info/incensor/04145010546 HTTP/2.0" 404 23001 "https://meupet.app/sitemap-subitems-939.xml" "Mozilla/5.0 AppleWebKit/537.36 (KHTML, like Gecko; compatible; GPTBot/1.3; +https://openai.com/gptbot)" meupet.app 10.53.184.85
162.241.203.72 - - [23/Apr/2026:18:49:11 -0300] "POST /wp-cron.php?doing_wp_cron=1776980951.3027958869934082031250 HTTP/1.1" 200 - "-" "WordPress/6.9.4; https://meupet.app" meupet.app 10.53.184.85
74.7.227.128 - - [23/Apr/2026:18:49:10 -0300] "GET /info/monamide/03560635640 HTTP/2.0" 404 23000 "https://meupet.app/sitemap-subitems-367.xml" "Mozilla/5.0 AppleWebKit/537.36 (KHTML, like Gecko; compatible; GPTBot/1.3; +https://openai.com/gptbot)" meupet.app 10.53.184.85
74.7.227.128 - - [23/Apr/2026:18:49:20 -0300] "GET /info/brevetcy/05427896105 HTTP/2.0" 404 23007 "https://meupet.app/sitemap-subitems-2284.xml" "Mozilla/5.0 AppleWebKit/537.36 (KHTML, like Gecko; compatible; GPTBot/1.3; +https://openai.com/gptbot)" meupet.app 10.53.184.85
95.108.213.161 - - [23/Apr/2026:18:49:25 -0300] "GET /info/palistris/022395706798 HTTP/1.1" 404 22984 "-" "Mozilla/5.0 (compatible; YandexBot/3.0; +http://yandex.com/bots)" meupet.app 10.53.184.85
74.7.227.128 - - [23/Apr/2026:18:49:30 -0300] "GET /info/adrenocorticotropicadj/05199377259 HTTP/2.0" 404 23035 "https://meupet.app/sitemap-subitems-2006.xml" "Mozilla/5.0 AppleWebKit/537.36 (KHTML, like Gecko; compatible; GPTBot/1.3; +https://openai.com/gptbot)" meupet.app 10.53.184.85
74.7.227.128 - - [23/Apr/2026:18:49:40 -0300] "GET /info/causeuse/05293658730 HTTP/2.0" 404 23006 "https://meupet.app/sitemap-subitems-2312.xml" "Mozilla/5.0 AppleWebKit/537.36 (KHTML, like Gecko; compatible; GPTBot/1.3; +https://openai.com/gptbot)" meupet.app 10.53.184.85
74.7.227.128 - - [23/Apr/2026:18:49:49 -0300] "GET /info/pronouncement/053886813250 HTTP/2.0" 404 23018 "https://meupet.app/sitemap-subitems-2284.xml" "Mozilla/5.0 AppleWebKit/537.36 (KHTML, like Gecko; compatible; GPTBot/1.3; +https://openai.com/gptbot)" meupet.app 10.53.184.85
74.7.227.128 - - [23/Apr/2026:18:49:59 -0300] "GET /info/conciliation/052782127757 HTTP/2.0" 404 23014 "https://meupet.app/sitemap-subitems-2157.xml" "Mozilla/5.0 AppleWebKit/537.36 (KHTML, like Gecko; compatible; GPTBot/1.3; +https://openai.com/gptbot)" meupet.app 10.53.184.85
66.249.79.128 - - [23/Apr/2026:18:50:07 -0300] "GET /info/overlap/122375585812 HTTP/1.1" 200 55778 "-" "Mozilla/5.0 (Linux; Android 6.0.1; Nexus 5X Build/MMB29P) AppleWebKit/537.36 (KHTML, like Gecko) Chrome/146.0.7680.177 Mobile Safari/537.36 (compatible; GoogleOther)" meupet.app 10.53.184.85
74.7.227.128 - - [23/Apr/2026:18:50:09 -0300] "GET /info/cacography/041208932089 HTTP/2.0" 404 23010 "https://meupet.app/sitemap-subitems-383.xml" "Mozilla/5.0 AppleWebKit/537.36 (KHTML, like Gecko; compatible; GPTBot/1.3; +https://openai.com/gptbot)" meupet.app 10.53.184.85
74.7.227.128 - - [23/Apr/2026:18:50:20 -0300] "GET /info/infectious/051788413327 HTTP/2.0" 404 23011 "https://meupet.app/sitemap-subitems-2284.xml" "Mozilla/5.0 AppleWebKit/537.36 (KHTML, like Gecko; compatible; GPTBot/1.3; +https://openai.com/gptbot)" meupet.app 10.53.184.85
74.7.227.128 - - [23/Apr/2026:18:50:30 -0300] "GET /info/influenced/043964517692 HTTP/2.0" 404 23011 "https://meupet.app/sitemap-subitems-939.xml" "Mozilla/5.0 AppleWebKit/537.36 (KHTML, like Gecko; compatible; GPTBot/1.3; +https://openai.com/gptbot)" meupet.app 10.53.184.85
74.7.227.128 - - [23/Apr/2026:18:50:39 -0300] "GET /xmlrpc.php?rsd HTTP/2.0" 409 83 "https://meupet.app/" "Mozilla/5.0 AppleWebKit/537.36 (KHTML, like Gecko; compatible; GPTBot/1.3; +https://openai.com/gptbot)" meupet.app 10.53.184.85
74.7.227.128 - - [23/Apr/2026:18:50:49 -0300] "GET /info/elasmobranchiate/05525011841 HTTP/2.0" 404 23022 "https://meupet.app/sitemap-subitems-1779.xml" "Mozilla/5.0 AppleWebKit/537.36 (KHTML, like Gecko; compatible; GPTBot/1.3; +https://openai.com/gptbot)" meupet.app 10.53.184.85
162.241.203.72 - - [23/Apr/2026:18:51:18 -0300] "POST /wp-cron.php?doing_wp_cron=1776981078.8724539279937744140625 HTTP/1.1" 200 - "-" "WordPress/6.9.4; https://meupet.app" meupet.app 10.53.184.85
74.7.227.128 - - [23/Apr/2026:18:51:18 -0300] "GET /info/hematocrystallin/052747134713 HTTP/2.0" 404 23021 "https://meupet.app/sitemap-subitems-1779.xml" "Mozilla/5.0 AppleWebKit/537.36 (KHTML, like Gecko; compatible; GPTBot/1.3; +https://openai.com/gptbot)" meupet.app 10.53.184.85
74.7.227.128 - - [23/Apr/2026:18:51:47 -0300] "GET /wp-content/plugins/exclusive-addons-for-elementor/assets/fonts/teeny-icon/teeny-icon-style.min.css?ver=2.7.9.5 HTTP/2.0" 200 4374 "https://meupet.app/" "Mozilla/5.0 AppleWebKit/537.36 (KHTML, like Gecko; compatible; GPTBot/1.3; +https://openai.com/gptbot)" meupet.app 10.53.184.85
162.241.203.72 - - [23/Apr/2026:18:52:17 -0300] "POST /wp-cron.php?doing_wp_cron=1776981137.1677529811859130859375 HTTP/1.1" 200 - "-" "WordPress/6.9.4; https://meupet.app" meupet.app 10.53.184.85
74.7.227.128 - - [23/Apr/2026:18:52:16 -0300] "GET /info/integration/053000330383 HTTP/2.0" 404 23011 "https://meupet.app/sitemap-subitems-2006.xml" "Mozilla/5.0 AppleWebKit/537.36 (KHTML, like Gecko; compatible; GPTBot/1.3; +https://openai.com/gptbot)" meupet.app 10.53.184.85
66.249.79.129 - - [23/Apr/2026:18:52:37 -0300] "GET /info/towering/123400002804 HTTP/1.1" 200 56682 "-" "Mozilla/5.0 (Linux; Android 6.0.1; Nexus 5X Build/MMB29P) AppleWebKit/537.36 (KHTML, like Gecko) Chrome/146.0.7680.177 Mobile Safari/537.36 (compatible; Googlebot/2.1; +http://www.google.com/bot.html)" meupet.app 10.53.184.85
74.7.227.128 - - [23/Apr/2026:18:52:42 -0300] "GET /info/succussion/052928255008 HTTP/2.0" 404 23014 "https://meupet.app/sitemap-subitems-2006.xml" "Mozilla/5.0 AppleWebKit/537.36 (KHTML, like Gecko; compatible; GPTBot/1.3; +https://openai.com/gptbot)" meupet.app 10.53.184.85
162.241.203.72 - - [23/Apr/2026:18:53:09 -0300] "POST /wp-cron.php?doing_wp_cron=1776981189.7240109443664550781250 HTTP/1.1" 200 - "-" "WordPress/6.9.4; https://meupet.app" meupet.app 10.53.184.85
74.7.227.128 - - [23/Apr/2026:18:53:09 -0300] "GET /info/locomotion/044206455082 HTTP/2.0" 404 23011 "https://meupet.app/sitemap-subitems-939.xml" "Mozilla/5.0 AppleWebKit/537.36 (KHTML, like Gecko; compatible; GPTBot/1.3; +https://openai.com/gptbot)" meupet.app 10.53.184.85
74.7.227.128 - - [23/Apr/2026:18:53:35 -0300] "GET /info/embarked/051197436444 HTTP/2.0" 404 23013 "https://meupet.app/sitemap-subitems-1749.xml" "Mozilla/5.0 AppleWebKit/537.36 (KHTML, like Gecko; compatible; GPTBot/1.3; +https://openai.com/gptbot)" meupet.app 10.53.184.85
74.7.227.128 - - [23/Apr/2026:18:54:01 -0300] "GET /info/breathalyzer/032191917687 HTTP/2.0" 404 23016 "https://meupet.app/sitemap-subitems-409.xml" "Mozilla/5.0 AppleWebKit/537.36 (KHTML, like Gecko; compatible; GPTBot/1.3; +https://openai.com/gptbot)" meupet.app 10.53.184.85
162.241.203.72 - - [23/Apr/2026:18:54:29 -0300] "POST /wp-cron.php?doing_wp_cron=1776981269.6026198863983154296875 HTTP/1.1" 200 - "-" "WordPress/6.9.4; https://meupet.app" meupet.app 10.53.184.85
74.7.227.128 - - [23/Apr/2026:18:54:28 -0300] "GET /info/ingratefully/042355735016 HTTP/2.0" 404 23014 "https://meupet.app/sitemap-subitems-939.xml" "Mozilla/5.0 AppleWebKit/537.36 (KHTML, like Gecko; compatible; GPTBot/1.3; +https://openai.com/gptbot)" meupet.app 10.53.184.85
74.7.227.128 - - [23/Apr/2026:18:54:56 -0300] "GET /info/phosphorical/052716984578 HTTP/2.0" 404 23019 "https://meupet.app/sitemap-subitems-1749.xml" "Mozilla/5.0 AppleWebKit/537.36 (KHTML, like Gecko; compatible; GPTBot/1.3; +https://openai.com/gptbot)" meupet.app 10.53.184.85
162.241.203.72 - - [23/Apr/2026:18:55:23 -0300] "POST /wp-cron.php?doing_wp_cron=1776981322.9919459819793701171875 HTTP/1.1" 200 - "-" "WordPress/6.9.4; https://meupet.app" meupet.app 10.53.184.85
74.7.227.128 - - [23/Apr/2026:18:55:22 -0300] "GET /info/incomputable/052725805719 HTTP/2.0" 404 23015 "https://meupet.app/sitemap-subitems-2614.xml" "Mozilla/5.0 AppleWebKit/537.36 (KHTML, like Gecko; compatible; GPTBot/1.3; +https://openai.com/gptbot)" meupet.app 10.53.184.85
74.7.227.128 - - [23/Apr/2026:18:55:49 -0300] "GET /info/insculptured/052302382415 HTTP/2.0" 404 23016 "https://meupet.app/sitemap-subitems-2669.xml" "Mozilla/5.0 AppleWebKit/537.36 (KHTML, like Gecko; compatible; GPTBot/1.3; +https://openai.com/gptbot)" meupet.app 10.53.184.85
66.249.79.129 - - [23/Apr/2026:18:56:00 -0300] "GET /info/querulousness/121850231481 HTTP/1.1" 200 54710 "-" "Mozilla/5.0 (Linux; Android 6.0.1; Nexus 5X Build/MMB29P) AppleWebKit/537.36 (KHTML, like Gecko) Chrome/146.0.7680.177 Mobile Safari/537.36 (compatible; Googlebot/2.1; +http://www.google.com/bot.html)" meupet.app 10.53.184.85
66.249.79.128 - - [23/Apr/2026:18:56:15 -0300] "GET /info/drily/121750280251 HTTP/1.1" 200 59889 "-" "Mozilla/5.0 (Linux; Android 6.0.1; Nexus 5X Build/MMB29P) AppleWebKit/537.36 (KHTML, like Gecko) Chrome/146.0.7680.177 Mobile Safari/537.36 (compatible; Googlebot/2.1; +http://www.google.com/bot.html)" meupet.app 10.53.184.85
162.241.203.72 - - [23/Apr/2026:18:56:17 -0300] "POST /wp-cron.php?doing_wp_cron=1776981377.0776469707489013671875 HTTP/1.1" 200 - "-" "WordPress/6.9.4; https://meupet.app" meupet.app 10.53.184.85
74.7.227.128 - - [23/Apr/2026:18:56:16 -0300] "GET /info/invertebrate/042617978835 HTTP/2.0" 404 23014 "https://meupet.app/sitemap-subitems-939.xml" "Mozilla/5.0 AppleWebKit/537.36 (KHTML, like Gecko; compatible; GPTBot/1.3; +https://openai.com/gptbot)" meupet.app 10.53.184.85
74.7.227.128 - - [23/Apr/2026:18:56:42 -0300] "GET /wp-content/plugins/exclusive-addons-for-elementor/assets/fonts/teeny-icon/teenyicon.svg?gcutnh HTTP/2.0" 200 691000 "https://meupet.app/wp-content/plugins/exclusive-addons-for-elementor/assets/fonts/teeny-icon/teeny-icon-style.min.css?ver=2.7.9.5" "Mozilla/5.0 AppleWebKit/537.36 (KHTML, like Gecko; compatible; GPTBot/1.3; +https://openai.com/gptbot)" meupet.app 10.53.184.85
74.7.227.128 - - [23/Apr/2026:18:57:08 -0300] "GET /wp-content/plugins/exclusive-addons-for-elementor/assets/fonts/teeny-icon/teenyicon.eot?gcutnh HTTP/2.0" 200 176612 "https://meupet.app/wp-content/plugins/exclusive-addons-for-elementor/assets/fonts/teeny-icon/teeny-icon-style.min.css?ver=2.7.9.5" "Mozilla/5.0 AppleWebKit/537.36 (KHTML, like Gecko; compatible; GPTBot/1.3; +https://openai.com/gptbot)" meupet.app 10.53.184.85
74.7.227.128 - - [23/Apr/2026:18:57:32 -0300] "GET /wp-content/plugins/exclusive-addons-for-elementor/assets/fonts/teeny-icon/teenyicon.ttf?gcutnh HTTP/2.0" 200 176440 "https://meupet.app/wp-content/plugins/exclusive-addons-for-elementor/assets/fonts/teeny-icon/teeny-icon-style.min.css?ver=2.7.9.5" "Mozilla/5.0 AppleWebKit/537.36 (KHTML, like Gecko; compatible; GPTBot/1.3; +https://openai.com/gptbot)" meupet.app 10.53.184.85
162.241.203.72 - - [23/Apr/2026:18:57:54 -0300] "POST /wp-cron.php?doing_wp_cron=1776981474.3533480167388916015625 HTTP/1.1" 200 - "-" "WordPress/6.9.4; https://meupet.app" meupet.app 10.53.184.85
74.7.227.128 - - [23/Apr/2026:18:57:53 -0300] "GET /info/incommutably/031492763200 HTTP/2.0" 404 23015 "https://meupet.app/sitemap-subitems-753.xml" "Mozilla/5.0 AppleWebKit/537.36 (KHTML, like Gecko; compatible; GPTBot/1.3; +https://openai.com/gptbot)" meupet.app 10.53.184.85
162.241.203.72 - - [23/Apr/2026:18:58:13 -0300] "POST /wp-cron.php?doing_wp_cron=1776981493.9095408916473388671875 HTTP/1.1" 200 - "-" "WordPress/6.9.4; https://meupet.app" meupet.app 10.53.184.85
74.7.227.128 - - [23/Apr/2026:18:58:13 -0300] "GET /info/inseparately/042324539814 HTTP/2.0" 404 23013 "https://meupet.app/sitemap-subitems-585.xml" "Mozilla/5.0 AppleWebKit/537.36 (KHTML, like Gecko; compatible; GPTBot/1.3; +https://openai.com/gptbot)" meupet.app 10.53.184.85
74.7.227.128 - - [23/Apr/2026:18:58:32 -0300] "GET /info/incommutable/032397459562 HTTP/2.0" 404 23014 "https://meupet.app/sitemap-subitems-713.xml" "Mozilla/5.0 AppleWebKit/537.36 (KHTML, like Gecko; compatible; GPTBot/1.3; +https://openai.com/gptbot)" meupet.app 10.53.184.85
74.7.227.128 - - [23/Apr/2026:18:58:52 -0300] "GET /info/coetaneously/032675103285 HTTP/2.0" 404 23016 "https://meupet.app/sitemap-subitems-683.xml" "Mozilla/5.0 AppleWebKit/537.36 (KHTML, like Gecko; compatible; GPTBot/1.3; +https://openai.com/gptbot)" meupet.app 10.53.184.85
162.241.203.72 - - [23/Apr/2026:18:59:13 -0300] "POST /wp-cron.php?doing_wp_cron=1776981553.1027159690856933593750 HTTP/1.1" 200 - "-" "WordPress/6.9.4; https://meupet.app" meupet.app 10.53.184.85
74.7.227.128 - - [23/Apr/2026:18:59:12 -0300] "GET /info/indisputably/052749127615 HTTP/2.0" 404 23017 "https://meupet.app/sitemap-subitems-1105.xml" "Mozilla/5.0 AppleWebKit/537.36 (KHTML, like Gecko; compatible; GPTBot/1.3; +https://openai.com/gptbot)" meupet.app 10.53.184.85
74.7.227.128 - - [23/Apr/2026:18:59:32 -0300] "GET /info/infatigable/053099690925 HTTP/2.0" 404 23012 "https://meupet.app/sitemap-subitems-2669.xml" "Mozilla/5.0 AppleWebKit/537.36 (KHTML, like Gecko; compatible; GPTBot/1.3; +https://openai.com/gptbot)" meupet.app 10.53.184.85
74.7.227.128 - - [23/Apr/2026:18:59:51 -0300] "GET /info/infeoffment/031142390598 HTTP/2.0" 404 23011 "https://meupet.app/sitemap-subitems-304.xml" "Mozilla/5.0 AppleWebKit/537.36 (KHTML, like Gecko; compatible; GPTBot/1.3; +https://openai.com/gptbot)" meupet.app 10.53.184.85
66.249.79.128 - - [23/Apr/2026:19:00:07 -0300] "GET /info/pegroots/124291569519 HTTP/1.1" 200 56392 "-" "Mozilla/5.0 (Linux; Android 6.0.1; Nexus 5X Build/MMB29P) AppleWebKit/537.36 (KHTML, like Gecko) Chrome/146.0.7680.177 Mobile Safari/537.36 (compatible; Googlebot/2.1; +http://www.google.com/bot.html)" meupet.app 10.53.184.85
162.241.203.72 - - [23/Apr/2026:19:00:12 -0300] "POST /wp-cron.php?doing_wp_cron=1776981612.4729108810424804687500 HTTP/1.1" 200 - "-" "WordPress/6.9.4; https://meupet.app" meupet.app 10.53.184.85
74.7.227.128 - - [23/Apr/2026:19:00:11 -0300] "GET /info/infirmative/031581261281 HTTP/2.0" 404 23012 "https://meupet.app/sitemap-subitems-409.xml" "Mozilla/5.0 AppleWebKit/537.36 (KHTML, like Gecko; compatible; GPTBot/1.3; +https://openai.com/gptbot)" meupet.app 10.53.184.85
213.180.203.157 - - [23/Apr/2026:19:00:25 -0300] "GET /info/teston/02409842552 HTTP/1.1" 404 22975 "-" "Mozilla/5.0 (compatible; YandexBot/3.0; +http://yandex.com/bots)" meupet.app 10.53.184.85
74.7.227.128 - - [23/Apr/2026:19:00:31 -0300] "GET /info/housekeep/0568700006 HTTP/2.0" 404 23001 "https://meupet.app/sitemap-subitems-2284.xml" "Mozilla/5.0 AppleWebKit/537.36 (KHTML, like Gecko; compatible; GPTBot/1.3; +https://openai.com/gptbot)" meupet.app 10.53.184.85
74.7.227.128 - - [23/Apr/2026:19:00:50 -0300] "GET /info/perimetry/0329111161 HTTP/2.0" 404 23002 "https://meupet.app/sitemap-subitems-367.xml" "Mozilla/5.0 AppleWebKit/537.36 (KHTML, like Gecko; compatible; GPTBot/1.3; +https://openai.com/gptbot)" meupet.app 10.53.184.85
162.241.203.72 - - [23/Apr/2026:19:01:10 -0300] "POST /wp-cron.php?doing_wp_cron=1776981670.4593229293823242187500 HTTP/1.1" 200 - "-" "WordPress/6.9.4; https://meupet.app" meupet.app 10.53.184.85
74.7.227.128 - - [23/Apr/2026:19:01:09 -0300] "GET /info/righteous/0397777466 HTTP/2.0" 404 23000 "https://meupet.app/sitemap-subitems-367.xml" "Mozilla/5.0 AppleWebKit/537.36 (KHTML, like Gecko; compatible; GPTBot/1.3; +https://openai.com/gptbot)" meupet.app 10.53.184.85
74.7.227.128 - - [23/Apr/2026:19:01:28 -0300] "GET /info/cabalistically/0591885140 HTTP/2.0" 404 23017 "https://meupet.app/sitemap-subitems-2669.xml" "Mozilla/5.0 AppleWebKit/537.36 (KHTML, like Gecko; compatible; GPTBot/1.3; +https://openai.com/gptbot)" meupet.app 10.53.184.85
74.7.227.128 - - [23/Apr/2026:19:01:47 -0300] "GET /info/introspectionist/05452427668 HTTP/2.0" 404 23016 "https://meupet.app/sitemap-subitems-2284.xml" "Mozilla/5.0 AppleWebKit/537.36 (KHTML, like Gecko; compatible; GPTBot/1.3; +https://openai.com/gptbot)" meupet.app 10.53.184.85
74.7.227.128 - - [23/Apr/2026:19:02:08 -0300] "GET /wp-includes/js/dist/i18n.min.js?ver=c26c3dc7bed366793375 HTTP/2.0" 200 2319 "https://meupet.app/" "Mozilla/5.0 AppleWebKit/537.36 (KHTML, like Gecko; compatible; GPTBot/1.3; +https://openai.com/gptbot)" meupet.app 10.53.184.85
74.7.227.128 - - [23/Apr/2026:19:02:28 -0300] "GET /info/accoil/05634442489 HTTP/2.0" 404 23003 "https://meupet.app/sitemap-subitems-2284.xml" "Mozilla/5.0 AppleWebKit/537.36 (KHTML, like Gecko; compatible; GPTBot/1.3; +https://openai.com/gptbot)" meupet.app 10.53.184.85
74.7.227.128 - - [23/Apr/2026:19:02:45 -0300] "GET /info/blastemata/05154042047 HTTP/2.0" 404 23012 "https://meupet.app/sitemap-subitems-2614.xml" "Mozilla/5.0 AppleWebKit/537.36 (KHTML, like Gecko; compatible; GPTBot/1.3; +https://openai.com/gptbot)" meupet.app 10.53.184.85
74.7.227.128 - - [23/Apr/2026:19:03:02 -0300] "GET /info/antiseptic/04979655947 HTTP/2.0" 404 23013 "https://meupet.app/sitemap-subitems-585.xml" "Mozilla/5.0 AppleWebKit/537.36 (KHTML, like Gecko; compatible; GPTBot/1.3; +https://openai.com/gptbot)" meupet.app 10.53.184.85
74.7.227.128 - - [23/Apr/2026:19:03:19 -0300] "GET /info/itinerated/05144152070 HTTP/2.0" 404 23010 "https://meupet.app/sitemap-subitems-2284.xml" "Mozilla/5.0 AppleWebKit/537.36 (KHTML, like Gecko; compatible; GPTBot/1.3; +https://openai.com/gptbot)" meupet.app 10.53.184.85
162.241.203.72 - - [23/Apr/2026:19:03:20 -0300] "POST /wp-cron.php?doing_wp_cron=1776981800.7871870994567871093750 HTTP/1.1" 200 - "-" "WordPress/6.9.4; https://meupet.app" meupet.app 10.53.184.85
66.249.79.130 - - [23/Apr/2026:19:03:20 -0300] "GET /info/dismettled/12819065811 HTTP/1.1" 200 59206 "-" "Mozilla/5.0 (Linux; Android 6.0.1; Nexus 5X Build/MMB29P) AppleWebKit/537.36 (KHTML, like Gecko) Chrome/146.0.7680.177 Mobile Safari/537.36 (compatible; Googlebot/2.1; +http://www.google.com/bot.html)" meupet.app 10.53.184.85
74.7.227.128 - - [23/Apr/2026:19:03:37 -0300] "GET /info/unforgettable/052871136203 HTTP/2.0" 404 23018 "https://meupet.app/sitemap-subitems-2614.xml" "Mozilla/5.0 AppleWebKit/537.36 (KHTML, like Gecko; compatible; GPTBot/1.3; +https://openai.com/gptbot)" meupet.app 10.53.184.85
74.7.227.128 - - [23/Apr/2026:19:03:55 -0300] "GET /info/phlogisticate/052052178843 HTTP/2.0" 404 23017 "https://meupet.app/sitemap-subitems-2312.xml" "Mozilla/5.0 AppleWebKit/537.36 (KHTML, like Gecko; compatible; GPTBot/1.3; +https://openai.com/gptbot)" meupet.app 10.53.184.85
74.7.227.128 - - [23/Apr/2026:19:04:12 -0300] "GET /info/administrable/054126975697 HTTP/2.0" 404 23017 "https://meupet.app/sitemap-subitems-3060.xml" "Mozilla/5.0 AppleWebKit/537.36 (KHTML, like Gecko; compatible; GPTBot/1.3; +https://openai.com/gptbot)" meupet.app 10.53.184.85
74.7.227.128 - - [23/Apr/2026:19:04:29 -0300] "GET /info/quartermaster/052393731842 HTTP/2.0" 404 23019 "https://meupet.app/sitemap-subitems-2284.xml" "Mozilla/5.0 AppleWebKit/537.36 (KHTML, like Gecko; compatible; GPTBot/1.3; +https://openai.com/gptbot)" meupet.app 10.53.184.85
74.7.227.128 - - [23/Apr/2026:19:04:47 -0300] "GET /info/unobtrusively/052994787052 HTTP/2.0" 404 23019 "https://meupet.app/sitemap-subitems-1105.xml" "Mozilla/5.0 AppleWebKit/537.36 (KHTML, like Gecko; compatible; GPTBot/1.3; +https://openai.com/gptbot)" meupet.app 10.53.184.85
74.7.227.128 - - [23/Apr/2026:19:05:03 -0300] "GET /info/lodesman/05377448423 HTTP/2.0" 404 23006 "https://meupet.app/sitemap-subitems-2669.xml" "Mozilla/5.0 AppleWebKit/537.36 (KHTML, like Gecko; compatible; GPTBot/1.3; +https://openai.com/gptbot)" meupet.app 10.53.184.85
74.7.227.128 - - [23/Apr/2026:19:05:21 -0300] "GET /info/prognosticating/05822219132 HTTP/2.0" 404 23018 "https://meupet.app/sitemap-subitems-2284.xml" "Mozilla/5.0 AppleWebKit/537.36 (KHTML, like Gecko; compatible; GPTBot/1.3; +https://openai.com/gptbot)" meupet.app 10.53.184.85
74.7.227.128 - - [23/Apr/2026:19:05:40 -0300] "GET /info/supraesophageal/05224488855 HTTP/2.0" 404 23020 "https://meupet.app/sitemap-subitems-1749.xml" "Mozilla/5.0 AppleWebKit/537.36 (KHTML, like Gecko; compatible; GPTBot/1.3; +https://openai.com/gptbot)" meupet.app 10.53.184.85
66.249.79.129 - - [23/Apr/2026:19:05:45 -0300] "GET /info/insinuator/102930283696 HTTP/1.1" 200 58041 "-" "Mozilla/5.0 (Linux; Android 6.0.1; Nexus 5X Build/MMB29P) AppleWebKit/537.36 (KHTML, like Gecko) Chrome/146.0.7680.177 Mobile Safari/537.36 (compatible; Googlebot/2.1; +http://www.google.com/bot.html)" meupet.app 10.53.184.85
74.7.227.128 - - [23/Apr/2026:19:05:57 -0300] "GET /info/gerascanthoides/05552310151 HTTP/2.0" 404 23020 "https://meupet.app/sitemap-subitems-1749.xml" "Mozilla/5.0 AppleWebKit/537.36 (KHTML, like Gecko; compatible; GPTBot/1.3; +https://openai.com/gptbot)" meupet.app 10.53.184.85
74.7.227.128 - - [23/Apr/2026:19:06:15 -0300] "GET /info/scutelliplantar/05287859111 HTTP/2.0" 404 23019 "https://meupet.app/sitemap-subitems-1779.xml" "Mozilla/5.0 AppleWebKit/537.36 (KHTML, like Gecko; compatible; GPTBot/1.3; +https://openai.com/gptbot)" meupet.app 10.53.184.85
74.7.227.128 - - [23/Apr/2026:19:06:33 -0300] "GET /info/circumvallation/05859373666 HTTP/2.0" 404 23020 "https://meupet.app/sitemap-subitems-1749.xml" "Mozilla/5.0 AppleWebKit/537.36 (KHTML, like Gecko; compatible; GPTBot/1.3; +https://openai.com/gptbot)" meupet.app 10.53.184.85
74.7.227.128 - - [23/Apr/2026:19:06:50 -0300] "GET /info/imitating/05470449045 HTTP/2.0" 404 23010 "https://meupet.app/sitemap-subitems-1105.xml" "Mozilla/5.0 AppleWebKit/537.36 (KHTML, like Gecko; compatible; GPTBot/1.3; +https://openai.com/gptbot)" meupet.app 10.53.184.85
74.7.227.128 - - [23/Apr/2026:19:07:08 -0300] "GET /info/indivisibly/05758135227 HTTP/2.0" 404 23014 "https://meupet.app/sitemap-subitems-3060.xml" "Mozilla/5.0 AppleWebKit/537.36 (KHTML, like Gecko; compatible; GPTBot/1.3; +https://openai.com/gptbot)" meupet.app 10.53.184.85
66.249.79.128 - - [23/Apr/2026:19:07:08 -0300] "GET /info/esquisse/054220075369 HTTP/1.1" 200 55196 "-" "Mozilla/5.0 (Linux; Android 6.0.1; Nexus 5X Build/MMB29P) AppleWebKit/537.36 (KHTML, like Gecko) Chrome/146.0.7680.177 Mobile Safari/537.36 (compatible; Googlebot/2.1; +http://www.google.com/bot.html)" meupet.app 10.53.184.85
74.7.227.128 - - [23/Apr/2026:19:07:26 -0300] "GET /info/intromitted/05193849808 HTTP/2.0" 404 23013 "https://meupet.app/sitemap-subitems-2614.xml" "Mozilla/5.0 AppleWebKit/537.36 (KHTML, like Gecko; compatible; GPTBot/1.3; +https://openai.com/gptbot)" meupet.app 10.53.184.85
74.7.227.128 - - [23/Apr/2026:19:07:43 -0300] "GET /info/inequivalve/05701224044 HTTP/2.0" 404 23012 "https://meupet.app/sitemap-subitems-2006.xml" "Mozilla/5.0 AppleWebKit/537.36 (KHTML, like Gecko; compatible; GPTBot/1.3; +https://openai.com/gptbot)" meupet.app 10.53.184.85
74.7.227.128 - - [23/Apr/2026:19:08:01 -0300] "GET /info/insincerity/05964415071 HTTP/2.0" 404 23013 "https://meupet.app/sitemap-subitems-2312.xml" "Mozilla/5.0 AppleWebKit/537.36 (KHTML, like Gecko; compatible; GPTBot/1.3; +https://openai.com/gptbot)" meupet.app 10.53.184.85
45.146.54.8 - - [23/Apr/2026:19:08:04 -0300] "POST /wp-login.php HTTP/1.1" 409 83 "-" "Mozilla/5.0 (Windows NT 10.0; Win64; rv:143.0) Gecko/20100101 Firefox/143.0" meupet.app 10.53.184.85
74.7.227.128 - - [23/Apr/2026:19:08:19 -0300] "GET /info/innutritive/05436554539 HTTP/2.0" 404 23013 "https://meupet.app/sitemap-subitems-2157.xml" "Mozilla/5.0 AppleWebKit/537.36 (KHTML, like Gecko; compatible; GPTBot/1.3; +https://openai.com/gptbot)" meupet.app 10.53.184.85
66.249.79.129 - - [23/Apr/2026:19:08:25 -0300] "GET /info/enthronement/091493923677 HTTP/1.1" 200 54589 "-" "Mozilla/5.0 (Linux; Android 6.0.1; Nexus 5X Build/MMB29P) AppleWebKit/537.36 (KHTML, like Gecko) Chrome/146.0.7680.177 Mobile Safari/537.36 (compatible; Googlebot/2.1; +http://www.google.com/bot.html)" meupet.app 10.53.184.85
74.7.227.128 - - [23/Apr/2026:19:08:38 -0300] "GET /info/interventor/05759073512 HTTP/2.0" 404 23013 "https://meupet.app/sitemap-subitems-1779.xml" "Mozilla/5.0 AppleWebKit/537.36 (KHTML, like Gecko; compatible; GPTBot/1.3; +https://openai.com/gptbot)" meupet.app 10.53.184.85
74.7.227.128 - - [23/Apr/2026:19:08:54 -0300] "GET /info/intensation/05715802891 HTTP/2.0" 404 23009 "https://meupet.app/sitemap-subitems-2614.xml" "Mozilla/5.0 AppleWebKit/537.36 (KHTML, like Gecko; compatible; GPTBot/1.3; +https://openai.com/gptbot)" meupet.app 10.53.184.85
74.7.227.128 - - [23/Apr/2026:19:09:12 -0300] "GET /info/intentional/05505394644 HTTP/2.0" 404 23009 "https://meupet.app/sitemap-subitems-2284.xml" "Mozilla/5.0 AppleWebKit/537.36 (KHTML, like Gecko; compatible; GPTBot/1.3; +https://openai.com/gptbot)" meupet.app 10.53.184.85
74.7.227.128 - - [23/Apr/2026:19:09:30 -0300] "GET /info/instrumentally/051242227786 HTTP/2.0" 404 23016 "https://meupet.app/sitemap-subitems-2157.xml" "Mozilla/5.0 AppleWebKit/537.36 (KHTML, like Gecko; compatible; GPTBot/1.3; +https://openai.com/gptbot)" meupet.app 10.53.184.85
74.7.227.128 - - [23/Apr/2026:19:09:48 -0300] "GET /info/illinition/053594888965 HTTP/2.0" 404 23012 "https://meupet.app/sitemap-subitems-1749.xml" "Mozilla/5.0 AppleWebKit/537.36 (KHTML, like Gecko; compatible; GPTBot/1.3; +https://openai.com/gptbot)" meupet.app 10.53.184.85
74.7.227.128 - - [23/Apr/2026:19:10:05 -0300] "GET /info/knockstone/053857555353 HTTP/2.0" 404 23017 "https://meupet.app/sitemap-subitems-3060.xml" "Mozilla/5.0 AppleWebKit/537.36 (KHTML, like Gecko; compatible; GPTBot/1.3; +https://openai.com/gptbot)" meupet.app 10.53.184.85
74.7.227.128 - - [23/Apr/2026:19:10:22 -0300] "GET /info/disdeify/052711914472 HTTP/2.0" 404 23014 "https://meupet.app/sitemap-subitems-2312.xml" "Mozilla/5.0 AppleWebKit/537.36 (KHTML, like Gecko; compatible; GPTBot/1.3; +https://openai.com/gptbot)" meupet.app 10.53.184.85
74.7.227.128 - - [23/Apr/2026:19:10:40 -0300] "GET /info/headland/052302862071 HTTP/2.0" 404 23012 "https://meupet.app/sitemap-subitems-2284.xml" "Mozilla/5.0 AppleWebKit/537.36 (KHTML, like Gecko; compatible; GPTBot/1.3; +https://openai.com/gptbot)" meupet.app 10.53.184.85
74.7.227.128 - - [23/Apr/2026:19:10:58 -0300] "GET /info/colessee/051095704663 HTTP/2.0" 404 23012 "https://meupet.app/sitemap-subitems-2614.xml" "Mozilla/5.0 AppleWebKit/537.36 (KHTML, like Gecko; compatible; GPTBot/1.3; +https://openai.com/gptbot)" meupet.app 10.53.184.85
74.7.227.128 - - [23/Apr/2026:19:11:14 -0300] "GET /info/personae/051749558041 HTTP/2.0" 404 23013 "https://meupet.app/sitemap-subitems-2284.xml" "Mozilla/5.0 AppleWebKit/537.36 (KHTML, like Gecko; compatible; GPTBot/1.3; +https://openai.com/gptbot)" meupet.app 10.53.184.85
162.241.203.72 - - [23/Apr/2026:19:11:16 -0300] "POST /wp-cron.php?doing_wp_cron=1776982276.2802441120147705078125 HTTP/1.1" 200 - "-" "WordPress/6.9.4; https://meupet.app" meupet.app 10.53.184.85
74.7.227.128 - - [23/Apr/2026:19:11:31 -0300] "GET /info/anthochaera/05752060542 HTTP/2.0" 404 23015 "https://meupet.app/sitemap-subitems-1779.xml" "Mozilla/5.0 AppleWebKit/537.36 (KHTML, like Gecko; compatible; GPTBot/1.3; +https://openai.com/gptbot)" meupet.app 10.53.184.85
74.7.227.128 - - [23/Apr/2026:19:11:48 -0300] "GET /info/alternating/05885060189 HTTP/2.0" 404 23010 "https://meupet.app/sitemap-subitems-1105.xml" "Mozilla/5.0 AppleWebKit/537.36 (KHTML, like Gecko; compatible; GPTBot/1.3; +https://openai.com/gptbot)" meupet.app 10.53.184.85
74.7.227.128 - - [23/Apr/2026:19:12:05 -0300] "GET /info/oecumenical/03575808188 HTTP/2.0" 404 23008 "https://meupet.app/?sitemap.xml" "Mozilla/5.0 AppleWebKit/537.36 (KHTML, like Gecko; compatible; GPTBot/1.3; +https://openai.com/gptbot)" meupet.app 10.53.184.85
162.241.203.72 - - [23/Apr/2026:19:12:06 -0300] "POST /wp-cron.php?doing_wp_cron=1776982326.8731720447540283203125 HTTP/1.1" 200 - "-" "WordPress/6.9.4; https://meupet.app" meupet.app 10.53.184.85
74.7.227.128 - - [23/Apr/2026:19:12:23 -0300] "GET /info/odorousness/05749664069 HTTP/2.0" 404 23016 "https://meupet.app/sitemap-subitems-2669.xml" "Mozilla/5.0 AppleWebKit/537.36 (KHTML, like Gecko; compatible; GPTBot/1.3; +https://openai.com/gptbot)" meupet.app 10.53.184.85
74.7.227.128 - - [23/Apr/2026:19:12:41 -0300] "GET /info/dilleniidae/05219831377 HTTP/2.0" 404 23015 "https://meupet.app/sitemap-subitems-2284.xml" "Mozilla/5.0 AppleWebKit/537.36 (KHTML, like Gecko; compatible; GPTBot/1.3; +https://openai.com/gptbot)" meupet.app 10.53.184.85
74.7.227.128 - - [23/Apr/2026:19:12:59 -0300] "GET /info/officialdom/05934468657 HTTP/2.0" 404 23017 "https://meupet.app/sitemap-subitems-1105.xml" "Mozilla/5.0 AppleWebKit/537.36 (KHTML, like Gecko; compatible; GPTBot/1.3; +https://openai.com/gptbot)" meupet.app 10.53.184.85
74.7.227.128 - - [23/Apr/2026:19:13:17 -0300] "GET /info/oestruation/03553700807 HTTP/2.0" 404 23003 "https://meupet.app/?sitemap.xml" "Mozilla/5.0 AppleWebKit/537.36 (KHTML, like Gecko; compatible; GPTBot/1.3; +https://openai.com/gptbot)" meupet.app 10.53.184.85
74.7.227.128 - - [23/Apr/2026:19:13:35 -0300] "GET /info/hebraically/03766006233 HTTP/2.0" 404 23015 "https://meupet.app/sitemap-subitems-753.xml" "Mozilla/5.0 AppleWebKit/537.36 (KHTML, like Gecko; compatible; GPTBot/1.3; +https://openai.com/gptbot)" meupet.app 10.53.184.85
74.7.227.128 - - [23/Apr/2026:19:13:52 -0300] "GET /info/bacchanalia/03508004676 HTTP/2.0" 404 23015 "https://meupet.app/sitemap-subitems-683.xml" "Mozilla/5.0 AppleWebKit/537.36 (KHTML, like Gecko; compatible; GPTBot/1.3; +https://openai.com/gptbot)" meupet.app 10.53.184.85
87.250.224.213 - - [23/Apr/2026:19:14:03 -0300] "GET /info/harass/02165299129 HTTP/1.1" 404 22975 "-" "Mozilla/5.0 (compatible; YandexBot/3.0; +http://yandex.com/bots)" meupet.app 10.53.184.85
74.7.227.128 - - [23/Apr/2026:19:14:10 -0300] "GET /info/nickelodeon/03711481890 HTTP/2.0" 404 23016 "https://meupet.app/sitemap-subitems-632.xml" "Mozilla/5.0 AppleWebKit/537.36 (KHTML, like Gecko; compatible; GPTBot/1.3; +https://openai.com/gptbot)" meupet.app 10.53.184.85
162.241.203.72 - - [23/Apr/2026:19:14:12 -0300] "POST /wp-cron.php?doing_wp_cron=1776982452.3923211097717285156250 HTTP/1.1" 200 - "-" "WordPress/6.9.4; https://meupet.app" meupet.app 10.53.184.85
74.7.227.128 - - [23/Apr/2026:19:14:27 -0300] "GET /info/colligation/03692544056 HTTP/2.0" 404 23011 "https://meupet.app/sitemap-subitems-409.xml" "Mozilla/5.0 AppleWebKit/537.36 (KHTML, like Gecko; compatible; GPTBot/1.3; +https://openai.com/gptbot)" meupet.app 10.53.184.85
74.7.227.128 - - [23/Apr/2026:19:14:45 -0300] "GET /info/marantaceae/03871273161 HTTP/2.0" 404 23012 "https://meupet.app/sitemap-subitems-304.xml" "Mozilla/5.0 AppleWebKit/537.36 (KHTML, like Gecko; compatible; GPTBot/1.3; +https://openai.com/gptbot)" meupet.app 10.53.184.85
74.7.227.128 - - [23/Apr/2026:19:15:02 -0300] "GET /info/optometrist/03830047019 HTTP/2.0" 404 23013 "https://meupet.app/sitemap-subitems-821.xml" "Mozilla/5.0 AppleWebKit/537.36 (KHTML, like Gecko; compatible; GPTBot/1.3; +https://openai.com/gptbot)" meupet.app 10.53.184.85
74.7.227.128 - - [23/Apr/2026:19:15:19 -0300] "GET /info/cushionless/05133790355 HTTP/2.0" 404 23014 "https://meupet.app/sitemap-subitems-2312.xml" "Mozilla/5.0 AppleWebKit/537.36 (KHTML, like Gecko; compatible; GPTBot/1.3; +https://openai.com/gptbot)" meupet.app 10.53.184.85
162.241.203.72 - - [23/Apr/2026:19:15:20 -0300] "POST /wp-cron.php?doing_wp_cron=1776982520.7064049243927001953125 HTTP/1.1" 200 - "-" "WordPress/6.9.4; https://meupet.app" meupet.app 10.53.184.85
74.7.227.128 - - [23/Apr/2026:19:15:37 -0300] "GET /info/flocculence/03851784139 HTTP/2.0" 404 23015 "https://meupet.app/sitemap-subitems-972.xml" "Mozilla/5.0 AppleWebKit/537.36 (KHTML, like Gecko; compatible; GPTBot/1.3; +https://openai.com/gptbot)" meupet.app 10.53.184.85
66.249.79.130 - - [23/Apr/2026:19:15:39 -0300] "GET /info/unsparing/122892855350 HTTP/1.1" 200 63553 "-" "Mozilla/5.0 (Linux; Android 6.0.1; Nexus 5X Build/MMB29P) AppleWebKit/537.36 (KHTML, like Gecko) Chrome/146.0.7680.177 Mobile Safari/537.36 (compatible; Googlebot/2.1; +http://www.google.com/bot.html)" meupet.app 10.53.184.85
74.7.227.128 - - [23/Apr/2026:19:15:55 -0300] "GET /info/opportunist/03115012918 HTTP/2.0" 404 23014 "https://meupet.app/sitemap-subitems-972.xml" "Mozilla/5.0 AppleWebKit/537.36 (KHTML, like Gecko; compatible; GPTBot/1.3; +https://openai.com/gptbot)" meupet.app 10.53.184.85
74.7.227.128 - - [23/Apr/2026:19:16:14 -0300] "GET /info/flannelette/03624689640 HTTP/2.0" 404 23015 "https://meupet.app/sitemap-subitems-760.xml" "Mozilla/5.0 AppleWebKit/537.36 (KHTML, like Gecko; compatible; GPTBot/1.3; +https://openai.com/gptbot)" meupet.app 10.53.184.85
162.241.203.72 - - [23/Apr/2026:19:16:15 -0300] "POST /wp-cron.php?doing_wp_cron=1776982575.6841769218444824218750 HTTP/1.1" 200 - "-" "WordPress/6.9.4; https://meupet.app" meupet.app 10.53.184.85
74.7.227.128 - - [23/Apr/2026:19:16:32 -0300] "GET /info/novatianism/03533156645 HTTP/2.0" 404 23014 "https://meupet.app/sitemap-subitems-753.xml" "Mozilla/5.0 AppleWebKit/537.36 (KHTML, like Gecko; compatible; GPTBot/1.3; +https://openai.com/gptbot)" meupet.app 10.53.184.85
74.7.227.128 - - [23/Apr/2026:19:16:49 -0300] "GET /info/woodknacker/03733874360 HTTP/2.0" 404 23015 "https://meupet.app/sitemap-subitems-367.xml" "Mozilla/5.0 AppleWebKit/537.36 (KHTML, like Gecko; compatible; GPTBot/1.3; +https://openai.com/gptbot)" meupet.app 10.53.184.85
74.7.227.128 - - [23/Apr/2026:19:17:06 -0300] "GET /info/pluriparous/03962590993 HTTP/2.0" 404 23014 "https://meupet.app/sitemap-subitems-935.xml" "Mozilla/5.0 AppleWebKit/537.36 (KHTML, like Gecko; compatible; GPTBot/1.3; +https://openai.com/gptbot)" meupet.app 10.53.184.85
162.241.203.72 - - [23/Apr/2026:19:17:08 -0300] "POST /wp-cron.php?doing_wp_cron=1776982628.1350200176239013671875 HTTP/1.1" 200 - "-" "WordPress/6.9.4; https://meupet.app" meupet.app 10.53.184.85
74.7.227.128 - - [23/Apr/2026:19:17:23 -0300] "GET /info/euchologion/03358054044 HTTP/2.0" 404 23012 "https://meupet.app/sitemap-subitems-304.xml" "Mozilla/5.0 AppleWebKit/537.36 (KHTML, like Gecko; compatible; GPTBot/1.3; +https://openai.com/gptbot)" meupet.app 10.53.184.85
74.7.227.128 - - [23/Apr/2026:19:17:40 -0300] "GET /info/silicioidea/05493340779 HTTP/2.0" 404 23013 "https://meupet.app/sitemap-subitems-2614.xml" "Mozilla/5.0 AppleWebKit/537.36 (KHTML, like Gecko; compatible; GPTBot/1.3; +https://openai.com/gptbot)" meupet.app 10.53.184.85
74.7.227.128 - - [23/Apr/2026:19:17:58 -0300] "GET /info/curettement/03109350407 HTTP/2.0" 404 23012 "https://meupet.app/sitemap-subitems-793.xml" "Mozilla/5.0 AppleWebKit/537.36 (KHTML, like Gecko; compatible; GPTBot/1.3; +https://openai.com/gptbot)" meupet.app 10.53.184.85
87.250.224.132 - - [23/Apr/2026:19:18:00 -0300] "GET /info/plummy/021756544916 HTTP/1.1" 404 22979 "-" "Mozilla/5.0 (compatible; YandexBot/3.0; +http://yandex.com/bots)" meupet.app 10.53.184.85
74.7.227.128 - - [23/Apr/2026:19:18:16 -0300] "GET /info/disoriented/05657091017 HTTP/2.0" 404 23015 "https://meupet.app/sitemap-subitems-1779.xml" "Mozilla/5.0 AppleWebKit/537.36 (KHTML, like Gecko; compatible; GPTBot/1.3; +https://openai.com/gptbot)" meupet.app 10.53.184.85
162.241.203.72 - - [23/Apr/2026:19:18:17 -0300] "POST /wp-cron.php?doing_wp_cron=1776982697.7425849437713623046875 HTTP/1.1" 200 - "-" "WordPress/6.9.4; https://meupet.app" meupet.app 10.53.184.85
74.7.227.128 - - [23/Apr/2026:19:18:34 -0300] "GET /info/antennarius/05602688196 HTTP/2.0" 404 23015 "https://meupet.app/sitemap-subitems-2157.xml" "Mozilla/5.0 AppleWebKit/537.36 (KHTML, like Gecko; compatible; GPTBot/1.3; +https://openai.com/gptbot)" meupet.app 10.53.184.85
74.7.227.128 - - [23/Apr/2026:19:18:52 -0300] "GET /info/nickelodeon/05779194016 HTTP/2.0" 404 23017 "https://meupet.app/sitemap-subitems-3060.xml" "Mozilla/5.0 AppleWebKit/537.36 (KHTML, like Gecko; compatible; GPTBot/1.3; +https://openai.com/gptbot)" meupet.app 10.53.184.85
74.7.227.128 - - [23/Apr/2026:19:19:10 -0300] "GET /info/renaissance/05647681574 HTTP/2.0" 404 23015 "https://meupet.app/sitemap-subitems-2669.xml" "Mozilla/5.0 AppleWebKit/537.36 (KHTML, like Gecko; compatible; GPTBot/1.3; +https://openai.com/gptbot)" meupet.app 10.53.184.85
162.241.203.72 - - [23/Apr/2026:19:19:12 -0300] "POST /wp-cron.php?doing_wp_cron=1776982752.5570499897003173828125 HTTP/1.1" 200 - "-" "WordPress/6.9.4; https://meupet.app" meupet.app 10.53.184.85
74.7.227.128 - - [23/Apr/2026:19:19:28 -0300] "GET /info/tyrannously/05770407497 HTTP/2.0" 404 23017 "https://meupet.app/sitemap-subitems-1105.xml" "Mozilla/5.0 AppleWebKit/537.36 (KHTML, like Gecko; compatible; GPTBot/1.3; +https://openai.com/gptbot)" meupet.app 10.53.184.85
74.7.227.128 - - [23/Apr/2026:19:19:46 -0300] "GET /info/overmagnify/04668560862 HTTP/2.0" 404 23016 "https://meupet.app/sitemap-subitems-787.xml" "Mozilla/5.0 AppleWebKit/537.36 (KHTML, like Gecko; compatible; GPTBot/1.3; +https://openai.com/gptbot)" meupet.app 10.53.184.85
74.7.227.128 - - [23/Apr/2026:19:20:04 -0300] "GET /info/appreciable/03858813351 HTTP/2.0" 404 23013 "https://meupet.app/sitemap-subitems-753.xml" "Mozilla/5.0 AppleWebKit/537.36 (KHTML, like Gecko; compatible; GPTBot/1.3; +https://openai.com/gptbot)" meupet.app 10.53.184.85
162.241.203.72 - - [23/Apr/2026:19:20:06 -0300] "POST /wp-cron.php?doing_wp_cron=1776982806.0938880443572998046875 HTTP/1.1" 200 - "-" "WordPress/6.9.4; https://meupet.app" meupet.app 10.53.184.85
74.7.227.128 - - [23/Apr/2026:19:20:21 -0300] "GET /info/ventrimeson/05347461433 HTTP/2.0" 404 23015 "https://meupet.app/sitemap-subitems-2284.xml" "Mozilla/5.0 AppleWebKit/537.36 (KHTML, like Gecko; compatible; GPTBot/1.3; +https://openai.com/gptbot)" meupet.app 10.53.184.85
74.7.227.128 - - [23/Apr/2026:19:20:38 -0300] "GET /info/monocardian/03977196735 HTTP/2.0" 404 23012 "https://meupet.app/sitemap-subitems-821.xml" "Mozilla/5.0 AppleWebKit/537.36 (KHTML, like Gecko; compatible; GPTBot/1.3; +https://openai.com/gptbot)" meupet.app 10.53.184.85
66.249.79.129 - - [23/Apr/2026:19:20:50 -0300] "GET /info/commonable/124090048358 HTTP/1.1" 200 54486 "-" "Mozilla/5.0 (Linux; Android 6.0.1; Nexus 5X Build/MMB29P) AppleWebKit/537.36 (KHTML, like Gecko) Chrome/146.0.7680.177 Mobile Safari/537.36 (compatible; Googlebot/2.1; +http://www.google.com/bot.html)" meupet.app 10.53.184.85
74.7.227.128 - - [23/Apr/2026:19:20:55 -0300] "GET /info/unguiculata/03158433020 HTTP/2.0" 404 23013 "https://meupet.app/sitemap-subitems-935.xml" "Mozilla/5.0 AppleWebKit/537.36 (KHTML, like Gecko; compatible; GPTBot/1.3; +https://openai.com/gptbot)" meupet.app 10.53.184.85
74.7.227.128 - - [23/Apr/2026:19:21:13 -0300] "GET /info/omniscience/03650188246 HTTP/2.0" 404 23015 "https://meupet.app/sitemap-subitems-821.xml" "Mozilla/5.0 AppleWebKit/537.36 (KHTML, like Gecko; compatible; GPTBot/1.3; +https://openai.com/gptbot)" meupet.app 10.53.184.85
74.7.227.128 - - [23/Apr/2026:19:21:30 -0300] "GET /info/orthoscopic/04224154066 HTTP/2.0" 404 23014 "https://meupet.app/sitemap-subitems-585.xml" "Mozilla/5.0 AppleWebKit/537.36 (KHTML, like Gecko; compatible; GPTBot/1.3; +https://openai.com/gptbot)" meupet.app 10.53.184.85
74.7.227.128 - - [23/Apr/2026:19:21:48 -0300] "GET /info/procellaria/03396007701 HTTP/2.0" 404 23015 "https://meupet.app/sitemap-subitems-409.xml" "Mozilla/5.0 AppleWebKit/537.36 (KHTML, like Gecko; compatible; GPTBot/1.3; +https://openai.com/gptbot)" meupet.app 10.53.184.85
74.7.227.128 - - [23/Apr/2026:19:22:06 -0300] "GET /info/barbicanage/04431547800 HTTP/2.0" 404 23013 "https://meupet.app/sitemap-subitems-787.xml" "Mozilla/5.0 AppleWebKit/537.36 (KHTML, like Gecko; compatible; GPTBot/1.3; +https://openai.com/gptbot)" meupet.app 10.53.184.85
162.241.203.72 - - [23/Apr/2026:19:22:08 -0300] "POST /wp-cron.php?doing_wp_cron=1776982928.2269740104675292968750 HTTP/1.1" 200 - "-" "WordPress/6.9.4; https://meupet.app" meupet.app 10.53.184.85
74.7.227.128 - - [23/Apr/2026:19:22:23 -0300] "GET /info/suspiciency/05457556367 HTTP/2.0" 404 23014 "https://meupet.app/sitemap-subitems-2312.xml" "Mozilla/5.0 AppleWebKit/537.36 (KHTML, like Gecko; compatible; GPTBot/1.3; +https://openai.com/gptbot)" meupet.app 10.53.184.85
77.90.185.5 - - [23/Apr/2026:19:22:34 -0300] "GET / HTTP/1.0" 200 148368 "https://meupet.app/" "Mozilla/5.0 (Windows NT 10.0; Win64; x64) AppleWebKit/537.36 (KHTML, like Gecko) Chrome/131.0.0.0 Safari/537.36 Avast/131.0.0.0" meupet.app 10.53.184.85
162.241.203.72 - - [23/Apr/2026:19:22:36 -0300] "POST /wp-cron.php?doing_wp_cron=1776982956.1650791168212890625000 HTTP/1.1" 200 - "-" "WordPress/6.9.4; https://meupet.app" meupet.app 10.53.184.85
74.7.227.128 - - [23/Apr/2026:19:22:41 -0300] "GET /info/repulseless/05172076156 HTTP/2.0" 404 23015 "https://meupet.app/sitemap-subitems-2006.xml" "Mozilla/5.0 AppleWebKit/537.36 (KHTML, like Gecko; compatible; GPTBot/1.3; +https://openai.com/gptbot)" meupet.app 10.53.184.85
74.7.227.128 - - [23/Apr/2026:19:22:57 -0300] "GET /info/countryfied/05754871707 HTTP/2.0" 404 23016 "https://meupet.app/sitemap-subitems-1105.xml" "Mozilla/5.0 AppleWebKit/537.36 (KHTML, like Gecko; compatible; GPTBot/1.3; +https://openai.com/gptbot)" meupet.app 10.53.184.85
66.249.79.130 - - [23/Apr/2026:19:23:04 -0300] "GET /info/fengite/123858442412 HTTP/1.1" 200 54788 "-" "Mozilla/5.0 (Linux; Android 6.0.1; Nexus 5X Build/MMB29P) AppleWebKit/537.36 (KHTML, like Gecko) Chrome/146.0.7680.177 Mobile Safari/537.36 (compatible; Googlebot/2.1; +http://www.google.com/bot.html)" meupet.app 10.53.184.85
74.7.227.128 - - [23/Apr/2026:19:23:15 -0300] "GET /info/attentional/03435466858 HTTP/2.0" 404 23012 "https://meupet.app/sitemap-subitems-850.xml" "Mozilla/5.0 AppleWebKit/537.36 (KHTML, like Gecko; compatible; GPTBot/1.3; +https://openai.com/gptbot)" meupet.app 10.53.184.85
162.241.203.72 - - [23/Apr/2026:19:23:16 -0300] "POST /wp-cron.php?doing_wp_cron=1776982996.8194770812988281250000 HTTP/1.1" 200 - "-" "WordPress/6.9.4; https://meupet.app" meupet.app 10.53.184.85
74.7.227.128 - - [23/Apr/2026:19:23:32 -0300] "GET /info/shittleness/03419464724 HTTP/2.0" 404 23012 "https://meupet.app/sitemap-subitems-935.xml" "Mozilla/5.0 AppleWebKit/537.36 (KHTML, like Gecko; compatible; GPTBot/1.3; +https://openai.com/gptbot)" meupet.app 10.53.184.85
74.7.227.128 - - [23/Apr/2026:19:23:50 -0300] "GET /info/delactation/05421125295 HTTP/2.0" 404 23010 "https://meupet.app/sitemap-subitems-2312.xml" "Mozilla/5.0 AppleWebKit/537.36 (KHTML, like Gecko; compatible; GPTBot/1.3; +https://openai.com/gptbot)" meupet.app 10.53.184.85
74.7.227.128 - - [23/Apr/2026:19:24:08 -0300] "GET /info/sectionally/04581565516 HTTP/2.0" 404 23010 "https://meupet.app/sitemap-subitems-939.xml" "Mozilla/5.0 AppleWebKit/537.36 (KHTML, like Gecko; compatible; GPTBot/1.3; +https://openai.com/gptbot)" meupet.app 10.53.184.85
162.241.203.72 - - [23/Apr/2026:19:24:09 -0300] "POST /wp-cron.php?doing_wp_cron=1776983049.4676089286804199218750 HTTP/1.1" 200 - "-" "WordPress/6.9.4; https://meupet.app" meupet.app 10.53.184.85
74.7.227.128 - - [23/Apr/2026:19:24:24 -0300] "GET /info/subjunction/05818300902 HTTP/2.0" 404 23011 "https://meupet.app/sitemap-subitems-2006.xml" "Mozilla/5.0 AppleWebKit/537.36 (KHTML, like Gecko; compatible; GPTBot/1.3; +https://openai.com/gptbot)" meupet.app 10.53.184.85
74.7.227.128 - - [23/Apr/2026:19:24:42 -0300] "GET /info/carburetion/03560626675 HTTP/2.0" 404 23013 "https://meupet.app/sitemap-subitems-821.xml" "Mozilla/5.0 AppleWebKit/537.36 (KHTML, like Gecko; compatible; GPTBot/1.3; +https://openai.com/gptbot)" meupet.app 10.53.184.85
213.180.203.169 - - [23/Apr/2026:19:24:52 -0300] "GET /info/hypaspist/021941779246 HTTP/1.1" 404 22987 "-" "Mozilla/5.0 (compatible; YandexBot/3.0; +http://yandex.com/bots)" meupet.app 10.53.184.85
66.249.79.128 - - [23/Apr/2026:19:24:53 -0300] "GET /info/insinuator/102930283696 HTTP/1.1" 200 58041 "-" "Mozilla/5.0 (Linux; Android 6.0.1; Nexus 5X Build/MMB29P) AppleWebKit/537.36 (KHTML, like Gecko) Chrome/146.0.7680.177 Mobile Safari/537.36 (compatible; GoogleOther)" meupet.app 10.53.184.85
74.7.227.128 - - [23/Apr/2026:19:25:00 -0300] "GET /info/lophosteons/03632664460 HTTP/2.0" 404 23013 "https://meupet.app/sitemap-subitems-738.xml" "Mozilla/5.0 AppleWebKit/537.36 (KHTML, like Gecko; compatible; GPTBot/1.3; +https://openai.com/gptbot)" meupet.app 10.53.184.85
74.7.227.128 - - [23/Apr/2026:19:25:18 -0300] "GET /info/nonexistent/03876347719 HTTP/2.0" 404 23007 "https://meupet.app/?sitemap.xml" "Mozilla/5.0 AppleWebKit/537.36 (KHTML, like Gecko; compatible; GPTBot/1.3; +https://openai.com/gptbot)" meupet.app 10.53.184.85
74.7.227.128 - - [23/Apr/2026:19:25:36 -0300] "GET /info/camaraderie/03389880916 HTTP/2.0" 404 23015 "https://meupet.app/sitemap-subitems-713.xml" "Mozilla/5.0 AppleWebKit/537.36 (KHTML, like Gecko; compatible; GPTBot/1.3; +https://openai.com/gptbot)" meupet.app 10.53.184.85
