20.151.104.6 - - [23/Apr/2026:18:41:10 -0300] "GET /leaf.php HTTP/1.1" 409 83 "-" "Mozilla/5.0 (Windows NT 10.0; Win64; x64) AppleWebKit/537.36 (KHTML, like Gecko) Chrome/120.0.0.0 Safari/537.36" meupet.app 10.53.184.85
20.151.104.6 - - [23/Apr/2026:18:41:11 -0300] "GET /grsiuk.php HTTP/1.1" 409 83 "-" "Mozilla/5.0 (Windows NT 10.0; Win64; x64) AppleWebKit/537.36 (KHTML, like Gecko) Chrome/120.0.0.0 Safari/537.36" meupet.app 10.53.184.85
20.151.104.6 - - [23/Apr/2026:18:41:12 -0300] "GET /8.php HTTP/1.1" 409 83 "-" "Mozilla/5.0 (Windows NT 10.0; Win64; x64) AppleWebKit/537.36 (KHTML, like Gecko) Chrome/120.0.0.0 Safari/537.36" meupet.app 10.53.184.85
74.7.227.128 - - [23/Apr/2026:18:41:11 -0300] "GET /info/stickful/052581374139 HTTP/2.0" 404 23014 "https://meupet.app/sitemap-subitems-2669.xml" "Mozilla/5.0 AppleWebKit/537.36 (KHTML, like Gecko; compatible; GPTBot/1.3; +https://openai.com/gptbot)" meupet.app 10.53.184.85
20.151.104.6 - - [23/Apr/2026:18:41:12 -0300] "GET /fs.php HTTP/1.1" 409 83 "-" "Mozilla/5.0 (Windows NT 10.0; Win64; x64) AppleWebKit/537.36 (KHTML, like Gecko) Chrome/120.0.0.0 Safari/537.36" meupet.app 10.53.184.85
66.249.79.130 - - [23/Apr/2026:18:41:12 -0300] "GET /info/epimarchus/121002727110 HTTP/1.1" 200 58795 "-" "Mozilla/5.0 (Linux; Android 6.0.1; Nexus 5X Build/MMB29P) AppleWebKit/537.36 (KHTML, like Gecko) Chrome/146.0.7680.177 Mobile Safari/537.36 (compatible; Googlebot/2.1; +http://www.google.com/bot.html)" meupet.app 10.53.184.85
20.151.104.6 - - [23/Apr/2026:18:41:13 -0300] "GET /ws38.php HTTP/1.1" 409 83 "-" "Mozilla/5.0 (Windows NT 10.0; Win64; x64) AppleWebKit/537.36 (KHTML, like Gecko) Chrome/120.0.0.0 Safari/537.36" meupet.app 10.53.184.85
20.151.104.6 - - [23/Apr/2026:18:41:15 -0300] "GET /a7.php HTTP/1.1" 409 83 "-" "Mozilla/5.0 (Windows NT 10.0; Win64; x64) AppleWebKit/537.36 (KHTML, like Gecko) Chrome/120.0.0.0 Safari/537.36" meupet.app 10.53.184.85
74.7.227.128 - - [23/Apr/2026:18:41:15 -0300] "GET /info/penumbra/051731067342 HTTP/2.0" 404 23012 "https://meupet.app/sitemap-subitems-2312.xml" "Mozilla/5.0 AppleWebKit/537.36 (KHTML, like Gecko; compatible; GPTBot/1.3; +https://openai.com/gptbot)" meupet.app 10.53.184.85
20.151.104.6 - - [23/Apr/2026:18:41:15 -0300] "GET /classsmtps.php HTTP/1.1" 409 83 "-" "Mozilla/5.0 (Windows NT 10.0; Win64; x64) AppleWebKit/537.36 (KHTML, like Gecko) Chrome/120.0.0.0 Safari/537.36" meupet.app 10.53.184.85
20.151.104.6 - - [23/Apr/2026:18:41:16 -0300] "GET /amax.php HTTP/1.1" 409 83 "-" "Mozilla/5.0 (Windows NT 10.0; Win64; x64) AppleWebKit/537.36 (KHTML, like Gecko) Chrome/120.0.0.0 Safari/537.36" meupet.app 10.53.184.85
20.151.104.6 - - [23/Apr/2026:18:41:18 -0300] "GET /CDX1.php HTTP/1.1" 409 83 "-" "Mozilla/5.0 (Windows NT 10.0; Win64; x64) AppleWebKit/537.36 (KHTML, like Gecko) Chrome/120.0.0.0 Safari/537.36" meupet.app 10.53.184.85
20.151.104.6 - - [23/Apr/2026:18:41:19 -0300] "GET /rip.php HTTP/1.1" 409 83 "-" "Mozilla/5.0 (Windows NT 10.0; Win64; x64) AppleWebKit/537.36 (KHTML, like Gecko) Chrome/120.0.0.0 Safari/537.36" meupet.app 10.53.184.85
74.7.227.128 - - [23/Apr/2026:18:41:19 -0300] "GET /info/gestural/051393419364 HTTP/2.0" 404 23012 "https://meupet.app/sitemap-subitems-1779.xml" "Mozilla/5.0 AppleWebKit/537.36 (KHTML, like Gecko; compatible; GPTBot/1.3; +https://openai.com/gptbot)" meupet.app 10.53.184.85
20.151.104.6 - - [23/Apr/2026:18:41:21 -0300] "GET /1.php HTTP/1.1" 409 83 "-" "Mozilla/5.0 (Windows NT 10.0; Win64; x64) AppleWebKit/537.36 (KHTML, like Gecko) Chrome/120.0.0.0 Safari/537.36" meupet.app 10.53.184.85
20.151.104.6 - - [23/Apr/2026:18:41:22 -0300] "GET /chosen.php HTTP/1.1" 409 83 "-" "Mozilla/5.0 (Windows NT 10.0; Win64; x64) AppleWebKit/537.36 (KHTML, like Gecko) Chrome/120.0.0.0 Safari/537.36" meupet.app 10.53.184.85
20.151.104.6 - - [23/Apr/2026:18:41:22 -0300] "GET /css.php HTTP/1.1" 409 83 "-" "Mozilla/5.0 (Windows NT 10.0; Win64; x64) AppleWebKit/537.36 (KHTML, like Gecko) Chrome/120.0.0.0 Safari/537.36" meupet.app 10.53.184.85
74.7.227.128 - - [23/Apr/2026:18:41:22 -0300] "GET /info/umbecast/052615219044 HTTP/2.0" 404 23010 "https://meupet.app/sitemap-subitems-1779.xml" "Mozilla/5.0 AppleWebKit/537.36 (KHTML, like Gecko; compatible; GPTBot/1.3; +https://openai.com/gptbot)" meupet.app 10.53.184.85
20.151.104.6 - - [23/Apr/2026:18:41:23 -0300] "GET /php.php HTTP/1.1" 409 83 "-" "Mozilla/5.0 (Windows NT 10.0; Win64; x64) AppleWebKit/537.36 (KHTML, like Gecko) Chrome/120.0.0.0 Safari/537.36" meupet.app 10.53.184.85
20.151.104.6 - - [23/Apr/2026:18:41:24 -0300] "GET /wp-Blogs.php HTTP/1.1" 409 83 "-" "Mozilla/5.0 (Windows NT 10.0; Win64; x64) AppleWebKit/537.36 (KHTML, like Gecko) Chrome/120.0.0.0 Safari/537.36" meupet.app 10.53.184.85
20.151.104.6 - - [23/Apr/2026:18:41:24 -0300] "GET /wp-content/index.php HTTP/1.1" 409 83 "-" "Mozilla/5.0 (Windows NT 10.0; Win64; x64) AppleWebKit/537.36 (KHTML, like Gecko) Chrome/120.0.0.0 Safari/537.36" meupet.app 10.53.184.85
20.151.104.6 - - [23/Apr/2026:18:41:25 -0300] "GET /wp-content/plugins/beteng88/ws83.php HTTP/1.1" 409 83 "-" "Mozilla/5.0 (Windows NT 10.0; Win64; x64) AppleWebKit/537.36 (KHTML, like Gecko) Chrome/120.0.0.0 Safari/537.36" meupet.app 10.53.184.85
20.151.104.6 - - [23/Apr/2026:18:41:26 -0300] "GET /ws83.php HTTP/1.1" 409 83 "-" "Mozilla/5.0 (Windows NT 10.0; Win64; x64) AppleWebKit/537.36 (KHTML, like Gecko) Chrome/120.0.0.0 Safari/537.36" meupet.app 10.53.184.85
20.151.104.6 - - [23/Apr/2026:18:41:27 -0300] "GET /file61.php HTTP/1.1" 409 83 "-" "Mozilla/5.0 (Windows NT 10.0; Win64; x64) AppleWebKit/537.36 (KHTML, like Gecko) Chrome/120.0.0.0 Safari/537.36" meupet.app 10.53.184.85
74.7.227.128 - - [23/Apr/2026:18:41:26 -0300] "GET /info/labiated/051693587694 HTTP/2.0" 404 23013 "https://meupet.app/sitemap-subitems-2312.xml" "Mozilla/5.0 AppleWebKit/537.36 (KHTML, like Gecko; compatible; GPTBot/1.3; +https://openai.com/gptbot)" meupet.app 10.53.184.85
20.151.104.6 - - [23/Apr/2026:18:41:28 -0300] "GET /sadcut1.php HTTP/1.1" 409 83 "-" "Mozilla/5.0 (Windows NT 10.0; Win64; x64) AppleWebKit/537.36 (KHTML, like Gecko) Chrome/120.0.0.0 Safari/537.36" meupet.app 10.53.184.85
20.151.104.6 - - [23/Apr/2026:18:41:29 -0300] "GET /y.php HTTP/1.1" 409 83 "-" "Mozilla/5.0 (Windows NT 10.0; Win64; x64) AppleWebKit/537.36 (KHTML, like Gecko) Chrome/120.0.0.0 Safari/537.36" meupet.app 10.53.184.85
20.151.104.6 - - [23/Apr/2026:18:41:29 -0300] "GET /akcc.php HTTP/1.1" 409 83 "-" "Mozilla/5.0 (Windows NT 10.0; Win64; x64) AppleWebKit/537.36 (KHTML, like Gecko) Chrome/120.0.0.0 Safari/537.36" meupet.app 10.53.184.85
66.249.79.128 - - [23/Apr/2026:18:41:29 -0300] "GET /info/spiritualizing/12893584699 HTTP/1.1" 200 60182 "-" "Mozilla/5.0 (Linux; Android 6.0.1; Nexus 5X Build/MMB29P) AppleWebKit/537.36 (KHTML, like Gecko) Chrome/146.0.7680.177 Mobile Safari/537.36 (compatible; Googlebot/2.1; +http://www.google.com/bot.html)" meupet.app 10.53.184.85
74.7.227.128 - - [23/Apr/2026:18:41:30 -0300] "GET /info/absently/052489165189 HTTP/2.0" 404 23014 "https://meupet.app/sitemap-subitems-1749.xml" "Mozilla/5.0 AppleWebKit/537.36 (KHTML, like Gecko; compatible; GPTBot/1.3; +https://openai.com/gptbot)" meupet.app 10.53.184.85
20.151.104.6 - - [23/Apr/2026:18:41:31 -0300] "GET /wp-admin/user/12.php HTTP/1.1" 409 83 "-" "Mozilla/5.0 (Windows NT 10.0; Win64; x64) AppleWebKit/537.36 (KHTML, like Gecko) Chrome/120.0.0.0 Safari/537.36" meupet.app 10.53.184.85
20.151.104.6 - - [23/Apr/2026:18:41:32 -0300] "GET /index/function.php HTTP/1.1" 409 83 "-" "Mozilla/5.0 (Windows NT 10.0; Win64; x64) AppleWebKit/537.36 (KHTML, like Gecko) Chrome/120.0.0.0 Safari/537.36" meupet.app 10.53.184.85
20.151.104.6 - - [23/Apr/2026:18:41:33 -0300] "GET /term.php HTTP/1.1" 409 83 "-" "Mozilla/5.0 (Windows NT 10.0; Win64; x64) AppleWebKit/537.36 (KHTML, like Gecko) Chrome/120.0.0.0 Safari/537.36" meupet.app 10.53.184.85
74.7.227.128 - - [23/Apr/2026:18:41:33 -0300] "GET /info/verminly/052637814191 HTTP/2.0" 404 23014 "https://meupet.app/sitemap-subitems-2312.xml" "Mozilla/5.0 AppleWebKit/537.36 (KHTML, like Gecko; compatible; GPTBot/1.3; +https://openai.com/gptbot)" meupet.app 10.53.184.85
20.151.104.6 - - [23/Apr/2026:18:41:34 -0300] "GET /666.php HTTP/1.1" 409 83 "-" "Mozilla/5.0 (Windows NT 10.0; Win64; x64) AppleWebKit/537.36 (KHTML, like Gecko) Chrome/120.0.0.0 Safari/537.36" meupet.app 10.53.184.85
20.151.104.6 - - [23/Apr/2026:18:41:35 -0300] "GET /7.php HTTP/1.1" 409 83 "-" "Mozilla/5.0 (Windows NT 10.0; Win64; x64) AppleWebKit/537.36 (KHTML, like Gecko) Chrome/120.0.0.0 Safari/537.36" meupet.app 10.53.184.85
20.151.104.6 - - [23/Apr/2026:18:41:36 -0300] "GET /wp-config-sample.php HTTP/1.1" 409 83 "-" "Mozilla/5.0 (Windows NT 10.0; Win64; x64) AppleWebKit/537.36 (KHTML, like Gecko) Chrome/120.0.0.0 Safari/537.36" meupet.app 10.53.184.85
20.151.104.6 - - [23/Apr/2026:18:41:37 -0300] "GET /log.php HTTP/1.1" 409 83 "-" "Mozilla/5.0 (Windows NT 10.0; Win64; x64) AppleWebKit/537.36 (KHTML, like Gecko) Chrome/120.0.0.0 Safari/537.36" meupet.app 10.53.184.85
74.7.227.128 - - [23/Apr/2026:18:41:37 -0300] "GET /info/forwaked/053412892734 HTTP/2.0" 404 23013 "https://meupet.app/sitemap-subitems-2006.xml" "Mozilla/5.0 AppleWebKit/537.36 (KHTML, like Gecko; compatible; GPTBot/1.3; +https://openai.com/gptbot)" meupet.app 10.53.184.85
20.151.104.6 - - [23/Apr/2026:18:41:38 -0300] "GET /a5.php HTTP/1.1" 409 83 "-" "Mozilla/5.0 (Windows NT 10.0; Win64; x64) AppleWebKit/537.36 (KHTML, like Gecko) Chrome/120.0.0.0 Safari/537.36" meupet.app 10.53.184.85
20.151.104.6 - - [23/Apr/2026:18:41:38 -0300] "GET /aa.php HTTP/1.1" 409 83 "-" "Mozilla/5.0 (Windows NT 10.0; Win64; x64) AppleWebKit/537.36 (KHTML, like Gecko) Chrome/120.0.0.0 Safari/537.36" meupet.app 10.53.184.85
20.151.104.6 - - [23/Apr/2026:18:41:39 -0300] "GET /bolt.php HTTP/1.1" 409 83 "-" "Mozilla/5.0 (Windows NT 10.0; Win64; x64) AppleWebKit/537.36 (KHTML, like Gecko) Chrome/120.0.0.0 Safari/537.36" meupet.app 10.53.184.85
20.151.104.6 - - [23/Apr/2026:18:41:40 -0300] "GET /x.php HTTP/1.1" 409 83 "-" "Mozilla/5.0 (Windows NT 10.0; Win64; x64) AppleWebKit/537.36 (KHTML, like Gecko) Chrome/120.0.0.0 Safari/537.36" meupet.app 10.53.184.85
20.151.104.6 - - [23/Apr/2026:18:41:41 -0300] "GET /jga.php HTTP/1.1" 409 83 "-" "Mozilla/5.0 (Windows NT 10.0; Win64; x64) AppleWebKit/537.36 (KHTML, like Gecko) Chrome/120.0.0.0 Safari/537.36" meupet.app 10.53.184.85
74.7.227.128 - - [23/Apr/2026:18:41:40 -0300] "GET /info/anaerobies/059227095 HTTP/2.0" 404 23004 "https://meupet.app/sitemap-subitems-2006.xml" "Mozilla/5.0 AppleWebKit/537.36 (KHTML, like Gecko; compatible; GPTBot/1.3; +https://openai.com/gptbot)" meupet.app 10.53.184.85
20.151.104.6 - - [23/Apr/2026:18:41:42 -0300] "GET /k.php HTTP/1.1" 409 83 "-" "Mozilla/5.0 (Windows NT 10.0; Win64; x64) AppleWebKit/537.36 (KHTML, like Gecko) Chrome/120.0.0.0 Safari/537.36" meupet.app 10.53.184.85
20.151.104.6 - - [23/Apr/2026:18:41:43 -0300] "GET /vx.php HTTP/1.1" 409 83 "-" "Mozilla/5.0 (Windows NT 10.0; Win64; x64) AppleWebKit/537.36 (KHTML, like Gecko) Chrome/120.0.0.0 Safari/537.36" meupet.app 10.53.184.85
20.151.104.6 - - [23/Apr/2026:18:41:43 -0300] "GET /ws77.php HTTP/1.1" 409 83 "-" "Mozilla/5.0 (Windows NT 10.0; Win64; x64) AppleWebKit/537.36 (KHTML, like Gecko) Chrome/120.0.0.0 Safari/537.36" meupet.app 10.53.184.85
20.151.104.6 - - [23/Apr/2026:18:41:44 -0300] "GET /2.php HTTP/1.1" 409 83 "-" "Mozilla/5.0 (Windows NT 10.0; Win64; x64) AppleWebKit/537.36 (KHTML, like Gecko) Chrome/120.0.0.0 Safari/537.36" meupet.app 10.53.184.85
20.151.104.6 - - [23/Apr/2026:18:41:45 -0300] "GET /abcd.php HTTP/1.1" 409 83 "-" "Mozilla/5.0 (Windows NT 10.0; Win64; x64) AppleWebKit/537.36 (KHTML, like Gecko) Chrome/120.0.0.0 Safari/537.36" meupet.app 10.53.184.85
74.7.227.128 - - [23/Apr/2026:18:41:44 -0300] "GET /info/flooring/01173072132 HTTP/2.0" 404 22998 "https://meupet.app/?sitemap.xml" "Mozilla/5.0 AppleWebKit/537.36 (KHTML, like Gecko; compatible; GPTBot/1.3; +https://openai.com/gptbot)" meupet.app 10.53.184.85
20.151.104.6 - - [23/Apr/2026:18:41:45 -0300] "GET /wp-content/plugins/admin.php HTTP/1.1" 409 83 "-" "Mozilla/5.0 (Windows NT 10.0; Win64; x64) AppleWebKit/537.36 (KHTML, like Gecko) Chrome/120.0.0.0 Safari/537.36" meupet.app 10.53.184.85
20.151.104.6 - - [23/Apr/2026:18:41:46 -0300] "GET /asd.php HTTP/1.1" 409 83 "-" "Mozilla/5.0 (Windows NT 10.0; Win64; x64) AppleWebKit/537.36 (KHTML, like Gecko) Chrome/120.0.0.0 Safari/537.36" meupet.app 10.53.184.85
20.151.104.6 - - [23/Apr/2026:18:41:47 -0300] "GET /default.php HTTP/1.1" 409 83 "-" "Mozilla/5.0 (Windows NT 10.0; Win64; x64) AppleWebKit/537.36 (KHTML, like Gecko) Chrome/120.0.0.0 Safari/537.36" meupet.app 10.53.184.85
20.151.104.6 - - [23/Apr/2026:18:41:48 -0300] "GET /gettest.php HTTP/1.1" 409 83 "-" "Mozilla/5.0 (Windows NT 10.0; Win64; x64) AppleWebKit/537.36 (KHTML, like Gecko) Chrome/120.0.0.0 Safari/537.36" meupet.app 10.53.184.85
74.7.227.128 - - [23/Apr/2026:18:41:48 -0300] "GET /info/pimpillo/03302987300 HTTP/2.0" 404 22996 "https://meupet.app/?sitemap.xml" "Mozilla/5.0 AppleWebKit/537.36 (KHTML, like Gecko; compatible; GPTBot/1.3; +https://openai.com/gptbot)" meupet.app 10.53.184.85
20.151.104.6 - - [23/Apr/2026:18:41:48 -0300] "GET /install.php HTTP/1.1" 409 83 "-" "Mozilla/5.0 (Windows NT 10.0; Win64; x64) AppleWebKit/537.36 (KHTML, like Gecko) Chrome/120.0.0.0 Safari/537.36" meupet.app 10.53.184.85
20.151.104.6 - - [23/Apr/2026:18:41:50 -0300] "GET /tfm.php HTTP/1.1" 409 83 "-" "Mozilla/5.0 (Windows NT 10.0; Win64; x64) AppleWebKit/537.36 (KHTML, like Gecko) Chrome/120.0.0.0 Safari/537.36" meupet.app 10.53.184.85
20.151.104.6 - - [23/Apr/2026:18:41:51 -0300] "GET /ws81.php HTTP/1.1" 409 83 "-" "Mozilla/5.0 (Windows NT 10.0; Win64; x64) AppleWebKit/537.36 (KHTML, like Gecko) Chrome/120.0.0.0 Safari/537.36" meupet.app 10.53.184.85
20.151.104.6 - - [23/Apr/2026:18:41:52 -0300] "GET /222.php HTTP/1.1" 409 83 "-" "Mozilla/5.0 (Windows NT 10.0; Win64; x64) AppleWebKit/537.36 (KHTML, like Gecko) Chrome/120.0.0.0 Safari/537.36" meupet.app 10.53.184.85
74.7.227.128 - - [23/Apr/2026:18:41:52 -0300] "GET /info/tennyson/03537031071 HTTP/2.0" 404 23004 "https://meupet.app/sitemap-subitems-632.xml" "Mozilla/5.0 AppleWebKit/537.36 (KHTML, like Gecko; compatible; GPTBot/1.3; +https://openai.com/gptbot)" meupet.app 10.53.184.85
20.151.104.6 - - [23/Apr/2026:18:41:52 -0300] "GET /t.php HTTP/1.1" 409 83 "-" "Mozilla/5.0 (Windows NT 10.0; Win64; x64) AppleWebKit/537.36 (KHTML, like Gecko) Chrome/120.0.0.0 Safari/537.36" meupet.app 10.53.184.85
20.151.104.6 - - [23/Apr/2026:18:41:53 -0300] "GET /wp-admin/maint/index.php HTTP/1.1" 409 83 "-" "Mozilla/5.0 (Windows NT 10.0; Win64; x64) AppleWebKit/537.36 (KHTML, like Gecko) Chrome/120.0.0.0 Safari/537.36" meupet.app 10.53.184.85
20.151.104.6 - - [23/Apr/2026:18:41:54 -0300] "GET /6xBAm3vODE05BSzkJZRAws.php HTTP/1.1" 409 83 "-" "Mozilla/5.0 (Windows NT 10.0; Win64; x64) AppleWebKit/537.36 (KHTML, like Gecko) Chrome/120.0.0.0 Safari/537.36" meupet.app 10.53.184.85
20.151.104.6 - - [23/Apr/2026:18:41:55 -0300] "GET /a.php HTTP/1.1" 409 83 "-" "Mozilla/5.0 (Windows NT 10.0; Win64; x64) AppleWebKit/537.36 (KHTML, like Gecko) Chrome/120.0.0.0 Safari/537.36" meupet.app 10.53.184.85
74.7.227.128 - - [23/Apr/2026:18:41:55 -0300] "GET /info/cinching/11368203611 HTTP/2.0" 404 22999 "https://meupet.app/?sitemap.xml" "Mozilla/5.0 AppleWebKit/537.36 (KHTML, like Gecko; compatible; GPTBot/1.3; +https://openai.com/gptbot)" meupet.app 10.53.184.85
20.151.104.6 - - [23/Apr/2026:18:41:56 -0300] "GET /a1.php HTTP/1.1" 409 83 "-" "Mozilla/5.0 (Windows NT 10.0; Win64; x64) AppleWebKit/537.36 (KHTML, like Gecko) Chrome/120.0.0.0 Safari/537.36" meupet.app 10.53.184.85
20.151.104.6 - - [23/Apr/2026:18:41:57 -0300] "GET /onclickfuns.php HTTP/1.1" 409 83 "-" "Mozilla/5.0 (Windows NT 10.0; Win64; x64) AppleWebKit/537.36 (KHTML, like Gecko) Chrome/120.0.0.0 Safari/537.36" meupet.app 10.53.184.85
20.151.104.6 - - [23/Apr/2026:18:41:58 -0300] "GET /w.php HTTP/1.1" 409 83 "-" "Mozilla/5.0 (Windows NT 10.0; Win64; x64) AppleWebKit/537.36 (KHTML, like Gecko) Chrome/120.0.0.0 Safari/537.36" meupet.app 10.53.184.85
20.151.104.6 - - [23/Apr/2026:18:41:59 -0300] "GET /wp-admin/maint/about.php HTTP/1.1" 409 83 "-" "Mozilla/5.0 (Windows NT 10.0; Win64; x64) AppleWebKit/537.36 (KHTML, like Gecko) Chrome/120.0.0.0 Safari/537.36" meupet.app 10.53.184.85
74.7.227.128 - - [23/Apr/2026:18:41:59 -0300] "GET /info/vanillin/05362600101 HTTP/2.0" 404 23006 "https://meupet.app/sitemap-subitems-3060.xml" "Mozilla/5.0 AppleWebKit/537.36 (KHTML, like Gecko; compatible; GPTBot/1.3; +https://openai.com/gptbot)" meupet.app 10.53.184.85
20.151.104.6 - - [23/Apr/2026:18:42:00 -0300] "GET /wp-content/plugins/index.php HTTP/1.1" 409 83 "-" "Mozilla/5.0 (Windows NT 10.0; Win64; x64) AppleWebKit/537.36 (KHTML, like Gecko) Chrome/120.0.0.0 Safari/537.36" meupet.app 10.53.184.85
20.151.104.6 - - [23/Apr/2026:18:42:01 -0300] "GET /wp-good.php HTTP/1.1" 409 83 "-" "Mozilla/5.0 (Windows NT 10.0; Win64; x64) AppleWebKit/537.36 (KHTML, like Gecko) Chrome/120.0.0.0 Safari/537.36" meupet.app 10.53.184.85
20.151.104.6 - - [23/Apr/2026:18:42:01 -0300] "GET /.info.php HTTP/1.1" 409 83 "-" "Mozilla/5.0 (Windows NT 10.0; Win64; x64) AppleWebKit/537.36 (KHTML, like Gecko) Chrome/120.0.0.0 Safari/537.36" meupet.app 10.53.184.85
20.151.104.6 - - [23/Apr/2026:18:42:03 -0300] "GET /config.php HTTP/1.1" 409 83 "-" "Mozilla/5.0 (Windows NT 10.0; Win64; x64) AppleWebKit/537.36 (KHTML, like Gecko) Chrome/120.0.0.0 Safari/537.36" meupet.app 10.53.184.85
74.7.227.128 - - [23/Apr/2026:18:42:03 -0300] "GET /info/onomancy/03434083553 HTTP/2.0" 404 23005 "https://meupet.app/sitemap-subitems-738.xml" "Mozilla/5.0 AppleWebKit/537.36 (KHTML, like Gecko; compatible; GPTBot/1.3; +https://openai.com/gptbot)" meupet.app 10.53.184.85
20.151.104.6 - - [23/Apr/2026:18:42:04 -0300] "GET /item.php HTTP/1.1" 409 83 "-" "Mozilla/5.0 (Windows NT 10.0; Win64; x64) AppleWebKit/537.36 (KHTML, like Gecko) Chrome/120.0.0.0 Safari/537.36" meupet.app 10.53.184.85
20.151.104.6 - - [23/Apr/2026:18:42:04 -0300] "GET /m.php HTTP/1.1" 409 83 "-" "Mozilla/5.0 (Windows NT 10.0; Win64; x64) AppleWebKit/537.36 (KHTML, like Gecko) Chrome/120.0.0.0 Safari/537.36" meupet.app 10.53.184.85
66.249.79.129 - - [23/Apr/2026:18:42:04 -0300] "GET /info/boneheadedness/122512434923 HTTP/1.1" 200 56622 "-" "Mozilla/5.0 (Linux; Android 6.0.1; Nexus 5X Build/MMB29P) AppleWebKit/537.36 (KHTML, like Gecko) Chrome/146.0.7680.177 Mobile Safari/537.36 (compatible; Googlebot/2.1; +http://www.google.com/bot.html)" meupet.app 10.53.184.85
20.151.104.6 - - [23/Apr/2026:18:42:05 -0300] "GET /rh.php HTTP/1.1" 409 83 "-" "Mozilla/5.0 (Windows NT 10.0; Win64; x64) AppleWebKit/537.36 (KHTML, like Gecko) Chrome/120.0.0.0 Safari/537.36" meupet.app 10.53.184.85
162.241.203.72 - - [23/Apr/2026:18:42:07 -0300] "POST /wp-cron.php?doing_wp_cron=1776980527.2465109825134277343750 HTTP/1.1" 200 - "-" "WordPress/6.9.4; https://meupet.app" meupet.app 10.53.184.85
74.7.227.128 - - [23/Apr/2026:18:42:06 -0300] "GET /info/fanfaron/11902769114 HTTP/2.0" 404 22997 "https://meupet.app/sitemap.xml" "Mozilla/5.0 AppleWebKit/537.36 (KHTML, like Gecko; compatible; GPTBot/1.3; +https://openai.com/gptbot)" meupet.app 10.53.184.85
74.7.227.128 - - [23/Apr/2026:18:42:10 -0300] "GET /info/nicotine/04565510085 HTTP/2.0" 404 23004 "https://meupet.app/sitemap-subitems-585.xml" "Mozilla/5.0 AppleWebKit/537.36 (KHTML, like Gecko; compatible; GPTBot/1.3; +https://openai.com/gptbot)" meupet.app 10.53.184.85
74.7.227.128 - - [23/Apr/2026:18:42:14 -0300] "GET /info/siccific/08370048124 HTTP/2.0" 404 22997 "https://meupet.app/?sitemap.xml" "Mozilla/5.0 AppleWebKit/537.36 (KHTML, like Gecko; compatible; GPTBot/1.3; +https://openai.com/gptbot)" meupet.app 10.53.184.85
74.7.227.128 - - [23/Apr/2026:18:42:17 -0300] "GET /info/logician/03260240026 HTTP/2.0" 404 23005 "https://meupet.app/sitemap-subitems-856.xml" "Mozilla/5.0 AppleWebKit/537.36 (KHTML, like Gecko; compatible; GPTBot/1.3; +https://openai.com/gptbot)" meupet.app 10.53.184.85
74.7.227.128 - - [23/Apr/2026:18:42:21 -0300] "GET /info/monition/05214030474 HTTP/2.0" 404 23000 "https://meupet.app/sitemap-subitems-2284.xml" "Mozilla/5.0 AppleWebKit/537.36 (KHTML, like Gecko; compatible; GPTBot/1.3; +https://openai.com/gptbot)" meupet.app 10.53.184.85
66.249.79.128 - - [23/Apr/2026:18:42:22 -0300] "GET /info/carding/122930283696 HTTP/1.1" 200 56799 "-" "Mozilla/5.0 (Linux; Android 6.0.1; Nexus 5X Build/MMB29P) AppleWebKit/537.36 (KHTML, like Gecko) Chrome/146.0.7680.177 Mobile Safari/537.36 (compatible; Googlebot/2.1; +http://www.google.com/bot.html)" meupet.app 10.53.184.85
74.7.227.128 - - [23/Apr/2026:18:42:25 -0300] "GET /info/lucrific/11931013015 HTTP/2.0" 404 22999 "https://meupet.app/?sitemap.xml" "Mozilla/5.0 AppleWebKit/537.36 (KHTML, like Gecko; compatible; GPTBot/1.3; +https://openai.com/gptbot)" meupet.app 10.53.184.85
74.7.227.128 - - [23/Apr/2026:18:42:28 -0300] "GET /info/decedent/04149144007 HTTP/2.0" 404 23004 "https://meupet.app/sitemap-subitems-383.xml" "Mozilla/5.0 AppleWebKit/537.36 (KHTML, like Gecko; compatible; GPTBot/1.3; +https://openai.com/gptbot)" meupet.app 10.53.184.85
74.7.227.128 - - [23/Apr/2026:18:42:32 -0300] "GET /info/danaidae/12614136442 HTTP/2.0" 404 22996 "https://meupet.app/sitemap.xml" "Mozilla/5.0 AppleWebKit/537.36 (KHTML, like Gecko; compatible; GPTBot/1.3; +https://openai.com/gptbot)" meupet.app 10.53.184.85
74.7.227.128 - - [23/Apr/2026:18:42:36 -0300] "GET /info/linoleic/03955098335 HTTP/2.0" 404 23005 "https://meupet.app/sitemap-subitems-367.xml" "Mozilla/5.0 AppleWebKit/537.36 (KHTML, like Gecko; compatible; GPTBot/1.3; +https://openai.com/gptbot)" meupet.app 10.53.184.85
74.7.227.128 - - [23/Apr/2026:18:42:39 -0300] "GET /info/coaly/0555523359 HTTP/2.0" 404 22996 "https://meupet.app/sitemap-subitems-2312.xml" "Mozilla/5.0 AppleWebKit/537.36 (KHTML, like Gecko; compatible; GPTBot/1.3; +https://openai.com/gptbot)" meupet.app 10.53.184.85
66.249.79.128 - - [23/Apr/2026:18:42:40 -0300] "GET /info/lastingly/123155615065 HTTP/1.1" 200 56393 "-" "Mozilla/5.0 (Linux; Android 6.0.1; Nexus 5X Build/MMB29P) AppleWebKit/537.36 (KHTML, like Gecko) Chrome/146.0.7680.177 Mobile Safari/537.36 (compatible; Googlebot/2.1; +http://www.google.com/bot.html)" meupet.app 10.53.184.85
74.7.227.128 - - [23/Apr/2026:18:42:43 -0300] "GET /info/icier/051702241177 HTTP/2.0" 404 23001 "https://meupet.app/sitemap-subitems-2006.xml" "Mozilla/5.0 AppleWebKit/537.36 (KHTML, like Gecko; compatible; GPTBot/1.3; +https://openai.com/gptbot)" meupet.app 10.53.184.85
74.7.227.128 - - [23/Apr/2026:18:42:47 -0300] "GET /info/rouge/051910142414 HTTP/2.0" 404 23003 "https://meupet.app/sitemap-subitems-2006.xml" "Mozilla/5.0 AppleWebKit/537.36 (KHTML, like Gecko; compatible; GPTBot/1.3; +https://openai.com/gptbot)" meupet.app 10.53.184.85
74.7.227.128 - - [23/Apr/2026:18:42:50 -0300] "GET /info/mezza/051840457005 HTTP/2.0" 404 23002 "https://meupet.app/sitemap-subitems-2669.xml" "Mozilla/5.0 AppleWebKit/537.36 (KHTML, like Gecko; compatible; GPTBot/1.3; +https://openai.com/gptbot)" meupet.app 10.53.184.85
213.180.203.101 - - [23/Apr/2026:18:42:53 -0300] "GET /robots.txt HTTP/1.1" 200 108 "-" "Mozilla/5.0 (compatible; YandexBot/3.0; +http://yandex.com/bots)" meupet.app 10.53.184.85
74.7.227.128 - - [23/Apr/2026:18:42:54 -0300] "GET /info/fungi/051919961235 HTTP/2.0" 404 23003 "https://meupet.app/sitemap-subitems-1779.xml" "Mozilla/5.0 AppleWebKit/537.36 (KHTML, like Gecko; compatible; GPTBot/1.3; +https://openai.com/gptbot)" meupet.app 10.53.184.85
74.7.227.128 - - [23/Apr/2026:18:42:58 -0300] "GET /info/rowan/053003851443 HTTP/2.0" 404 23003 "https://meupet.app/sitemap-subitems-3060.xml" "Mozilla/5.0 AppleWebKit/537.36 (KHTML, like Gecko; compatible; GPTBot/1.3; +https://openai.com/gptbot)" meupet.app 10.53.184.85
74.7.227.128 - - [23/Apr/2026:18:43:01 -0300] "GET /info/geese/053215110825 HTTP/2.0" 404 23002 "https://meupet.app/sitemap-subitems-2312.xml" "Mozilla/5.0 AppleWebKit/537.36 (KHTML, like Gecko; compatible; GPTBot/1.3; +https://openai.com/gptbot)" meupet.app 10.53.184.85
162.241.203.72 - - [23/Apr/2026:18:43:06 -0300] "POST /wp-cron.php?doing_wp_cron=1776980586.3712708950042724609375 HTTP/1.1" 200 - "-" "WordPress/6.9.4; https://meupet.app" meupet.app 10.53.184.85
74.7.227.128 - - [23/Apr/2026:18:43:05 -0300] "GET /info/cycas/053996595205 HTTP/2.0" 404 23003 "https://meupet.app/sitemap-subitems-2006.xml" "Mozilla/5.0 AppleWebKit/537.36 (KHTML, like Gecko; compatible; GPTBot/1.3; +https://openai.com/gptbot)" meupet.app 10.53.184.85
66.249.79.129 - - [23/Apr/2026:18:43:06 -0300] "GET /info/barruly/123435391358 HTTP/1.1" 200 59638 "-" "Mozilla/5.0 (Linux; Android 6.0.1; Nexus 5X Build/MMB29P) AppleWebKit/537.36 (KHTML, like Gecko) Chrome/146.0.7680.177 Mobile Safari/537.36 (compatible; Googlebot/2.1; +http://www.google.com/bot.html)" meupet.app 10.53.184.85
74.7.227.128 - - [23/Apr/2026:18:43:09 -0300] "GET /info/echon/054099340573 HTTP/2.0" 404 23004 "https://meupet.app/sitemap-subitems-2157.xml" "Mozilla/5.0 AppleWebKit/537.36 (KHTML, like Gecko; compatible; GPTBot/1.3; +https://openai.com/gptbot)" meupet.app 10.53.184.85
74.7.227.128 - - [23/Apr/2026:18:43:12 -0300] "GET /info/ocean/051338384844 HTTP/2.0" 404 23003 "https://meupet.app/sitemap-subitems-2006.xml" "Mozilla/5.0 AppleWebKit/537.36 (KHTML, like Gecko; compatible; GPTBot/1.3; +https://openai.com/gptbot)" meupet.app 10.53.184.85
74.7.227.128 - - [23/Apr/2026:18:43:16 -0300] "GET /info/nicol/052194435494 HTTP/2.0" 404 23003 "https://meupet.app/sitemap-subitems-2669.xml" "Mozilla/5.0 AppleWebKit/537.36 (KHTML, like Gecko; compatible; GPTBot/1.3; +https://openai.com/gptbot)" meupet.app 10.53.184.85
74.7.227.128 - - [23/Apr/2026:18:43:20 -0300] "GET /info/deave/052776774060 HTTP/2.0" 404 23005 "https://meupet.app/sitemap-subitems-1105.xml" "Mozilla/5.0 AppleWebKit/537.36 (KHTML, like Gecko; compatible; GPTBot/1.3; +https://openai.com/gptbot)" meupet.app 10.53.184.85
66.249.79.129 - - [23/Apr/2026:18:43:20 -0300] "GET /info/peaceably/121484892176 HTTP/1.1" 200 55259 "-" "Mozilla/5.0 (Linux; Android 6.0.1; Nexus 5X Build/MMB29P) AppleWebKit/537.36 (KHTML, like Gecko) Chrome/146.0.7680.177 Mobile Safari/537.36 (compatible; Googlebot/2.1; +http://www.google.com/bot.html)" meupet.app 10.53.184.85
74.7.227.128 - - [23/Apr/2026:18:43:23 -0300] "GET /info/belch/053513533703 HTTP/2.0" 404 23004 "https://meupet.app/sitemap-subitems-1779.xml" "Mozilla/5.0 AppleWebKit/537.36 (KHTML, like Gecko; compatible; GPTBot/1.3; +https://openai.com/gptbot)" meupet.app 10.53.184.85
74.7.227.128 - - [23/Apr/2026:18:43:27 -0300] "GET /info/motif/051566415069 HTTP/2.0" 404 23002 "https://meupet.app/sitemap-subitems-1749.xml" "Mozilla/5.0 AppleWebKit/537.36 (KHTML, like Gecko; compatible; GPTBot/1.3; +https://openai.com/gptbot)" meupet.app 10.53.184.85
74.7.227.128 - - [23/Apr/2026:18:43:31 -0300] "GET /info/sintu/053854857373 HTTP/2.0" 404 23003 "https://meupet.app/sitemap-subitems-1779.xml" "Mozilla/5.0 AppleWebKit/537.36 (KHTML, like Gecko; compatible; GPTBot/1.3; +https://openai.com/gptbot)" meupet.app 10.53.184.85
74.7.227.128 - - [23/Apr/2026:18:43:34 -0300] "GET /info/flies/051513737447 HTTP/2.0" 404 23003 "https://meupet.app/sitemap-subitems-2312.xml" "Mozilla/5.0 AppleWebKit/537.36 (KHTML, like Gecko; compatible; GPTBot/1.3; +https://openai.com/gptbot)" meupet.app 10.53.184.85
66.249.79.128 - - [23/Apr/2026:18:43:35 -0300] "GET /info/permissible/121888246688 HTTP/1.1" 200 59259 "-" "Mozilla/5.0 (Linux; Android 6.0.1; Nexus 5X Build/MMB29P) AppleWebKit/537.36 (KHTML, like Gecko) Chrome/146.0.7680.177 Mobile Safari/537.36 (compatible; Googlebot/2.1; +http://www.google.com/bot.html)" meupet.app 10.53.184.85
74.7.227.128 - - [23/Apr/2026:18:43:38 -0300] "GET /info/fired/051931295220 HTTP/2.0" 404 23004 "https://meupet.app/sitemap-subitems-1105.xml" "Mozilla/5.0 AppleWebKit/537.36 (KHTML, like Gecko; compatible; GPTBot/1.3; +https://openai.com/gptbot)" meupet.app 10.53.184.85
74.7.227.128 - - [23/Apr/2026:18:43:42 -0300] "GET /info/genii/053683548738 HTTP/2.0" 404 23004 "https://meupet.app/sitemap-subitems-1749.xml" "Mozilla/5.0 AppleWebKit/537.36 (KHTML, like Gecko; compatible; GPTBot/1.3; +https://openai.com/gptbot)" meupet.app 10.53.184.85
74.7.227.128 - - [23/Apr/2026:18:43:45 -0300] "GET /info/kinky/051056313706 HTTP/2.0" 404 23004 "https://meupet.app/sitemap-subitems-2614.xml" "Mozilla/5.0 AppleWebKit/537.36 (KHTML, like Gecko; compatible; GPTBot/1.3; +https://openai.com/gptbot)" meupet.app 10.53.184.85
66.249.79.128 - - [23/Apr/2026:18:43:49 -0300] "GET /info/demonologic/123829714369 HTTP/1.1" 200 63743 "-" "Mozilla/5.0 (Linux; Android 6.0.1; Nexus 5X Build/MMB29P) AppleWebKit/537.36 (KHTML, like Gecko) Chrome/146.0.7680.177 Mobile Safari/537.36 (compatible; Googlebot/2.1; +http://www.google.com/bot.html)" meupet.app 10.53.184.85
74.7.227.128 - - [23/Apr/2026:18:43:49 -0300] "GET /info/idiom/052832702900 HTTP/2.0" 404 23002 "https://meupet.app/sitemap-subitems-2157.xml" "Mozilla/5.0 AppleWebKit/537.36 (KHTML, like Gecko; compatible; GPTBot/1.3; +https://openai.com/gptbot)" meupet.app 10.53.184.85
74.7.227.128 - - [23/Apr/2026:18:43:53 -0300] "GET /info/minus/053589883930 HTTP/2.0" 404 23001 "https://meupet.app/sitemap-subitems-2284.xml" "Mozilla/5.0 AppleWebKit/537.36 (KHTML, like Gecko; compatible; GPTBot/1.3; +https://openai.com/gptbot)" meupet.app 10.53.184.85
74.7.227.128 - - [23/Apr/2026:18:43:56 -0300] "GET /info/foehn/053825175733 HTTP/2.0" 404 23004 "https://meupet.app/sitemap-subitems-2006.xml" "Mozilla/5.0 AppleWebKit/537.36 (KHTML, like Gecko; compatible; GPTBot/1.3; +https://openai.com/gptbot)" meupet.app 10.53.184.85
74.7.227.128 - - [23/Apr/2026:18:44:00 -0300] "GET /info/whose/053980090988 HTTP/2.0" 404 23005 "https://meupet.app/sitemap-subitems-2669.xml" "Mozilla/5.0 AppleWebKit/537.36 (KHTML, like Gecko; compatible; GPTBot/1.3; +https://openai.com/gptbot)" meupet.app 10.53.184.85
74.7.227.128 - - [23/Apr/2026:18:44:04 -0300] "GET /info/saxon/051621611836 HTTP/2.0" 404 23005 "https://meupet.app/sitemap-subitems-2669.xml" "Mozilla/5.0 AppleWebKit/537.36 (KHTML, like Gecko; compatible; GPTBot/1.3; +https://openai.com/gptbot)" meupet.app 10.53.184.85
66.249.79.129 - - [23/Apr/2026:18:44:06 -0300] "GET /info/regmacarp/1243175392 HTTP/1.1" 200 57977 "-" "Mozilla/5.0 (Linux; Android 6.0.1; Nexus 5X Build/MMB29P) AppleWebKit/537.36 (KHTML, like Gecko) Chrome/146.0.7680.177 Mobile Safari/537.36 (compatible; Googlebot/2.1; +http://www.google.com/bot.html)" meupet.app 10.53.184.85
162.241.203.72 - - [23/Apr/2026:18:44:08 -0300] "POST /wp-cron.php?doing_wp_cron=1776980648.9736111164093017578125 HTTP/1.1" 200 - "-" "WordPress/6.9.4; https://meupet.app" meupet.app 10.53.184.85
74.7.227.128 - - [23/Apr/2026:18:44:08 -0300] "GET /info/nunez/052230470547 HTTP/2.0" 404 23005 "https://meupet.app/sitemap-subitems-2669.xml" "Mozilla/5.0 AppleWebKit/537.36 (KHTML, like Gecko; compatible; GPTBot/1.3; +https://openai.com/gptbot)" meupet.app 10.53.184.85
74.7.227.128 - - [23/Apr/2026:18:44:11 -0300] "GET /info/gigue/051547511523 HTTP/2.0" 404 23004 "https://meupet.app/sitemap-subitems-2669.xml" "Mozilla/5.0 AppleWebKit/537.36 (KHTML, like Gecko; compatible; GPTBot/1.3; +https://openai.com/gptbot)" meupet.app 10.53.184.85
74.7.227.128 - - [23/Apr/2026:18:44:15 -0300] "GET /info/queme/052151259181 HTTP/2.0" 404 23005 "https://meupet.app/sitemap-subitems-2157.xml" "Mozilla/5.0 AppleWebKit/537.36 (KHTML, like Gecko; compatible; GPTBot/1.3; +https://openai.com/gptbot)" meupet.app 10.53.184.85
74.7.227.128 - - [23/Apr/2026:18:44:19 -0300] "GET /info/ileon/053322822745 HTTP/2.0" 404 23001 "https://meupet.app/sitemap-subitems-2312.xml" "Mozilla/5.0 AppleWebKit/537.36 (KHTML, like Gecko; compatible; GPTBot/1.3; +https://openai.com/gptbot)" meupet.app 10.53.184.85
66.249.79.128 - - [23/Apr/2026:18:44:19 -0300] "GET /info/navigational/121655895404 HTTP/1.1" 200 55487 "-" "Mozilla/5.0 (Linux; Android 6.0.1; Nexus 5X Build/MMB29P) AppleWebKit/537.36 (KHTML, like Gecko) Chrome/146.0.7680.177 Mobile Safari/537.36 (compatible; Googlebot/2.1; +http://www.google.com/bot.html)" meupet.app 10.53.184.85
74.7.227.128 - - [23/Apr/2026:18:44:22 -0300] "GET /info/moory/051581526518 HTTP/2.0" 404 23002 "https://meupet.app/sitemap-subitems-2157.xml" "Mozilla/5.0 AppleWebKit/537.36 (KHTML, like Gecko; compatible; GPTBot/1.3; +https://openai.com/gptbot)" meupet.app 10.53.184.85
66.249.79.128 - - [23/Apr/2026:18:44:23 -0300] "GET /info/ovariums/123041562523 HTTP/1.1" 200 54185 "-" "Mozilla/5.0 (Linux; Android 6.0.1; Nexus 5X Build/MMB29P) AppleWebKit/537.36 (KHTML, like Gecko) Chrome/146.0.7680.177 Mobile Safari/537.36 (compatible; Googlebot/2.1; +http://www.google.com/bot.html)" meupet.app 10.53.184.85
74.7.227.128 - - [23/Apr/2026:18:44:26 -0300] "GET /info/swing/051591057251 HTTP/2.0" 404 23003 "https://meupet.app/sitemap-subitems-2006.xml" "Mozilla/5.0 AppleWebKit/537.36 (KHTML, like Gecko; compatible; GPTBot/1.3; +https://openai.com/gptbot)" meupet.app 10.53.184.85
74.7.227.128 - - [23/Apr/2026:18:44:29 -0300] "GET /info/corno/051739514105 HTTP/2.0" 404 23002 "https://meupet.app/sitemap-subitems-1749.xml" "Mozilla/5.0 AppleWebKit/537.36 (KHTML, like Gecko; compatible; GPTBot/1.3; +https://openai.com/gptbot)" meupet.app 10.53.184.85
74.7.227.128 - - [23/Apr/2026:18:44:33 -0300] "GET /info/venal/053558466858 HTTP/2.0" 404 23004 "https://meupet.app/sitemap-subitems-2669.xml" "Mozilla/5.0 AppleWebKit/537.36 (KHTML, like Gecko; compatible; GPTBot/1.3; +https://openai.com/gptbot)" meupet.app 10.53.184.85
74.7.227.128 - - [23/Apr/2026:18:44:37 -0300] "GET /info/embar/051003010733 HTTP/2.0" 404 23003 "https://meupet.app/sitemap-subitems-2312.xml" "Mozilla/5.0 AppleWebKit/537.36 (KHTML, like Gecko; compatible; GPTBot/1.3; +https://openai.com/gptbot)" meupet.app 10.53.184.85
74.7.227.128 - - [23/Apr/2026:18:44:40 -0300] "GET /info/oculi/051339390223 HTTP/2.0" 404 23003 "https://meupet.app/sitemap-subitems-1749.xml" "Mozilla/5.0 AppleWebKit/537.36 (KHTML, like Gecko; compatible; GPTBot/1.3; +https://openai.com/gptbot)" meupet.app 10.53.184.85
74.7.227.128 - - [23/Apr/2026:18:44:44 -0300] "GET /info/picot/053044201502 HTTP/2.0" 404 23003 "https://meupet.app/sitemap-subitems-1779.xml" "Mozilla/5.0 AppleWebKit/537.36 (KHTML, like Gecko; compatible; GPTBot/1.3; +https://openai.com/gptbot)" meupet.app 10.53.184.85
74.7.227.128 - - [23/Apr/2026:18:44:48 -0300] "GET /info/nowed/054264450277 HTTP/2.0" 404 23004 "https://meupet.app/sitemap-subitems-2157.xml" "Mozilla/5.0 AppleWebKit/537.36 (KHTML, like Gecko; compatible; GPTBot/1.3; +https://openai.com/gptbot)" meupet.app 10.53.184.85
74.7.227.128 - - [23/Apr/2026:18:44:51 -0300] "GET /info/bosun/051341230105 HTTP/2.0" 404 23002 "https://meupet.app/sitemap-subitems-1105.xml" "Mozilla/5.0 AppleWebKit/537.36 (KHTML, like Gecko; compatible; GPTBot/1.3; +https://openai.com/gptbot)" meupet.app 10.53.184.85
74.7.227.128 - - [23/Apr/2026:18:44:55 -0300] "GET /info/delit/052504700995 HTTP/2.0" 404 23004 "https://meupet.app/sitemap-subitems-1749.xml" "Mozilla/5.0 AppleWebKit/537.36 (KHTML, like Gecko; compatible; GPTBot/1.3; +https://openai.com/gptbot)" meupet.app 10.53.184.85
74.7.227.128 - - [23/Apr/2026:18:44:59 -0300] "GET /info/means/052536166561 HTTP/2.0" 404 23000 "https://meupet.app/sitemap-subitems-2157.xml" "Mozilla/5.0 AppleWebKit/537.36 (KHTML, like Gecko; compatible; GPTBot/1.3; +https://openai.com/gptbot)" meupet.app 10.53.184.85
74.7.227.128 - - [23/Apr/2026:18:45:03 -0300] "GET /info/films/051255443134 HTTP/2.0" 404 23002 "https://meupet.app/sitemap-subitems-3060.xml" "Mozilla/5.0 AppleWebKit/537.36 (KHTML, like Gecko; compatible; GPTBot/1.3; +https://openai.com/gptbot)" meupet.app 10.53.184.85
66.249.79.128 - - [23/Apr/2026:18:45:05 -0300] "GET /info/estuate/123529574098 HTTP/1.1" 200 62635 "-" "Mozilla/5.0 (Linux; Android 6.0.1; Nexus 5X Build/MMB29P) AppleWebKit/537.36 (KHTML, like Gecko) Chrome/146.0.7680.177 Mobile Safari/537.36 (compatible; Googlebot/2.1; +http://www.google.com/bot.html)" meupet.app 10.53.184.85
162.241.203.72 - - [23/Apr/2026:18:45:07 -0300] "POST /wp-cron.php?doing_wp_cron=1776980707.2146089076995849609375 HTTP/1.1" 200 - "-" "WordPress/6.9.4; https://meupet.app" meupet.app 10.53.184.85
74.7.227.128 - - [23/Apr/2026:18:45:06 -0300] "GET /info/fifed/051887851162 HTTP/2.0" 404 23005 "https://meupet.app/sitemap-subitems-1105.xml" "Mozilla/5.0 AppleWebKit/537.36 (KHTML, like Gecko; compatible; GPTBot/1.3; +https://openai.com/gptbot)" meupet.app 10.53.184.85
74.7.227.128 - - [23/Apr/2026:18:45:10 -0300] "GET /info/rodge/051357151815 HTTP/2.0" 404 23005 "https://meupet.app/sitemap-subitems-1779.xml" "Mozilla/5.0 AppleWebKit/537.36 (KHTML, like Gecko; compatible; GPTBot/1.3; +https://openai.com/gptbot)" meupet.app 10.53.184.85
74.7.227.128 - - [23/Apr/2026:18:45:13 -0300] "GET /info/maria/052486682820 HTTP/2.0" 404 23002 "https://meupet.app/sitemap-subitems-2312.xml" "Mozilla/5.0 AppleWebKit/537.36 (KHTML, like Gecko; compatible; GPTBot/1.3; +https://openai.com/gptbot)" meupet.app 10.53.184.85
66.249.79.128 - - [23/Apr/2026:18:45:16 -0300] "GET /info/cystocele/123678377340 HTTP/1.1" 200 56633 "-" "Mozilla/5.0 (Linux; Android 6.0.1; Nexus 5X Build/MMB29P) AppleWebKit/537.36 (KHTML, like Gecko) Chrome/146.0.7680.177 Mobile Safari/537.36 (compatible; Googlebot/2.1; +http://www.google.com/bot.html)" meupet.app 10.53.184.85
74.7.227.128 - - [23/Apr/2026:18:45:17 -0300] "GET /info/uvula/051585145745 HTTP/2.0" 404 23005 "https://meupet.app/sitemap-subitems-1749.xml" "Mozilla/5.0 AppleWebKit/537.36 (KHTML, like Gecko; compatible; GPTBot/1.3; +https://openai.com/gptbot)" meupet.app 10.53.184.85
74.7.227.128 - - [23/Apr/2026:18:45:21 -0300] "GET /info/fesse/052006861358 HTTP/2.0" 404 23003 "https://meupet.app/sitemap-subitems-3060.xml" "Mozilla/5.0 AppleWebKit/537.36 (KHTML, like Gecko; compatible; GPTBot/1.3; +https://openai.com/gptbot)" meupet.app 10.53.184.85
74.7.227.128 - - [23/Apr/2026:18:45:24 -0300] "GET /info/pinch/053655263736 HTTP/2.0" 404 23004 "https://meupet.app/sitemap-subitems-2157.xml" "Mozilla/5.0 AppleWebKit/537.36 (KHTML, like Gecko; compatible; GPTBot/1.3; +https://openai.com/gptbot)" meupet.app 10.53.184.85
74.7.227.128 - - [23/Apr/2026:18:45:28 -0300] "GET /info/misty/051505953805 HTTP/2.0" 404 23001 "https://meupet.app/sitemap-subitems-2312.xml" "Mozilla/5.0 AppleWebKit/537.36 (KHTML, like Gecko; compatible; GPTBot/1.3; +https://openai.com/gptbot)" meupet.app 10.53.184.85
74.7.227.128 - - [23/Apr/2026:18:45:31 -0300] "GET /info/allyl/052140171491 HTTP/2.0" 404 23005 "https://meupet.app/sitemap-subitems-1749.xml" "Mozilla/5.0 AppleWebKit/537.36 (KHTML, like Gecko; compatible; GPTBot/1.3; +https://openai.com/gptbot)" meupet.app 10.53.184.85
74.7.227.128 - - [23/Apr/2026:18:45:35 -0300] "GET /info/noria/052982811806 HTTP/2.0" 404 23004 "https://meupet.app/sitemap-subitems-2006.xml" "Mozilla/5.0 AppleWebKit/537.36 (KHTML, like Gecko; compatible; GPTBot/1.3; +https://openai.com/gptbot)" meupet.app 10.53.184.85
74.7.227.128 - - [23/Apr/2026:18:45:39 -0300] "GET /info/proin/054026060914 HTTP/2.0" 404 23003 "https://meupet.app/sitemap-subitems-2006.xml" "Mozilla/5.0 AppleWebKit/537.36 (KHTML, like Gecko; compatible; GPTBot/1.3; +https://openai.com/gptbot)" meupet.app 10.53.184.85
66.249.79.128 - - [23/Apr/2026:18:45:42 -0300] "GET /info/speechmaker/1262828841 HTTP/1.1" 200 54795 "-" "Mozilla/5.0 (Linux; Android 6.0.1; Nexus 5X Build/MMB29P) AppleWebKit/537.36 (KHTML, like Gecko) Chrome/146.0.7680.177 Mobile Safari/537.36 (compatible; Googlebot/2.1; +http://www.google.com/bot.html)" meupet.app 10.53.184.85
74.7.227.128 - - [23/Apr/2026:18:45:42 -0300] "GET /info/donna/053635328776 HTTP/2.0" 404 23004 "https://meupet.app/sitemap-subitems-2006.xml" "Mozilla/5.0 AppleWebKit/537.36 (KHTML, like Gecko; compatible; GPTBot/1.3; +https://openai.com/gptbot)" meupet.app 10.53.184.85
74.7.227.128 - - [23/Apr/2026:18:45:46 -0300] "GET /info/spink/053933778089 HTTP/2.0" 404 23003 "https://meupet.app/sitemap-subitems-3060.xml" "Mozilla/5.0 AppleWebKit/537.36 (KHTML, like Gecko; compatible; GPTBot/1.3; +https://openai.com/gptbot)" meupet.app 10.53.184.85
74.7.227.128 - - [23/Apr/2026:18:45:50 -0300] "GET /info/hocco/053528567859 HTTP/2.0" 404 23002 "https://meupet.app/sitemap-subitems-2157.xml" "Mozilla/5.0 AppleWebKit/537.36 (KHTML, like Gecko; compatible; GPTBot/1.3; +https://openai.com/gptbot)" meupet.app 10.53.184.85
74.7.227.128 - - [23/Apr/2026:18:45:53 -0300] "GET /info/juice/051300552023 HTTP/2.0" 404 23004 "https://meupet.app/sitemap-subitems-2157.xml" "Mozilla/5.0 AppleWebKit/537.36 (KHTML, like Gecko; compatible; GPTBot/1.3; +https://openai.com/gptbot)" meupet.app 10.53.184.85
66.249.79.128 - - [23/Apr/2026:18:45:56 -0300] "GET /info/gleditschia/121759621334 HTTP/1.1" 200 57381 "-" "Mozilla/5.0 (Linux; Android 6.0.1; Nexus 5X Build/MMB29P) AppleWebKit/537.36 (KHTML, like Gecko) Chrome/146.0.7680.177 Mobile Safari/537.36 (compatible; Googlebot/2.1; +http://www.google.com/bot.html)" meupet.app 10.53.184.85
74.7.227.128 - - [23/Apr/2026:18:45:57 -0300] "GET /info/tanna/052778570459 HTTP/2.0" 404 23004 "https://meupet.app/sitemap-subitems-1749.xml" "Mozilla/5.0 AppleWebKit/537.36 (KHTML, like Gecko; compatible; GPTBot/1.3; +https://openai.com/gptbot)" meupet.app 10.53.184.85
74.7.227.128 - - [23/Apr/2026:18:46:01 -0300] "GET /info/unpin/051352528915 HTTP/2.0" 404 23003 "https://meupet.app/sitemap-subitems-2006.xml" "Mozilla/5.0 AppleWebKit/537.36 (KHTML, like Gecko; compatible; GPTBot/1.3; +https://openai.com/gptbot)" meupet.app 10.53.184.85
74.7.227.128 - - [23/Apr/2026:18:46:04 -0300] "GET /info/irons/053162326936 HTTP/2.0" 404 23001 "https://meupet.app/sitemap-subitems-1779.xml" "Mozilla/5.0 AppleWebKit/537.36 (KHTML, like Gecko; compatible; GPTBot/1.3; +https://openai.com/gptbot)" meupet.app 10.53.184.85
162.241.203.72 - - [23/Apr/2026:18:46:09 -0300] "POST /wp-cron.php?doing_wp_cron=1776980769.3769230842590332031250 HTTP/1.1" 200 - "-" "WordPress/6.9.4; https://meupet.app" meupet.app 10.53.184.85
74.7.227.128 - - [23/Apr/2026:18:46:08 -0300] "GET /info/bunny/052207797761 HTTP/2.0" 404 23005 "https://meupet.app/sitemap-subitems-1749.xml" "Mozilla/5.0 AppleWebKit/537.36 (KHTML, like Gecko; compatible; GPTBot/1.3; +https://openai.com/gptbot)" meupet.app 10.53.184.85
74.7.227.128 - - [23/Apr/2026:18:46:12 -0300] "GET /info/leden/053737573541 HTTP/2.0" 404 23003 "https://meupet.app/sitemap-subitems-2312.xml" "Mozilla/5.0 AppleWebKit/537.36 (KHTML, like Gecko; compatible; GPTBot/1.3; +https://openai.com/gptbot)" meupet.app 10.53.184.85
74.7.227.128 - - [23/Apr/2026:18:46:15 -0300] "GET /info/aurin/051854183883 HTTP/2.0" 404 23004 "https://meupet.app/sitemap-subitems-2157.xml" "Mozilla/5.0 AppleWebKit/537.36 (KHTML, like Gecko; compatible; GPTBot/1.3; +https://openai.com/gptbot)" meupet.app 10.53.184.85
74.7.227.128 - - [23/Apr/2026:18:46:19 -0300] "GET /info/atony/051805797558 HTTP/2.0" 404 23005 "https://meupet.app/sitemap-subitems-2669.xml" "Mozilla/5.0 AppleWebKit/537.36 (KHTML, like Gecko; compatible; GPTBot/1.3; +https://openai.com/gptbot)" meupet.app 10.53.184.85
74.7.227.128 - - [23/Apr/2026:18:46:23 -0300] "GET /info/laism/053156655460 HTTP/2.0" 404 23004 "https://meupet.app/sitemap-subitems-2006.xml" "Mozilla/5.0 AppleWebKit/537.36 (KHTML, like Gecko; compatible; GPTBot/1.3; +https://openai.com/gptbot)" meupet.app 10.53.184.85
74.7.227.128 - - [23/Apr/2026:18:46:27 -0300] "GET /info/night/053209059313 HTTP/2.0" 404 23002 "https://meupet.app/sitemap-subitems-2614.xml" "Mozilla/5.0 AppleWebKit/537.36 (KHTML, like Gecko; compatible; GPTBot/1.3; +https://openai.com/gptbot)" meupet.app 10.53.184.85
74.7.227.128 - - [23/Apr/2026:18:46:30 -0300] "GET /info/gunny/052042505661 HTTP/2.0" 404 23004 "https://meupet.app/sitemap-subitems-3060.xml" "Mozilla/5.0 AppleWebKit/537.36 (KHTML, like Gecko; compatible; GPTBot/1.3; +https://openai.com/gptbot)" meupet.app 10.53.184.85
74.7.227.128 - - [23/Apr/2026:18:46:34 -0300] "GET /info/kiddy/051817752811 HTTP/2.0" 404 23006 "https://meupet.app/sitemap-subitems-2157.xml" "Mozilla/5.0 AppleWebKit/537.36 (KHTML, like Gecko; compatible; GPTBot/1.3; +https://openai.com/gptbot)" meupet.app 10.53.184.85
66.249.79.130 - - [23/Apr/2026:18:46:36 -0300] "GET /info/phaeospore/121354557603 HTTP/1.1" 200 56564 "-" "Mozilla/5.0 (Linux; Android 6.0.1; Nexus 5X Build/MMB29P) AppleWebKit/537.36 (KHTML, like Gecko) Chrome/146.0.7680.177 Mobile Safari/537.36 (compatible; Googlebot/2.1; +http://www.google.com/bot.html)" meupet.app 10.53.184.85
74.7.227.128 - - [23/Apr/2026:18:46:38 -0300] "GET /info/tenet/052442960572 HTTP/2.0" 404 23003 "https://meupet.app/sitemap-subitems-2669.xml" "Mozilla/5.0 AppleWebKit/537.36 (KHTML, like Gecko; compatible; GPTBot/1.3; +https://openai.com/gptbot)" meupet.app 10.53.184.85
74.7.227.128 - - [23/Apr/2026:18:46:41 -0300] "GET /info/trant/054099787747 HTTP/2.0" 404 23004 "https://meupet.app/sitemap-subitems-1105.xml" "Mozilla/5.0 AppleWebKit/537.36 (KHTML, like Gecko; compatible; GPTBot/1.3; +https://openai.com/gptbot)" meupet.app 10.53.184.85
74.7.227.128 - - [23/Apr/2026:18:46:45 -0300] "GET /info/knock/053669070759 HTTP/2.0" 404 23006 "https://meupet.app/sitemap-subitems-2312.xml" "Mozilla/5.0 AppleWebKit/537.36 (KHTML, like Gecko; compatible; GPTBot/1.3; +https://openai.com/gptbot)" meupet.app 10.53.184.85
74.7.227.128 - - [23/Apr/2026:18:46:49 -0300] "GET /info/engyn/053057097179 HTTP/2.0" 404 23004 "https://meupet.app/sitemap-subitems-2006.xml" "Mozilla/5.0 AppleWebKit/537.36 (KHTML, like Gecko; compatible; GPTBot/1.3; +https://openai.com/gptbot)" meupet.app 10.53.184.85
66.249.79.129 - - [23/Apr/2026:18:46:51 -0300] "GET /info/glutamic/014220075369 HTTP/1.1" 200 55482 "-" "Mozilla/5.0 (Linux; Android 6.0.1; Nexus 5X Build/MMB29P) AppleWebKit/537.36 (KHTML, like Gecko) Chrome/146.0.7680.177 Mobile Safari/537.36 (compatible; Googlebot/2.1; +http://www.google.com/bot.html)" meupet.app 10.53.184.85
74.7.227.128 - - [23/Apr/2026:18:46:52 -0300] "GET /info/irony/052476470250 HTTP/2.0" 404 23002 "https://meupet.app/sitemap-subitems-1105.xml" "Mozilla/5.0 AppleWebKit/537.36 (KHTML, like Gecko; compatible; GPTBot/1.3; +https://openai.com/gptbot)" meupet.app 10.53.184.85
74.7.227.128 - - [23/Apr/2026:18:46:56 -0300] "GET /info/swink/054140420656 HTTP/2.0" 404 23002 "https://meupet.app/sitemap-subitems-1779.xml" "Mozilla/5.0 AppleWebKit/537.36 (KHTML, like Gecko; compatible; GPTBot/1.3; +https://openai.com/gptbot)" meupet.app 10.53.184.85
74.7.227.128 - - [23/Apr/2026:18:47:00 -0300] "GET /info/imido/053047673008 HTTP/2.0" 404 23001 "https://meupet.app/sitemap-subitems-2312.xml" "Mozilla/5.0 AppleWebKit/537.36 (KHTML, like Gecko; compatible; GPTBot/1.3; +https://openai.com/gptbot)" meupet.app 10.53.184.85
74.7.227.128 - - [23/Apr/2026:18:47:03 -0300] "GET /info/noble/052855420994 HTTP/2.0" 404 23003 "https://meupet.app/sitemap-subitems-1105.xml" "Mozilla/5.0 AppleWebKit/537.36 (KHTML, like Gecko; compatible; GPTBot/1.3; +https://openai.com/gptbot)" meupet.app 10.53.184.85
162.241.203.72 - - [23/Apr/2026:18:47:08 -0300] "POST /wp-cron.php?doing_wp_cron=1776980828.1943030357360839843750 HTTP/1.1" 200 - "-" "WordPress/6.9.4; https://meupet.app" meupet.app 10.53.184.85
74.7.227.128 - - [23/Apr/2026:18:47:07 -0300] "GET /info/canto/052120055862 HTTP/2.0" 404 23002 "https://meupet.app/sitemap-subitems-2669.xml" "Mozilla/5.0 AppleWebKit/537.36 (KHTML, like Gecko; compatible; GPTBot/1.3; +https://openai.com/gptbot)" meupet.app 10.53.184.85
74.7.227.128 - - [23/Apr/2026:18:47:11 -0300] "GET /info/valet/053362325055 HTTP/2.0" 404 23004 "https://meupet.app/sitemap-subitems-1749.xml" "Mozilla/5.0 AppleWebKit/537.36 (KHTML, like Gecko; compatible; GPTBot/1.3; +https://openai.com/gptbot)" meupet.app 10.53.184.85
74.7.227.128 - - [23/Apr/2026:18:47:14 -0300] "GET /info/alone/054066340431 HTTP/2.0" 404 23003 "https://meupet.app/sitemap-subitems-1105.xml" "Mozilla/5.0 AppleWebKit/537.36 (KHTML, like Gecko; compatible; GPTBot/1.3; +https://openai.com/gptbot)" meupet.app 10.53.184.85
74.7.227.128 - - [23/Apr/2026:18:47:18 -0300] "GET /info/arion/052540979079 HTTP/2.0" 404 23004 "https://meupet.app/sitemap-subitems-1779.xml" "Mozilla/5.0 AppleWebKit/537.36 (KHTML, like Gecko; compatible; GPTBot/1.3; +https://openai.com/gptbot)" meupet.app 10.53.184.85
74.7.227.128 - - [23/Apr/2026:18:47:22 -0300] "GET /info/donne/051079525178 HTTP/2.0" 404 23004 "https://meupet.app/sitemap-subitems-1749.xml" "Mozilla/5.0 AppleWebKit/537.36 (KHTML, like Gecko; compatible; GPTBot/1.3; +https://openai.com/gptbot)" meupet.app 10.53.184.85
170.106.187.106 - - [23/Apr/2026:18:47:23 -0300] "GET / HTTP/1.1" 200 36460 "http://www.meupet.app" "Mozilla/5.0 (iPhone; CPU iPhone OS 13_2_3 like Mac OS X) AppleWebKit/605.1.15 (KHTML, like Gecko) Version/13.0.3 Mobile/15E148 Safari/604.1" meupet.app 10.53.184.85
74.7.227.128 - - [23/Apr/2026:18:47:25 -0300] "GET /info/waked/053353234032 HTTP/2.0" 404 23004 "https://meupet.app/sitemap-subitems-1105.xml" "Mozilla/5.0 AppleWebKit/537.36 (KHTML, like Gecko; compatible; GPTBot/1.3; +https://openai.com/gptbot)" meupet.app 10.53.184.85
74.7.227.128 - - [23/Apr/2026:18:47:29 -0300] "GET /info/boiar/053403353864 HTTP/2.0" 404 23003 "https://meupet.app/sitemap-subitems-2669.xml" "Mozilla/5.0 AppleWebKit/537.36 (KHTML, like Gecko; compatible; GPTBot/1.3; +https://openai.com/gptbot)" meupet.app 10.53.184.85
74.7.227.128 - - [23/Apr/2026:18:47:32 -0300] "GET /info/noise/051304180199 HTTP/2.0" 404 23004 "https://meupet.app/sitemap-subitems-2669.xml" "Mozilla/5.0 AppleWebKit/537.36 (KHTML, like Gecko; compatible; GPTBot/1.3; +https://openai.com/gptbot)" meupet.app 10.53.184.85
